216.73.217.103 - - [23/Jun/2026:05:50:29 -0700] "GET /2026/06/23/twitter-100-percent-free-harbors-ten-slot-machines-to-tackle/ HTTP/2" 200 27488 "-" "Mozilla/5.0 AppleWebKit/537.36 (KHTML, like Gecko; compatible; ClaudeBot/1.0; +claudebot@anthropic.com)"
216.73.217.103 - - [23/Jun/2026:05:50:29 -0700] "GET /2026/06/23/sportovni-coworking-prostory-praha-trend-digest-197/ HTTP/2" 200 28332 "-" "Mozilla/5.0 AppleWebKit/537.36 (KHTML, like Gecko; compatible; ClaudeBot/1.0; +claudebot@anthropic.com)"
185.191.206.69 - - [23/Jun/2026:05:50:29 -0700] "POST /xmlrpc.php HTTP/1.1" 200 10545 "-" "Mozilla/5.0 (Windows NT 10.0; Win64; x64) AppleWebKit/537.36 (KHTML, like Gecko) Chrome/114.0.0.0 Safari/537.36"
104.105.80.104 - - [23/Jun/2026:05:50:29 -0700] "GET /2026/06/23/afla-in-la-continuare-exact-cum-activezi-fiecare-conti-casino-extra-in-loc-de-depunere-de-asemenea-i-exact-ce-condiii-se-aplica/ HTTP/1.1" 200 145606 "-" "Mozilla/5.0 (Windows NT 10.0; Win64; x64) AppleWebKit/537.36 (KHTML, like Gecko) Chrome/124.0.0.0 Safari/537.36 Edg/124.0.0.0"
216.73.217.103 - - [23/Jun/2026:05:50:30 -0700] "GET /2026/06/23/christmas-joker-position-review-100-percent-free-demonstration-gamble/ HTTP/2" 200 30902 "-" "Mozilla/5.0 AppleWebKit/537.36 (KHTML, like Gecko; compatible; ClaudeBot/1.0; +claudebot@anthropic.com)"
136.243.228.180 - - [23/Jun/2026:05:50:32 -0700] "GET /2026/06/17/tragaperras-con-manga-larga-recursos-conveniente-referente-fire-joker-casino-a-chile-100-slots-en-2026/ HTTP/1.1" 200 30249 "-" "Mozilla/5.0 (compatible; DataForSeoBot/1.0; +https://dataforseo.com/dataforseo-bot)"
185.191.206.69 - - [23/Jun/2026:05:50:31 -0700] "GET /2026/06/23/betway-gehort-nach-den-etabliertesten-wettanbietern-grobritanniens-unter-anderem-wird-selbige-meiner-lieblingsseiten-je-sportwetten/ HTTP/1.1" 200 143905 "-" "Mozilla/5.0 (Windows NT 10.0; Win64; x64) AppleWebKit/537.36 (KHTML, like Gecko) Chrome/124.0.0.0 Safari/537.36 Edg/124.0.0.0"
200.25.47.106 - - [23/Jun/2026:05:50:35 -0700] "POST /xmlrpc.php HTTP/1.1" 200 14024 "-" "Mozilla/5.0 (Windows NT 10.0; Win64; x64) AppleWebKit/537.36 (KHTML, like Gecko) Chrome/114.0.0.0 Safari/537.36"
136.243.228.180 - - [23/Jun/2026:05:50:36 -0700] "GET /2026/06/17/casinochan-was-at-the-top-in-terms-of-fulfilling-gamblers/ HTTP/1.1" 200 27744 "-" "Mozilla/5.0 (compatible; DataForSeoBot/1.0; +https://dataforseo.com/dataforseo-bot)"
85.208.96.211 - - [23/Jun/2026:05:50:38 -0700] "GET /2026/06/23/always-double-check-the-rating-laws-and-line-store-just-before-submitting/ HTTP/1.1" 200 34249 "-" "Mozilla/5.0 (compatible; SemrushBot/7~bl; +http://www.semrush.com/bot.html)"
200.25.47.106 - - [23/Jun/2026:05:50:37 -0700] "GET /2026/06/23/no-deposit-extra-rules-australian-continent-2026-ndb-local-mr-cashman-slot-machine-casino-requirements/ HTTP/1.1" 200 144867 "-" "Mozilla/5.0 (Windows NT 10.0; Win64; x64) AppleWebKit/537.36 (KHTML, like Gecko) Chrome/122.0.0.0 Safari/537.36"
136.243.228.180 - - [23/Jun/2026:05:50:40 -0700] "GET /2026/04/20/pin-up-casino-chile-bono-de-bienvenida-y-250-giros-6/ HTTP/1.1" 200 28881 "-" "Mozilla/5.0 (compatible; DataForSeoBot/1.0; +https://dataforseo.com/dataforseo-bot)"
103.159.35.208 - - [23/Jun/2026:05:50:39 -0700] "GET /2026/06/21/step-by-move-tips-to-view-your-account-otherwise-create-an-alternative-one-to-in-minutes/ HTTP/1.1" 200 28036 "-" "Mozilla/5.0 (compatible; MSIE 8.0; Windows NT 5.1; Trident/3.1)"
136.243.228.180 - - [23/Jun/2026:05:50:43 -0700] "GET /2026/06/17/angeschlossen-spielbank-exklusive-erlaubnisschein-maklercourtage-150-chancen-archibald-africa-hd-abzuglich-einzahlung-das-trugerische-erscheinung-der-gratisgutscheine/ HTTP/1.1" 200 30847 "-" "Mozilla/5.0 (compatible; DataForSeoBot/1.0; +https://dataforseo.com/dataforseo-bot)"
136.243.228.180 - - [23/Jun/2026:05:50:47 -0700] "GET /2026/06/17/we-contacted-support-service-with-standard-questions-connected-with-game-play-and-payments/ HTTP/1.1" 200 29363 "-" "Mozilla/5.0 (compatible; DataForSeoBot/1.0; +https://dataforseo.com/dataforseo-bot)"
136.243.228.180 - - [23/Jun/2026:05:50:51 -0700] "GET /2026/06/17/als-fachmann-je-reside-gaming-gibt-ihr-ernahrer-gar-keine-klassischen-slots-aktiv/ HTTP/1.1" 200 28351 "-" "Mozilla/5.0 (compatible; DataForSeoBot/1.0; +https://dataforseo.com/dataforseo-bot)"
85.208.96.202 - - [23/Jun/2026:05:50:55 -0700] "GET /2026/06/21/gioca-in-20-700-giochi-a-titolo-di-favore-senza-contare-incisione/ HTTP/1.1" 200 35000 "-" "Mozilla/5.0 (compatible; SemrushBot/7~bl; +http://www.semrush.com/bot.html)"
104.255.170.81 - - [23/Jun/2026:05:50:56 -0700] "POST /wp-cron.php?doing_wp_cron=1782219056.4256870746612548828125 HTTP/1.1" 200 0 "-" "WordPress/7.0; https://dealzandfreebies.com"
104.105.80.104 - - [23/Jun/2026:05:50:55 -0700] "POST /xmlrpc.php HTTP/1.1" 200 181 "-" "Mozilla/5.0 (Windows NT 10.0; Win64; x64) AppleWebKit/537.36 (KHTML, like Gecko) Chrome/114.0.0.0 Safari/537.36"
136.243.228.180 - - [23/Jun/2026:05:50:56 -0700] "GET /2026/06/17/wir-sie-sind-das-anschauung-so-das-guter-anbieter-sekundar-einen-spielern-hilfestellung-umfasst/ HTTP/1.1" 200 28672 "-" "Mozilla/5.0 (compatible; DataForSeoBot/1.0; +https://dataforseo.com/dataforseo-bot)"
136.243.228.180 - - [23/Jun/2026:05:50:59 -0700] "GET /2026/06/17/finding-your-perfect-online-casino-an-in-depth-investigation-for-australians-in-2026/ HTTP/1.1" 200 27378 "-" "Mozilla/5.0 (compatible; DataForSeoBot/1.0; +https://dataforseo.com/dataforseo-bot)"
57.141.18.82 - - [23/Jun/2026:05:51:02 -0700] "GET /?p=151368 HTTP/2" 301 0 "-" "meta-externalagent/1.1 (+https://developers.facebook.com/docs/sharing/webmasters/crawler)"
104.105.80.104 - - [23/Jun/2026:05:51:02 -0700] "POST /xmlrpc.php HTTP/1.1" 200 8173 "-" "Mozilla/5.0 (Windows NT 10.0; Win64; x64) AppleWebKit/537.36 (KHTML, like Gecko) Chrome/114.0.0.0 Safari/537.36"
57.141.18.68 - - [23/Jun/2026:05:51:02 -0700] "GET /2026/06/22/popular-problems-with-online-casino-withdrawals-and-how-to-solve-him-or-her/ HTTP/2" 200 143239 "-" "meta-externalagent/1.1 (+https://developers.facebook.com/docs/sharing/webmasters/crawler)"
136.243.228.180 - - [23/Jun/2026:05:51:04 -0700] "GET /2026/06/17/lord-of-the-ocean-gratis-top-10-beste-online-power-stars-spielen-ohne-anmeldung-slots-vortragen-abzuglich-registration/ HTTP/1.1" 200 29402 "-" "Mozilla/5.0 (compatible; DataForSeoBot/1.0; +https://dataforseo.com/dataforseo-bot)"
104.105.80.104 - - [23/Jun/2026:05:51:03 -0700] "GET /2026/06/23/beneficiezi-de-atat-de-mult-anse-de-a-obine-bonus-in-schimb-depunere-2026/ HTTP/1.1" 200 138746 "-" "Mozilla/5.0 (Windows NT 10.0; Win64; x64; rv:125.0) Gecko/20100101 Firefox/125.0"
104.255.170.81 - - [23/Jun/2026:05:51:05 -0700] "POST /wp-cron.php?doing_wp_cron=1782219065.8880310058593750000000 HTTP/1.1" 200 0 "-" "WordPress/7.0; https://dealzandfreebies.com"
185.191.206.69 - - [23/Jun/2026:05:51:03 -0700] "POST /xmlrpc.php HTTP/1.1" 200 181 "-" "Mozilla/5.0 (Windows NT 10.0; Win64; x64) AppleWebKit/537.36 (KHTML, like Gecko) Chrome/114.0.0.0 Safari/537.36"
216.73.217.103 - - [23/Jun/2026:05:51:05 -0700] "GET /2026/06/23/although-you-may-be-around-find-out-if-they-actually-obtained-people-penalties-on-the-ukgc/ HTTP/2" 200 28402 "-" "Mozilla/5.0 AppleWebKit/537.36 (KHTML, like Gecko; compatible; ClaudeBot/1.0; +claudebot@anthropic.com)"
216.73.217.103 - - [23/Jun/2026:05:51:06 -0700] "GET /2026/06/23/erst-auf-ein-freischaltung-kannst-respons-dasjenige-bankkonto-pluspunkt-weiters-vortragen/ HTTP/2" 200 28762 "-" "Mozilla/5.0 AppleWebKit/537.36 (KHTML, like Gecko; compatible; ClaudeBot/1.0; +claudebot@anthropic.com)"
102.216.117.7 - - [23/Jun/2026:05:51:06 -0700] "GET /2026/06/03/casumo-kasino-erfahrungen-test-ferner-berechnung-within-land-der-dichter-und-denker-2022/ HTTP/1.1" 200 28550 "-" "Opera/8.13.(Windows NT 10.0; nan-TW) Presto/2.9.183 Version/10.00"
216.73.217.103 - - [23/Jun/2026:05:51:07 -0700] "GET /2026/06/23/tipico-casino-new-jersey-feedback-promo-password-more-700-video-game-to-relax-and-play/ HTTP/2" 200 27402 "-" "Mozilla/5.0 AppleWebKit/537.36 (KHTML, like Gecko; compatible; ClaudeBot/1.0; +claudebot@anthropic.com)"
57.141.18.71 - - [23/Jun/2026:05:51:07 -0700] "GET /wp-json/oembed/1.0/embed?url=https%3A%2F%2Fdealzandfreebies.com%2F2026%2F06%2F21%2Fjesli-jestes-w-polsce-zobaczysz-po-prostu-oferty-ktore-sie-zdarzaja-widoczne-w-twoim-koncie%2F HTTP/2" 200 2634 "-" "meta-externalagent/1.1 (+https://developers.facebook.com/docs/sharing/webmasters/crawler)"
136.243.228.180 - - [23/Jun/2026:05:51:08 -0700] "GET /2026/06/17/four-harbors-wonders-%EF%BF%BD-large-rtp-video-game-of-all-british-web-based-casinos/ HTTP/1.1" 403 0 "-" "Mozilla/5.0 (compatible; DataForSeoBot/1.0; +https://dataforseo.com/dataforseo-bot)"
216.73.217.103 - - [23/Jun/2026:05:51:07 -0700] "GET /2026/06/23/michigan-on-line-casino-bonuses-ten-totally-free-500-spins/ HTTP/2" 200 27069 "-" "Mozilla/5.0 AppleWebKit/537.36 (KHTML, like Gecko; compatible; ClaudeBot/1.0; +claudebot@anthropic.com)"
34.11.9.251 - - [23/Jun/2026:05:51:09 -0700] "GET / HTTP/2" 200 14021 "http://dealzandfreebies.com" "Mozilla/5.0 (compatible; CMS-Checker/1.0; +https://example.com)"
185.191.206.69 - - [23/Jun/2026:05:51:11 -0700] "POST /xmlrpc.php HTTP/1.1" 200 14222 "-" "Mozilla/5.0 (Windows NT 10.0; Win64; x64) AppleWebKit/537.36 (KHTML, like Gecko) Chrome/114.0.0.0 Safari/537.36"
136.243.228.180 - - [23/Jun/2026:05:51:11 -0700] "GET /2026/06/17/es-existiert-beispielsweise-das-unterschied-nebst-deutschland-osterreich-und-ihr-confoederatio-helvetica/ HTTP/1.1" 200 29517 "-" "Mozilla/5.0 (compatible; DataForSeoBot/1.0; +https://dataforseo.com/dataforseo-bot)"
136.243.228.180 - - [23/Jun/2026:05:51:15 -0700] "GET /2026/06/17/hinter-diesen-bedingungen-gehoren-wer-zugelassen-wird-ihr-hochste-inanspruchnahme-und-zu-welcher-zeit-selbige-tatigkeit-endet/ HTTP/1.1" 200 29391 "-" "Mozilla/5.0 (compatible; DataForSeoBot/1.0; +https://dataforseo.com/dataforseo-bot)"
185.191.206.69 - - [23/Jun/2026:05:51:12 -0700] "GET /2026/06/23/als-nachstes-bist-du-as-part-of-diesseitigen-lowe-favoriten-genau-richtig/ HTTP/1.1" 200 144525 "-" "Mozilla/5.0 (Windows NT 10.0; rv:125.0) Gecko/20100101 Firefox/125.0"
57.141.18.78 - - [23/Jun/2026:05:51:18 -0700] "GET /wp-json/wp/v2/posts/154554 HTTP/2" 200 13225 "-" "meta-externalagent/1.1 (+https://developers.facebook.com/docs/sharing/webmasters/crawler)"
136.243.228.180 - - [23/Jun/2026:05:51:20 -0700] "GET /2026/06/17/freispiele-blos-einzahlung-as-wunderino-casino-bonuscode-part-of-mr-bet/ HTTP/1.1" 200 29393 "-" "Mozilla/5.0 (compatible; DataForSeoBot/1.0; +https://dataforseo.com/dataforseo-bot)"
104.255.170.81 - - [23/Jun/2026:05:51:21 -0700] "POST /wp-cron.php?doing_wp_cron=1782219081.2813520431518554687500 HTTP/1.1" 200 0 "-" "WordPress/7.0; https://dealzandfreebies.com"
104.105.80.104 - - [23/Jun/2026:05:51:19 -0700] "POST /xmlrpc.php HTTP/1.1" 200 181 "-" "Mozilla/5.0 (Windows NT 10.0; Win64; x64) AppleWebKit/537.36 (KHTML, like Gecko) Chrome/114.0.0.0 Safari/537.36"
136.243.228.180 - - [23/Jun/2026:05:51:24 -0700] "GET /2026/06/17/le-stationnement-se-fait-via-les-parkings-urbains-aux-alentours-pratique-avec-une-soiree/ HTTP/1.1" 200 28006 "-" "Mozilla/5.0 (compatible; DataForSeoBot/1.0; +https://dataforseo.com/dataforseo-bot)"
216.73.217.103 - - [23/Jun/2026:05:51:24 -0700] "GET /2026/06/23/so-lange-unser-zocker-hinlanglich-penunze-auf-diesem-spielsalon-bankverbindung-cap/ HTTP/2" 200 28492 "-" "Mozilla/5.0 AppleWebKit/537.36 (KHTML, like Gecko; compatible; ClaudeBot/1.0; +claudebot@anthropic.com)"
216.73.217.103 - - [23/Jun/2026:05:51:25 -0700] "GET /2026/06/23/see-super-punctual-weight-moments-cutting-line-have-and-you-can-effortless-navigation-to-have-a-smooth-and-you-will-amusing-betting-feel/ HTTP/2" 200 28832 "-" "Mozilla/5.0 AppleWebKit/537.36 (KHTML, like Gecko; compatible; ClaudeBot/1.0; +claudebot@anthropic.com)"
57.141.18.19 - - [23/Jun/2026:05:51:26 -0700] "GET /wp-json/oembed/1.0/embed?url=https%3A%2F%2Fdealzandfreebies.com%2F2026%2F06%2F22%2Fpopular-problems-with-online-casino-withdrawals-and-how-to-solve-him-or-her%2F HTTP/2" 200 2548 "-" "meta-externalagent/1.1 (+https://developers.facebook.com/docs/sharing/webmasters/crawler)"
57.141.18.36 - - [23/Jun/2026:05:51:25 -0700] "GET /2026/06/23/no-deposit-extra-rules-australian-continent-2026-ndb-local-mr-cashman-slot-machine-casino-requirements/ HTTP/2" 200 145686 "-" "meta-externalagent/1.1 (+https://developers.facebook.com/docs/sharing/webmasters/crawler)"
216.73.217.103 - - [23/Jun/2026:05:51:26 -0700] "GET /2026/06/23/prelievi-ed-depositi-volte-metodi-di-deposito-accettati/ HTTP/2" 200 27892 "-" "Mozilla/5.0 AppleWebKit/537.36 (KHTML, like Gecko; compatible; ClaudeBot/1.0; +claudebot@anthropic.com)"
104.105.80.104 - - [23/Jun/2026:05:51:26 -0700] "POST /xmlrpc.php HTTP/1.1" 403 181 "-" "Mozilla/5.0 (Windows NT 10.0; Win64; x64) AppleWebKit/537.36 (KHTML, like Gecko) Chrome/114.0.0.0 Safari/537.36"
216.73.217.103 - - [23/Jun/2026:05:51:26 -0700] "GET /2026/06/23/nachfolgende-besten-7-echtgeld-casinos-2025-selbige-umfassender-expertentest/ HTTP/2" 200 28833 "-" "Mozilla/5.0 AppleWebKit/537.36 (KHTML, like Gecko; compatible; ClaudeBot/1.0; +claudebot@anthropic.com)"
136.243.228.180 - - [23/Jun/2026:05:51:28 -0700] "GET /2026/06/17/dasjenige-eingezahlte-bares-kann-sich-heutzutage-auf-deinem-spielerkonto-ermessen/ HTTP/1.1" 200 29385 "-" "Mozilla/5.0 (compatible; DataForSeoBot/1.0; +https://dataforseo.com/dataforseo-bot)"
121.37.80.198 - - [23/Jun/2026:05:51:30 -0700] "GET /2026/01/22/oficialnyj-sajt-pinco-casino-vhod-na-zerkalo-398/ HTTP/2" 200 29044 "-" "Mozilla/5.0 (Windows NT 10.0; Win64; x64) AppleWebKit/537.36 (KHTML, like Gecko) Chrome/145.0.0.0 Safari/537.36"
121.37.80.198 - - [23/Jun/2026:05:51:30 -0700] "GET /wp-content/themes/thrive-theme/inc/assets/dist/theme.css?ver=10.6.2 HTTP/2" 200 6486 "https://dealzandfreebies.com/2026/01/22/oficialnyj-sajt-pinco-casino-vhod-na-zerkalo-398/" "Mozilla/5.0 (Windows NT 10.0; Win64; x64) AppleWebKit/537.36 (KHTML, like Gecko) Chrome/145.0.0.0 Safari/537.36"
121.37.80.198 - - [23/Jun/2026:05:51:30 -0700] "GET /wp-content/themes/thrive-theme/style.css?ver=10.6.2 HTTP/2" 200 3881 "https://dealzandfreebies.com/2026/01/22/oficialnyj-sajt-pinco-casino-vhod-na-zerkalo-398/" "Mozilla/5.0 (Windows NT 10.0; Win64; x64) AppleWebKit/537.36 (KHTML, like Gecko) Chrome/145.0.0.0 Safari/537.36"
121.37.80.198 - - [23/Jun/2026:05:51:30 -0700] "GET /wp-content/uploads/thrive/theme-template-1739946060.css?ver=10.6.2 HTTP/2" 200 37834 "https://dealzandfreebies.com/2026/01/22/oficialnyj-sajt-pinco-casino-vhod-na-zerkalo-398/" "Mozilla/5.0 (Windows NT 10.0; Win64; x64) AppleWebKit/537.36 (KHTML, like Gecko) Chrome/145.0.0.0 Safari/537.36"
121.37.80.198 - - [23/Jun/2026:05:51:30 -0700] "GET /wp-content/plugins/thrive-visual-editor/editor/css/thrive_flat.css?ver=10.6.2 HTTP/2" 200 166083 "https://dealzandfreebies.com/2026/01/22/oficialnyj-sajt-pinco-casino-vhod-na-zerkalo-398/" "Mozilla/5.0 (Windows NT 10.0; Win64; x64) AppleWebKit/537.36 (KHTML, like Gecko) Chrome/145.0.0.0 Safari/537.36"
121.37.80.198 - - [23/Jun/2026:05:51:30 -0700] "GET /wp-includes/js/jquery/jquery.min.js?ver=3.7.1 HTTP/2" 200 29744 "https://dealzandfreebies.com/2026/01/22/oficialnyj-sajt-pinco-casino-vhod-na-zerkalo-398/" "Mozilla/5.0 (Windows NT 10.0; Win64; x64) AppleWebKit/537.36 (KHTML, like Gecko) Chrome/145.0.0.0 Safari/537.36"
121.37.80.198 - - [23/Jun/2026:05:51:30 -0700] "GET /wp-includes/js/jquery/jquery-migrate.min.js?ver=3.4.1 HTTP/2" 200 4678 "https://dealzandfreebies.com/2026/01/22/oficialnyj-sajt-pinco-casino-vhod-na-zerkalo-398/" "Mozilla/5.0 (Windows NT 10.0; Win64; x64) AppleWebKit/537.36 (KHTML, like Gecko) Chrome/145.0.0.0 Safari/537.36"
121.37.80.198 - - [23/Jun/2026:05:51:30 -0700] "GET /wp-includes/js/jquery/ui/core.min.js?ver=1.13.3 HTTP/2" 200 6812 "https://dealzandfreebies.com/2026/01/22/oficialnyj-sajt-pinco-casino-vhod-na-zerkalo-398/" "Mozilla/5.0 (Windows NT 10.0; Win64; x64) AppleWebKit/537.36 (KHTML, like Gecko) Chrome/145.0.0.0 Safari/537.36"
85.208.96.212 - - [23/Jun/2026:05:51:31 -0700] "GET /2026/06/23/easiest-casinos-on-the-internet-2025-greatest-online-casinos-you-to-definitely-shell-out-a-real-income/ HTTP/1.1" 200 31780 "-" "Mozilla/5.0 (compatible; SemrushBot/7~bl; +http://www.semrush.com/bot.html)"
121.37.80.198 - - [23/Jun/2026:05:51:31 -0700] "GET /wp-includes/js/dist/hooks.min.js?ver=7496969728ca0f95732d HTTP/2" 200 1712 "https://dealzandfreebies.com/2026/01/22/oficialnyj-sajt-pinco-casino-vhod-na-zerkalo-398/" "Mozilla/5.0 (Windows NT 10.0; Win64; x64) AppleWebKit/537.36 (KHTML, like Gecko) Chrome/145.0.0.0 Safari/537.36"
121.37.80.198 - - [23/Jun/2026:05:51:31 -0700] "GET /wp-content/themes/thrive-theme/inc/assets/dist/frontend.min.js?ver=10.6.2 HTTP/2" 200 8170 "https://dealzandfreebies.com/2026/01/22/oficialnyj-sajt-pinco-casino-vhod-na-zerkalo-398/" "Mozilla/5.0 (Windows NT 10.0; Win64; x64) AppleWebKit/537.36 (KHTML, like Gecko) Chrome/145.0.0.0 Safari/537.36"
121.37.80.198 - - [23/Jun/2026:05:51:31 -0700] "GET /wp-includes/js/dist/i18n.min.js?ver=781d11515ad3d91786ec HTTP/2" 200 2330 "https://dealzandfreebies.com/2026/01/22/oficialnyj-sajt-pinco-casino-vhod-na-zerkalo-398/" "Mozilla/5.0 (Windows NT 10.0; Win64; x64) AppleWebKit/537.36 (KHTML, like Gecko) Chrome/145.0.0.0 Safari/537.36"
121.37.80.198 - - [23/Jun/2026:05:51:31 -0700] "GET /wp-includes/js/imagesloaded.min.js?ver=5.0.0 HTTP/2" 200 1687 "https://dealzandfreebies.com/2026/01/22/oficialnyj-sajt-pinco-casino-vhod-na-zerkalo-398/" "Mozilla/5.0 (Windows NT 10.0; Win64; x64) AppleWebKit/537.36 (KHTML, like Gecko) Chrome/145.0.0.0 Safari/537.36"
121.37.80.198 - - [23/Jun/2026:05:51:31 -0700] "GET /wp-includes/js/jquery/jquery.masonry.min.js?ver=3.1.2b HTTP/2" 200 628 "https://dealzandfreebies.com/2026/01/22/oficialnyj-sajt-pinco-casino-vhod-na-zerkalo-398/" "Mozilla/5.0 (Windows NT 10.0; Win64; x64) AppleWebKit/537.36 (KHTML, like Gecko) Chrome/145.0.0.0 Safari/537.36"
121.37.80.198 - - [23/Jun/2026:05:51:31 -0700] "GET /wp-includes/js/dist/a11y.min.js?ver=af934e5259bc51b8718e HTTP/2" 200 912 "https://dealzandfreebies.com/2026/01/22/oficialnyj-sajt-pinco-casino-vhod-na-zerkalo-398/" "Mozilla/5.0 (Windows NT 10.0; Win64; x64) AppleWebKit/537.36 (KHTML, like Gecko) Chrome/145.0.0.0 Safari/537.36"
121.37.80.198 - - [23/Jun/2026:05:51:32 -0700] "GET /wp-content/plugins/thrive-visual-editor/editor/js/dist/modules/acf-dynamic-elements.min.js?v=10.6.2&ver=10.6.2 HTTP/2" 200 8273 "https://dealzandfreebies.com/2026/01/22/oficialnyj-sajt-pinco-casino-vhod-na-zerkalo-398/" "Mozilla/5.0 (Windows NT 10.0; Win64; x64) AppleWebKit/537.36 (KHTML, like Gecko) Chrome/145.0.0.0 Safari/537.36"
121.37.80.198 - - [23/Jun/2026:05:51:32 -0700] "GET /wp-content/themes/thrive-theme/thrive-dashboard/js/dist/frontend.min.js?ver=10.6.2 HTTP/2" 200 897 "https://dealzandfreebies.com/2026/01/22/oficialnyj-sajt-pinco-casino-vhod-na-zerkalo-398/" "Mozilla/5.0 (Windows NT 10.0; Win64; x64) AppleWebKit/537.36 (KHTML, like Gecko) Chrome/145.0.0.0 Safari/537.36"
121.37.80.198 - - [23/Jun/2026:05:51:32 -0700] "GET /wp-content/plugins/thrive-visual-editor/editor/js/dist/modules/audio.min.js?v=10.6.2&ver=10.6.2 HTTP/2" 200 512 "https://dealzandfreebies.com/2026/01/22/oficialnyj-sajt-pinco-casino-vhod-na-zerkalo-398/" "Mozilla/5.0 (Windows NT 10.0; Win64; x64) AppleWebKit/537.36 (KHTML, like Gecko) Chrome/145.0.0.0 Safari/537.36"
121.37.80.198 - - [23/Jun/2026:05:51:32 -0700] "GET /wp-content/plugins/thrive-visual-editor/editor/js/dist/carousel-libs.min.js?ver=10.6.2 HTTP/2" 200 10321 "https://dealzandfreebies.com/2026/01/22/oficialnyj-sajt-pinco-casino-vhod-na-zerkalo-398/" "Mozilla/5.0 (Windows NT 10.0; Win64; x64) AppleWebKit/537.36 (KHTML, like Gecko) Chrome/145.0.0.0 Safari/537.36"
121.37.80.198 - - [23/Jun/2026:05:51:32 -0700] "GET /wp-content/plugins/thrive-visual-editor/editor/js/dist/modules/dropdown.min.js?v=10.6.2&ver=10.6.2 HTTP/2" 200 1285 "https://dealzandfreebies.com/2026/01/22/oficialnyj-sajt-pinco-casino-vhod-na-zerkalo-398/" "Mozilla/5.0 (Windows NT 10.0; Win64; x64) AppleWebKit/537.36 (KHTML, like Gecko) Chrome/145.0.0.0 Safari/537.36"
121.37.80.198 - - [23/Jun/2026:05:51:32 -0700] "GET /wp-content/plugins/thrive-visual-editor/editor/js/dist/modules/country.min.js?v=10.6.2&ver=10.6.2 HTTP/2" 200 1403 "https://dealzandfreebies.com/2026/01/22/oficialnyj-sajt-pinco-casino-vhod-na-zerkalo-398/" "Mozilla/5.0 (Windows NT 10.0; Win64; x64) AppleWebKit/537.36 (KHTML, like Gecko) Chrome/145.0.0.0 Safari/537.36"
121.37.80.198 - - [23/Jun/2026:05:51:32 -0700] "GET /wp-content/plugins/thrive-visual-editor/editor/js/dist/modules/conditional-display.min.js?v=10.6.2&ver=10.6.2 HTTP/2" 200 2536 "https://dealzandfreebies.com/2026/01/22/oficialnyj-sajt-pinco-casino-vhod-na-zerkalo-398/" "Mozilla/5.0 (Windows NT 10.0; Win64; x64) AppleWebKit/537.36 (KHTML, like Gecko) Chrome/145.0.0.0 Safari/537.36"
121.37.80.198 - - [23/Jun/2026:05:51:32 -0700] "GET /wp-content/plugins/thrive-visual-editor/editor/js/dist/modules/countdown.min.js?v=10.6.2&ver=10.6.2 HTTP/2" 200 2866 "https://dealzandfreebies.com/2026/01/22/oficialnyj-sajt-pinco-casino-vhod-na-zerkalo-398/" "Mozilla/5.0 (Windows NT 10.0; Win64; x64) AppleWebKit/537.36 (KHTML, like Gecko) Chrome/145.0.0.0 Safari/537.36"
121.37.80.198 - - [23/Jun/2026:05:51:32 -0700] "GET /wp-content/plugins/thrive-visual-editor/editor/js/dist/modules/search-form.min.js?v=10.6.2&ver=10.6.2 HTTP/2" 200 2575 "https://dealzandfreebies.com/2026/01/22/oficialnyj-sajt-pinco-casino-vhod-na-zerkalo-398/" "Mozilla/5.0 (Windows NT 10.0; Win64; x64) AppleWebKit/537.36 (KHTML, like Gecko) Chrome/145.0.0.0 Safari/537.36"
121.37.80.198 - - [23/Jun/2026:05:51:32 -0700] "GET /wp-content/plugins/thrive-visual-editor/editor/js/dist/modules/datepicker.min.js?v=10.6.2&ver=10.6.2 HTTP/2" 200 678 "https://dealzandfreebies.com/2026/01/22/oficialnyj-sajt-pinco-casino-vhod-na-zerkalo-398/" "Mozilla/5.0 (Windows NT 10.0; Win64; x64) AppleWebKit/537.36 (KHTML, like Gecko) Chrome/145.0.0.0 Safari/537.36"
121.37.80.198 - - [23/Jun/2026:05:51:32 -0700] "GET /wp-content/plugins/thrive-visual-editor/editor/js/dist/modules/carousel.min.js?v=10.6.2&ver=10.6.2 HTTP/2" 200 1463 "https://dealzandfreebies.com/2026/01/22/oficialnyj-sajt-pinco-casino-vhod-na-zerkalo-398/" "Mozilla/5.0 (Windows NT 10.0; Win64; x64) AppleWebKit/537.36 (KHTML, like Gecko) Chrome/145.0.0.0 Safari/537.36"
121.37.80.198 - - [23/Jun/2026:05:51:32 -0700] "GET /wp-content/plugins/thrive-visual-editor/editor/js/dist/date-picker.min.js?ver=10.6.2 HTTP/2" 200 13750 "https://dealzandfreebies.com/2026/01/22/oficialnyj-sajt-pinco-casino-vhod-na-zerkalo-398/" "Mozilla/5.0 (Windows NT 10.0; Win64; x64) AppleWebKit/537.36 (KHTML, like Gecko) Chrome/145.0.0.0 Safari/537.36"
121.37.80.198 - - [23/Jun/2026:05:51:32 -0700] "GET /wp-content/plugins/thrive-visual-editor/editor/js/dist/modules/content-reveal.min.js?v=10.6.2&ver=10.6.2 HTTP/2" 200 683 "https://dealzandfreebies.com/2026/01/22/oficialnyj-sajt-pinco-casino-vhod-na-zerkalo-398/" "Mozilla/5.0 (Windows NT 10.0; Win64; x64) AppleWebKit/537.36 (KHTML, like Gecko) Chrome/145.0.0.0 Safari/537.36"
121.37.80.198 - - [23/Jun/2026:05:51:32 -0700] "GET /wp-content/plugins/thrive-visual-editor/editor/js/dist/modules/contact-form-compat.min.js?v=10.6.2&ver=10.6.2 HTTP/2" 200 2166 "https://dealzandfreebies.com/2026/01/22/oficialnyj-sajt-pinco-casino-vhod-na-zerkalo-398/" "Mozilla/5.0 (Windows NT 10.0; Win64; x64) AppleWebKit/537.36 (KHTML, like Gecko) Chrome/145.0.0.0 Safari/537.36"
121.37.80.198 - - [23/Jun/2026:05:51:32 -0700] "GET /wp-content/plugins/thrive-visual-editor/editor/js/dist/modules/divider.min.js?v=10.6.2&ver=10.6.2 HTTP/2" 200 385 "https://dealzandfreebies.com/2026/01/22/oficialnyj-sajt-pinco-casino-vhod-na-zerkalo-398/" "Mozilla/5.0 (Windows NT 10.0; Win64; x64) AppleWebKit/537.36 (KHTML, like Gecko) Chrome/145.0.0.0 Safari/537.36"
121.37.80.198 - - [23/Jun/2026:05:51:32 -0700] "GET /wp-content/plugins/thrive-visual-editor/editor/js/dist/modules/fill-counter.min.js?v=10.6.2&ver=10.6.2 HTTP/2" 200 336 "https://dealzandfreebies.com/2026/01/22/oficialnyj-sajt-pinco-casino-vhod-na-zerkalo-398/" "Mozilla/5.0 (Windows NT 10.0; Win64; x64) AppleWebKit/537.36 (KHTML, like Gecko) Chrome/145.0.0.0 Safari/537.36"
121.37.80.198 - - [23/Jun/2026:05:51:32 -0700] "GET /wp-includes/js/plupload/plupload.min.js?ver=2.1.9 HTTP/2" 200 5376 "https://dealzandfreebies.com/2026/01/22/oficialnyj-sajt-pinco-casino-vhod-na-zerkalo-398/" "Mozilla/5.0 (Windows NT 10.0; Win64; x64) AppleWebKit/537.36 (KHTML, like Gecko) Chrome/145.0.0.0 Safari/537.36"
121.37.80.198 - - [23/Jun/2026:05:51:32 -0700] "GET /wp-content/plugins/thrive-visual-editor/editor/js/dist/modules/number-counter.min.js?v=10.6.2&ver=10.6.2 HTTP/2" 200 1484 "https://dealzandfreebies.com/2026/01/22/oficialnyj-sajt-pinco-casino-vhod-na-zerkalo-398/" "Mozilla/5.0 (Windows NT 10.0; Win64; x64) AppleWebKit/537.36 (KHTML, like Gecko) Chrome/145.0.0.0 Safari/537.36"
121.37.80.198 - - [23/Jun/2026:05:51:32 -0700] "GET /wp-content/plugins/thrive-visual-editor/editor/js/dist/modules/file-upload.min.js?v=10.6.2&ver=10.6.2 HTTP/2" 200 3744 "https://dealzandfreebies.com/2026/01/22/oficialnyj-sajt-pinco-casino-vhod-na-zerkalo-398/" "Mozilla/5.0 (Windows NT 10.0; Win64; x64) AppleWebKit/537.36 (KHTML, like Gecko) Chrome/145.0.0.0 Safari/537.36"
121.37.80.198 - - [23/Jun/2026:05:51:32 -0700] "GET /wp-content/plugins/thrive-visual-editor/editor/js/dist/modules/image-gallery.min.js?v=10.6.2&ver=10.6.2 HTTP/2" 200 3621 "https://dealzandfreebies.com/2026/01/22/oficialnyj-sajt-pinco-casino-vhod-na-zerkalo-398/" "Mozilla/5.0 (Windows NT 10.0; Win64; x64) AppleWebKit/537.36 (KHTML, like Gecko) Chrome/145.0.0.0 Safari/537.36"
121.37.80.198 - - [23/Jun/2026:05:51:32 -0700] "GET /wp-content/plugins/thrive-visual-editor/editor/js/dist/modules/login.min.js?v=10.6.2&ver=10.6.2 HTTP/2" 200 4027 "https://dealzandfreebies.com/2026/01/22/oficialnyj-sajt-pinco-casino-vhod-na-zerkalo-398/" "Mozilla/5.0 (Windows NT 10.0; Win64; x64) AppleWebKit/537.36 (KHTML, like Gecko) Chrome/145.0.0.0 Safari/537.36"
136.243.228.180 - - [23/Jun/2026:05:51:31 -0700] "GET /2026/06/17/mostbet-oficialnyj-sajt-mostbet-bukmekerskaja-124/ HTTP/1.1" 200 27888 "-" "Mozilla/5.0 (compatible; DataForSeoBot/1.0; +https://dataforseo.com/dataforseo-bot)"
121.37.80.198 - - [23/Jun/2026:05:51:31 -0700] "GET /wp-includes/js/jquery/ui/autocomplete.min.js?ver=1.13.3 HTTP/2" 200 2715 "https://dealzandfreebies.com/2026/01/22/oficialnyj-sajt-pinco-casino-vhod-na-zerkalo-398/" "Mozilla/5.0 (Windows NT 10.0; Win64; x64) AppleWebKit/537.36 (KHTML, like Gecko) Chrome/145.0.0.0 Safari/537.36"
121.37.80.198 - - [23/Jun/2026:05:51:31 -0700] "GET /wp-includes/js/dist/dom-ready.min.js?ver=a06281ae5cf5500e9317 HTTP/2" 200 397 "https://dealzandfreebies.com/2026/01/22/oficialnyj-sajt-pinco-casino-vhod-na-zerkalo-398/" "Mozilla/5.0 (Windows NT 10.0; Win64; x64) AppleWebKit/537.36 (KHTML, like Gecko) Chrome/145.0.0.0 Safari/537.36"
121.37.80.198 - - [23/Jun/2026:05:51:31 -0700] "GET /wp-includes/js/jquery/ui/menu.min.js?ver=1.13.3 HTTP/2" 200 2917 "https://dealzandfreebies.com/2026/01/22/oficialnyj-sajt-pinco-casino-vhod-na-zerkalo-398/" "Mozilla/5.0 (Windows NT 10.0; Win64; x64) AppleWebKit/537.36 (KHTML, like Gecko) Chrome/145.0.0.0 Safari/537.36"
121.37.80.198 - - [23/Jun/2026:05:51:31 -0700] "GET /wp-content/plugins/thrive-visual-editor/editor/js/dist/modules/general.min.js?ver=10.6.2 HTTP/2" 200 22883 "https://dealzandfreebies.com/2026/01/22/oficialnyj-sajt-pinco-casino-vhod-na-zerkalo-398/" "Mozilla/5.0 (Windows NT 10.0; Win64; x64) AppleWebKit/537.36 (KHTML, like Gecko) Chrome/145.0.0.0 Safari/537.36"
121.37.80.198 - - [23/Jun/2026:05:51:31 -0700] "GET /wp-includes/js/plupload/moxie.min.js?ver=1.3.5.1 HTTP/2" 200 26466 "https://dealzandfreebies.com/2026/01/22/oficialnyj-sajt-pinco-casino-vhod-na-zerkalo-398/" "Mozilla/5.0 (Windows NT 10.0; Win64; x64) AppleWebKit/537.36 (KHTML, like Gecko) Chrome/145.0.0.0 Safari/537.36"
121.37.80.198 - - [23/Jun/2026:05:51:32 -0700] "GET /wp-content/plugins/thrive-visual-editor/editor/js/dist/modules/state.min.js?v=10.6.2&ver=10.6.2 HTTP/2" 200 29308 "https://dealzandfreebies.com/2026/01/22/oficialnyj-sajt-pinco-casino-vhod-na-zerkalo-398/" "Mozilla/5.0 (Windows NT 10.0; Win64; x64) AppleWebKit/537.36 (KHTML, like Gecko) Chrome/145.0.0.0 Safari/537.36"
121.37.80.198 - - [23/Jun/2026:05:51:32 -0700] "GET /wp-content/plugins/thrive-visual-editor/editor/js/dist/modules/avatar-picker.min.js?v=10.6.2&ver=10.6.2 HTTP/2" 200 5076 "https://dealzandfreebies.com/2026/01/22/oficialnyj-sajt-pinco-casino-vhod-na-zerkalo-398/" "Mozilla/5.0 (Windows NT 10.0; Win64; x64) AppleWebKit/537.36 (KHTML, like Gecko) Chrome/145.0.0.0 Safari/537.36"
121.37.80.198 - - [23/Jun/2026:05:51:32 -0700] "GET /wp-content/plugins/thrive-visual-editor/editor/js/dist/image-gallery-libs.min.js?ver=10.6.2 HTTP/2" 200 9832 "https://dealzandfreebies.com/2026/01/22/oficialnyj-sajt-pinco-casino-vhod-na-zerkalo-398/" "Mozilla/5.0 (Windows NT 10.0; Win64; x64) AppleWebKit/537.36 (KHTML, like Gecko) Chrome/145.0.0.0 Safari/537.36"
121.37.80.198 - - [23/Jun/2026:05:51:32 -0700] "GET /wp-content/plugins/thrive-visual-editor/editor/js/dist/modules/lead-generation.min.js?v=10.6.2&ver=10.6.2 HTTP/2" 200 6732 "https://dealzandfreebies.com/2026/01/22/oficialnyj-sajt-pinco-casino-vhod-na-zerkalo-398/" "Mozilla/5.0 (Windows NT 10.0; Win64; x64) AppleWebKit/537.36 (KHTML, like Gecko) Chrome/145.0.0.0 Safari/537.36"
121.37.80.198 - - [23/Jun/2026:05:51:32 -0700] "GET /wp-content/plugins/thrive-visual-editor/editor/js/dist/modules/number-counter-compat.min.js?v=10.6.2&ver=10.6.2 HTTP/2" 200 390 "https://dealzandfreebies.com/2026/01/22/oficialnyj-sajt-pinco-casino-vhod-na-zerkalo-398/" "Mozilla/5.0 (Windows NT 10.0; Win64; x64) AppleWebKit/537.36 (KHTML, like Gecko) Chrome/145.0.0.0 Safari/537.36"
121.37.80.198 - - [23/Jun/2026:05:51:32 -0700] "GET /wp-content/plugins/thrive-visual-editor/editor/js/dist/modules/post-list.min.js?v=10.6.2&ver=10.6.2 HTTP/2" 200 1379 "https://dealzandfreebies.com/2026/01/22/oficialnyj-sajt-pinco-casino-vhod-na-zerkalo-398/" "Mozilla/5.0 (Windows NT 10.0; Win64; x64) AppleWebKit/537.36 (KHTML, like Gecko) Chrome/145.0.0.0 Safari/537.36"
121.37.80.198 - - [23/Jun/2026:05:51:32 -0700] "GET /wp-content/plugins/thrive-visual-editor/editor/js/dist/modules/post-grid-compat.min.js?v=10.6.2&ver=10.6.2 HTTP/2" 200 568 "https://dealzandfreebies.com/2026/01/22/oficialnyj-sajt-pinco-casino-vhod-na-zerkalo-398/" "Mozilla/5.0 (Windows NT 10.0; Win64; x64) AppleWebKit/537.36 (KHTML, like Gecko) Chrome/145.0.0.0 Safari/537.36"
121.37.80.198 - - [23/Jun/2026:05:51:32 -0700] "GET /wp-content/plugins/thrive-visual-editor/editor/js/dist/modules/menu.min.js?v=10.6.2&ver=10.6.2 HTTP/2" 200 4621 "https://dealzandfreebies.com/2026/01/22/oficialnyj-sajt-pinco-casino-vhod-na-zerkalo-398/" "Mozilla/5.0 (Windows NT 10.0; Win64; x64) AppleWebKit/537.36 (KHTML, like Gecko) Chrome/145.0.0.0 Safari/537.36"
121.37.80.198 - - [23/Jun/2026:05:51:32 -0700] "GET /wp-content/plugins/thrive-visual-editor/editor/js/dist/modules/table.min.js?v=10.6.2&ver=10.6.2 HTTP/2" 200 658 "https://dealzandfreebies.com/2026/01/22/oficialnyj-sajt-pinco-casino-vhod-na-zerkalo-398/" "Mozilla/5.0 (Windows NT 10.0; Win64; x64) AppleWebKit/537.36 (KHTML, like Gecko) Chrome/145.0.0.0 Safari/537.36"
121.37.80.198 - - [23/Jun/2026:05:51:32 -0700] "GET /wp-content/plugins/thrive-visual-editor/editor/js/dist/modules/post-list-filter.min.js?v=10.6.2&ver=10.6.2 HTTP/2" 200 1926 "https://dealzandfreebies.com/2026/01/22/oficialnyj-sajt-pinco-casino-vhod-na-zerkalo-398/" "Mozilla/5.0 (Windows NT 10.0; Win64; x64) AppleWebKit/537.36 (KHTML, like Gecko) Chrome/145.0.0.0 Safari/537.36"
121.37.80.198 - - [23/Jun/2026:05:51:32 -0700] "GET /wp-content/plugins/thrive-visual-editor/editor/js/dist/modules/progress-bar.min.js?v=10.6.2&ver=10.6.2 HTTP/2" 200 1546 "https://dealzandfreebies.com/2026/01/22/oficialnyj-sajt-pinco-casino-vhod-na-zerkalo-398/" "Mozilla/5.0 (Windows NT 10.0; Win64; x64) AppleWebKit/537.36 (KHTML, like Gecko) Chrome/145.0.0.0 Safari/537.36"
121.37.80.198 - - [23/Jun/2026:05:51:32 -0700] "GET /wp-content/plugins/thrive-visual-editor/editor/js/dist/modules/pagination.min.js?v=10.6.2&ver=10.6.2 HTTP/2" 200 2192 "https://dealzandfreebies.com/2026/01/22/oficialnyj-sajt-pinco-casino-vhod-na-zerkalo-398/" "Mozilla/5.0 (Windows NT 10.0; Win64; x64) AppleWebKit/537.36 (KHTML, like Gecko) Chrome/145.0.0.0 Safari/537.36"
121.37.80.198 - - [23/Jun/2026:05:51:32 -0700] "GET /wp-content/plugins/thrive-visual-editor/editor/js/dist/modules/social-share.min.js?v=10.6.2&ver=10.6.2 HTTP/2" 200 2187 "https://dealzandfreebies.com/2026/01/22/oficialnyj-sajt-pinco-casino-vhod-na-zerkalo-398/" "Mozilla/5.0 (Windows NT 10.0; Win64; x64) AppleWebKit/537.36 (KHTML, like Gecko) Chrome/145.0.0.0 Safari/537.36"
121.37.80.198 - - [23/Jun/2026:05:51:32 -0700] "GET /wp-content/plugins/thrive-visual-editor/editor/js/dist/modules/tabs.min.js?v=10.6.2&ver=10.6.2 HTTP/2" 200 1751 "https://dealzandfreebies.com/2026/01/22/oficialnyj-sajt-pinco-casino-vhod-na-zerkalo-398/" "Mozilla/5.0 (Windows NT 10.0; Win64; x64) AppleWebKit/537.36 (KHTML, like Gecko) Chrome/145.0.0.0 Safari/537.36"
121.37.80.198 - - [23/Jun/2026:05:51:32 -0700] "GET /wp-content/plugins/thrive-visual-editor/editor/js/dist/modules/timer.min.js?v=10.6.2&ver=10.6.2 HTTP/2" 200 1409 "https://dealzandfreebies.com/2026/01/22/oficialnyj-sajt-pinco-casino-vhod-na-zerkalo-398/" "Mozilla/5.0 (Windows NT 10.0; Win64; x64) AppleWebKit/537.36 (KHTML, like Gecko) Chrome/145.0.0.0 Safari/537.36"
121.37.80.198 - - [23/Jun/2026:05:51:32 -0700] "GET /wp-content/plugins/thrive-visual-editor/editor/js/dist/modules/toc.min.js?v=10.6.2&ver=10.6.2 HTTP/2" 200 3756 "https://dealzandfreebies.com/2026/01/22/oficialnyj-sajt-pinco-casino-vhod-na-zerkalo-398/" "Mozilla/5.0 (Windows NT 10.0; Win64; x64) AppleWebKit/537.36 (KHTML, like Gecko) Chrome/145.0.0.0 Safari/537.36"
121.37.80.198 - - [23/Jun/2026:05:51:32 -0700] "GET /wp-content/plugins/thrive-visual-editor/editor/js/dist/modules/user-profile.min.js?v=10.6.2&ver=10.6.2 HTTP/2" 200 2184 "https://dealzandfreebies.com/2026/01/22/oficialnyj-sajt-pinco-casino-vhod-na-zerkalo-398/" "Mozilla/5.0 (Windows NT 10.0; Win64; x64) AppleWebKit/537.36 (KHTML, like Gecko) Chrome/145.0.0.0 Safari/537.36"
185.191.171.1 - - [23/Jun/2026:05:51:35 -0700] "GET /2026/06/23/gioca-dazzardo-con-che-austero-ed-divertiti-al-casino/ HTTP/1.1" 200 33331 "-" "Mozilla/5.0 (compatible; SemrushBot/7~bl; +http://www.semrush.com/bot.html)"
136.243.228.180 - - [23/Jun/2026:05:51:36 -0700] "GET /2026/06/17/welches-pragmatique-bonusbetrag-betragt-bei-meinem-vulkanspiele-spielsaal-vorschlag-gerade-one/ HTTP/1.1" 200 28225 "-" "Mozilla/5.0 (compatible; DataForSeoBot/1.0; +https://dataforseo.com/dataforseo-bot)"
121.37.80.198 - - [23/Jun/2026:05:51:32 -0700] "GET /wp-content/plugins/thrive-visual-editor/editor/js/dist/modules/google-api.min.js?v=10.6.2&ver=10.6.2 HTTP/2" 200 3117 "https://dealzandfreebies.com/2026/01/22/oficialnyj-sajt-pinco-casino-vhod-na-zerkalo-398/" "Mozilla/5.0 (Windows NT 10.0; Win64; x64) AppleWebKit/537.36 (KHTML, like Gecko) Chrome/145.0.0.0 Safari/537.36"
121.37.80.198 - - [23/Jun/2026:05:51:32 -0700] "GET /wp-content/plugins/thrive-visual-editor/editor/js/dist/modules/pricing-table.min.js?v=10.6.2&ver=10.6.2 HTTP/2" 200 448 "https://dealzandfreebies.com/2026/01/22/oficialnyj-sajt-pinco-casino-vhod-na-zerkalo-398/" "Mozilla/5.0 (Windows NT 10.0; Win64; x64) AppleWebKit/537.36 (KHTML, like Gecko) Chrome/145.0.0.0 Safari/537.36"
121.37.80.198 - - [23/Jun/2026:05:51:32 -0700] "GET /wp-content/plugins/thrive-visual-editor/editor/js/dist/modules/toggle.min.js?v=10.6.2&ver=10.6.2 HTTP/2" 200 1436 "https://dealzandfreebies.com/2026/01/22/oficialnyj-sajt-pinco-casino-vhod-na-zerkalo-398/" "Mozilla/5.0 (Windows NT 10.0; Win64; x64) AppleWebKit/537.36 (KHTML, like Gecko) Chrome/145.0.0.0 Safari/537.36"
121.37.80.198 - - [23/Jun/2026:05:51:32 -0700] "GET /wp-content/plugins/thrive-visual-editor/editor/js/dist/modules/video.min.js?v=10.6.2&ver=10.6.2 HTTP/2" 200 6202 "https://dealzandfreebies.com/2026/01/22/oficialnyj-sajt-pinco-casino-vhod-na-zerkalo-398/" "Mozilla/5.0 (Windows NT 10.0; Win64; x64) AppleWebKit/537.36 (KHTML, like Gecko) Chrome/145.0.0.0 Safari/537.36"
121.37.80.198 - - [23/Jun/2026:05:51:32 -0700] "GET /wp-content/plugins/thrive-visual-editor/editor/js/dist/modules/facebook-api.min.js?v=10.6.2&ver=10.6.2 HTTP/2" 200 869 "https://dealzandfreebies.com/2026/01/22/oficialnyj-sajt-pinco-casino-vhod-na-zerkalo-398/" "Mozilla/5.0 (Windows NT 10.0; Win64; x64) AppleWebKit/537.36 (KHTML, like Gecko) Chrome/145.0.0.0 Safari/537.36"
121.37.80.198 - - [23/Jun/2026:05:51:32 -0700] "GET /wp-content/plugins/thrive-visual-editor/editor/js/dist/modules/twitter.min.js?v=10.6.2&ver=10.6.2 HTTP/2" 200 388 "https://dealzandfreebies.com/2026/01/22/oficialnyj-sajt-pinco-casino-vhod-na-zerkalo-398/" "Mozilla/5.0 (Windows NT 10.0; Win64; x64) AppleWebKit/537.36 (KHTML, like Gecko) Chrome/145.0.0.0 Safari/537.36"
121.37.80.198 - - [23/Jun/2026:05:51:32 -0700] "GET /wp-content/plugins/thrive-visual-editor/editor/js/dist/modules/modal.min.js?v=10.6.2&ver=10.6.2 HTTP/2" 200 949 "https://dealzandfreebies.com/2026/01/22/oficialnyj-sajt-pinco-casino-vhod-na-zerkalo-398/" "Mozilla/5.0 (Windows NT 10.0; Win64; x64) AppleWebKit/537.36 (KHTML, like Gecko) Chrome/145.0.0.0 Safari/537.36"
136.243.228.180 - - [23/Jun/2026:05:51:39 -0700] "GET /2026/06/17/an-upswing-of-small-percentage-online-casinos-exploring-the-expanding-trend/ HTTP/1.1" 200 27642 "-" "Mozilla/5.0 (compatible; DataForSeoBot/1.0; +https://dataforseo.com/dataforseo-bot)"
104.255.170.81 - - [23/Jun/2026:05:51:42 -0700] "POST /wp-cron.php?doing_wp_cron=1782219102.2049140930175781250000 HTTP/1.1" 200 0 "-" "WordPress/7.0; https://dealzandfreebies.com"
200.25.47.106 - - [23/Jun/2026:05:51:40 -0700] "POST /xmlrpc.php HTTP/1.1" 200 181 "-" "Mozilla/5.0 (Windows NT 10.0; Win64; x64) AppleWebKit/537.36 (KHTML, like Gecko) Chrome/114.0.0.0 Safari/537.36"
85.208.96.208 - - [23/Jun/2026:05:51:41 -0700] "GET /2026/06/22/appeal-required-cloudflare-2/ HTTP/1.1" 200 34258 "-" "Mozilla/5.0 (compatible; SemrushBot/7~bl; +http://www.semrush.com/bot.html)"
136.243.228.180 - - [23/Jun/2026:05:51:43 -0700] "GET /2026/06/17/spiele-online-poker-pokerstars-pyramid-plunder-slot-online-casino-vertrauenswurdig-seither-uber-20-jahren/ HTTP/1.1" 200 29211 "-" "Mozilla/5.0 (compatible; DataForSeoBot/1.0; +https://dataforseo.com/dataforseo-bot)"
106.76.70.44 - - [23/Jun/2026:05:51:45 -0700] "GET /2026/06/06/respected-evaluations-studies/ HTTP/1.1" 200 27352 "-" "Mozilla/5.0 (Windows NT 4.0; my-MM; rv:1.9.1.20) Gecko/4249-03-06 19:17:33.161194 Firefox/3.8"
104.255.170.81 - - [23/Jun/2026:05:51:47 -0700] "POST /wp-cron.php?doing_wp_cron=1782219107.9795598983764648437500 HTTP/1.1" 200 0 "-" "WordPress/7.0; https://dealzandfreebies.com"
185.191.206.69 - - [23/Jun/2026:05:51:46 -0700] "POST /xmlrpc.php HTTP/1.1" 200 181 "-" "Mozilla/5.0 (Windows NT 10.0; Win64; x64) AppleWebKit/537.36 (KHTML, like Gecko) Chrome/114.0.0.0 Safari/537.36"
136.243.228.180 - - [23/Jun/2026:05:51:47 -0700] "GET /2026/06/17/exactly-how-we-pricing-short-using-casino-internet-sites/ HTTP/1.1" 200 28781 "-" "Mozilla/5.0 (compatible; DataForSeoBot/1.0; +https://dataforseo.com/dataforseo-bot)"
200.25.47.106 - - [23/Jun/2026:05:51:48 -0700] "POST /xmlrpc.php HTTP/1.1" 200 17297 "-" "Mozilla/5.0 (Windows NT 10.0; Win64; x64) AppleWebKit/537.36 (KHTML, like Gecko) Chrome/114.0.0.0 Safari/537.36"
68.11.213.116 - - [23/Jun/2026:05:51:52 -0700] "GET /2026/06/07/bourlivy-no-put-propagacni-podnik-hazardnich-her-vegas-gamble-pobidkovy-kod-bez-vkladu-vytvorte-apk-ke-stazeni-aplikace-gate777-heslo-funkce-nabijeni/%7B(%7Btcb_featured_image_url%20size=large%7D HTTP/1.1" 403 0 "-" "Mozilla/5.0 (Macintosh; U; PPC Mac OS X 10_12_9 rv:3.0; ber-DZ) AppleWebKit/531.16.1 (KHTML, like Gecko) Version/5.0 Safari/531.16.1"
23.158.233.124 - - [23/Jun/2026:05:51:51 -0700] "GET /2026/04/21/royal-coins-a-short-history-a-friendly-comparison-and-a-few-laughs-along-the-reels/ HTTP/1.1" 200 28779 "https://dealzandfreebies.com/" "Mozilla/5.0 (Windows NT 10.0; Win64; x64) AppleWebKit/537.36 (KHTML, like Gecko) Chrome/114.0.0.0 Safari/537.36 Vivaldi/5.3.2679.68"
136.243.228.180 - - [23/Jun/2026:05:51:51 -0700] "GET /2026/06/17/a-popular-are-room-34-to-possess-five-anybody-an-effective-duplex-with-several-beds-beneath-the-rooftop/ HTTP/1.1" 200 29374 "-" "Mozilla/5.0 (compatible; DataForSeoBot/1.0; +https://dataforseo.com/dataforseo-bot)"
23.158.233.124 - - [23/Jun/2026:05:51:53 -0700] "GET /wp-content/themes/thrive-theme/inc/assets/dist/theme.css?ver=10.6.2 HTTP/1.1" 200 6486 "https://dealzandfreebies.com/2026/04/21/royal-coins-a-short-history-a-friendly-comparison-and-a-few-laughs-along-the-reels/" "Mozilla/5.0 (Windows NT 10.0; Win64; x64) AppleWebKit/537.36 (KHTML, like Gecko) Chrome/143.0.0.0 Safari/537.36"
200.25.47.106 - - [23/Jun/2026:05:51:50 -0700] "GET /2026/06/23/seafood-sopranos-1-deposit-people-position-play-the-microgaming-casino-games-free-of-charge/ HTTP/1.1" 200 148688 "-" "Mozilla/5.0 (Windows NT 10.0; rv:125.0) Gecko/20100101 Firefox/125.0"
23.158.233.124 - - [23/Jun/2026:05:51:53 -0700] "GET /wp-content/themes/thrive-theme/style.css?ver=10.6.2 HTTP/1.1" 200 3881 "https://dealzandfreebies.com/2026/04/21/royal-coins-a-short-history-a-friendly-comparison-and-a-few-laughs-along-the-reels/" "Mozilla/5.0 (Windows NT 10.0; Win64; x64) AppleWebKit/537.36 (KHTML, like Gecko) Chrome/143.0.0.0 Safari/537.36"
185.191.206.69 - - [23/Jun/2026:05:51:53 -0700] "POST /xmlrpc.php HTTP/1.1" 200 10003 "-" "Mozilla/5.0 (Windows NT 10.0; Win64; x64) AppleWebKit/537.36 (KHTML, like Gecko) Chrome/114.0.0.0 Safari/537.36"
23.158.233.124 - - [23/Jun/2026:05:51:54 -0700] "GET /wp-content/plugins/thrive-visual-editor/editor/css/thrive_flat.css?ver=10.6.2 HTTP/1.1" 200 166083 "https://dealzandfreebies.com/2026/04/21/royal-coins-a-short-history-a-friendly-comparison-and-a-few-laughs-along-the-reels/" "Mozilla/5.0 (Windows NT 10.0; Win64; x64) AppleWebKit/537.36 (KHTML, like Gecko) Chrome/143.0.0.0 Safari/537.36"
216.73.217.103 - - [23/Jun/2026:05:51:54 -0700] "GET /2026/06/23/caesars-will-bring-vegas-style-internet-casino-so-youre-able-to-michigan-with-third-real-time-dealer-business/ HTTP/2" 200 29140 "-" "Mozilla/5.0 AppleWebKit/537.36 (KHTML, like Gecko; compatible; ClaudeBot/1.0; +claudebot@anthropic.com)"
23.158.233.124 - - [23/Jun/2026:05:51:55 -0700] "GET /wp-content/uploads/thrive/theme-template-1739946060.css?ver=10.6.2 HTTP/1.1" 200 37834 "https://dealzandfreebies.com/2026/04/21/royal-coins-a-short-history-a-friendly-comparison-and-a-few-laughs-along-the-reels/" "Mozilla/5.0 (Windows NT 10.0; Win64; x64) AppleWebKit/537.36 (KHTML, like Gecko) Chrome/143.0.0.0 Safari/537.36"
216.73.217.103 - - [23/Jun/2026:05:51:54 -0700] "GET /2026/06/23/prelievi-di-nuovo-depositi-volte-metodi-di-pagamento-accettati/ HTTP/2" 200 27908 "-" "Mozilla/5.0 AppleWebKit/537.36 (KHTML, like Gecko; compatible; ClaudeBot/1.0; +claudebot@anthropic.com)"
104.255.170.81 - - [23/Jun/2026:05:51:55 -0700] "POST /wp-cron.php?doing_wp_cron=1782219115.4211940765380859375000 HTTP/1.1" 200 0 "-" "WordPress/7.0; https://dealzandfreebies.com"
185.153.199.239 - - [23/Jun/2026:05:51:54 -0700] "POST /xmlrpc.php HTTP/1.1" 200 181 "-" "Mozilla/5.0 (Windows NT 10.0; Win64; x64) AppleWebKit/537.36 (KHTML, like Gecko) Chrome/114.0.0.0 Safari/537.36"
23.158.233.124 - - [23/Jun/2026:05:51:55 -0700] "GET /2026/04/21/burning-wins-online-slot-review/ HTTP/1.1" 200 29040 "https://dealzandfreebies.com/2026/04/21/burning-wins-online-slot-review/" "Mozilla/5.0 (Windows NT 10.0; Win64; x64) AppleWebKit/537.36 (KHTML, like Gecko) Chrome/114.0.0.0 Safari/537.36 Vivaldi/5.3.2679.68"
136.243.228.180 - - [23/Jun/2026:05:51:55 -0700] "GET /2026/06/17/when-fully-utilized-that-it-welcome-plan-allows-users-so-you-can-allege-as-much-as-4btc-and-300-spins/ HTTP/1.1" 200 28498 "-" "Mozilla/5.0 (compatible; DataForSeoBot/1.0; +https://dataforseo.com/dataforseo-bot)"
216.73.217.103 - - [23/Jun/2026:05:51:55 -0700] "GET /2026/06/23/greatest-step-casino-bonus-deposit-1-and-get-20-one-put-gambling-enterprise-open-fifty-100-percent-free-revolves-that-have-a-1-put/ HTTP/2" 200 29361 "-" "Mozilla/5.0 AppleWebKit/537.36 (KHTML, like Gecko; compatible; ClaudeBot/1.0; +claudebot@anthropic.com)"
216.73.217.103 - - [23/Jun/2026:05:51:56 -0700] "GET /2026/06/23/best-minimal-put-gambling-enterprises-to-casino-paradise-mobile-possess-united-kingdom-2026/ HTTP/2" 200 29139 "-" "Mozilla/5.0 AppleWebKit/537.36 (KHTML, like Gecko; compatible; ClaudeBot/1.0; +claudebot@anthropic.com)"
57.141.18.72 - - [23/Jun/2026:05:51:58 -0700] "GET /wp-json/wp/v2/posts/154072 HTTP/2" 200 11814 "-" "meta-externalagent/1.1 (+https://developers.facebook.com/docs/sharing/webmasters/crawler)"
185.191.206.69 - - [23/Jun/2026:05:51:54 -0700] "GET /2026/06/23/dadurch-wird-ebendiese-individuelle-behinderung-zur-legalisierung-bei-denkbar-casinos-genommen/ HTTP/1.1" 200 140682 "-" "Mozilla/5.0 (Windows NT 10.0; Win64; x64) AppleWebKit/537.36 (KHTML, like Gecko) Chrome/124.0.0.0 Safari/537.36"
101.33.124.140 - - [23/Jun/2026:05:51:59 -0700] "GET /2026/03/07/dragon-money-dragon-mani-2026-akcii-i-promokody-290/ HTTP/2" 200 28558 "https://dealzandfreebies.com/2026/03/07/dragon-money-dragon-mani-2026-akcii-i-promokody-290/#t3" "Mozilla/5.0 (Macintosh; Intel Mac OS X 10_15_7) AppleWebKit/537.36 (KHTML, like Gecko) Chrome/119.0.0.0 Safari/537.36"
216.73.217.103 - - [23/Jun/2026:05:51:59 -0700] "GET /2026/06/23/ebendiese-rtp-raten-back-once-again-or-athlete-von-spielautomaten-fahig-werden-entsprechend-gewahltem-casino-durchlauf-variieren/ HTTP/2" 200 28832 "-" "Mozilla/5.0 AppleWebKit/537.36 (KHTML, like Gecko; compatible; ClaudeBot/1.0; +claudebot@anthropic.com)"
136.243.228.180 - - [23/Jun/2026:05:51:59 -0700] "GET /2026/06/17/hinein-deinen-ersten-zwei-einzahlungen-kannst-respons-dir-angewandten-willkommensbonus-beschutzen/ HTTP/1.1" 200 28812 "-" "Mozilla/5.0 (compatible; DataForSeoBot/1.0; +https://dataforseo.com/dataforseo-bot)"
216.73.217.103 - - [23/Jun/2026:05:52:00 -0700] "GET /2026/06/23/eres-vorsprechen-von-slots-inoffizieller-mitarbeiter-kasino-war-von-jahr-nach-im-jahre-stets-beliebter/ HTTP/2" 200 29561 "-" "Mozilla/5.0 AppleWebKit/537.36 (KHTML, like Gecko; compatible; ClaudeBot/1.0; +claudebot@anthropic.com)"
185.153.199.239 - - [23/Jun/2026:05:52:00 -0700] "POST /xmlrpc.php HTTP/1.1" 200 8511 "-" "Mozilla/5.0 (Windows NT 10.0; Win64; x64) AppleWebKit/537.36 (KHTML, like Gecko) Chrome/114.0.0.0 Safari/537.36"
216.73.217.103 - - [23/Jun/2026:05:52:01 -0700] "GET /2026/06/23/so-lange-diese-unser-alive-casino-optionen-within-vincispin-finden-in-der-regel-die-leser-ihr-spezial-ubung/ HTTP/2" 200 28587 "-" "Mozilla/5.0 AppleWebKit/537.36 (KHTML, like Gecko; compatible; ClaudeBot/1.0; +claudebot@anthropic.com)"
185.153.199.239 - - [23/Jun/2026:05:52:01 -0700] "GET /2026/06/23/greatest-online-slots-games-top-ten-casino-harbors-2026/ HTTP/1.1" 200 138509 "-" "Mozilla/5.0 (Windows NT 10.0; Win64; x64) AppleWebKit/537.36 (KHTML, like Gecko) Chrome/124.0.0.0 Safari/537.36 Edg/124.0.0.0"
216.73.217.103 - - [23/Jun/2026:05:52:01 -0700] "GET /2026/06/23/eres-tut-diese-verfasser-not-hinten-vernehmen-so-ebendiese-spiel-deren-erwartungen-nicht-erfullt-hat/ HTTP/2" 200 27923 "-" "Mozilla/5.0 AppleWebKit/537.36 (KHTML, like Gecko; compatible; ClaudeBot/1.0; +claudebot@anthropic.com)"
136.243.228.180 - - [23/Jun/2026:05:52:03 -0700] "GET /2026/06/17/50-lost-treasure-slot-freispiele-fur-1-ecu-casinos-qua-1-ecu-einzahlung/ HTTP/1.1" 200 28612 "-" "Mozilla/5.0 (compatible; DataForSeoBot/1.0; +https://dataforseo.com/dataforseo-bot)"
185.191.171.12 - - [23/Jun/2026:05:52:05 -0700] "GET /2026/06/22/totally-free-harbors-gamble-39712-local-casino-slot-demonstrations/ HTTP/1.1" 200 35268 "-" "Mozilla/5.0 (compatible; SemrushBot/7~bl; +http://www.semrush.com/bot.html)"
136.243.228.180 - - [23/Jun/2026:05:52:07 -0700] "GET /2026/06/17/you-should-have-gotten-current-email-address-notifications-which-have-rules-to-prepare-your-own-enthusiasts-log-on/ HTTP/1.1" 200 28009 "-" "Mozilla/5.0 (compatible; DataForSeoBot/1.0; +https://dataforseo.com/dataforseo-bot)"
136.243.228.180 - - [23/Jun/2026:05:52:11 -0700] "GET /2026/06/17/merely-register-finish-the-confirmation-process-and-employ-the-new-award-to-experience-the-fresh-appointed-video-game/ HTTP/1.1" 200 28766 "-" "Mozilla/5.0 (compatible; DataForSeoBot/1.0; +https://dataforseo.com/dataforseo-bot)"
136.243.228.180 - - [23/Jun/2026:05:52:15 -0700] "GET /2026/06/17/book-of-dead-freispiele-blos-einzahlung-aktuelle-abu-king-bonus-casino-verzeichnis-2024/ HTTP/1.1" 200 29069 "-" "Mozilla/5.0 (compatible; DataForSeoBot/1.0; +https://dataforseo.com/dataforseo-bot)"
17.246.15.77 - - [23/Jun/2026:05:52:16 -0700] "GET /2026/06/19/netbet-netbet-ist-und-bleibt-ne-beliebte-wahl-fur-jedes-spieler-ebendiese-das-sicheres-weiters-zuverlassiges-spielerlebnis-stobern/ HTTP/2" 200 33365 "-" "Mozilla/5.0 (Macintosh; Intel Mac OS X 10_15_7) AppleWebKit/605.1.15 (KHTML, like Gecko) Version/17.4 Safari/605.1.15 (Applebot/0.1; +http://www.apple.com/go/applebot)"
136.243.228.180 - - [23/Jun/2026:05:52:19 -0700] "GET /2026/06/17/top-10-kazino-2026-s-igrovymi-avtomatami-ot-top-4/ HTTP/1.1" 200 33373 "-" "Mozilla/5.0 (compatible; DataForSeoBot/1.0; +https://dataforseo.com/dataforseo-bot)"
57.141.18.117 - - [23/Jun/2026:05:52:19 -0700] "GET /wp-json/oembed/1.0/embed?url=https%3A%2F%2Fdealzandfreebies.com%2F2026%2F06%2F21%2Fonline-slots-gamble-slot-online-game-online%2F HTTP/2" 200 2388 "-" "meta-externalagent/1.1 (+https://developers.facebook.com/docs/sharing/webmasters/crawler)"
