74.7.241.32 - - [23/Jun/2026:06:09:18 -0700] "GET /wp-json/oembed/1.0/embed?format=xml&url=https%3A%2F%2Fdealzandfreebies.com%2F2026%2F06%2F23%2Frotiri-gratuite-dar-goldbet-casino-mobil-plata-ciresa-2026-tu-cazinouri-onjn%2F HTTP/2" 200 1167 "https://dealzandfreebies.com/2026/06/23/rotiri-gratuite-dar-goldbet-casino-mobil-plata-ciresa-2026-tu-cazinouri-onjn/" "Mozilla/5.0 AppleWebKit/537.36 (KHTML, like Gecko; compatible; GPTBot/1.4; +https://openai.com/gptbot)"
74.7.241.32 - - [23/Jun/2026:06:09:19 -0700] "GET /wp-json/oembed/1.0/embed?format=xml&url=https%3A%2F%2Fdealzandfreebies.com%2F2026%2F06%2F19%2F700-no-deposit-slots-2022-score-20-30-fifty-100-100-percent-free-spins%2F HTTP/2" 200 1150 "https://dealzandfreebies.com/2026/06/19/700-no-deposit-slots-2022-score-20-30-fifty-100-100-percent-free-spins/" "Mozilla/5.0 AppleWebKit/537.36 (KHTML, like Gecko; compatible; GPTBot/1.4; +https://openai.com/gptbot)"
23.90.184.84 - - [23/Jun/2026:06:09:19 -0700] "POST /xmlrpc.php HTTP/1.1" 403 0 "-" "Mozilla/5.0 (Windows NT 10.0; Win64; x64) AppleWebKit/537.36 (KHTML, like Gecko) Chrome/114.0.0.0 Safari/537.36"
74.7.241.32 - - [23/Jun/2026:06:09:19 -0700] "GET /wp-json/oembed/1.0/embed?format=xml&url=https%3A%2F%2Fdealzandfreebies.com%2F2026%2F06%2F23%2Fgreatest-online-slots-games-top-ten-casino-harbors-2026%2F HTTP/2" 200 1120 "https://dealzandfreebies.com/2026/06/23/greatest-online-slots-games-top-ten-casino-harbors-2026/" "Mozilla/5.0 AppleWebKit/537.36 (KHTML, like Gecko; compatible; GPTBot/1.4; +https://openai.com/gptbot)"
216.73.217.103 - - [23/Jun/2026:06:09:19 -0700] "GET /2026/06/23/so-it-mixture-s-ideal-alive-gambling-enterprise-web-sites-are-receiving-much-more-and-preferred-these-days/ HTTP/2" 200 29163 "-" "Mozilla/5.0 AppleWebKit/537.36 (KHTML, like Gecko; compatible; ClaudeBot/1.0; +claudebot@anthropic.com)"
74.7.241.32 - - [23/Jun/2026:06:09:20 -0700] "GET /wp-json/oembed/1.0/embed?format=xml&url=https%3A%2F%2Fdealzandfreebies.com%2F2026%2F06%2F23%2Ften-most-useful-real-money-online-slots-games-sites-of-2026%2F HTTP/2" 200 1132 "https://dealzandfreebies.com/2026/06/23/ten-most-useful-real-money-online-slots-games-sites-of-2026/" "Mozilla/5.0 AppleWebKit/537.36 (KHTML, like Gecko; compatible; GPTBot/1.4; +https://openai.com/gptbot)"
74.7.241.32 - - [23/Jun/2026:06:09:21 -0700] "GET /wp-json/oembed/1.0/embed?format=xml&url=https%3A%2F%2Fdealzandfreebies.com%2F2026%2F06%2F23%2Fbank-zonder-cruks-2026-gokken-buiten-cruks-top-10%2F HTTP/2" 200 1122 "https://dealzandfreebies.com/2026/06/23/bank-zonder-cruks-2026-gokken-buiten-cruks-top-10/" "Mozilla/5.0 AppleWebKit/537.36 (KHTML, like Gecko; compatible; GPTBot/1.4; +https://openai.com/gptbot)"
216.73.217.103 - - [23/Jun/2026:06:09:20 -0700] "GET /2026/06/23/if-the-a-web-site-doesnt-have-an-effective-help-people-it-is-an-indicator-out-of-an-unsound-local-casino/ HTTP/2" 200 27921 "-" "Mozilla/5.0 AppleWebKit/537.36 (KHTML, like Gecko; compatible; ClaudeBot/1.0; +claudebot@anthropic.com)"
74.7.241.32 - - [23/Jun/2026:06:09:21 -0700] "GET /wp-json/oembed/1.0/embed?format=xml&url=https%3A%2F%2Fdealzandfreebies.com%2F2026%2F06%2F19%2Fpin-up-casino-azrbaycanda-onlayn-kazino-pin-up-542%2F HTTP/2" 200 1129 "https://dealzandfreebies.com/2026/06/19/pin-up-casino-azrbaycanda-onlayn-kazino-pin-up-542/" "Mozilla/5.0 AppleWebKit/537.36 (KHTML, like Gecko; compatible; GPTBot/1.4; +https://openai.com/gptbot)"
104.255.170.81 - - [23/Jun/2026:06:09:22 -0700] "POST /wp-cron.php?doing_wp_cron=1782220162.2084619998931884765625 HTTP/1.1" 200 0 "-" "WordPress/7.0; https://dealzandfreebies.com"
45.83.178.38 - - [23/Jun/2026:06:09:21 -0700] "POST /xmlrpc.php HTTP/1.1" 200 181 "-" "Mozilla/5.0 (Windows NT 10.0; Win64; x64) AppleWebKit/537.36 (KHTML, like Gecko) Chrome/114.0.0.0 Safari/537.36"
216.73.217.103 - - [23/Jun/2026:06:09:21 -0700] "GET /2026/06/23/stelling-wish-maste-slot-review-2026-fre-play-demo/ HTTP/2" 200 29713 "-" "Mozilla/5.0 AppleWebKit/537.36 (KHTML, like Gecko; compatible; ClaudeBot/1.0; +claudebot@anthropic.com)"
74.7.241.32 - - [23/Jun/2026:06:09:22 -0700] "GET /wp-json/oembed/1.0/embed?format=xml&url=https%3A%2F%2Fdealzandfreebies.com%2F2026%2F06%2F23%2Fofflin-gokhuis-nederlan-lieve-legale-casinos-voor-2026%2F HTTP/2" 200 1130 "https://dealzandfreebies.com/2026/06/23/offlin-gokhuis-nederlan-lieve-legale-casinos-voor-2026/" "Mozilla/5.0 AppleWebKit/537.36 (KHTML, like Gecko; compatible; GPTBot/1.4; +https://openai.com/gptbot)"
136.243.228.180 - - [23/Jun/2026:06:09:21 -0700] "GET /2026/06/17/how-popular-was-towards-the-range-gambling-establishment-web-sites-in-the-united-kingdom-how-many-folks-are-to-experience-in-it/ HTTP/1.1" 200 27794 "-" "Mozilla/5.0 (compatible; DataForSeoBot/1.0; +https://dataforseo.com/dataforseo-bot)"
74.7.241.32 - - [23/Jun/2026:06:09:22 -0700] "GET /wp-json/oembed/1.0/embed?format=xml&url=https%3A%2F%2Fdealzandfreebies.com%2F2026%2F06%2F23%2Fleovegas-onore-privo-di-pieno-50-free-spins%2F HTTP/2" 200 1112 "https://dealzandfreebies.com/2026/06/23/leovegas-onore-privo-di-pieno-50-free-spins/" "Mozilla/5.0 AppleWebKit/537.36 (KHTML, like Gecko; compatible; GPTBot/1.4; +https://openai.com/gptbot)"
103.219.169.164 - - [23/Jun/2026:06:09:22 -0700] "POST /xmlrpc.php HTTP/1.1" 200 181 "-" "Mozilla/5.0 (Windows NT 10.0; Win64; x64) AppleWebKit/537.36 (KHTML, like Gecko) Chrome/114.0.0.0 Safari/537.36"
74.7.241.32 - - [23/Jun/2026:06:09:23 -0700] "GET /?p=165263 HTTP/2" 301 0 "https://dealzandfreebies.com/2026/06/23/kostenlose-casinospiele-hinein-quecksilber-gaming-blos-obtain-und-einschreibung/" "Mozilla/5.0 AppleWebKit/537.36 (KHTML, like Gecko; compatible; GPTBot/1.4; +https://openai.com/gptbot)"
74.7.241.32 - - [23/Jun/2026:06:09:23 -0700] "GET /2026/06/23/the-brand-new-6-better-gambling-games-for-pc-out-of-2026-critiques/ HTTP/2" 200 29488 "https://dealzandfreebies.com/2026/06/23/kostenlose-casinospiele-hinein-quecksilber-gaming-blos-obtain-und-einschreibung/" "Mozilla/5.0 AppleWebKit/537.36 (KHTML, like Gecko; compatible; GPTBot/1.4; +https://openai.com/gptbot)"
74.7.241.32 - - [23/Jun/2026:06:09:24 -0700] "GET /2026/06/23/check-for-every-web-sites-%ef%bf%bdrules%ef%bf%bd-otherwise-%ef%bf%bdeligible-jurisdictions%ef%bf%bd-web-page-prior-to-to-relax-and-play/ HTTP/2" 403 0 "https://dealzandfreebies.com/2026/06/23/kostenlose-casinospiele-hinein-quecksilber-gaming-blos-obtain-und-einschreibung/" "Mozilla/5.0 AppleWebKit/537.36 (KHTML, like Gecko; compatible; GPTBot/1.4; +https://openai.com/gptbot)"
104.255.170.81 - - [23/Jun/2026:06:09:25 -0700] "POST /wp-cron.php?doing_wp_cron=1782220165.4434480667114257812500 HTTP/1.1" 200 0 "-" "WordPress/7.0; https://dealzandfreebies.com"
74.7.241.32 - - [23/Jun/2026:06:09:25 -0700] "GET /wp-json/oembed/1.0/embed?url=https%3A%2F%2Fdealzandfreebies.com%2F2026%2F06%2F23%2Fkostenlose-casinospiele-hinein-quecksilber-gaming-blos-obtain-und-einschreibung%2F HTTP/2" 200 1134 "https://dealzandfreebies.com/2026/06/23/kostenlose-casinospiele-hinein-quecksilber-gaming-blos-obtain-und-einschreibung/" "Mozilla/5.0 AppleWebKit/537.36 (KHTML, like Gecko; compatible; GPTBot/1.4; +https://openai.com/gptbot)"
85.208.96.207 - - [23/Jun/2026:06:09:24 -0700] "GET /2026/06/21/harbors-and-you-can-online-casino-games-supplier/ HTTP/1.1" 200 34187 "-" "Mozilla/5.0 (compatible; SemrushBot/7~bl; +http://www.semrush.com/bot.html)"
74.7.241.32 - - [23/Jun/2026:06:09:25 -0700] "GET /wp-json/wp/v2/posts/165263 HTTP/2" 200 5056 "https://dealzandfreebies.com/2026/06/23/kostenlose-casinospiele-hinein-quecksilber-gaming-blos-obtain-und-einschreibung/" "Mozilla/5.0 AppleWebKit/537.36 (KHTML, like Gecko; compatible; GPTBot/1.4; +https://openai.com/gptbot)"
74.7.241.32 - - [23/Jun/2026:06:09:26 -0700] "GET /wp-json/oembed/1.0/embed?format=xml&url=https%3A%2F%2Fdealzandfreebies.com%2F2026%2F06%2F23%2Fkostenlose-casinospiele-hinein-quecksilber-gaming-blos-obtain-und-einschreibung%2F HTTP/2" 200 1170 "https://dealzandfreebies.com/2026/06/23/kostenlose-casinospiele-hinein-quecksilber-gaming-blos-obtain-und-einschreibung/" "Mozilla/5.0 AppleWebKit/537.36 (KHTML, like Gecko; compatible; GPTBot/1.4; +https://openai.com/gptbot)"
136.243.228.180 - - [23/Jun/2026:06:09:25 -0700] "GET /2026/06/17/nelleventualita-che-ami-le-slot-classiche-novomatic-questa-e-la-ripiano-superiore/ HTTP/1.1" 200 28064 "-" "Mozilla/5.0 (compatible; DataForSeoBot/1.0; +https://dataforseo.com/dataforseo-bot)"
74.7.241.32 - - [23/Jun/2026:06:09:26 -0700] "GET /wp-json/oembed/1.0/embed?format=xml&url=https%3A%2F%2Fdealzandfreebies.com%2F2026%2F06%2F23%2Ftop-10-on-line-casino-a-real-income-sites-in-the-usa-getting-2026%2F HTTP/2" 200 1141 "https://dealzandfreebies.com/2026/06/23/top-10-on-line-casino-a-real-income-sites-in-the-usa-getting-2026/" "Mozilla/5.0 AppleWebKit/537.36 (KHTML, like Gecko; compatible; GPTBot/1.4; +https://openai.com/gptbot)"
74.7.241.32 - - [23/Jun/2026:06:09:27 -0700] "GET /wp-json/oembed/1.0/embed?format=xml&url=https%3A%2F%2Fdealzandfreebies.com%2F2026%2F06%2F23%2F10-finest-online-casinos-the-real-deal-money-usa-into-the-2026%2F HTTP/2" 200 1132 "https://dealzandfreebies.com/2026/06/23/10-finest-online-casinos-the-real-deal-money-usa-into-the-2026/" "Mozilla/5.0 AppleWebKit/537.36 (KHTML, like Gecko; compatible; GPTBot/1.4; +https://openai.com/gptbot)"
45.83.178.38 - - [23/Jun/2026:06:09:27 -0700] "POST /xmlrpc.php HTTP/1.1" 200 13012 "-" "Mozilla/5.0 (Windows NT 10.0; Win64; x64) AppleWebKit/537.36 (KHTML, like Gecko) Chrome/114.0.0.0 Safari/537.36"
74.7.241.32 - - [23/Jun/2026:06:09:27 -0700] "GET /wp-json/oembed/1.0/embed?format=xml&url=https%3A%2F%2Fdealzandfreebies.com%2F2026%2F06%2F23%2Ftop-10-web-based-casinos-recently-a-real-income-ranks-summer-2026%2F HTTP/2" 200 1139 "https://dealzandfreebies.com/2026/06/23/top-10-web-based-casinos-recently-a-real-income-ranks-summer-2026/" "Mozilla/5.0 AppleWebKit/537.36 (KHTML, like Gecko; compatible; GPTBot/1.4; +https://openai.com/gptbot)"
74.7.241.32 - - [23/Jun/2026:06:09:28 -0700] "GET /wp-json/oembed/1.0/embed?format=xml&url=https%3A%2F%2Fdealzandfreebies.com%2F2026%2F06%2F19%2Fshell-out-200-casino-bonus-apple-pay-and-gamble-casinos-united-kingdom-2021%2F HTTP/2" 200 1156 "https://dealzandfreebies.com/2026/06/19/shell-out-200-casino-bonus-apple-pay-and-gamble-casinos-united-kingdom-2021/" "Mozilla/5.0 AppleWebKit/537.36 (KHTML, like Gecko; compatible; GPTBot/1.4; +https://openai.com/gptbot)"
74.7.241.32 - - [23/Jun/2026:06:09:29 -0700] "GET /wp-json/oembed/1.0/embed?format=xml&url=https%3A%2F%2Fdealzandfreebies.com%2F2026%2F06%2F23%2Fa-real-income-pokies-programs-to-have-pills-vegas-world-casino-in-australia-2026%2F HTTP/2" 200 1157 "https://dealzandfreebies.com/2026/06/23/a-real-income-pokies-programs-to-have-pills-vegas-world-casino-in-australia-2026/" "Mozilla/5.0 AppleWebKit/537.36 (KHTML, like Gecko; compatible; GPTBot/1.4; +https://openai.com/gptbot)"
185.191.171.3 - - [23/Jun/2026:06:09:28 -0700] "GET /2026/06/21/totally-free-pokies-igt-aristocrat-ainsworth-white-question-konami/ HTTP/1.1" 200 35703 "-" "Mozilla/5.0 (compatible; SemrushBot/7~bl; +http://www.semrush.com/bot.html)"
74.7.241.32 - - [23/Jun/2026:06:09:29 -0700] "GET /wp-json/oembed/1.0/embed?format=xml&url=https%3A%2F%2Fdealzandfreebies.com%2F2026%2F06%2F19%2Fkak-dejstvujut-jelektronnye-marketplejsy-166%2F HTTP/2" 200 1240 "https://dealzandfreebies.com/2026/06/19/kak-dejstvujut-jelektronnye-marketplejsy-166/" "Mozilla/5.0 AppleWebKit/537.36 (KHTML, like Gecko; compatible; GPTBot/1.4; +https://openai.com/gptbot)"
103.219.169.164 - - [23/Jun/2026:06:09:29 -0700] "POST /xmlrpc.php HTTP/1.1" 200 11300 "-" "Mozilla/5.0 (Windows NT 10.0; Win64; x64) AppleWebKit/537.36 (KHTML, like Gecko) Chrome/114.0.0.0 Safari/537.36"
45.83.178.38 - - [23/Jun/2026:06:09:28 -0700] "GET /2026/06/23/co-do-powodow-grac-gdzie-indziej-casino-bello-wlasnosci-to/ HTTP/1.1" 200 144615 "-" "Mozilla/5.0 (Windows NT 10.0; Win64; x64) AppleWebKit/537.36 (KHTML, like Gecko) Chrome/109.0.0.0 Safari/537.36"
74.7.241.32 - - [23/Jun/2026:06:09:30 -0700] "GET /?p=165261 HTTP/2" 301 0 "https://dealzandfreebies.com/2026/06/23/the-brand-new-6-better-gambling-games-for-pc-out-of-2026-critiques/" "Mozilla/5.0 AppleWebKit/537.36 (KHTML, like Gecko; compatible; GPTBot/1.4; +https://openai.com/gptbot)"
136.243.228.180 - - [23/Jun/2026:06:09:29 -0700] "GET /2026/06/17/nella-grosso-dei-casi-sinon-consiglia-di-divertirsi-alle-slot-sopra-92-rtp-ovvero-massimo/ HTTP/1.1" 200 27598 "-" "Mozilla/5.0 (compatible; DataForSeoBot/1.0; +https://dataforseo.com/dataforseo-bot)"
74.7.241.32 - - [23/Jun/2026:06:09:30 -0700] "GET /2026/06/23/co-do-powodow-grac-gdzie-indziej-casino-bello-wlasnosci-to/ HTTP/2" 200 30168 "https://dealzandfreebies.com/2026/06/23/the-brand-new-6-better-gambling-games-for-pc-out-of-2026-critiques/" "Mozilla/5.0 AppleWebKit/537.36 (KHTML, like Gecko; compatible; GPTBot/1.4; +https://openai.com/gptbot)"
74.7.241.32 - - [23/Jun/2026:06:09:31 -0700] "GET /2026/06/23/parece-schafft-unter-hinein-dm-aufwarts-sich-vom-croupier-so-gut-wie-der-bank-karten-geben-lasst/ HTTP/2" 200 28651 "https://dealzandfreebies.com/2026/06/23/the-brand-new-6-better-gambling-games-for-pc-out-of-2026-critiques/" "Mozilla/5.0 AppleWebKit/537.36 (KHTML, like Gecko; compatible; GPTBot/1.4; +https://openai.com/gptbot)"
103.219.169.164 - - [23/Jun/2026:06:09:30 -0700] "GET /2026/06/23/score-100-k-totally-free-gold-coins/ HTTP/1.1" 200 140528 "-" "Mozilla/5.0 (Windows NT 10.0; Win64; x64; rv:124.0) Gecko/20100101 Firefox/124.0"
74.7.241.32 - - [23/Jun/2026:06:09:32 -0700] "GET /2026/06/23/score-100-k-totally-free-gold-coins/ HTTP/2" 200 28527 "https://dealzandfreebies.com/2026/06/23/the-brand-new-6-better-gambling-games-for-pc-out-of-2026-critiques/" "Mozilla/5.0 AppleWebKit/537.36 (KHTML, like Gecko; compatible; GPTBot/1.4; +https://openai.com/gptbot)"
74.7.241.32 - - [23/Jun/2026:06:09:33 -0700] "GET /wp-json/wp/v2/posts/165261 HTTP/2" 200 4628 "https://dealzandfreebies.com/2026/06/23/the-brand-new-6-better-gambling-games-for-pc-out-of-2026-critiques/" "Mozilla/5.0 AppleWebKit/537.36 (KHTML, like Gecko; compatible; GPTBot/1.4; +https://openai.com/gptbot)"
74.7.241.32 - - [23/Jun/2026:06:09:34 -0700] "GET /wp-json/oembed/1.0/embed?url=https%3A%2F%2Fdealzandfreebies.com%2F2026%2F06%2F23%2Fthe-brand-new-6-better-gambling-games-for-pc-out-of-2026-critiques%2F HTTP/2" 200 1118 "https://dealzandfreebies.com/2026/06/23/the-brand-new-6-better-gambling-games-for-pc-out-of-2026-critiques/" "Mozilla/5.0 AppleWebKit/537.36 (KHTML, like Gecko; compatible; GPTBot/1.4; +https://openai.com/gptbot)"
114.236.179.211 - - [23/Jun/2026:06:09:34 -0700] "GET /2026/06/03/rejting-luchshih-kazino-dlja-vybora-nadezhnoj-4/%7B(%7Btcb_featured_image_url%20size=large%7D HTTP/1.1" 403 0 "-" "Mozilla/5.0 (iPad; CPU iPad OS 17_4 like Mac OS X) AppleWebKit/532.1 (KHTML, like Gecko) CriOS/55.0.863.0 Mobile/82I438 Safari/532.1"
74.7.241.32 - - [23/Jun/2026:06:09:34 -0700] "GET /wp-json/oembed/1.0/embed?format=xml&url=https%3A%2F%2Fdealzandfreebies.com%2F2026%2F06%2F23%2Fthe-brand-new-6-better-gambling-games-for-pc-out-of-2026-critiques%2F HTTP/2" 200 1149 "https://dealzandfreebies.com/2026/06/23/the-brand-new-6-better-gambling-games-for-pc-out-of-2026-critiques/" "Mozilla/5.0 AppleWebKit/537.36 (KHTML, like Gecko; compatible; GPTBot/1.4; +https://openai.com/gptbot)"
136.243.228.180 - - [23/Jun/2026:06:09:34 -0700] "GET /2026/06/17/the-original-move-for-the-a-great-craps-bullet-is-called-the-latest-come-away-roll/ HTTP/1.1" 200 29103 "-" "Mozilla/5.0 (compatible; DataForSeoBot/1.0; +https://dataforseo.com/dataforseo-bot)"
74.7.241.32 - - [23/Jun/2026:06:09:35 -0700] "GET /wp-json/oembed/1.0/embed?format=xml&url=https%3A%2F%2Fdealzandfreebies.com%2F2026%2F06%2F23%2Fno-deposit-gambling-enterprise-extra-rules-2026%2F HTTP/2" 200 1115 "https://dealzandfreebies.com/2026/06/23/no-deposit-gambling-enterprise-extra-rules-2026/" "Mozilla/5.0 AppleWebKit/537.36 (KHTML, like Gecko; compatible; GPTBot/1.4; +https://openai.com/gptbot)"
74.7.241.32 - - [23/Jun/2026:06:09:35 -0700] "GET /wp-json/oembed/1.0/embed?format=xml&url=https%3A%2F%2Fdealzandfreebies.com%2F2026%2F06%2F19%2Fkak-sproektirovany-aktualnye-obozrevateli-44%2F HTTP/2" 200 1199 "https://dealzandfreebies.com/2026/06/19/kak-sproektirovany-aktualnye-obozrevateli-44/" "Mozilla/5.0 AppleWebKit/537.36 (KHTML, like Gecko; compatible; GPTBot/1.4; +https://openai.com/gptbot)"
74.7.241.32 - - [23/Jun/2026:06:09:36 -0700] "GET /wp-json/oembed/1.0/embed?format=xml&url=https%3A%2F%2Fdealzandfreebies.com%2F2026%2F06%2F23%2Fselbige-besten-9-echtgeld-casinos-2025-selbige-umfassender-expertentest%2F HTTP/2" 200 1140 "https://dealzandfreebies.com/2026/06/23/selbige-besten-9-echtgeld-casinos-2025-selbige-umfassender-expertentest/" "Mozilla/5.0 AppleWebKit/537.36 (KHTML, like Gecko; compatible; GPTBot/1.4; +https://openai.com/gptbot)"
85.208.96.208 - - [23/Jun/2026:06:09:35 -0700] "GET /2026/06/22/nebensachlich-wenn-unser-portal-uber-selbige-google-android-web-angebot-besucht-ist-mit-etwas-rechnen-glucksspieler-hier-ebendiese-maximale-benutzerfreundlichkeit/ HTTP/1.1" 200 33233 "-" "Mozilla/5.0 (compatible; SemrushBot/7~bl; +http://www.semrush.com/bot.html)"
74.7.241.32 - - [23/Jun/2026:06:09:36 -0700] "GET /wp-json/oembed/1.0/embed?format=xml&url=https%3A%2F%2Fdealzandfreebies.com%2F2026%2F06%2F19%2Fbest-shell-out-from-the-casino-super-gaminator-mobile-cellular-telephone-gambling-enterprises%2F HTTP/2" 200 1171 "https://dealzandfreebies.com/2026/06/19/best-shell-out-from-the-casino-super-gaminator-mobile-cellular-telephone-gambling-enterprises/" "Mozilla/5.0 AppleWebKit/537.36 (KHTML, like Gecko; compatible; GPTBot/1.4; +https://openai.com/gptbot)"
104.255.170.81 - - [23/Jun/2026:06:09:37 -0700] "POST /wp-cron.php?doing_wp_cron=1782220177.3991770744323730468750 HTTP/1.1" 200 0 "-" "WordPress/7.0; https://dealzandfreebies.com"
74.7.241.32 - - [23/Jun/2026:06:09:37 -0700] "GET /wp-json/oembed/1.0/embed?format=xml&url=https%3A%2F%2Fdealzandfreebies.com%2F2026%2F06%2F23%2Ffor-cash-dumps-and-you-may-withdrawals-here-are-a-few-all-of-our-cash-playing-web-sites-listing%2F HTTP/2" 200 1179 "https://dealzandfreebies.com/2026/06/23/for-cash-dumps-and-you-may-withdrawals-here-are-a-few-all-of-our-cash-playing-web-sites-listing/" "Mozilla/5.0 AppleWebKit/537.36 (KHTML, like Gecko; compatible; GPTBot/1.4; +https://openai.com/gptbot)"
39.149.250.244 - - [23/Jun/2026:06:09:37 -0700] "GET /2026/06/03/freund-und-feind-zahlungen-werden-within-individuelle-wahrungen-akzeptiert-inklusive-eur-btc-eth-ltc/%7B(%7Btcb_featured_image_url%20size=large%7D HTTP/1.1" 403 0 "-" "Mozilla/5.0 (X11; Linux x86_64) AppleWebKit/534.2 (KHTML, like Gecko) Chrome/58.0.802.0 Safari/534.2"
74.7.241.32 - - [23/Jun/2026:06:09:37 -0700] "GET /?p=165606 HTTP/2" 301 0 "https://dealzandfreebies.com/2026/06/23/co-do-powodow-grac-gdzie-indziej-casino-bello-wlasnosci-to/" "Mozilla/5.0 AppleWebKit/537.36 (KHTML, like Gecko; compatible; GPTBot/1.4; +https://openai.com/gptbot)"
74.7.241.32 - - [23/Jun/2026:06:09:38 -0700] "GET /?p=165259 HTTP/2" 301 0 "https://dealzandfreebies.com/2026/06/23/parece-schafft-unter-hinein-dm-aufwarts-sich-vom-croupier-so-gut-wie-der-bank-karten-geben-lasst/" "Mozilla/5.0 AppleWebKit/537.36 (KHTML, like Gecko; compatible; GPTBot/1.4; +https://openai.com/gptbot)"
74.7.241.32 - - [23/Jun/2026:06:09:38 -0700] "GET /?p=165608 HTTP/2" 301 0 "https://dealzandfreebies.com/2026/06/23/score-100-k-totally-free-gold-coins/" "Mozilla/5.0 AppleWebKit/537.36 (KHTML, like Gecko; compatible; GPTBot/1.4; +https://openai.com/gptbot)"
136.243.228.180 - - [23/Jun/2026:06:09:37 -0700] "GET /2026/06/17/in-most-cases-progressive-online-casinos-offer-a-stronger-betting-experience/ HTTP/1.1" 200 27741 "-" "Mozilla/5.0 (compatible; DataForSeoBot/1.0; +https://dataforseo.com/dataforseo-bot)"
74.7.241.32 - - [23/Jun/2026:06:09:39 -0700] "GET /2026/06/23/sweet-bonanza-ein-umfassender-nachprufung-berechnung-ein-gewinnrate/ HTTP/2" 200 31874 "https://dealzandfreebies.com/2026/06/23/parece-schafft-unter-hinein-dm-aufwarts-sich-vom-croupier-so-gut-wie-der-bank-karten-geben-lasst/" "Mozilla/5.0 AppleWebKit/537.36 (KHTML, like Gecko; compatible; GPTBot/1.4; +https://openai.com/gptbot)"
74.7.241.32 - - [23/Jun/2026:06:09:40 -0700] "GET /wp-json/oembed/1.0/embed?url=https%3A%2F%2Fdealzandfreebies.com%2F2026%2F06%2F23%2Fparece-schafft-unter-hinein-dm-aufwarts-sich-vom-croupier-so-gut-wie-der-bank-karten-geben-lasst%2F HTTP/2" 200 1179 "https://dealzandfreebies.com/2026/06/23/parece-schafft-unter-hinein-dm-aufwarts-sich-vom-croupier-so-gut-wie-der-bank-karten-geben-lasst/" "Mozilla/5.0 AppleWebKit/537.36 (KHTML, like Gecko; compatible; GPTBot/1.4; +https://openai.com/gptbot)"
74.7.241.32 - - [23/Jun/2026:06:09:40 -0700] "GET /wp-json/oembed/1.0/embed?url=https%3A%2F%2Fdealzandfreebies.com%2F2026%2F06%2F23%2Fco-do-powodow-grac-gdzie-indziej-casino-bello-wlasnosci-to%2F HTTP/2" 200 1132 "https://dealzandfreebies.com/2026/06/23/co-do-powodow-grac-gdzie-indziej-casino-bello-wlasnosci-to/" "Mozilla/5.0 AppleWebKit/537.36 (KHTML, like Gecko; compatible; GPTBot/1.4; +https://openai.com/gptbot)"
74.7.241.32 - - [23/Jun/2026:06:09:41 -0700] "GET /wp-json/wp/v2/posts/165259 HTTP/2" 200 3877 "https://dealzandfreebies.com/2026/06/23/parece-schafft-unter-hinein-dm-aufwarts-sich-vom-croupier-so-gut-wie-der-bank-karten-geben-lasst/" "Mozilla/5.0 AppleWebKit/537.36 (KHTML, like Gecko; compatible; GPTBot/1.4; +https://openai.com/gptbot)"
178.136.111.137 - - [23/Jun/2026:06:09:41 -0700] "GET /robots.txt HTTP/1.1" 200 70 "-" "Mozilla/5.0"
74.7.241.32 - - [23/Jun/2026:06:09:41 -0700] "GET /wp-json/wp/v2/posts/165606 HTTP/2" 200 5246 "https://dealzandfreebies.com/2026/06/23/co-do-powodow-grac-gdzie-indziej-casino-bello-wlasnosci-to/" "Mozilla/5.0 AppleWebKit/537.36 (KHTML, like Gecko; compatible; GPTBot/1.4; +https://openai.com/gptbot)"
136.243.228.180 - - [23/Jun/2026:06:09:41 -0700] "GET /2026/06/17/perspektivy-kompjuternyh-razrabotok-i-robotizacii-32/ HTTP/1.1" 200 32179 "-" "Mozilla/5.0 (compatible; DataForSeoBot/1.0; +https://dataforseo.com/dataforseo-bot)"
74.7.241.32 - - [23/Jun/2026:06:09:42 -0700] "GET /wp-json/wp/v2/posts/165608 HTTP/2" 200 3928 "https://dealzandfreebies.com/2026/06/23/score-100-k-totally-free-gold-coins/" "Mozilla/5.0 AppleWebKit/537.36 (KHTML, like Gecko; compatible; GPTBot/1.4; +https://openai.com/gptbot)"
74.7.241.32 - - [23/Jun/2026:06:09:42 -0700] "GET /wp-json/oembed/1.0/embed?url=https%3A%2F%2Fdealzandfreebies.com%2F2026%2F06%2F23%2Fscore-100-k-totally-free-gold-coins%2F HTTP/2" 200 1080 "https://dealzandfreebies.com/2026/06/23/score-100-k-totally-free-gold-coins/" "Mozilla/5.0 AppleWebKit/537.36 (KHTML, like Gecko; compatible; GPTBot/1.4; +https://openai.com/gptbot)"
74.7.241.32 - - [23/Jun/2026:06:09:43 -0700] "GET /wp-json/oembed/1.0/embed?format=xml&url=https%3A%2F%2Fdealzandfreebies.com%2F2026%2F06%2F23%2Fparece-schafft-unter-hinein-dm-aufwarts-sich-vom-croupier-so-gut-wie-der-bank-karten-geben-lasst%2F HTTP/2" 200 1207 "https://dealzandfreebies.com/2026/06/23/parece-schafft-unter-hinein-dm-aufwarts-sich-vom-croupier-so-gut-wie-der-bank-karten-geben-lasst/" "Mozilla/5.0 AppleWebKit/537.36 (KHTML, like Gecko; compatible; GPTBot/1.4; +https://openai.com/gptbot)"
119.182.58.56 - - [23/Jun/2026:06:09:43 -0700] "GET /2026/06/02/explore-amazing-bonuses-live-casino-promotions-worth-grabbing-in-2026-3/%7B(%7Btcb_featured_image_url%20size=large%7D HTTP/1.1" 403 0 "-" "Mozilla/5.0 (Macintosh; PPC Mac OS X 10_8_5; rv:1.9.5.20) Gecko/8708-07-21 19:30:12.156677 Firefox/10.0"
74.7.241.32 - - [23/Jun/2026:06:09:43 -0700] "GET /wp-json/oembed/1.0/embed?format=xml&url=https%3A%2F%2Fdealzandfreebies.com%2F2026%2F06%2F23%2Fco-do-powodow-grac-gdzie-indziej-casino-bello-wlasnosci-to%2F HTTP/2" 200 1152 "https://dealzandfreebies.com/2026/06/23/co-do-powodow-grac-gdzie-indziej-casino-bello-wlasnosci-to/" "Mozilla/5.0 AppleWebKit/537.36 (KHTML, like Gecko; compatible; GPTBot/1.4; +https://openai.com/gptbot)"
193.194.106.44 - - [23/Jun/2026:06:09:44 -0700] "GET /robots.txt HTTP/1.1" 200 70 "-" "Mozilla/5.0 (Linux; Android 6.0.1; Nexus 5X Build/MMB29P) AppleWebKit/537.36 (KHTML, like Gecko) Chrome/139.0.7258.156 Mobile Safari/537.36 (compatible; Googlebot/2.1; +http://www.google.com/bot.html)"
74.7.241.32 - - [23/Jun/2026:06:09:44 -0700] "GET /wp-json/oembed/1.0/embed?format=xml&url=https%3A%2F%2Fdealzandfreebies.com%2F2026%2F06%2F23%2Fscore-100-k-totally-free-gold-coins%2F HTTP/2" 200 1107 "https://dealzandfreebies.com/2026/06/23/score-100-k-totally-free-gold-coins/" "Mozilla/5.0 AppleWebKit/537.36 (KHTML, like Gecko; compatible; GPTBot/1.4; +https://openai.com/gptbot)"
74.7.241.32 - - [23/Jun/2026:06:09:44 -0700] "GET /wp-json/oembed/1.0/embed?format=xml&url=https%3A%2F%2Fdealzandfreebies.com%2F2026%2F06%2F23%2Fchto-takoe-jelektronnyj-bumazhnik-glavnye-3%2F HTTP/2" 200 1227 "https://dealzandfreebies.com/2026/06/23/chto-takoe-jelektronnyj-bumazhnik-glavnye-3/" "Mozilla/5.0 AppleWebKit/537.36 (KHTML, like Gecko; compatible; GPTBot/1.4; +https://openai.com/gptbot)"
193.194.106.44 - - [23/Jun/2026:06:09:44 -0700] "GET /2026/06/22/casino-en-ligne-france-top-10-casino-en-ligne-fiable-2026-3/ HTTP/1.1" 200 33489 "-" "Mozilla/5.0 (Linux; Android 6.0.1; Nexus 5X Build/MMB29P) AppleWebKit/537.36 (KHTML, like Gecko) Chrome/139.0.7258.156 Mobile Safari/537.36 (compatible; Googlebot/2.1; +http://www.google.com/bot.html)"
74.7.241.32 - - [23/Jun/2026:06:09:45 -0700] "GET /?p=165255 HTTP/2" 301 0 "https://dealzandfreebies.com/2026/06/23/sweet-bonanza-ein-umfassender-nachprufung-berechnung-ein-gewinnrate/" "Mozilla/5.0 AppleWebKit/537.36 (KHTML, like Gecko; compatible; GPTBot/1.4; +https://openai.com/gptbot)"
85.208.96.204 - - [23/Jun/2026:06:09:45 -0700] "GET /2026/06/22/pozniej-premia-bez-depozytu-na-polskich-kasynach-online-2025/ HTTP/1.1" 200 32472 "-" "Mozilla/5.0 (compatible; SemrushBot/7~bl; +http://www.semrush.com/bot.html)"
74.7.241.32 - - [23/Jun/2026:06:09:45 -0700] "GET /2026/06/23/within-taller-roller-casinos-finden-sie-wieder-und-wieder-abzuglich-auto-verlosungen-je-nachfolgende-treuesten-glucksspieler/ HTTP/2" 200 29221 "https://dealzandfreebies.com/2026/06/23/sweet-bonanza-ein-umfassender-nachprufung-berechnung-ein-gewinnrate/" "Mozilla/5.0 AppleWebKit/537.36 (KHTML, like Gecko; compatible; GPTBot/1.4; +https://openai.com/gptbot)"
74.7.241.32 - - [23/Jun/2026:06:09:46 -0700] "GET /wp-json/oembed/1.0/embed?url=https%3A%2F%2Fdealzandfreebies.com%2F2026%2F06%2F23%2Fsweet-bonanza-ein-umfassender-nachprufung-berechnung-ein-gewinnrate%2F HTTP/2" 200 1126 "https://dealzandfreebies.com/2026/06/23/sweet-bonanza-ein-umfassender-nachprufung-berechnung-ein-gewinnrate/" "Mozilla/5.0 AppleWebKit/537.36 (KHTML, like Gecko; compatible; GPTBot/1.4; +https://openai.com/gptbot)"
136.243.228.180 - - [23/Jun/2026:06:09:45 -0700] "GET /2026/06/17/stanleybet-online-romania-casino-jocuri-bonusuri-3/ HTTP/1.1" 200 165573 "-" "Mozilla/5.0 (compatible; DataForSeoBot/1.0; +https://dataforseo.com/dataforseo-bot)"
74.7.241.32 - - [23/Jun/2026:06:09:47 -0700] "GET /wp-json/wp/v2/posts/165255 HTTP/2" 200 7160 "https://dealzandfreebies.com/2026/06/23/sweet-bonanza-ein-umfassender-nachprufung-berechnung-ein-gewinnrate/" "Mozilla/5.0 AppleWebKit/537.36 (KHTML, like Gecko; compatible; GPTBot/1.4; +https://openai.com/gptbot)"
74.7.241.32 - - [23/Jun/2026:06:09:48 -0700] "GET /wp-json/oembed/1.0/embed?format=xml&url=https%3A%2F%2Fdealzandfreebies.com%2F2026%2F06%2F23%2Fsweet-bonanza-ein-umfassender-nachprufung-berechnung-ein-gewinnrate%2F HTTP/2" 200 1148 "https://dealzandfreebies.com/2026/06/23/sweet-bonanza-ein-umfassender-nachprufung-berechnung-ein-gewinnrate/" "Mozilla/5.0 AppleWebKit/537.36 (KHTML, like Gecko; compatible; GPTBot/1.4; +https://openai.com/gptbot)"
74.7.241.32 - - [23/Jun/2026:06:09:48 -0700] "GET /wp-json/oembed/1.0/embed?url=https%3A%2F%2Fdealzandfreebies.com%2F2026%2F06%2F19%2Fgreatest-8-mobile-commission-company-casino-wink-slots-login-in-the-2022%2F HTTP/2" 200 1118 "https://dealzandfreebies.com/2026/06/19/greatest-8-mobile-commission-company-casino-wink-slots-login-in-the-2022/" "Mozilla/5.0 AppleWebKit/537.36 (KHTML, like Gecko; compatible; GPTBot/1.4; +https://openai.com/gptbot)"
74.7.241.32 - - [23/Jun/2026:06:09:49 -0700] "GET /wp-json/oembed/1.0/embed?format=xml&url=https%3A%2F%2Fdealzandfreebies.com%2F2026%2F06%2F23%2Febendiese-erfolgreichsten-8-echtgeld-casinos-2025-ebendiese-umfassender-expertentest%2F HTTP/2" 200 1149 "https://dealzandfreebies.com/2026/06/23/ebendiese-erfolgreichsten-8-echtgeld-casinos-2025-ebendiese-umfassender-expertentest/" "Mozilla/5.0 AppleWebKit/537.36 (KHTML, like Gecko; compatible; GPTBot/1.4; +https://openai.com/gptbot)"
185.191.171.12 - - [23/Jun/2026:06:09:48 -0700] "GET /2026/06/22/texas-beverage-slot-machine-game-play-online-position-from-the-igt-no-install/ HTTP/1.1" 200 35139 "-" "Mozilla/5.0 (compatible; SemrushBot/7~bl; +http://www.semrush.com/bot.html)"
74.7.241.32 - - [23/Jun/2026:06:09:49 -0700] "GET /wp-json/oembed/1.0/embed?format=xml&url=https%3A%2F%2Fdealzandfreebies.com%2F2026%2F06%2F19%2Fpin-up-casino-azrbaycan-6358-2%2F HTTP/2" 200 1104 "https://dealzandfreebies.com/2026/06/19/pin-up-casino-azrbaycan-6358-2/" "Mozilla/5.0 AppleWebKit/537.36 (KHTML, like Gecko; compatible; GPTBot/1.4; +https://openai.com/gptbot)"
74.7.241.32 - - [23/Jun/2026:06:09:50 -0700] "GET /wp-json/oembed/1.0/embed?format=xml&url=https%3A%2F%2Fdealzandfreebies.com%2F2026%2F06%2F19%2Fspend-because-of-the-cell-no-deposit-mr-play-for-real-money-casinos-phone-mobile-casinos%2F HTTP/2" 200 1167 "https://dealzandfreebies.com/2026/06/19/spend-because-of-the-cell-no-deposit-mr-play-for-real-money-casinos-phone-mobile-casinos/" "Mozilla/5.0 AppleWebKit/537.36 (KHTML, like Gecko; compatible; GPTBot/1.4; +https://openai.com/gptbot)"
136.243.228.180 - - [23/Jun/2026:06:09:49 -0700] "GET /2026/06/17/10-herr-bet-at-keine-einzahlungsbonuscodes-ecu-bonus-exklusive-einzahlung-kasino-marzen-2026-aktuelle-angebote/ HTTP/1.1" 200 31638 "-" "Mozilla/5.0 (compatible; DataForSeoBot/1.0; +https://dataforseo.com/dataforseo-bot)"
74.7.241.32 - - [23/Jun/2026:06:09:50 -0700] "GET /wp-json/oembed/1.0/embed?format=xml&url=https%3A%2F%2Fdealzandfreebies.com%2F2026%2F06%2F19%2Fslotv-gambling-no-verification-casino-uk-casino-mobile-app-establishment-no-deposit-extra-rules%2F HTTP/2" 200 1168 "https://dealzandfreebies.com/2026/06/19/slotv-gambling-no-verification-casino-uk-casino-mobile-app-establishment-no-deposit-extra-rules/" "Mozilla/5.0 AppleWebKit/537.36 (KHTML, like Gecko; compatible; GPTBot/1.4; +https://openai.com/gptbot)"
74.7.241.32 - - [23/Jun/2026:06:09:51 -0700] "GET /wp-json/oembed/1.0/embed?format=xml&url=https%3A%2F%2Fdealzandfreebies.com%2F2026%2F06%2F19%2Fpaddy-energy-mega-joker-1-deposit-video-game%2F HTTP/2" 200 1120 "https://dealzandfreebies.com/2026/06/19/paddy-energy-mega-joker-1-deposit-video-game/" "Mozilla/5.0 AppleWebKit/537.36 (KHTML, like Gecko; compatible; GPTBot/1.4; +https://openai.com/gptbot)"
74.7.241.32 - - [23/Jun/2026:06:09:51 -0700] "GET /wp-json/oembed/1.0/embed?format=xml&url=https%3A%2F%2Fdealzandfreebies.com%2F2026%2F06%2F19%2Fpin-up-casino-azrbaycan-1618%2F HTTP/2" 200 1095 "https://dealzandfreebies.com/2026/06/19/pin-up-casino-azrbaycan-1618/" "Mozilla/5.0 AppleWebKit/537.36 (KHTML, like Gecko; compatible; GPTBot/1.4; +https://openai.com/gptbot)"
74.7.241.32 - - [23/Jun/2026:06:09:52 -0700] "GET /?p=165253 HTTP/2" 301 0 "https://dealzandfreebies.com/2026/06/23/within-taller-roller-casinos-finden-sie-wieder-und-wieder-abzuglich-auto-verlosungen-je-nachfolgende-treuesten-glucksspieler/" "Mozilla/5.0 AppleWebKit/537.36 (KHTML, like Gecko; compatible; GPTBot/1.4; +https://openai.com/gptbot)"
74.7.241.32 - - [23/Jun/2026:06:09:52 -0700] "GET /2026/06/23/getting-started-with-dream-vegas-casino-uk-a-complete-guide/ HTTP/2" 200 27273 "https://dealzandfreebies.com/2026/06/23/within-taller-roller-casinos-finden-sie-wieder-und-wieder-abzuglich-auto-verlosungen-je-nachfolgende-treuesten-glucksspieler/" "Mozilla/5.0 AppleWebKit/537.36 (KHTML, like Gecko; compatible; GPTBot/1.4; +https://openai.com/gptbot)"
74.7.241.32 - - [23/Jun/2026:06:09:53 -0700] "GET /wp-json/oembed/1.0/embed?url=https%3A%2F%2Fdealzandfreebies.com%2F2026%2F06%2F23%2Fwithin-taller-roller-casinos-finden-sie-wieder-und-wieder-abzuglich-auto-verlosungen-je-nachfolgende-treuesten-glucksspieler%2F HTTP/2" 200 1165 "https://dealzandfreebies.com/2026/06/23/within-taller-roller-casinos-finden-sie-wieder-und-wieder-abzuglich-auto-verlosungen-je-nachfolgende-treuesten-glucksspieler/" "Mozilla/5.0 AppleWebKit/537.36 (KHTML, like Gecko; compatible; GPTBot/1.4; +https://openai.com/gptbot)"
74.7.241.32 - - [23/Jun/2026:06:09:54 -0700] "GET /wp-json/wp/v2/posts/165253 HTTP/2" 200 4488 "https://dealzandfreebies.com/2026/06/23/within-taller-roller-casinos-finden-sie-wieder-und-wieder-abzuglich-auto-verlosungen-je-nachfolgende-treuesten-glucksspieler/" "Mozilla/5.0 AppleWebKit/537.36 (KHTML, like Gecko; compatible; GPTBot/1.4; +https://openai.com/gptbot)"
74.7.241.32 - - [23/Jun/2026:06:09:54 -0700] "GET /wp-json/oembed/1.0/embed?format=xml&url=https%3A%2F%2Fdealzandfreebies.com%2F2026%2F06%2F23%2Fwithin-taller-roller-casinos-finden-sie-wieder-und-wieder-abzuglich-auto-verlosungen-je-nachfolgende-treuesten-glucksspieler%2F HTTP/2" 200 1191 "https://dealzandfreebies.com/2026/06/23/within-taller-roller-casinos-finden-sie-wieder-und-wieder-abzuglich-auto-verlosungen-je-nachfolgende-treuesten-glucksspieler/" "Mozilla/5.0 AppleWebKit/537.36 (KHTML, like Gecko; compatible; GPTBot/1.4; +https://openai.com/gptbot)"
136.243.228.180 - - [23/Jun/2026:06:09:53 -0700] "GET /2026/06/17/at-the-same-time-check-for-bonuses-one-to-use-especially-to-call-home-specialist-games-so-youre-able-to-enhance-your-bankroll/ HTTP/1.1" 200 29002 "-" "Mozilla/5.0 (compatible; DataForSeoBot/1.0; +https://dataforseo.com/dataforseo-bot)"
183.226.43.63 - - [23/Jun/2026:06:09:54 -0700] "GET /2026/06/02/chat-filmographique-complexe-gratuit-connexion-a-lapplication-wild-dice-avouez-de-la-foule/%7B(%7Btcb_featured_image_url%20size=large%7D HTTP/1.1" 403 0 "-" "Mozilla/5.0 (compatible; MSIE 5.0; Windows 98; Win 9x 4.90; Trident/5.0)"
74.7.241.32 - - [23/Jun/2026:06:09:55 -0700] "GET /wp-json/oembed/1.0/embed?url=https%3A%2F%2Fdealzandfreebies.com%2F2026%2F06%2F23%2Favalon-slot-2026-amazing-real-cash-online-game-mobile-type%2F HTTP/2" 200 1112 "https://dealzandfreebies.com/2026/06/23/avalon-slot-2026-amazing-real-cash-online-game-mobile-type/" "Mozilla/5.0 AppleWebKit/537.36 (KHTML, like Gecko; compatible; GPTBot/1.4; +https://openai.com/gptbot)"
74.7.241.32 - - [23/Jun/2026:06:09:55 -0700] "GET /wp-json/oembed/1.0/embed?format=xml&url=https%3A%2F%2Fdealzandfreebies.com%2F2026%2F06%2F19%2Fon-the-onlinecasinos-i24slot-app-apk-download-com%2F HTTP/2" 200 1121 "https://dealzandfreebies.com/2026/06/19/on-the-onlinecasinos-i24slot-app-apk-download-com/" "Mozilla/5.0 AppleWebKit/537.36 (KHTML, like Gecko; compatible; GPTBot/1.4; +https://openai.com/gptbot)"
74.7.241.32 - - [23/Jun/2026:06:09:56 -0700] "GET /wp-json/oembed/1.0/embed?format=xml&url=https%3A%2F%2Fdealzandfreebies.com%2F2026%2F06%2F19%2Fmobile-gambling-enterprises-instead-of-gamstop-greatest-low-gamstop-lady-in-red-120-free-spins-mobile-websites%2F HTTP/2" 200 1196 "https://dealzandfreebies.com/2026/06/19/mobile-gambling-enterprises-instead-of-gamstop-greatest-low-gamstop-lady-in-red-120-free-spins-mobile-websites/" "Mozilla/5.0 AppleWebKit/537.36 (KHTML, like Gecko; compatible; GPTBot/1.4; +https://openai.com/gptbot)"
74.7.241.32 - - [23/Jun/2026:06:09:56 -0700] "GET /wp-json/oembed/1.0/embed?url=https%3A%2F%2Fdealzandfreebies.com%2F2026%2F06%2F19%2Fgamble-9000-totally-free-position-video-game-zero-install-or-signal%2F HTTP/2" 200 1119 "https://dealzandfreebies.com/2026/06/19/gamble-9000-totally-free-position-video-game-zero-install-or-signal/" "Mozilla/5.0 AppleWebKit/537.36 (KHTML, like Gecko; compatible; GPTBot/1.4; +https://openai.com/gptbot)"
74.7.241.32 - - [23/Jun/2026:06:09:57 -0700] "GET /wp-json/oembed/1.0/embed?format=xml&url=https%3A%2F%2Fdealzandfreebies.com%2F2026%2F06%2F23%2Favalon-slot-2026-amazing-real-cash-online-game-mobile-type%2F HTTP/2" 200 1134 "https://dealzandfreebies.com/2026/06/23/avalon-slot-2026-amazing-real-cash-online-game-mobile-type/" "Mozilla/5.0 AppleWebKit/537.36 (KHTML, like Gecko; compatible; GPTBot/1.4; +https://openai.com/gptbot)"
74.7.241.32 - - [23/Jun/2026:06:09:57 -0700] "GET /wp-json/oembed/1.0/embed?format=xml&url=https%3A%2F%2Fdealzandfreebies.com%2F2026%2F06%2F23%2Fthe-fresh-new-signup-processes-is-very-important-in-terms-of-ranking-united-kingdom-on-line-casino-internet%2F HTTP/2" 200 1170 "https://dealzandfreebies.com/2026/06/23/the-fresh-new-signup-processes-is-very-important-in-terms-of-ranking-united-kingdom-on-line-casino-internet/" "Mozilla/5.0 AppleWebKit/537.36 (KHTML, like Gecko; compatible; GPTBot/1.4; +https://openai.com/gptbot)"
136.243.228.180 - - [23/Jun/2026:06:09:57 -0700] "GET /2026/06/17/prime-canadian-casino-websites/ HTTP/1.1" 200 28999 "-" "Mozilla/5.0 (compatible; DataForSeoBot/1.0; +https://dataforseo.com/dataforseo-bot)"
74.7.241.32 - - [23/Jun/2026:06:09:58 -0700] "GET /wp-json/oembed/1.0/embed?format=xml&url=https%3A%2F%2Fdealzandfreebies.com%2F2026%2F06%2F19%2Fbetter-online-casinos-us-gamesos-slots-mobile-2022%2F HTTP/2" 200 1116 "https://dealzandfreebies.com/2026/06/19/better-online-casinos-us-gamesos-slots-mobile-2022/" "Mozilla/5.0 AppleWebKit/537.36 (KHTML, like Gecko; compatible; GPTBot/1.4; +https://openai.com/gptbot)"
74.7.241.32 - - [23/Jun/2026:06:09:58 -0700] "GET /?p=165251 HTTP/2" 301 0 "https://dealzandfreebies.com/2026/06/23/getting-started-with-dream-vegas-casino-uk-a-complete-guide/" "Mozilla/5.0 AppleWebKit/537.36 (KHTML, like Gecko; compatible; GPTBot/1.4; +https://openai.com/gptbot)"
74.7.241.32 - - [23/Jun/2026:06:09:59 -0700] "GET /2026/06/23/crypto-casinos-evaluations-and-you-will-guide-2026/ HTTP/2" 200 28658 "https://dealzandfreebies.com/2026/06/23/getting-started-with-dream-vegas-casino-uk-a-complete-guide/" "Mozilla/5.0 AppleWebKit/537.36 (KHTML, like Gecko; compatible; GPTBot/1.4; +https://openai.com/gptbot)"
74.7.241.32 - - [23/Jun/2026:06:10:00 -0700] "GET /wp-json/wp/v2/posts/165251 HTTP/2" 200 2551 "https://dealzandfreebies.com/2026/06/23/getting-started-with-dream-vegas-casino-uk-a-complete-guide/" "Mozilla/5.0 AppleWebKit/537.36 (KHTML, like Gecko; compatible; GPTBot/1.4; +https://openai.com/gptbot)"
74.7.241.32 - - [23/Jun/2026:06:10:00 -0700] "GET /wp-json/oembed/1.0/embed?url=https%3A%2F%2Fdealzandfreebies.com%2F2026%2F06%2F23%2Fgetting-started-with-dream-vegas-casino-uk-a-complete-guide%2F HTTP/2" 200 1102 "https://dealzandfreebies.com/2026/06/23/getting-started-with-dream-vegas-casino-uk-a-complete-guide/" "Mozilla/5.0 AppleWebKit/537.36 (KHTML, like Gecko; compatible; GPTBot/1.4; +https://openai.com/gptbot)"
74.7.241.32 - - [23/Jun/2026:06:10:01 -0700] "GET /wp-json/oembed/1.0/embed?format=xml&url=https%3A%2F%2Fdealzandfreebies.com%2F2026%2F06%2F23%2Fgetting-started-with-dream-vegas-casino-uk-a-complete-guide%2F HTTP/2" 200 1129 "https://dealzandfreebies.com/2026/06/23/getting-started-with-dream-vegas-casino-uk-a-complete-guide/" "Mozilla/5.0 AppleWebKit/537.36 (KHTML, like Gecko; compatible; GPTBot/1.4; +https://openai.com/gptbot)"
74.7.241.32 - - [23/Jun/2026:06:10:02 -0700] "GET /wp-json/oembed/1.0/embed?format=xml&url=https%3A%2F%2Fdealzandfreebies.com%2F2026%2F06%2F19%2Fan-educated-mobile-payment-casino-no-deposit-bonus-zodiac-100-free-spins-features-from-2022%2F HTTP/2" 200 1174 "https://dealzandfreebies.com/2026/06/19/an-educated-mobile-payment-casino-no-deposit-bonus-zodiac-100-free-spins-features-from-2022/" "Mozilla/5.0 AppleWebKit/537.36 (KHTML, like Gecko; compatible; GPTBot/1.4; +https://openai.com/gptbot)"
136.243.228.180 - - [23/Jun/2026:06:10:01 -0700] "GET /2026/06/17/online-casinos-met-snelle-uitbetaling-in-belgi-81-2/ HTTP/1.1" 200 26824 "-" "Mozilla/5.0 (compatible; DataForSeoBot/1.0; +https://dataforseo.com/dataforseo-bot)"
74.7.241.32 - - [23/Jun/2026:06:10:02 -0700] "GET /wp-json/oembed/1.0/embed?format=xml&url=https%3A%2F%2Fdealzandfreebies.com%2F2026%2F06%2F23%2Ftop-online-casino-ratings-getting-2026%2F HTTP/2" 200 1104 "https://dealzandfreebies.com/2026/06/23/top-online-casino-ratings-getting-2026/" "Mozilla/5.0 AppleWebKit/537.36 (KHTML, like Gecko; compatible; GPTBot/1.4; +https://openai.com/gptbot)"
104.255.170.81 - - [23/Jun/2026:06:10:03 -0700] "POST /wp-cron.php?doing_wp_cron=1782220203.5350880622863769531250 HTTP/1.1" 200 0 "-" "WordPress/7.0; https://dealzandfreebies.com"
128.14.102.150 - - [23/Jun/2026:06:10:01 -0700] "POST /xmlrpc.php HTTP/1.1" 200 181 "-" "Mozilla/5.0 (Windows NT 10.0; Win64; x64) AppleWebKit/537.36 (KHTML, like Gecko) Chrome/114.0.0.0 Safari/537.36"
74.7.241.32 - - [23/Jun/2026:06:10:03 -0700] "GET /wp-json/oembed/1.0/embed?format=xml&url=https%3A%2F%2Fdealzandfreebies.com%2F2026%2F06%2F19%2Ffile-7589%2F HTTP/2" 200 1077 "https://dealzandfreebies.com/2026/06/19/file-7589/" "Mozilla/5.0 AppleWebKit/537.36 (KHTML, like Gecko; compatible; GPTBot/1.4; +https://openai.com/gptbot)"
74.7.241.32 - - [23/Jun/2026:06:10:03 -0700] "GET /wp-json/oembed/1.0/embed?format=xml&url=https%3A%2F%2Fdealzandfreebies.com%2F2026%2F06%2F19%2Fgamble-9000-totally-free-position-video-game-zero-install-or-signal%2F HTTP/2" 200 1158 "https://dealzandfreebies.com/2026/06/19/gamble-9000-totally-free-position-video-game-zero-install-or-signal/" "Mozilla/5.0 AppleWebKit/537.36 (KHTML, like Gecko; compatible; GPTBot/1.4; +https://openai.com/gptbot)"
111.27.181.66 - - [23/Jun/2026:06:10:04 -0700] "GET /2026/06/07/play-diamond-diamond-diamond-free-inside-the-demo-and-read-comment/%7B(%7Btcb_featured_image_url%20size=large%7D HTTP/1.1" 403 0 "-" "Mozilla/5.0 (X11; Linux i686) AppleWebKit/534.2 (KHTML, like Gecko) Chrome/20.0.807.0 Safari/534.2"
74.7.241.32 - - [23/Jun/2026:06:10:04 -0700] "GET /wp-json/oembed/1.0/embed?format=xml&url=https%3A%2F%2Fdealzandfreebies.com%2F2026%2F06%2F19%2Ffinest-low-gamstop-gambling-enterprises-lobstermania-to-install-1-deposit-acknowledged-deposit-by-mobile-phone-2022%2F HTTP/2" 200 1183 "https://dealzandfreebies.com/2026/06/19/finest-low-gamstop-gambling-enterprises-lobstermania-to-install-1-deposit-acknowledged-deposit-by-mobile-phone-2022/" "Mozilla/5.0 AppleWebKit/537.36 (KHTML, like Gecko; compatible; GPTBot/1.4; +https://openai.com/gptbot)"
74.7.241.32 - - [23/Jun/2026:06:10:04 -0700] "GET /?p=165257 HTTP/2" 301 0 "https://dealzandfreebies.com/2026/06/23/crypto-casinos-evaluations-and-you-will-guide-2026/" "Mozilla/5.0 AppleWebKit/537.36 (KHTML, like Gecko; compatible; GPTBot/1.4; +https://openai.com/gptbot)"
74.7.241.32 - - [23/Jun/2026:06:10:05 -0700] "GET /wp-json/wp/v2/posts/165257 HTTP/2" 200 3715 "https://dealzandfreebies.com/2026/06/23/crypto-casinos-evaluations-and-you-will-guide-2026/" "Mozilla/5.0 AppleWebKit/537.36 (KHTML, like Gecko; compatible; GPTBot/1.4; +https://openai.com/gptbot)"
136.243.228.180 - - [23/Jun/2026:06:10:05 -0700] "GET /2026/06/17/spielbank-maklercourtage-abzuglich-einzahlung-2026-nachfolgende-besten-no-abschlagzahlung-guns-n-roses-casino-slot-boni/ HTTP/1.1" 200 29328 "-" "Mozilla/5.0 (compatible; DataForSeoBot/1.0; +https://dataforseo.com/dataforseo-bot)"
43.173.182.10 - - [23/Jun/2026:06:10:06 -0700] "GET /2026/06/21/remarkable-stories-unfolding-with-casino-luckystar HTTP/1.1" 301 0 "-" "Mozilla/5.0 (Windows NT 10.0; Win64; x64) AppleWebKit/537.36 (KHTML, like Gecko) Chrome/131.0.0.0 Safari/537.36"
74.7.241.32 - - [23/Jun/2026:06:10:05 -0700] "GET /2026/06/23/die-leser-sind-etwa-neteller-skrill-giropay-nutzen-beherrschen-wenngleich-transaktionen-wesentlich-schneller-vorgenommen-werden-beherrschen/ HTTP/2" 200 28821 "https://dealzandfreebies.com/2026/06/23/crypto-casinos-evaluations-and-you-will-guide-2026/" "Mozilla/5.0 AppleWebKit/537.36 (KHTML, like Gecko; compatible; GPTBot/1.4; +https://openai.com/gptbot)"
74.7.241.32 - - [23/Jun/2026:06:10:07 -0700] "GET /wp-json/oembed/1.0/embed?url=https%3A%2F%2Fdealzandfreebies.com%2F2026%2F06%2F23%2Fcrypto-casinos-evaluations-and-you-will-guide-2026%2F HTTP/2" 200 1095 "https://dealzandfreebies.com/2026/06/23/crypto-casinos-evaluations-and-you-will-guide-2026/" "Mozilla/5.0 AppleWebKit/537.36 (KHTML, like Gecko; compatible; GPTBot/1.4; +https://openai.com/gptbot)"
57.141.18.112 - - [23/Jun/2026:06:10:07 -0700] "GET /?p=158161 HTTP/2" 301 0 "-" "meta-externalagent/1.1 (+https://developers.facebook.com/docs/sharing/webmasters/crawler)"
74.7.241.32 - - [23/Jun/2026:06:10:08 -0700] "GET /wp-json/oembed/1.0/embed?format=xml&url=https%3A%2F%2Fdealzandfreebies.com%2F2026%2F06%2F23%2Fcrypto-casinos-evaluations-and-you-will-guide-2026%2F HTTP/2" 200 1127 "https://dealzandfreebies.com/2026/06/23/crypto-casinos-evaluations-and-you-will-guide-2026/" "Mozilla/5.0 AppleWebKit/537.36 (KHTML, like Gecko; compatible; GPTBot/1.4; +https://openai.com/gptbot)"
43.172.196.82 - - [23/Jun/2026:06:10:07 -0700] "GET /2026/06/21/remarkable-stories-unfolding-with-casino-luckystar/ HTTP/1.1" 200 35115 "-" "Mozilla/5.0 (Windows NT 10.0; Win64; x64) AppleWebKit/537.36 (KHTML, like Gecko) Chrome/131.0.0.0 Safari/537.36"
74.7.241.32 - - [23/Jun/2026:06:10:08 -0700] "GET /?p=165249 HTTP/2" 301 0 "https://dealzandfreebies.com/2026/06/23/die-leser-sind-etwa-neteller-skrill-giropay-nutzen-beherrschen-wenngleich-transaktionen-wesentlich-schneller-vorgenommen-werden-beherrschen/" "Mozilla/5.0 AppleWebKit/537.36 (KHTML, like Gecko; compatible; GPTBot/1.4; +https://openai.com/gptbot)"
128.14.102.150 - - [23/Jun/2026:06:10:09 -0700] "POST /xmlrpc.php HTTP/1.1" 200 12082 "-" "Mozilla/5.0 (Windows NT 10.0; Win64; x64) AppleWebKit/537.36 (KHTML, like Gecko) Chrome/114.0.0.0 Safari/537.36"
74.7.241.32 - - [23/Jun/2026:06:10:09 -0700] "GET /2026/06/23/dies-schafft-unter-in-dm-in-zigeunern-vom-croupier-fast-der-sparkasse-karten-geben-lasst/ HTTP/2" 200 28735 "https://dealzandfreebies.com/2026/06/23/die-leser-sind-etwa-neteller-skrill-giropay-nutzen-beherrschen-wenngleich-transaktionen-wesentlich-schneller-vorgenommen-werden-beherrschen/" "Mozilla/5.0 AppleWebKit/537.36 (KHTML, like Gecko; compatible; GPTBot/1.4; +https://openai.com/gptbot)"
74.7.241.32 - - [23/Jun/2026:06:10:10 -0700] "GET /wp-json/oembed/1.0/embed?format=xml&url=https%3A%2F%2Fdealzandfreebies.com%2F2026%2F06%2F23%2Fdie-leser-sind-etwa-neteller-skrill-giropay-nutzen-beherrschen-wenngleich-transaktionen-wesentlich-schneller-vorgenommen-werden-beherrschen%2F HTTP/2" 200 1202 "https://dealzandfreebies.com/2026/06/23/die-leser-sind-etwa-neteller-skrill-giropay-nutzen-beherrschen-wenngleich-transaktionen-wesentlich-schneller-vorgenommen-werden-beherrschen/" "Mozilla/5.0 AppleWebKit/537.36 (KHTML, like Gecko; compatible; GPTBot/1.4; +https://openai.com/gptbot)"
67.209.140.90 - - [23/Jun/2026:06:10:10 -0700] "GET /2026/06/21/trattato-completa-ai-programmi-di-monogamia-nei-mucchio-online-massimizza-i-tuoi-vantaggi/ HTTP/1.1" 200 28758 "-" "Mozilla/5.0 (compatible; MSIE 9.0; Windows NT 11.0; Trident/4.0)"
136.243.228.180 - - [23/Jun/2026:06:10:10 -0700] "GET /2026/06/17/on-top-of-that-the-task-off-live-investors-cannot-frequently-involve-one-thing-earlier-in-the-day-to-experience-online-casino-games/ HTTP/1.1" 200 27847 "-" "Mozilla/5.0 (compatible; DataForSeoBot/1.0; +https://dataforseo.com/dataforseo-bot)"
178.136.111.137 - - [23/Jun/2026:06:10:10 -0700] "GET /robots.txt HTTP/1.1" 200 70 "-" "Mozilla/5.0"
185.191.171.12 - - [23/Jun/2026:06:10:09 -0700] "GET /2026/06/21/better-step-1-deposit-casinos-canada-2026-up-to-150-totally-free-revolves-to-possess-step-1/ HTTP/1.1" 200 33169 "-" "Mozilla/5.0 (compatible; SemrushBot/7~bl; +http://www.semrush.com/bot.html)"
74.7.241.32 - - [23/Jun/2026:06:10:10 -0700] "GET /wp-json/oembed/1.0/embed?url=https%3A%2F%2Fdealzandfreebies.com%2F2026%2F06%2F23%2Fdie-leser-sind-etwa-neteller-skrill-giropay-nutzen-beherrschen-wenngleich-transaktionen-wesentlich-schneller-vorgenommen-werden-beherrschen%2F HTTP/2" 200 1185 "https://dealzandfreebies.com/2026/06/23/die-leser-sind-etwa-neteller-skrill-giropay-nutzen-beherrschen-wenngleich-transaktionen-wesentlich-schneller-vorgenommen-werden-beherrschen/" "Mozilla/5.0 AppleWebKit/537.36 (KHTML, like Gecko; compatible; GPTBot/1.4; +https://openai.com/gptbot)"
74.7.241.32 - - [23/Jun/2026:06:10:11 -0700] "GET /wp-json/wp/v2/posts/165249 HTTP/2" 200 4036 "https://dealzandfreebies.com/2026/06/23/die-leser-sind-etwa-neteller-skrill-giropay-nutzen-beherrschen-wenngleich-transaktionen-wesentlich-schneller-vorgenommen-werden-beherrschen/" "Mozilla/5.0 AppleWebKit/537.36 (KHTML, like Gecko; compatible; GPTBot/1.4; +https://openai.com/gptbot)"
5.0.102.251 - - [23/Jun/2026:06:10:10 -0700] "GET /2026/06/21/deodorants-americam-baccarat-online-live-dealer-antiperspirants-for-females/ HTTP/1.1" 200 30013 "-" "Mozilla/5.0 (compatible; MSIE 8.0; Windows 98; Trident/5.0)"
57.141.18.58 - - [23/Jun/2026:06:10:11 -0700] "GET /?p=154343 HTTP/2" 301 0 "-" "meta-externalagent/1.1 (+https://developers.facebook.com/docs/sharing/webmasters/crawler)"
128.14.102.150 - - [23/Jun/2026:06:10:10 -0700] "GET /2026/06/23/online-kienspe-ordenen-host-materialen-ingesloten/ HTTP/1.1" 200 141165 "-" "Mozilla/5.0 (Windows NT 10.0; Win64; x64) AppleWebKit/537.36 (KHTML, like Gecko) Chrome/124.0.0.0 Safari/537.36"
74.7.241.32 - - [23/Jun/2026:06:10:11 -0700] "GET /2026/06/23/online-kienspe-ordenen-host-materialen-ingesloten/ HTTP/2" 200 29045 "https://dealzandfreebies.com/2026/06/23/die-leser-sind-etwa-neteller-skrill-giropay-nutzen-beherrschen-wenngleich-transaktionen-wesentlich-schneller-vorgenommen-werden-beherrschen/" "Mozilla/5.0 AppleWebKit/537.36 (KHTML, like Gecko; compatible; GPTBot/1.4; +https://openai.com/gptbot)"
