74.7.241.32 - - [23/Jun/2026:05:58:23 -0700] "GET /?p=137242 HTTP/2" 301 0 "https://dealzandfreebies.com/2026/06/19/eres-gefordert-provably-lassig-gaming-bei-dem-ergebnisse-transaktionen-unabdingbar-weiters-nach-handen-glucksspieler-beobachtbar-eignen/" "Mozilla/5.0 AppleWebKit/537.36 (KHTML, like Gecko; compatible; GPTBot/1.4; +https://openai.com/gptbot)"
136.243.228.180 - - [23/Jun/2026:05:58:23 -0700] "GET /2026/06/17/if-it-spins-flashes-and-you-will-will-come-piled-that-have-provides-british-professionals-take-they/ HTTP/1.1" 200 27795 "-" "Mozilla/5.0 (compatible; DataForSeoBot/1.0; +https://dataforseo.com/dataforseo-bot)"
74.7.241.32 - - [23/Jun/2026:05:58:24 -0700] "GET /2026/06/19/irgendeiner-ein-haufigsten-boni-ebendiese-von-erreichbar-casinos-serviceleistungen-sie-sind-wird-das-pramie-ohne-einzahlung/ HTTP/2" 200 28444 "https://dealzandfreebies.com/2026/06/19/eres-gefordert-provably-lassig-gaming-bei-dem-ergebnisse-transaktionen-unabdingbar-weiters-nach-handen-glucksspieler-beobachtbar-eignen/" "Mozilla/5.0 AppleWebKit/537.36 (KHTML, like Gecko; compatible; GPTBot/1.4; +https://openai.com/gptbot)"
74.7.241.32 - - [23/Jun/2026:05:58:25 -0700] "GET /2026/06/19/company-tend-to-be-reddish-tiger-playn-go-wazdan-quickspin-spinomenal-and-much-more/ HTTP/2" 200 28480 "https://dealzandfreebies.com/2026/06/19/that-it-diverse-online-game-alternatives-implies-that-often-there-is-something-new-and-you-can-enjoyable-to-understand-more-about/" "Mozilla/5.0 AppleWebKit/537.36 (KHTML, like Gecko; compatible; GPTBot/1.4; +https://openai.com/gptbot)"
74.7.241.32 - - [23/Jun/2026:05:58:26 -0700] "GET /wp-json/wp/v2/posts/137244 HTTP/2" 200 3471 "https://dealzandfreebies.com/2026/06/19/irgendeiner-ein-haufigsten-boni-ebendiese-von-erreichbar-casinos-serviceleistungen-sie-sind-wird-das-pramie-ohne-einzahlung/" "Mozilla/5.0 AppleWebKit/537.36 (KHTML, like Gecko; compatible; GPTBot/1.4; +https://openai.com/gptbot)"
74.7.241.32 - - [23/Jun/2026:05:58:26 -0700] "GET /?p=137244 HTTP/2" 301 0 "https://dealzandfreebies.com/2026/06/19/irgendeiner-ein-haufigsten-boni-ebendiese-von-erreichbar-casinos-serviceleistungen-sie-sind-wird-das-pramie-ohne-einzahlung/" "Mozilla/5.0 AppleWebKit/537.36 (KHTML, like Gecko; compatible; GPTBot/1.4; +https://openai.com/gptbot)"
74.7.241.32 - - [23/Jun/2026:05:58:27 -0700] "GET /wp-json/oembed/1.0/embed?url=https%3A%2F%2Fdealzandfreebies.com%2F2026%2F06%2F19%2Firgendeiner-ein-haufigsten-boni-ebendiese-von-erreichbar-casinos-serviceleistungen-sie-sind-wird-das-pramie-ohne-einzahlung%2F HTTP/2" 200 1179 "https://dealzandfreebies.com/2026/06/19/irgendeiner-ein-haufigsten-boni-ebendiese-von-erreichbar-casinos-serviceleistungen-sie-sind-wird-das-pramie-ohne-einzahlung/" "Mozilla/5.0 AppleWebKit/537.36 (KHTML, like Gecko; compatible; GPTBot/1.4; +https://openai.com/gptbot)"
74.7.241.32 - - [23/Jun/2026:05:58:27 -0700] "GET /wp-json/oembed/1.0/embed?format=xml&url=https%3A%2F%2Fdealzandfreebies.com%2F2026%2F06%2F19%2Firgendeiner-ein-haufigsten-boni-ebendiese-von-erreichbar-casinos-serviceleistungen-sie-sind-wird-das-pramie-ohne-einzahlung%2F HTTP/2" 200 1204 "https://dealzandfreebies.com/2026/06/19/irgendeiner-ein-haufigsten-boni-ebendiese-von-erreichbar-casinos-serviceleistungen-sie-sind-wird-das-pramie-ohne-einzahlung/" "Mozilla/5.0 AppleWebKit/537.36 (KHTML, like Gecko; compatible; GPTBot/1.4; +https://openai.com/gptbot)"
136.243.228.180 - - [23/Jun/2026:05:58:27 -0700] "GET /2026/06/17/feedback-typically-the-most-popular-choice-less-than-to-select-the-primary-that-to-you/ HTTP/1.1" 200 27844 "-" "Mozilla/5.0 (compatible; DataForSeoBot/1.0; +https://dataforseo.com/dataforseo-bot)"
37.1.221.96 - trueline [23/Jun/2026:05:58:27 -0700] "POST /xmlrpc.php HTTP/1.1" 200 1325833 "-" "Mozilla/5.0 (X11; Linux i686) AppleWebKit/537.36 (KHTML, like Gecko) Chrome/114.0.0.0 Safari/537.36 Vivaldi/5.3.2679.68"
172.71.167.123 - - [23/Jun/2026:05:58:28 -0700] "HEAD /2026/06/22/welkom-bij-hotloot-casino-20/ HTTP/2" 200 0 "-" "Mozilla/5.0 (Macintosh; Intel Mac OS X 10_15_7) AppleWebKit/537.36 (KHTML, like Gecko) Chrome/120.0.0.0 Safari/537.36"
74.7.241.32 - - [23/Jun/2026:05:58:28 -0700] "GET /wp-json/oembed/1.0/embed?url=https%3A%2F%2Fdealzandfreebies.com%2F2026%2F06%2F19%2Feres-gefordert-provably-lassig-gaming-bei-dem-ergebnisse-transaktionen-unabdingbar-weiters-nach-handen-glucksspieler-beobachtbar-eignen%2F HTTP/2" 200 1204 "https://dealzandfreebies.com/2026/06/19/eres-gefordert-provably-lassig-gaming-bei-dem-ergebnisse-transaktionen-unabdingbar-weiters-nach-handen-glucksspieler-beobachtbar-eignen/" "Mozilla/5.0 AppleWebKit/537.36 (KHTML, like Gecko; compatible; GPTBot/1.4; +https://openai.com/gptbot)"
74.7.241.32 - - [23/Jun/2026:05:58:28 -0700] "GET /wp-json/oembed/1.0/embed?url=https%3A%2F%2Fdealzandfreebies.com%2F2026%2F06%2F19%2Fthat-it-diverse-online-game-alternatives-implies-that-often-there-is-something-new-and-you-can-enjoyable-to-understand-more-about%2F HTTP/2" 200 1166 "https://dealzandfreebies.com/2026/06/19/that-it-diverse-online-game-alternatives-implies-that-often-there-is-something-new-and-you-can-enjoyable-to-understand-more-about/" "Mozilla/5.0 AppleWebKit/537.36 (KHTML, like Gecko; compatible; GPTBot/1.4; +https://openai.com/gptbot)"
74.7.241.32 - - [23/Jun/2026:05:58:29 -0700] "GET /wp-json/oembed/1.0/embed?url=https%3A%2F%2Fdealzandfreebies.com%2F2026%2F06%2F23%2Frozkazujaca-zezwolenie-oznaczaloby-jednego-do-przedsiebiorstwa-hazardowe-przestrzega-ustalonych-wytycznych-i-mozesz-regulacji%2F HTTP/2" 200 1159 "https://dealzandfreebies.com/2026/06/23/rozkazujaca-zezwolenie-oznaczaloby-jednego-do-przedsiebiorstwa-hazardowe-przestrzega-ustalonych-wytycznych-i-mozesz-regulacji/" "Mozilla/5.0 AppleWebKit/537.36 (KHTML, like Gecko; compatible; GPTBot/1.4; +https://openai.com/gptbot)"
104.255.170.81 - - [23/Jun/2026:05:58:29 -0700] "POST /wp-cron.php?doing_wp_cron=1782219509.6217679977416992187500 HTTP/1.1" 200 0 "-" "WordPress/7.0; https://dealzandfreebies.com"
37.1.221.96 - trueline [23/Jun/2026:05:58:29 -0700] "POST /xmlrpc.php HTTP/1.1" 200 181 "-" "Mozilla/5.0 (X11; Linux i686) AppleWebKit/537.36 (KHTML, like Gecko) Chrome/114.0.0.0 Safari/537.36 Vivaldi/5.3.2679.68"
74.7.241.32 - - [23/Jun/2026:05:58:29 -0700] "GET /wp-json/wp/v2/posts/137242 HTTP/2" 200 3814 "https://dealzandfreebies.com/2026/06/19/eres-gefordert-provably-lassig-gaming-bei-dem-ergebnisse-transaktionen-unabdingbar-weiters-nach-handen-glucksspieler-beobachtbar-eignen/" "Mozilla/5.0 AppleWebKit/537.36 (KHTML, like Gecko; compatible; GPTBot/1.4; +https://openai.com/gptbot)"
37.1.221.96 - trueline [23/Jun/2026:05:58:29 -0700] "POST /xmlrpc.php HTTP/1.1" 200 24087 "-" "Mozilla/5.0 (X11; Linux i686) AppleWebKit/537.36 (KHTML, like Gecko) Chrome/114.0.0.0 Safari/537.36 Vivaldi/5.3.2679.68"
74.7.241.32 - - [23/Jun/2026:05:58:30 -0700] "GET /wp-json/wp/v2/posts/165525 HTTP/2" 200 3787 "https://dealzandfreebies.com/2026/06/23/rozkazujaca-zezwolenie-oznaczaloby-jednego-do-przedsiebiorstwa-hazardowe-przestrzega-ustalonych-wytycznych-i-mozesz-regulacji/" "Mozilla/5.0 AppleWebKit/537.36 (KHTML, like Gecko; compatible; GPTBot/1.4; +https://openai.com/gptbot)"
74.7.241.32 - - [23/Jun/2026:05:58:30 -0700] "GET /?p=165417 HTTP/2" 301 0 "https://dealzandfreebies.com/2026/06/23/worauf-will-adult-male-bei-das-wahl-hinein-unserem-alive-spielsaal-achten/" "Mozilla/5.0 AppleWebKit/537.36 (KHTML, like Gecko; compatible; GPTBot/1.4; +https://openai.com/gptbot)"
34.116.21.2 - - [23/Jun/2026:05:58:31 -0700] "GET /2026/03/13/the-ultimate-beginner-x27-s-guide-to-winning-at-2/ HTTP/1.1" 200 27355 "-" "Mozilla/5.0 (compatible; Google-Apps-Script; beanserver; +https://script.google.com; id: UAEmdDd8xlqUsg-yd9X_WpT7gwOKV8MByCQ)"
74.7.241.32 - - [23/Jun/2026:05:58:31 -0700] "GET /2026/06/23/nachfolgende-sicherheitsstandards-as-part-of-unseren-casinos-ihr-bestenliste-sie-sind-immens-obig/ HTTP/2" 200 28715 "https://dealzandfreebies.com/2026/06/23/worauf-will-adult-male-bei-das-wahl-hinein-unserem-alive-spielsaal-achten/" "Mozilla/5.0 AppleWebKit/537.36 (KHTML, like Gecko; compatible; GPTBot/1.4; +https://openai.com/gptbot)"
136.243.228.180 - - [23/Jun/2026:05:58:31 -0700] "GET /2026/06/17/which-constantly-is-sold-with-betting-criteria-and-restriction-withdrawal-restrictions/ HTTP/1.1" 200 28636 "-" "Mozilla/5.0 (compatible; DataForSeoBot/1.0; +https://dataforseo.com/dataforseo-bot)"
74.7.241.32 - - [23/Jun/2026:05:58:32 -0700] "GET /wp-json/oembed/1.0/embed?url=https%3A%2F%2Fdealzandfreebies.com%2F2026%2F06%2F23%2Fworauf-will-adult-male-bei-das-wahl-hinein-unserem-alive-spielsaal-achten%2F HTTP/2" 200 1122 "https://dealzandfreebies.com/2026/06/23/worauf-will-adult-male-bei-das-wahl-hinein-unserem-alive-spielsaal-achten/" "Mozilla/5.0 AppleWebKit/537.36 (KHTML, like Gecko; compatible; GPTBot/1.4; +https://openai.com/gptbot)"
74.7.241.32 - - [23/Jun/2026:05:58:32 -0700] "GET /wp-json/wp/v2/posts/165418 HTTP/2" 200 3973 "https://dealzandfreebies.com/2026/06/23/decydujac-o-miejsca-docelowego-gra-online-priorytetem-bedzie-bezpieczny-transakcji-oraz-transparentnosc-warunkow-korzystania/" "Mozilla/5.0 AppleWebKit/537.36 (KHTML, like Gecko; compatible; GPTBot/1.4; +https://openai.com/gptbot)"
74.7.241.32 - - [23/Jun/2026:05:58:33 -0700] "GET /?p=137244 HTTP/2" 301 0 "https://dealzandfreebies.com/2026/06/19/irgendeiner-ein-haufigsten-boni-ebendiese-von-erreichbar-casinos-serviceleistungen-sie-sind-wird-das-pramie-ohne-einzahlung/" "Mozilla/5.0 AppleWebKit/537.36 (KHTML, like Gecko; compatible; GPTBot/1.4; +https://openai.com/gptbot)"
74.7.241.32 - - [23/Jun/2026:05:58:33 -0700] "GET /?p=137074 HTTP/2" 301 0 "https://dealzandfreebies.com/2026/06/19/company-tend-to-be-reddish-tiger-playn-go-wazdan-quickspin-spinomenal-and-much-more/" "Mozilla/5.0 AppleWebKit/537.36 (KHTML, like Gecko; compatible; GPTBot/1.4; +https://openai.com/gptbot)"
185.191.171.8 - - [23/Jun/2026:05:58:33 -0700] "GET /2026/06/22/vincispin-trambusto-offre-excretion-incarico-compratori-integrale-per-procacciare-supporto-pronto-ai-giocatori-italiani/ HTTP/1.1" 200 33840 "-" "Mozilla/5.0 (compatible; SemrushBot/7~bl; +http://www.semrush.com/bot.html)"
57.141.18.72 - - [23/Jun/2026:05:58:34 -0700] "GET /wp-json/wp/v2/posts/149942 HTTP/2" 200 7073 "-" "meta-externalagent/1.1 (+https://developers.facebook.com/docs/sharing/webmasters/crawler)"
74.7.241.32 - - [23/Jun/2026:05:58:34 -0700] "GET /2026/06/19/aneignen-welche-an-einen-sonderveranstaltungen-vos-innerster-planet-casinos-bestandteil-innehaben-sie-gunstgewerblerin-woge-intervall-hinein-deutschland-feierlichkeiten/ HTTP/2" 200 28528 "https://dealzandfreebies.com/2026/06/19/irgendeiner-ein-haufigsten-boni-ebendiese-von-erreichbar-casinos-serviceleistungen-sie-sind-wird-das-pramie-ohne-einzahlung/" "Mozilla/5.0 AppleWebKit/537.36 (KHTML, like Gecko; compatible; GPTBot/1.4; +https://openai.com/gptbot)"
194.163.42.1 - - [23/Jun/2026:05:58:34 -0700] "GET /2026/06/23/po-kakomu-principu-dejstvuet-tcp-ip-dostupnymi-4/ HTTP/1.1" 200 38411 "-" "WordPress/6.9.4; https://iniberita.co.id; verifying pingback from 104.255.170.81"
74.7.241.32 - - [23/Jun/2026:05:58:35 -0700] "GET /2026/06/19/kak-dejstvujut-jelektronnye-marketplejsy-166/ HTTP/2" 200 32650 "https://dealzandfreebies.com/2026/06/19/company-tend-to-be-reddish-tiger-playn-go-wazdan-quickspin-spinomenal-and-much-more/" "Mozilla/5.0 AppleWebKit/537.36 (KHTML, like Gecko; compatible; GPTBot/1.4; +https://openai.com/gptbot)"
74.7.241.32 - - [23/Jun/2026:05:58:35 -0700] "GET /wp-json/wp/v2/posts/137074 HTTP/2" 200 3483 "https://dealzandfreebies.com/2026/06/19/company-tend-to-be-reddish-tiger-playn-go-wazdan-quickspin-spinomenal-and-much-more/" "Mozilla/5.0 AppleWebKit/537.36 (KHTML, like Gecko; compatible; GPTBot/1.4; +https://openai.com/gptbot)"
74.7.241.32 - - [23/Jun/2026:05:58:36 -0700] "GET /wp-json/oembed/1.0/embed?url=https%3A%2F%2Fdealzandfreebies.com%2F2026%2F06%2F19%2Fcompany-tend-to-be-reddish-tiger-playn-go-wazdan-quickspin-spinomenal-and-much-more%2F HTTP/2" 200 1147 "https://dealzandfreebies.com/2026/06/19/company-tend-to-be-reddish-tiger-playn-go-wazdan-quickspin-spinomenal-and-much-more/" "Mozilla/5.0 AppleWebKit/537.36 (KHTML, like Gecko; compatible; GPTBot/1.4; +https://openai.com/gptbot)"
136.243.228.180 - - [23/Jun/2026:05:58:36 -0700] "GET /2026/06/17/the-brand-new-movies-quality-of-alive-dining-tables-transform-predicated-on-your-partnership/ HTTP/1.1" 200 28813 "-" "Mozilla/5.0 (compatible; DataForSeoBot/1.0; +https://dataforseo.com/dataforseo-bot)"
74.7.241.32 - - [23/Jun/2026:05:58:36 -0700] "GET /wp-json/wp/v2/posts/137080 HTTP/2" 200 2925 "https://dealzandfreebies.com/2026/06/19/for-example-immortal-love-abrasion-thunderstruck-ii-scratch-and-you-will-fishin-frenzy-abrasion/" "Mozilla/5.0 AppleWebKit/537.36 (KHTML, like Gecko; compatible; GPTBot/1.4; +https://openai.com/gptbot)"
74.7.241.32 - - [23/Jun/2026:05:58:37 -0700] "GET /wp-json/wp/v2/posts/165417 HTTP/2" 200 5389 "https://dealzandfreebies.com/2026/06/23/worauf-will-adult-male-bei-das-wahl-hinein-unserem-alive-spielsaal-achten/" "Mozilla/5.0 AppleWebKit/537.36 (KHTML, like Gecko; compatible; GPTBot/1.4; +https://openai.com/gptbot)"
185.191.171.9 - - [23/Jun/2026:05:58:37 -0700] "GET /2026/06/22/craps-gambling-enterprises-in-britain-top-web-sites-to-try-out-craps-game/ HTTP/1.1" 200 34766 "-" "Mozilla/5.0 (compatible; SemrushBot/7~bl; +http://www.semrush.com/bot.html)"
74.7.241.32 - - [23/Jun/2026:05:58:37 -0700] "GET /?p=165415 HTTP/2" 301 0 "https://dealzandfreebies.com/2026/06/23/nachfolgende-sicherheitsstandards-as-part-of-unseren-casinos-ihr-bestenliste-sie-sind-immens-obig/" "Mozilla/5.0 AppleWebKit/537.36 (KHTML, like Gecko; compatible; GPTBot/1.4; +https://openai.com/gptbot)"
74.7.241.32 - - [23/Jun/2026:05:58:38 -0700] "GET /2026/06/23/do-naszym-kraju-granie-oraz-przez-internet-sterowany-jest-zbytnio-pomoca-ustawe-na-temat-grach-losowych-ktorzy-przechodza-dzionka-dziewietnasty-listopada-2019/ HTTP/2" 200 30290 "https://dealzandfreebies.com/2026/06/23/nachfolgende-sicherheitsstandards-as-part-of-unseren-casinos-ihr-bestenliste-sie-sind-immens-obig/" "Mozilla/5.0 AppleWebKit/537.36 (KHTML, like Gecko; compatible; GPTBot/1.4; +https://openai.com/gptbot)"
74.7.241.32 - - [23/Jun/2026:05:58:39 -0700] "GET /wp-json/oembed/1.0/embed?url=https%3A%2F%2Fdealzandfreebies.com%2F2026%2F06%2F23%2Fnachfolgende-sicherheitsstandards-as-part-of-unseren-casinos-ihr-bestenliste-sie-sind-immens-obig%2F HTTP/2" 200 1146 "https://dealzandfreebies.com/2026/06/23/nachfolgende-sicherheitsstandards-as-part-of-unseren-casinos-ihr-bestenliste-sie-sind-immens-obig/" "Mozilla/5.0 AppleWebKit/537.36 (KHTML, like Gecko; compatible; GPTBot/1.4; +https://openai.com/gptbot)"
74.7.241.32 - - [23/Jun/2026:05:58:39 -0700] "GET /wp-json/wp/v2/posts/165415 HTTP/2" 200 3880 "https://dealzandfreebies.com/2026/06/23/nachfolgende-sicherheitsstandards-as-part-of-unseren-casinos-ihr-bestenliste-sie-sind-immens-obig/" "Mozilla/5.0 AppleWebKit/537.36 (KHTML, like Gecko; compatible; GPTBot/1.4; +https://openai.com/gptbot)"
74.7.241.32 - - [23/Jun/2026:05:58:40 -0700] "GET /wp-json/wp/v2/posts/165423 HTTP/2" 200 4682 "https://dealzandfreebies.com/2026/06/23/ktore-sa-dostepne-jest-ich-wiele-strategie-dla-zakupow-a-moze-kryptowalutowe-jak-i-mozesz-fiat/" "Mozilla/5.0 AppleWebKit/537.36 (KHTML, like Gecko; compatible; GPTBot/1.4; +https://openai.com/gptbot)"
136.243.228.180 - - [23/Jun/2026:05:58:39 -0700] "GET /2026/06/17/as-well-the-job-from-real-time-investors-doesnt-seem-to-cover-one-thing-beyond-to-tackle-gambling-games/ HTTP/1.1" 200 27977 "-" "Mozilla/5.0 (compatible; DataForSeoBot/1.0; +https://dataforseo.com/dataforseo-bot)"
74.7.241.32 - - [23/Jun/2026:05:58:40 -0700] "GET /?p=137246 HTTP/2" 301 0 "https://dealzandfreebies.com/2026/06/19/aneignen-welche-an-einen-sonderveranstaltungen-vos-innerster-planet-casinos-bestandteil-innehaben-sie-gunstgewerblerin-woge-intervall-hinein-deutschland-feierlichkeiten/" "Mozilla/5.0 AppleWebKit/537.36 (KHTML, like Gecko; compatible; GPTBot/1.4; +https://openai.com/gptbot)"
74.7.241.32 - - [23/Jun/2026:05:58:41 -0700] "GET /?p=137220 HTTP/2" 301 0 "https://dealzandfreebies.com/2026/06/19/kak-dejstvujut-jelektronnye-marketplejsy-166/" "Mozilla/5.0 AppleWebKit/537.36 (KHTML, like Gecko; compatible; GPTBot/1.4; +https://openai.com/gptbot)"
74.7.241.32 - - [23/Jun/2026:05:58:41 -0700] "GET /2026/06/19/kak-dejstvujut-onlajn-marketplejsy-ustrojstvo-i-48/ HTTP/2" 200 32483 "https://dealzandfreebies.com/2026/06/19/kak-dejstvujut-jelektronnye-marketplejsy-166/" "Mozilla/5.0 AppleWebKit/537.36 (KHTML, like Gecko; compatible; GPTBot/1.4; +https://openai.com/gptbot)"
74.7.241.32 - - [23/Jun/2026:05:58:42 -0700] "GET /2026/06/19/pin-up-casino-azrbaycan-6358-2/ HTTP/2" 200 26303 "https://dealzandfreebies.com/2026/06/19/aneignen-welche-an-einen-sonderveranstaltungen-vos-innerster-planet-casinos-bestandteil-innehaben-sie-gunstgewerblerin-woge-intervall-hinein-deutschland-feierlichkeiten/" "Mozilla/5.0 AppleWebKit/537.36 (KHTML, like Gecko; compatible; GPTBot/1.4; +https://openai.com/gptbot)"
74.7.241.32 - - [23/Jun/2026:05:58:43 -0700] "GET /wp-json/oembed/1.0/embed?url=https%3A%2F%2Fdealzandfreebies.com%2F2026%2F06%2F19%2Faneignen-welche-an-einen-sonderveranstaltungen-vos-innerster-planet-casinos-bestandteil-innehaben-sie-gunstgewerblerin-woge-intervall-hinein-deutschland-feierlichkeiten%2F HTTP/2" 200 1210 "https://dealzandfreebies.com/2026/06/19/aneignen-welche-an-einen-sonderveranstaltungen-vos-innerster-planet-casinos-bestandteil-innehaben-sie-gunstgewerblerin-woge-intervall-hinein-deutschland-feierlichkeiten/" "Mozilla/5.0 AppleWebKit/537.36 (KHTML, like Gecko; compatible; GPTBot/1.4; +https://openai.com/gptbot)"
137.155.86.242 - - [23/Jun/2026:05:58:42 -0700] "GET /2026/06/21/chi-sono-i-nuovi-grandi-nomi-nel-aspetto-dei-casino/ HTTP/1.1" 200 30416 "-" "Mozilla/5.0 (X11; Linux x86_64; rv:1.9.6.20) Gecko/3548-03-10 21:01:30.381859 Firefox/3.8"
74.7.241.32 - - [23/Jun/2026:05:58:43 -0700] "GET /wp-json/wp/v2/posts/137220 HTTP/2" 200 12627 "https://dealzandfreebies.com/2026/06/19/kak-dejstvujut-jelektronnye-marketplejsy-166/" "Mozilla/5.0 AppleWebKit/537.36 (KHTML, like Gecko; compatible; GPTBot/1.4; +https://openai.com/gptbot)"
17.246.19.17 - - [23/Jun/2026:05:58:44 -0700] "POST /wp-admin/admin-ajax.php HTTP/2" 200 6 "https://dealzandfreebies.com/2026/06/19/migliori-bisca-online-sopra-italia-la-lista-dei-vertice-bisca-del-2026/" "Mozilla/5.0 (Macintosh; Intel Mac OS X 10_15_7) AppleWebKit/605.1.15 (KHTML, like Gecko) Version/17.4 Safari/605.1.15 (Applebot/0.1; +http://www.apple.com/go/applebot)"
74.7.241.32 - - [23/Jun/2026:05:58:44 -0700] "GET /wp-json/wp/v2/posts/137076 HTTP/2" 200 3072 "https://dealzandfreebies.com/2026/06/19/that-it-diverse-online-game-alternatives-implies-that-often-there-is-something-new-and-you-can-enjoyable-to-understand-more-about/" "Mozilla/5.0 AppleWebKit/537.36 (KHTML, like Gecko; compatible; GPTBot/1.4; +https://openai.com/gptbot)"
136.243.228.180 - - [23/Jun/2026:05:58:44 -0700] "GET /2026/06/17/10-iwinfortune-slots-promo-codes-euroletten-maklercourtage-exklusive-einzahlung-kasino/ HTTP/1.1" 200 29309 "-" "Mozilla/5.0 (compatible; DataForSeoBot/1.0; +https://dataforseo.com/dataforseo-bot)"
74.7.241.32 - - [23/Jun/2026:05:58:44 -0700] "GET /?p=165413 HTTP/2" 301 0 "https://dealzandfreebies.com/2026/06/23/do-naszym-kraju-granie-oraz-przez-internet-sterowany-jest-zbytnio-pomoca-ustawe-na-temat-grach-losowych-ktorzy-przechodza-dzionka-dziewietnasty-listopada-2019/" "Mozilla/5.0 AppleWebKit/537.36 (KHTML, like Gecko; compatible; GPTBot/1.4; +https://openai.com/gptbot)"
43.163.5.143 - - [23/Jun/2026:05:58:45 -0700] "GET /2026/05/04/mobile-roulette-for-ios-india-risk-free-a-comprehensive-guide/ HTTP/2" 200 27131 "https://dealzandfreebies.com/2026/05/04/mobile-roulette-for-ios-india-risk-free-a-comprehensive-guide/" "Mozilla/5.0 (Windows NT 10.0; Win64; x64) AppleWebKit/537.36 (KHTML, like Gecko) Chrome/101.0.4951.64 Safari/537.36 Edg/101.0.1210.47"
74.7.241.32 - - [23/Jun/2026:05:58:45 -0700] "GET /2026/06/23/i-migliori-saio-online-che-li-abbiamo-scelti/ HTTP/2" 200 28143 "https://dealzandfreebies.com/2026/06/23/do-naszym-kraju-granie-oraz-przez-internet-sterowany-jest-zbytnio-pomoca-ustawe-na-temat-grach-losowych-ktorzy-przechodza-dzionka-dziewietnasty-listopada-2019/" "Mozilla/5.0 AppleWebKit/537.36 (KHTML, like Gecko; compatible; GPTBot/1.4; +https://openai.com/gptbot)"
216.73.217.103 - - [23/Jun/2026:05:58:45 -0700] "GET /2026/06/23/prelievi-di-nuovo-depositi-volte-metodi-di-pagamento-accettati-2/ HTTP/2" 200 27968 "-" "Mozilla/5.0 AppleWebKit/537.36 (KHTML, like Gecko; compatible; ClaudeBot/1.0; +claudebot@anthropic.com)"
74.7.241.32 - - [23/Jun/2026:05:58:46 -0700] "GET /wp-json/oembed/1.0/embed?url=https%3A%2F%2Fdealzandfreebies.com%2F2026%2F06%2F23%2Fdo-naszym-kraju-granie-oraz-przez-internet-sterowany-jest-zbytnio-pomoca-ustawe-na-temat-grach-losowych-ktorzy-przechodza-dzionka-dziewietnasty-listopada-2019%2F HTTP/2" 200 1197 "https://dealzandfreebies.com/2026/06/23/do-naszym-kraju-granie-oraz-przez-internet-sterowany-jest-zbytnio-pomoca-ustawe-na-temat-grach-losowych-ktorzy-przechodza-dzionka-dziewietnasty-listopada-2019/" "Mozilla/5.0 AppleWebKit/537.36 (KHTML, like Gecko; compatible; GPTBot/1.4; +https://openai.com/gptbot)"
197.145.135.233 - - [23/Jun/2026:05:58:46 -0700] "GET /2026/06/21/youll-want-to-prefer-a-desk-that-meets-the-minimum-and-you-can-maximum-wager-tastes/ HTTP/1.1" 200 27894 "-" "Mozilla/5.0 (compatible; MSIE 5.0; Windows NT 6.1; Trident/3.1)"
74.7.241.32 - - [23/Jun/2026:05:58:46 -0700] "GET /wp-json/wp/v2/posts/137246 HTTP/2" 200 3640 "https://dealzandfreebies.com/2026/06/19/aneignen-welche-an-einen-sonderveranstaltungen-vos-innerster-planet-casinos-bestandteil-innehaben-sie-gunstgewerblerin-woge-intervall-hinein-deutschland-feierlichkeiten/" "Mozilla/5.0 AppleWebKit/537.36 (KHTML, like Gecko; compatible; GPTBot/1.4; +https://openai.com/gptbot)"
74.7.241.32 - - [23/Jun/2026:05:58:47 -0700] "GET /wp-json/wp/v2/posts/165413 HTTP/2" 200 5195 "https://dealzandfreebies.com/2026/06/23/do-naszym-kraju-granie-oraz-przez-internet-sterowany-jest-zbytnio-pomoca-ustawe-na-temat-grach-losowych-ktorzy-przechodza-dzionka-dziewietnasty-listopada-2019/" "Mozilla/5.0 AppleWebKit/537.36 (KHTML, like Gecko; compatible; GPTBot/1.4; +https://openai.com/gptbot)"
74.7.241.32 - - [23/Jun/2026:05:58:47 -0700] "GET /wp-json/oembed/1.0/embed?url=https%3A%2F%2Fdealzandfreebies.com%2F2026%2F06%2F19%2Fbei-bedarf-gibt-unsrige-bestenliste-diesseitigen-guten-zusammenfassung-z-hd-diesseitigen-spielsalon-ferner-angebotsvergleich%2F HTTP/2" 200 1159 "https://dealzandfreebies.com/2026/06/19/bei-bedarf-gibt-unsrige-bestenliste-diesseitigen-guten-zusammenfassung-z-hd-diesseitigen-spielsalon-ferner-angebotsvergleich/" "Mozilla/5.0 AppleWebKit/537.36 (KHTML, like Gecko; compatible; GPTBot/1.4; +https://openai.com/gptbot)"
136.243.228.180 - - [23/Jun/2026:05:58:47 -0700] "GET /2026/06/17/an-alternative-choice-for-sports-betting-from-the-arms-bet-s-the-virtual-activities-part/ HTTP/1.1" 200 28428 "-" "Mozilla/5.0 (compatible; DataForSeoBot/1.0; +https://dataforseo.com/dataforseo-bot)"
74.7.241.32 - - [23/Jun/2026:05:58:48 -0700] "GET /?p=137106 HTTP/2" 301 0 "https://dealzandfreebies.com/2026/06/19/kak-dejstvujut-onlajn-marketplejsy-ustrojstvo-i-48/" "Mozilla/5.0 AppleWebKit/537.36 (KHTML, like Gecko; compatible; GPTBot/1.4; +https://openai.com/gptbot)"
74.7.241.32 - - [23/Jun/2026:05:58:48 -0700] "GET /?p=137248 HTTP/2" 301 0 "https://dealzandfreebies.com/2026/06/19/pin-up-casino-azrbaycan-6358-2/" "Mozilla/5.0 AppleWebKit/537.36 (KHTML, like Gecko; compatible; GPTBot/1.4; +https://openai.com/gptbot)"
74.7.241.32 - - [23/Jun/2026:05:58:49 -0700] "GET /2026/06/19/everything-we-like-most-about-any-of-it-gambling-enterprise-totally-free-spins-no-deposit-package/ HTTP/2" 200 28961 "https://dealzandfreebies.com/2026/06/19/pin-up-casino-azrbaycan-6358-2/" "Mozilla/5.0 AppleWebKit/537.36 (KHTML, like Gecko; compatible; GPTBot/1.4; +https://openai.com/gptbot)"
185.191.171.2 - - [23/Jun/2026:05:58:49 -0700] "GET /2026/06/21/i-would-suggest-real-time-talk-to-have-small-facts-since-it-is-less/ HTTP/1.1" 200 34044 "-" "Mozilla/5.0 (compatible; SemrushBot/7~bl; +http://www.semrush.com/bot.html)"
74.7.241.32 - - [23/Jun/2026:05:58:50 -0700] "GET /2026/06/19/kak-organizovany-sovremennye-crm-sistemy-2/ HTTP/2" 200 32527 "https://dealzandfreebies.com/2026/06/19/kak-dejstvujut-onlajn-marketplejsy-ustrojstvo-i-48/" "Mozilla/5.0 AppleWebKit/537.36 (KHTML, like Gecko; compatible; GPTBot/1.4; +https://openai.com/gptbot)"
74.7.241.32 - - [23/Jun/2026:05:58:50 -0700] "GET /wp-json/wp/v2/posts/137106 HTTP/2" 200 12811 "https://dealzandfreebies.com/2026/06/19/kak-dejstvujut-onlajn-marketplejsy-ustrojstvo-i-48/" "Mozilla/5.0 AppleWebKit/537.36 (KHTML, like Gecko; compatible; GPTBot/1.4; +https://openai.com/gptbot)"
74.7.241.32 - - [23/Jun/2026:05:58:51 -0700] "GET /wp-json/wp/v2/posts/137248 HTTP/2" 200 1383 "https://dealzandfreebies.com/2026/06/19/pin-up-casino-azrbaycan-6358-2/" "Mozilla/5.0 AppleWebKit/537.36 (KHTML, like Gecko; compatible; GPTBot/1.4; +https://openai.com/gptbot)"
74.7.241.32 - - [23/Jun/2026:05:58:51 -0700] "GET /?p=165411 HTTP/2" 301 0 "https://dealzandfreebies.com/2026/06/23/i-migliori-saio-online-che-li-abbiamo-scelti/" "Mozilla/5.0 AppleWebKit/537.36 (KHTML, like Gecko; compatible; GPTBot/1.4; +https://openai.com/gptbot)"
136.243.228.180 - - [23/Jun/2026:05:58:52 -0700] "GET /2026/06/17/glucksspiele-trifft-man-in-bei-allen-farben-und-formen-falls-praktisch-uff-ihr-vollen-terra/ HTTP/1.1" 200 28496 "-" "Mozilla/5.0 (compatible; DataForSeoBot/1.0; +https://dataforseo.com/dataforseo-bot)"
74.7.241.32 - - [23/Jun/2026:05:58:52 -0700] "GET /2026/06/23/these-are-good-subset-away-from-lowest-stake-ports-nevertheless-the-one-or-two-conditions-arent-similar/ HTTP/2" 200 28035 "https://dealzandfreebies.com/2026/06/23/i-migliori-saio-online-che-li-abbiamo-scelti/" "Mozilla/5.0 AppleWebKit/537.36 (KHTML, like Gecko; compatible; GPTBot/1.4; +https://openai.com/gptbot)"
74.7.241.32 - - [23/Jun/2026:05:58:53 -0700] "GET /wp-json/wp/v2/posts/165411 HTTP/2" 200 3183 "https://dealzandfreebies.com/2026/06/23/i-migliori-saio-online-che-li-abbiamo-scelti/" "Mozilla/5.0 AppleWebKit/537.36 (KHTML, like Gecko; compatible; GPTBot/1.4; +https://openai.com/gptbot)"
74.7.241.32 - - [23/Jun/2026:05:58:53 -0700] "GET /wp-json/oembed/1.0/embed?url=https%3A%2F%2Fdealzandfreebies.com%2F2026%2F06%2F19%2Ffive-hundred-100-percent-free-spins-no-deposit-casino-incentives-2022-free-1x2gaming-slot-games-for-android-five-hundred-spins-no-deposit-bonus-requirements%2F HTTP/2" 200 1188 "https://dealzandfreebies.com/2026/06/19/five-hundred-100-percent-free-spins-no-deposit-casino-incentives-2022-free-1x2gaming-slot-games-for-android-five-hundred-spins-no-deposit-bonus-requirements/" "Mozilla/5.0 AppleWebKit/537.36 (KHTML, like Gecko; compatible; GPTBot/1.4; +https://openai.com/gptbot)"
185.191.171.16 - - [23/Jun/2026:05:58:53 -0700] "GET /2026/06/19/schlielich-fast-alle-neuen-ernahrer-bieten-willkommensboni-hinsichtlich-freispiele-weiters-einzahlungsboni-eingeschaltet/ HTTP/1.1" 200 34084 "-" "Mozilla/5.0 (compatible; SemrushBot/7~bl; +http://www.semrush.com/bot.html)"
74.7.241.32 - - [23/Jun/2026:05:58:54 -0700] "GET /wp-json/oembed/1.0/embed?url=https%3A%2F%2Fdealzandfreebies.com%2F2026%2F06%2F23%2Fprominent-slot-game-an-entire-help-guide-to-the-essential-starred-online-slots-for-the-2025%2F HTTP/2" 200 1135 "https://dealzandfreebies.com/2026/06/23/prominent-slot-game-an-entire-help-guide-to-the-essential-starred-online-slots-for-the-2025/" "Mozilla/5.0 AppleWebKit/537.36 (KHTML, like Gecko; compatible; GPTBot/1.4; +https://openai.com/gptbot)"
74.7.241.32 - - [23/Jun/2026:05:58:54 -0700] "GET /wp-json/oembed/1.0/embed?format=xml&url=https%3A%2F%2Fdealzandfreebies.com%2F2026%2F06%2F19%2Fthe-working-platform-welcomes-visa-bank-card-skrill-neteller-and-you-may-major-cryptocurrencies-making-certain-flexibility-per-player%2F HTTP/2" 200 1204 "https://dealzandfreebies.com/2026/06/19/the-working-platform-welcomes-visa-bank-card-skrill-neteller-and-you-may-major-cryptocurrencies-making-certain-flexibility-per-player/" "Mozilla/5.0 AppleWebKit/537.36 (KHTML, like Gecko; compatible; GPTBot/1.4; +https://openai.com/gptbot)"
74.7.241.32 - - [23/Jun/2026:05:58:55 -0700] "GET /wp-json/oembed/1.0/embed?url=https%3A%2F%2Fdealzandfreebies.com%2F2026%2F06%2F19%2Fdie-besten-zahlungsmethoden-fur-online-casinos-in%2F HTTP/2" 200 1102 "https://dealzandfreebies.com/2026/06/19/die-besten-zahlungsmethoden-fur-online-casinos-in/" "Mozilla/5.0 AppleWebKit/537.36 (KHTML, like Gecko; compatible; GPTBot/1.4; +https://openai.com/gptbot)"
74.7.241.32 - - [23/Jun/2026:05:58:55 -0700] "GET /?p=137250 HTTP/2" 301 0 "https://dealzandfreebies.com/2026/06/19/everything-we-like-most-about-any-of-it-gambling-enterprise-totally-free-spins-no-deposit-package/" "Mozilla/5.0 AppleWebKit/537.36 (KHTML, like Gecko; compatible; GPTBot/1.4; +https://openai.com/gptbot)"
74.7.241.32 - - [23/Jun/2026:05:58:56 -0700] "GET /?p=137070 HTTP/2" 301 0 "https://dealzandfreebies.com/2026/06/19/kak-organizovany-sovremennye-crm-sistemy-2/" "Mozilla/5.0 AppleWebKit/537.36 (KHTML, like Gecko; compatible; GPTBot/1.4; +https://openai.com/gptbot)"
136.243.228.180 - - [23/Jun/2026:05:58:56 -0700] "GET /2026/06/17/the-3-fundamental-areas-at-the-luckster-tend-to-be-online-casino-games-live-local-casino-and-wagering/ HTTP/1.1" 200 28884 "-" "Mozilla/5.0 (compatible; DataForSeoBot/1.0; +https://dataforseo.com/dataforseo-bot)"
74.7.241.32 - - [23/Jun/2026:05:58:57 -0700] "GET /2026/06/19/the-technology-and-evolution-of-casinos-in-the/ HTTP/2" 200 29743 "https://dealzandfreebies.com/2026/06/19/everything-we-like-most-about-any-of-it-gambling-enterprise-totally-free-spins-no-deposit-package/" "Mozilla/5.0 AppleWebKit/537.36 (KHTML, like Gecko; compatible; GPTBot/1.4; +https://openai.com/gptbot)"
74.7.241.32 - - [23/Jun/2026:05:58:57 -0700] "GET /2026/06/19/chto-takoe-sinteticheskie-dannye-i-zachem-oni-66/ HTTP/2" 200 31674 "https://dealzandfreebies.com/2026/06/19/kak-organizovany-sovremennye-crm-sistemy-2/" "Mozilla/5.0 AppleWebKit/537.36 (KHTML, like Gecko; compatible; GPTBot/1.4; +https://openai.com/gptbot)"
74.7.241.32 - - [23/Jun/2026:05:58:58 -0700] "GET /wp-json/oembed/1.0/embed?url=https%3A%2F%2Fdealzandfreebies.com%2F2026%2F06%2F19%2Feverything-we-like-most-about-any-of-it-gambling-enterprise-totally-free-spins-no-deposit-package%2F HTTP/2" 200 1136 "https://dealzandfreebies.com/2026/06/19/everything-we-like-most-about-any-of-it-gambling-enterprise-totally-free-spins-no-deposit-package/" "Mozilla/5.0 AppleWebKit/537.36 (KHTML, like Gecko; compatible; GPTBot/1.4; +https://openai.com/gptbot)"
74.7.241.32 - - [23/Jun/2026:05:58:58 -0700] "GET /?p=165409 HTTP/2" 301 0 "https://dealzandfreebies.com/2026/06/23/these-are-good-subset-away-from-lowest-stake-ports-nevertheless-the-one-or-two-conditions-arent-similar/" "Mozilla/5.0 AppleWebKit/537.36 (KHTML, like Gecko; compatible; GPTBot/1.4; +https://openai.com/gptbot)"
74.7.241.32 - - [23/Jun/2026:05:58:59 -0700] "GET /2026/06/23/leovegas-onore-privo-di-pieno-50-free-spins/ HTTP/2" 200 28015 "https://dealzandfreebies.com/2026/06/23/these-are-good-subset-away-from-lowest-stake-ports-nevertheless-the-one-or-two-conditions-arent-similar/" "Mozilla/5.0 AppleWebKit/537.36 (KHTML, like Gecko; compatible; GPTBot/1.4; +https://openai.com/gptbot)"
136.243.228.180 - - [23/Jun/2026:05:58:59 -0700] "GET /2026/06/17/feuer-speiender-berg-las-vegas-nevada-angeordnet-einige-anreize-promotionsprogramme-dadurch-dies-spielerlebnis-seiner-glucksspieler-auf-nutzung-bei-verbessern/ HTTP/1.1" 200 28496 "-" "Mozilla/5.0 (compatible; DataForSeoBot/1.0; +https://dataforseo.com/dataforseo-bot)"
74.7.241.32 - - [23/Jun/2026:05:59:00 -0700] "GET /wp-json/oembed/1.0/embed?url=https%3A%2F%2Fdealzandfreebies.com%2F2026%2F06%2F23%2Fthese-are-good-subset-away-from-lowest-stake-ports-nevertheless-the-one-or-two-conditions-arent-similar%2F HTTP/2" 200 1140 "https://dealzandfreebies.com/2026/06/23/these-are-good-subset-away-from-lowest-stake-ports-nevertheless-the-one-or-two-conditions-arent-similar/" "Mozilla/5.0 AppleWebKit/537.36 (KHTML, like Gecko; compatible; GPTBot/1.4; +https://openai.com/gptbot)"
74.7.241.32 - - [23/Jun/2026:05:59:00 -0700] "GET /wp-json/wp/v2/posts/137070 HTTP/2" 200 12881 "https://dealzandfreebies.com/2026/06/19/kak-organizovany-sovremennye-crm-sistemy-2/" "Mozilla/5.0 AppleWebKit/537.36 (KHTML, like Gecko; compatible; GPTBot/1.4; +https://openai.com/gptbot)"
74.7.241.32 - - [23/Jun/2026:05:59:01 -0700] "GET /wp-json/wp/v2/posts/165409 HTTP/2" 200 3201 "https://dealzandfreebies.com/2026/06/23/these-are-good-subset-away-from-lowest-stake-ports-nevertheless-the-one-or-two-conditions-arent-similar/" "Mozilla/5.0 AppleWebKit/537.36 (KHTML, like Gecko; compatible; GPTBot/1.4; +https://openai.com/gptbot)"
57.141.18.101 - - [23/Jun/2026:05:59:01 -0700] "GET /wp-json/oembed/1.0/embed?url=https%3A%2F%2Fdealzandfreebies.com%2F2026%2F06%2F21%2Fdespite-the-positives-shell-out-because-of-the-cell-phone-gambling-enterprises-supply-specific-drawbacks%2F HTTP/2" 200 2696 "-" "meta-externalagent/1.1 (+https://developers.facebook.com/docs/sharing/webmasters/crawler)"
74.7.241.32 - - [23/Jun/2026:05:59:01 -0700] "GET /wp-json/wp/v2/posts/137250 HTTP/2" 200 4165 "https://dealzandfreebies.com/2026/06/19/everything-we-like-most-about-any-of-it-gambling-enterprise-totally-free-spins-no-deposit-package/" "Mozilla/5.0 AppleWebKit/537.36 (KHTML, like Gecko; compatible; GPTBot/1.4; +https://openai.com/gptbot)"
74.7.241.32 - - [23/Jun/2026:05:59:02 -0700] "GET /wp-json/oembed/1.0/embed?url=https%3A%2F%2Fdealzandfreebies.com%2F2026%2F06%2F23%2Fcasinospiele-de-unter-einsatz-von-1-600-spielbank-spiele-gebuhrenfrei%2F HTTP/2" 200 1135 "https://dealzandfreebies.com/2026/06/23/casinospiele-de-unter-einsatz-von-1-600-spielbank-spiele-gebuhrenfrei/" "Mozilla/5.0 AppleWebKit/537.36 (KHTML, like Gecko; compatible; GPTBot/1.4; +https://openai.com/gptbot)"
74.7.241.32 - - [23/Jun/2026:05:59:02 -0700] "GET /wp-json/oembed/1.0/embed?url=https%3A%2F%2Fdealzandfreebies.com%2F2026%2F06%2F23%2Fi-migliori-saio-online-che-li-abbiamo-scelti%2F HTTP/2" 200 1087 "https://dealzandfreebies.com/2026/06/23/i-migliori-saio-online-che-li-abbiamo-scelti/" "Mozilla/5.0 AppleWebKit/537.36 (KHTML, like Gecko; compatible; GPTBot/1.4; +https://openai.com/gptbot)"
74.7.241.32 - - [23/Jun/2026:05:59:03 -0700] "GET /?p=137573 HTTP/2" 301 0 "https://dealzandfreebies.com/2026/06/19/the-technology-and-evolution-of-casinos-in-the/" "Mozilla/5.0 AppleWebKit/537.36 (KHTML, like Gecko; compatible; GPTBot/1.4; +https://openai.com/gptbot)"
74.7.241.32 - - [23/Jun/2026:05:59:03 -0700] "GET /?p=137202 HTTP/2" 301 0 "https://dealzandfreebies.com/2026/06/19/chto-takoe-sinteticheskie-dannye-i-zachem-oni-66/" "Mozilla/5.0 AppleWebKit/537.36 (KHTML, like Gecko; compatible; GPTBot/1.4; +https://openai.com/gptbot)"
136.243.228.180 - - [23/Jun/2026:05:59:03 -0700] "GET /2026/06/17/mehr-als-einer-nachdem-diesseitigen-illegalen-gangbar-casinos-angewandten-unterschieden-auftreiben-eltern-inoffizieller-mitarbeiter-verlinkten-triftiger/ HTTP/1.1" 200 28369 "-" "Mozilla/5.0 (compatible; DataForSeoBot/1.0; +https://dataforseo.com/dataforseo-bot)"
74.7.241.32 - - [23/Jun/2026:05:59:04 -0700] "GET /2026/06/19/chto-takoe-sinteticheskie-dannye-i-zachem-oni-60/ HTTP/2" 200 31662 "https://dealzandfreebies.com/2026/06/19/chto-takoe-sinteticheskie-dannye-i-zachem-oni-66/" "Mozilla/5.0 AppleWebKit/537.36 (KHTML, like Gecko; compatible; GPTBot/1.4; +https://openai.com/gptbot)"
74.7.241.32 - - [23/Jun/2026:05:59:05 -0700] "GET /2026/06/19/yard-casino-vhod-v-lichnyj-kabinet-i-upravlenie-46/ HTTP/2" 200 28246 "https://dealzandfreebies.com/2026/06/19/the-technology-and-evolution-of-casinos-in-the/" "Mozilla/5.0 AppleWebKit/537.36 (KHTML, like Gecko; compatible; GPTBot/1.4; +https://openai.com/gptbot)"
74.7.241.32 - - [23/Jun/2026:05:59:05 -0700] "GET /?p=165407 HTTP/2" 301 0 "https://dealzandfreebies.com/2026/06/23/leovegas-onore-privo-di-pieno-50-free-spins/" "Mozilla/5.0 AppleWebKit/537.36 (KHTML, like Gecko; compatible; GPTBot/1.4; +https://openai.com/gptbot)"
74.7.241.32 - - [23/Jun/2026:05:59:06 -0700] "GET /2026/06/23/kiedy-powinienes-zdecydowac-korzystasz-posiadanie-kasyno-hazardowe-posiadanie-wplata-blik-weryfikacja-tez-minimalna-i-bedziesz-maksymalna-wplate-daje-podazaniu-stronie-operatora/ HTTP/2" 200 28722 "https://dealzandfreebies.com/2026/06/23/leovegas-onore-privo-di-pieno-50-free-spins/" "Mozilla/5.0 AppleWebKit/537.36 (KHTML, like Gecko; compatible; GPTBot/1.4; +https://openai.com/gptbot)"
74.7.241.32 - - [23/Jun/2026:05:59:07 -0700] "GET /wp-json/wp/v2/posts/137573 HTTP/2" 200 7535 "https://dealzandfreebies.com/2026/06/19/the-technology-and-evolution-of-casinos-in-the/" "Mozilla/5.0 AppleWebKit/537.36 (KHTML, like Gecko; compatible; GPTBot/1.4; +https://openai.com/gptbot)"
74.7.241.32 - - [23/Jun/2026:05:59:08 -0700] "GET /wp-json/wp/v2/posts/137202 HTTP/2" 200 11547 "https://dealzandfreebies.com/2026/06/19/chto-takoe-sinteticheskie-dannye-i-zachem-oni-66/" "Mozilla/5.0 AppleWebKit/537.36 (KHTML, like Gecko; compatible; GPTBot/1.4; +https://openai.com/gptbot)"
136.243.228.180 - - [23/Jun/2026:05:59:08 -0700] "GET /2026/06/17/this-can-lead-to-higher-emotional-worry-and-you-may-stress-on-dating-as-well/ HTTP/1.1" 200 27670 "-" "Mozilla/5.0 (compatible; DataForSeoBot/1.0; +https://dataforseo.com/dataforseo-bot)"
74.7.241.32 - - [23/Jun/2026:05:59:09 -0700] "GET /wp-json/wp/v2/posts/165407 HTTP/2" 200 2969 "https://dealzandfreebies.com/2026/06/23/leovegas-onore-privo-di-pieno-50-free-spins/" "Mozilla/5.0 AppleWebKit/537.36 (KHTML, like Gecko; compatible; GPTBot/1.4; +https://openai.com/gptbot)"
74.7.241.32 - - [23/Jun/2026:05:59:09 -0700] "GET /wp-json/oembed/1.0/embed?url=https%3A%2F%2Fdealzandfreebies.com%2F2026%2F06%2F19%2Fthe-technology-and-evolution-of-casinos-in-the%2F HTTP/2" 200 1081 "https://dealzandfreebies.com/2026/06/19/the-technology-and-evolution-of-casinos-in-the/" "Mozilla/5.0 AppleWebKit/537.36 (KHTML, like Gecko; compatible; GPTBot/1.4; +https://openai.com/gptbot)"
74.7.241.32 - - [23/Jun/2026:05:59:10 -0700] "GET /wp-json/oembed/1.0/embed?format=xml&url=https%3A%2F%2Fdealzandfreebies.com%2F2026%2F06%2F23%2Fbetway-gehort-nach-den-etabliertesten-wettanbietern-grobritanniens-unter-anderem-wird-selbige-meiner-lieblingsseiten-je-sportwetten%2F HTTP/2" 200 1197 "https://dealzandfreebies.com/2026/06/23/betway-gehort-nach-den-etabliertesten-wettanbietern-grobritanniens-unter-anderem-wird-selbige-meiner-lieblingsseiten-je-sportwetten/" "Mozilla/5.0 AppleWebKit/537.36 (KHTML, like Gecko; compatible; GPTBot/1.4; +https://openai.com/gptbot)"
74.7.241.32 - - [23/Jun/2026:05:59:10 -0700] "GET /wp-json/oembed/1.0/embed?format=xml&url=https%3A%2F%2Fdealzandfreebies.com%2F2026%2F06%2F23%2Fdecydujac-o-miejsca-docelowego-gra-online-priorytetem-bedzie-bezpieczny-transakcji-oraz-transparentnosc-warunkow-korzystania%2F HTTP/2" 200 1182 "https://dealzandfreebies.com/2026/06/23/decydujac-o-miejsca-docelowego-gra-online-priorytetem-bedzie-bezpieczny-transakcji-oraz-transparentnosc-warunkow-korzystania/" "Mozilla/5.0 AppleWebKit/537.36 (KHTML, like Gecko; compatible; GPTBot/1.4; +https://openai.com/gptbot)"
74.7.241.32 - - [23/Jun/2026:05:59:11 -0700] "GET /wp-json/oembed/1.0/embed?format=xml&url=https%3A%2F%2Fdealzandfreebies.com%2F2026%2F06%2F19%2Faneignen-welche-an-einen-sonderveranstaltungen-vos-innerster-planet-casinos-bestandteil-innehaben-sie-gunstgewerblerin-woge-intervall-hinein-deutschland-feierlichkeiten%2F HTTP/2" 200 1239 "https://dealzandfreebies.com/2026/06/19/aneignen-welche-an-einen-sonderveranstaltungen-vos-innerster-planet-casinos-bestandteil-innehaben-sie-gunstgewerblerin-woge-intervall-hinein-deutschland-feierlichkeiten/" "Mozilla/5.0 AppleWebKit/537.36 (KHTML, like Gecko; compatible; GPTBot/1.4; +https://openai.com/gptbot)"
74.7.241.32 - - [23/Jun/2026:05:59:11 -0700] "GET /?p=137072 HTTP/2" 301 0 "https://dealzandfreebies.com/2026/06/19/chto-takoe-sinteticheskie-dannye-i-zachem-oni-60/" "Mozilla/5.0 AppleWebKit/537.36 (KHTML, like Gecko; compatible; GPTBot/1.4; +https://openai.com/gptbot)"
136.243.228.180 - - [23/Jun/2026:05:59:11 -0700] "GET /2026/06/17/dragon-money-kazino-s-frispinami-i-akcijami-dlja-13/ HTTP/1.1" 200 32911 "-" "Mozilla/5.0 (compatible; DataForSeoBot/1.0; +https://dataforseo.com/dataforseo-bot)"
74.7.241.32 - - [23/Jun/2026:05:59:12 -0700] "GET /?p=137252 HTTP/2" 301 0 "https://dealzandfreebies.com/2026/06/19/yard-casino-vhod-v-lichnyj-kabinet-i-upravlenie-46/" "Mozilla/5.0 AppleWebKit/537.36 (KHTML, like Gecko; compatible; GPTBot/1.4; +https://openai.com/gptbot)"
74.7.241.32 - - [23/Jun/2026:05:59:12 -0700] "GET /2026/06/19/sportovni-coworking-prostory-praha-focus-update-a-149/ HTTP/2" 200 28459 "https://dealzandfreebies.com/2026/06/19/yard-casino-vhod-v-lichnyj-kabinet-i-upravlenie-46/" "Mozilla/5.0 AppleWebKit/537.36 (KHTML, like Gecko; compatible; GPTBot/1.4; +https://openai.com/gptbot)"
74.7.241.32 - - [23/Jun/2026:05:59:13 -0700] "GET /?p=165405 HTTP/2" 301 0 "https://dealzandfreebies.com/2026/06/23/kiedy-powinienes-zdecydowac-korzystasz-posiadanie-kasyno-hazardowe-posiadanie-wplata-blik-weryfikacja-tez-minimalna-i-bedziesz-maksymalna-wplate-daje-podazaniu-stronie-operatora/" "Mozilla/5.0 AppleWebKit/537.36 (KHTML, like Gecko; compatible; GPTBot/1.4; +https://openai.com/gptbot)"
136.243.228.180 - - [23/Jun/2026:05:59:16 -0700] "GET /2026/06/17/an-upswing-regarding-short-payment-online-casinos-exploring-the-growing-pattern/ HTTP/1.1" 200 27670 "-" "Mozilla/5.0 (compatible; DataForSeoBot/1.0; +https://dataforseo.com/dataforseo-bot)"
85.208.96.196 - - [23/Jun/2026:05:59:19 -0700] "GET /2026/06/22/yes-it-is-really-not-laden-with-appreciate-cellular-simply-provides-nonetheless-it-comes-with-the-occupations-done-easily/ HTTP/1.1" 200 33118 "-" "Mozilla/5.0 (compatible; SemrushBot/7~bl; +http://www.semrush.com/bot.html)"
74.7.241.32 - - [23/Jun/2026:05:59:19 -0700] "GET /2026/06/23/volte-sbaglio-online-svizzeri-dovranno-garantire-pagamenti-subitanei-che-purchessia-gli-altri/ HTTP/2" 200 28039 "https://dealzandfreebies.com/2026/06/23/kiedy-powinienes-zdecydowac-korzystasz-posiadanie-kasyno-hazardowe-posiadanie-wplata-blik-weryfikacja-tez-minimalna-i-bedziesz-maksymalna-wplate-daje-podazaniu-stronie-operatora/" "Mozilla/5.0 AppleWebKit/537.36 (KHTML, like Gecko; compatible; GPTBot/1.4; +https://openai.com/gptbot)"
136.243.228.180 - - [23/Jun/2026:05:59:21 -0700] "GET /2026/06/17/the-the-features-along-with-cash-out-and-you-can-exact-same-games-multi-wagers-also-are-quite-restrictive/ HTTP/1.1" 200 28662 "-" "Mozilla/5.0 (compatible; DataForSeoBot/1.0; +https://dataforseo.com/dataforseo-bot)"
74.7.241.32 - - [23/Jun/2026:05:59:21 -0700] "GET /2026/06/19/file-7589/ HTTP/2" 200 31811 "https://dealzandfreebies.com/2026/06/19/chto-takoe-sinteticheskie-dannye-i-zachem-oni-60/" "Mozilla/5.0 AppleWebKit/537.36 (KHTML, like Gecko; compatible; GPTBot/1.4; +https://openai.com/gptbot)"
57.141.18.38 - - [23/Jun/2026:05:59:22 -0700] "GET /wp-json/wp/v2/posts/150162 HTTP/2" 200 6530 "-" "meta-externalagent/1.1 (+https://developers.facebook.com/docs/sharing/webmasters/crawler)"
74.7.241.32 - - [23/Jun/2026:05:59:22 -0700] "GET /wp-json/wp/v2/posts/137072 HTTP/2" 200 11590 "https://dealzandfreebies.com/2026/06/19/chto-takoe-sinteticheskie-dannye-i-zachem-oni-60/" "Mozilla/5.0 AppleWebKit/537.36 (KHTML, like Gecko; compatible; GPTBot/1.4; +https://openai.com/gptbot)"
74.7.241.32 - - [23/Jun/2026:05:59:23 -0700] "GET /wp-json/wp/v2/posts/137252 HTTP/2" 200 5069 "https://dealzandfreebies.com/2026/06/19/yard-casino-vhod-v-lichnyj-kabinet-i-upravlenie-46/" "Mozilla/5.0 AppleWebKit/537.36 (KHTML, like Gecko; compatible; GPTBot/1.4; +https://openai.com/gptbot)"
74.7.241.32 - - [23/Jun/2026:05:59:23 -0700] "GET /wp-json/wp/v2/posts/165405 HTTP/2" 200 3898 "https://dealzandfreebies.com/2026/06/23/kiedy-powinienes-zdecydowac-korzystasz-posiadanie-kasyno-hazardowe-posiadanie-wplata-blik-weryfikacja-tez-minimalna-i-bedziesz-maksymalna-wplate-daje-podazaniu-stronie-operatora/" "Mozilla/5.0 AppleWebKit/537.36 (KHTML, like Gecko; compatible; GPTBot/1.4; +https://openai.com/gptbot)"
74.7.241.32 - - [23/Jun/2026:05:59:24 -0700] "GET /wp-json/oembed/1.0/embed?url=https%3A%2F%2Fdealzandfreebies.com%2F2026%2F06%2F23%2Fkiedy-powinienes-zdecydowac-korzystasz-posiadanie-kasyno-hazardowe-posiadanie-wplata-blik-weryfikacja-tez-minimalna-i-bedziesz-maksymalna-wplate-daje-podazaniu-stronie-operatora%2F HTTP/2" 200 1213 "https://dealzandfreebies.com/2026/06/23/kiedy-powinienes-zdecydowac-korzystasz-posiadanie-kasyno-hazardowe-posiadanie-wplata-blik-weryfikacja-tez-minimalna-i-bedziesz-maksymalna-wplate-daje-podazaniu-stronie-operatora/" "Mozilla/5.0 AppleWebKit/537.36 (KHTML, like Gecko; compatible; GPTBot/1.4; +https://openai.com/gptbot)"
74.7.241.32 - - [23/Jun/2026:05:59:25 -0700] "GET /wp-json/oembed/1.0/embed?url=https%3A%2F%2Fdealzandfreebies.com%2F2026%2F06%2F19%2Fregistracija-akkaunta-i-nachalo-igry-v-onlajn-277%2F HTTP/2" 200 1174 "https://dealzandfreebies.com/2026/06/19/registracija-akkaunta-i-nachalo-igry-v-onlajn-277/" "Mozilla/5.0 AppleWebKit/537.36 (KHTML, like Gecko; compatible; GPTBot/1.4; +https://openai.com/gptbot)"
185.191.171.16 - - [23/Jun/2026:05:59:24 -0700] "GET /2026/06/21/nachdem-man-sagt-sie-seien-diese-sichersten-positive-aspekte-unter-anderem-potenziellen-einschrankungen-bei-boni-abzuglich-einzahlung-untersucht/ HTTP/1.1" 200 35327 "-" "Mozilla/5.0 (compatible; SemrushBot/7~bl; +http://www.semrush.com/bot.html)"
74.7.241.32 - - [23/Jun/2026:05:59:25 -0700] "GET /wp-json/oembed/1.0/embed?url=https%3A%2F%2Fdealzandfreebies.com%2F2026%2F06%2F19%2Fregistracija-akkaunta-i-nachalo-igry-v-onlajn-145%2F HTTP/2" 200 1177 "https://dealzandfreebies.com/2026/06/19/registracija-akkaunta-i-nachalo-igry-v-onlajn-145/" "Mozilla/5.0 AppleWebKit/537.36 (KHTML, like Gecko; compatible; GPTBot/1.4; +https://openai.com/gptbot)"
136.243.228.180 - - [23/Jun/2026:05:59:25 -0700] "GET /2024/06/14/kolekcjonerskie-monety-blockchain-polska-trend-120/ HTTP/1.1" 200 27983 "-" "Mozilla/5.0 (compatible; DataForSeoBot/1.0; +https://dataforseo.com/dataforseo-bot)"
74.7.241.32 - - [23/Jun/2026:05:59:26 -0700] "GET /wp-json/oembed/1.0/embed?url=https%3A%2F%2Fdealzandfreebies.com%2F2026%2F06%2F19%2Fyard-casino-vhod-v-lichnyj-kabinet-i-upravlenie-46%2F HTTP/2" 200 1188 "https://dealzandfreebies.com/2026/06/19/yard-casino-vhod-v-lichnyj-kabinet-i-upravlenie-46/" "Mozilla/5.0 AppleWebKit/537.36 (KHTML, like Gecko; compatible; GPTBot/1.4; +https://openai.com/gptbot)"
74.7.241.32 - - [23/Jun/2026:05:59:26 -0700] "GET /?p=137386 HTTP/2" 301 0 "https://dealzandfreebies.com/2026/06/19/sportovni-coworking-prostory-praha-focus-update-a-149/" "Mozilla/5.0 AppleWebKit/537.36 (KHTML, like Gecko; compatible; GPTBot/1.4; +https://openai.com/gptbot)"
74.7.241.32 - - [23/Jun/2026:05:59:27 -0700] "GET /2026/06/19/sportovni-coworking-prostory-praha-trend-digest-105/ HTTP/2" 200 28533 "https://dealzandfreebies.com/2026/06/19/sportovni-coworking-prostory-praha-focus-update-a-149/" "Mozilla/5.0 AppleWebKit/537.36 (KHTML, like Gecko; compatible; GPTBot/1.4; +https://openai.com/gptbot)"
74.7.241.32 - - [23/Jun/2026:05:59:28 -0700] "GET /?p=165403 HTTP/2" 301 0 "https://dealzandfreebies.com/2026/06/23/volte-sbaglio-online-svizzeri-dovranno-garantire-pagamenti-subitanei-che-purchessia-gli-altri/" "Mozilla/5.0 AppleWebKit/537.36 (KHTML, like Gecko; compatible; GPTBot/1.4; +https://openai.com/gptbot)"
74.7.241.32 - - [23/Jun/2026:05:59:28 -0700] "GET /?p=137068 HTTP/2" 301 0 "https://dealzandfreebies.com/2026/06/19/file-7589/" "Mozilla/5.0 AppleWebKit/537.36 (KHTML, like Gecko; compatible; GPTBot/1.4; +https://openai.com/gptbot)"
136.243.228.180 - - [23/Jun/2026:05:59:29 -0700] "GET /2026/06/17/beoordeling-van-online-casinos-in-belgi-985-2/ HTTP/1.1" 200 27124 "-" "Mozilla/5.0 (compatible; DataForSeoBot/1.0; +https://dataforseo.com/dataforseo-bot)"
74.7.241.32 - - [23/Jun/2026:05:59:29 -0700] "GET /2026/06/23/il-blackjack-live-una-modernita-vicenda-di-incontro/ HTTP/2" 200 27986 "https://dealzandfreebies.com/2026/06/23/volte-sbaglio-online-svizzeri-dovranno-garantire-pagamenti-subitanei-che-purchessia-gli-altri/" "Mozilla/5.0 AppleWebKit/537.36 (KHTML, like Gecko; compatible; GPTBot/1.4; +https://openai.com/gptbot)"
74.7.241.32 - - [23/Jun/2026:05:59:30 -0700] "GET /2026/06/19/slots-besitzen-aber-und-abermal-rasche-ausuben-einfache-runden-bestmoglich-pro-bonusaktionen/ HTTP/2" 200 28732 "https://dealzandfreebies.com/2026/06/19/file-7589/" "Mozilla/5.0 AppleWebKit/537.36 (KHTML, like Gecko; compatible; GPTBot/1.4; +https://openai.com/gptbot)"
74.7.241.32 - - [23/Jun/2026:05:59:31 -0700] "GET /wp-json/oembed/1.0/embed?url=https%3A%2F%2Fdealzandfreebies.com%2F2026%2F06%2F23%2Fvolte-sbaglio-online-svizzeri-dovranno-garantire-pagamenti-subitanei-che-purchessia-gli-altri%2F HTTP/2" 200 1135 "https://dealzandfreebies.com/2026/06/23/volte-sbaglio-online-svizzeri-dovranno-garantire-pagamenti-subitanei-che-purchessia-gli-altri/" "Mozilla/5.0 AppleWebKit/537.36 (KHTML, like Gecko; compatible; GPTBot/1.4; +https://openai.com/gptbot)"
74.7.241.32 - - [23/Jun/2026:05:59:31 -0700] "GET /wp-json/wp/v2/posts/137068 HTTP/2" 200 11721 "https://dealzandfreebies.com/2026/06/19/file-7589/" "Mozilla/5.0 AppleWebKit/537.36 (KHTML, like Gecko; compatible; GPTBot/1.4; +https://openai.com/gptbot)"
49.232.42.93 - - [23/Jun/2026:05:59:31 -0700] "GET /2026/01/13/pin-up-platformuna-uye-olmaya-aklc-m-avantaj-ve-12/ HTTP/2" 200 40382 "-" "Mozilla/5.0 (Macintosh; Intel Mac OS X 10_15_7) AppleWebKit/537.36 (KHTML, like Gecko) Chrome/146.0.0.0 Safari/537.36"
