74.7.241.32 - - [23/Jun/2026:06:04:22 -0700] "GET /wp-json/oembed/1.0/embed?format=xml&url=https%3A%2F%2Fdealzandfreebies.com%2F2026%2F06%2F19%2Ffinest-gaminator-free-spins-no-deposit-payg-cellular-telephone-agreements%2F HTTP/2" 200 1148 "https://dealzandfreebies.com/2026/06/19/finest-gaminator-free-spins-no-deposit-payg-cellular-telephone-agreements/" "Mozilla/5.0 AppleWebKit/537.36 (KHTML, like Gecko; compatible; GPTBot/1.4; +https://openai.com/gptbot)"
74.7.241.32 - - [23/Jun/2026:06:04:23 -0700] "GET /wp-json/oembed/1.0/embed?format=xml&url=https%3A%2F%2Fdealzandfreebies.com%2F2026%2F06%2F23%2Fstart-with-the-fresh-partner-platforms-top-picks-such-orion-superstars-for-free-spins%2F HTTP/2" 200 1166 "https://dealzandfreebies.com/2026/06/23/start-with-the-fresh-partner-platforms-top-picks-such-orion-superstars-for-free-spins/" "Mozilla/5.0 AppleWebKit/537.36 (KHTML, like Gecko; compatible; GPTBot/1.4; +https://openai.com/gptbot)"
216.73.217.103 - - [23/Jun/2026:06:04:23 -0700] "GET /?p=163147 HTTP/2" 301 0 "-" "Mozilla/5.0 AppleWebKit/537.36 (KHTML, like Gecko; compatible; ClaudeBot/1.0; +claudebot@anthropic.com)"
216.73.217.103 - - [23/Jun/2026:06:04:24 -0700] "GET /?p=164150 HTTP/2" 301 0 "-" "Mozilla/5.0 AppleWebKit/537.36 (KHTML, like Gecko; compatible; ClaudeBot/1.0; +claudebot@anthropic.com)"
74.7.241.32 - - [23/Jun/2026:06:04:24 -0700] "GET /wp-json/oembed/1.0/embed?format=xml&url=https%3A%2F%2Fdealzandfreebies.com%2F2026%2F06%2F23%2Fnachfolgende-fragestellung-aufwarts-unserem-erfolgreichsten-moglich-casino-ist-und-bleibt-auf-diese-weise-altbacken-wie-unser-glucksspiel-meinereiner%2F HTTP/2" 200 1228 "https://dealzandfreebies.com/2026/06/23/nachfolgende-fragestellung-aufwarts-unserem-erfolgreichsten-moglich-casino-ist-und-bleibt-auf-diese-weise-altbacken-wie-unser-glucksspiel-meinereiner/" "Mozilla/5.0 AppleWebKit/537.36 (KHTML, like Gecko; compatible; GPTBot/1.4; +https://openai.com/gptbot)"
216.73.217.103 - - [23/Jun/2026:06:04:24 -0700] "GET /2026/06/23/online-poker-belgi/ HTTP/2" 200 29792 "https://dealzandfreebies.com/?p=163147" "Mozilla/5.0 AppleWebKit/537.36 (KHTML, like Gecko; compatible; ClaudeBot/1.0; +claudebot@anthropic.com)"
74.7.241.32 - - [23/Jun/2026:06:04:24 -0700] "GET /wp-json/oembed/1.0/embed?format=xml&url=https%3A%2F%2Fdealzandfreebies.com%2F2026%2F06%2F19%2Feres-gefordert-provably-lassig-gaming-bei-dem-ergebnisse-transaktionen-unabdingbar-weiters-nach-handen-glucksspieler-beobachtbar-eignen%2F HTTP/2" 200 1237 "https://dealzandfreebies.com/2026/06/19/eres-gefordert-provably-lassig-gaming-bei-dem-ergebnisse-transaktionen-unabdingbar-weiters-nach-handen-glucksspieler-beobachtbar-eignen/" "Mozilla/5.0 AppleWebKit/537.36 (KHTML, like Gecko; compatible; GPTBot/1.4; +https://openai.com/gptbot)"
216.73.217.103 - - [23/Jun/2026:06:04:24 -0700] "GET /2026/06/23/they-have-been-everything-anywhere-between-an-educated-commission-casinos-on-the-highest-purchasing-ports/ HTTP/2" 200 27985 "https://dealzandfreebies.com/?p=164150" "Mozilla/5.0 AppleWebKit/537.36 (KHTML, like Gecko; compatible; ClaudeBot/1.0; +claudebot@anthropic.com)"
136.243.228.180 - - [23/Jun/2026:06:04:24 -0700] "GET /2026/06/17/getting-unsolved-problems-ll-european-countries-issues-members-on-the-casinoreviews-as-the-designated-adr-provider/ HTTP/1.1" 200 27840 "-" "Mozilla/5.0 (compatible; DataForSeoBot/1.0; +https://dataforseo.com/dataforseo-bot)"
74.7.241.32 - - [23/Jun/2026:06:04:25 -0700] "GET /?p=165323 HTTP/2" 301 0 "https://dealzandfreebies.com/2026/06/23/mastering-the-wild-robin-bonus-an-expert-guide/" "Mozilla/5.0 AppleWebKit/537.36 (KHTML, like Gecko; compatible; GPTBot/1.4; +https://openai.com/gptbot)"
216.73.217.103 - - [23/Jun/2026:06:04:25 -0700] "GET /?p=164274 HTTP/2" 301 0 "-" "Mozilla/5.0 AppleWebKit/537.36 (KHTML, like Gecko; compatible; ClaudeBot/1.0; +claudebot@anthropic.com)"
74.7.241.32 - - [23/Jun/2026:06:04:25 -0700] "GET /?p=165549 HTTP/2" 301 0 "https://dealzandfreebies.com/2026/06/23/der-verlauf-ist-und-bleibt-stufenlos-sodass-die-leser-die-belohnungen-reibungslos-von-ursprung-angeschaltet-bedingen-im-stande-sein/" "Mozilla/5.0 AppleWebKit/537.36 (KHTML, like Gecko; compatible; GPTBot/1.4; +https://openai.com/gptbot)"
104.255.170.81 - - [23/Jun/2026:06:04:25 -0700] "POST /wp-cron.php?doing_wp_cron=1782219865.9435780048370361328125 HTTP/1.1" 200 0 "-" "WordPress/7.0; https://dealzandfreebies.com"
185.191.206.69 - - [23/Jun/2026:06:04:23 -0700] "POST /xmlrpc.php HTTP/1.1" 200 181 "-" "Mozilla/5.0 (Windows NT 10.0; Win64; x64) AppleWebKit/537.36 (KHTML, like Gecko) Chrome/114.0.0.0 Safari/537.36"
216.73.217.103 - - [23/Jun/2026:06:04:25 -0700] "GET /?p=164162 HTTP/2" 301 0 "-" "Mozilla/5.0 AppleWebKit/537.36 (KHTML, like Gecko; compatible; ClaudeBot/1.0; +claudebot@anthropic.com)"
104.166.189.244 - - [23/Jun/2026:06:04:23 -0700] "POST /xmlrpc.php HTTP/1.1" 200 9964 "-" "Mozilla/5.0 (Windows NT 10.0; Win64; x64) AppleWebKit/537.36 (KHTML, like Gecko) Chrome/114.0.0.0 Safari/537.36"
216.73.217.103 - - [23/Jun/2026:06:04:25 -0700] "GET /2026/06/23/vergunningen-overzicht/ HTTP/2" 200 29959 "https://dealzandfreebies.com/?p=164274" "Mozilla/5.0 AppleWebKit/537.36 (KHTML, like Gecko; compatible; ClaudeBot/1.0; +claudebot@anthropic.com)"
74.7.241.32 - - [23/Jun/2026:06:04:26 -0700] "GET /2026/06/23/das-wesentlicher-vorteil-ist-und-bleibt-so-sehr-welche-diese-android-application-des-jefe-casinos-alluberall-gewinn-im-stande-sein/ HTTP/2" 200 28599 "https://dealzandfreebies.com/2026/06/23/mastering-the-wild-robin-bonus-an-expert-guide/" "Mozilla/5.0 AppleWebKit/537.36 (KHTML, like Gecko; compatible; GPTBot/1.4; +https://openai.com/gptbot)"
216.73.217.103 - - [23/Jun/2026:06:04:26 -0700] "GET /2026/06/23/volte-mucchio-online-svizzeri-dovranno-procacciare-pagamenti-subitanei-come-ogni-gli-gente/ HTTP/2" 200 28076 "https://dealzandfreebies.com/?p=164162" "Mozilla/5.0 AppleWebKit/537.36 (KHTML, like Gecko; compatible; ClaudeBot/1.0; +claudebot@anthropic.com)"
104.166.189.244 - - [23/Jun/2026:06:04:26 -0700] "GET /2026/06/23/das-wesentlicher-vorteil-ist-und-bleibt-so-sehr-welche-diese-android-application-des-jefe-casinos-alluberall-gewinn-im-stande-sein/ HTTP/1.1" 200 143145 "-" "Mozilla/5.0 (Windows NT 10.0; rv:125.0) Gecko/20100101 Firefox/125.0"
74.7.241.32 - - [23/Jun/2026:06:04:27 -0700] "GET /2026/06/23/jocul-balta-pe-alt-nivel-concepe-in-autentificare-goldbet-mobil-maxbet-ro/ HTTP/2" 200 30813 "https://dealzandfreebies.com/2026/06/23/mastering-the-wild-robin-bonus-an-expert-guide/" "Mozilla/5.0 AppleWebKit/537.36 (KHTML, like Gecko; compatible; GPTBot/1.4; +https://openai.com/gptbot)"
178.159.37.5 - - [23/Jun/2026:06:04:27 -0700] "GET /2026/06/20/proverennye-kazino-onlajn-dlja-igry-bez-37-2/ HTTP/1.1" 200 38245 "-" "Screaming Frog SEO Spider/19.8"
74.7.241.32 - - [23/Jun/2026:06:04:28 -0700] "GET /wp-json/oembed/1.0/embed?url=https%3A%2F%2Fdealzandfreebies.com%2F2026%2F06%2F23%2Fder-verlauf-ist-und-bleibt-stufenlos-sodass-die-leser-die-belohnungen-reibungslos-von-ursprung-angeschaltet-bedingen-im-stande-sein%2F HTTP/2" 200 1174 "https://dealzandfreebies.com/2026/06/23/der-verlauf-ist-und-bleibt-stufenlos-sodass-die-leser-die-belohnungen-reibungslos-von-ursprung-angeschaltet-bedingen-im-stande-sein/" "Mozilla/5.0 AppleWebKit/537.36 (KHTML, like Gecko; compatible; GPTBot/1.4; +https://openai.com/gptbot)"
74.7.241.32 - - [23/Jun/2026:06:04:28 -0700] "GET /wp-json/wp/v2/posts/165323 HTTP/2" 200 2326 "https://dealzandfreebies.com/2026/06/23/mastering-the-wild-robin-bonus-an-expert-guide/" "Mozilla/5.0 AppleWebKit/537.36 (KHTML, like Gecko; compatible; GPTBot/1.4; +https://openai.com/gptbot)"
74.7.241.32 - - [23/Jun/2026:06:04:29 -0700] "GET /wp-json/wp/v2/posts/165549 HTTP/2" 200 3586 "https://dealzandfreebies.com/2026/06/23/der-verlauf-ist-und-bleibt-stufenlos-sodass-die-leser-die-belohnungen-reibungslos-von-ursprung-angeschaltet-bedingen-im-stande-sein/" "Mozilla/5.0 AppleWebKit/537.36 (KHTML, like Gecko; compatible; GPTBot/1.4; +https://openai.com/gptbot)"
136.243.228.180 - - [23/Jun/2026:06:04:28 -0700] "GET /2026/06/17/auonline-gambling-casino-sweden-casino-enterprise/ HTTP/1.1" 200 28814 "-" "Mozilla/5.0 (compatible; DataForSeoBot/1.0; +https://dataforseo.com/dataforseo-bot)"
47.82.11.78 - - [23/Jun/2026:06:04:29 -0700] "GET /2026/05/01/scommesse-e-fortuna-trova-il-casino-online-ideale/ HTTP/1.1" 200 28833 "https://dealzandfreebies.com/" "Mozilla/5.0 (Macintosh; Intel Mac OS X 10_15_7) AppleWebKit/537.36 (KHTML, like Gecko) Chrome/135.0.0.0 Safari/537.36"
74.7.241.32 - - [23/Jun/2026:06:04:29 -0700] "GET /wp-json/oembed/1.0/embed?url=https%3A%2F%2Fdealzandfreebies.com%2F2026%2F06%2F23%2Fmastering-the-wild-robin-bonus-an-expert-guide%2F HTTP/2" 200 1095 "https://dealzandfreebies.com/2026/06/23/mastering-the-wild-robin-bonus-an-expert-guide/" "Mozilla/5.0 AppleWebKit/537.36 (KHTML, like Gecko; compatible; GPTBot/1.4; +https://openai.com/gptbot)"
74.7.241.32 - - [23/Jun/2026:06:04:30 -0700] "GET /wp-json/oembed/1.0/embed?format=xml&url=https%3A%2F%2Fdealzandfreebies.com%2F2026%2F06%2F23%2Fder-verlauf-ist-und-bleibt-stufenlos-sodass-die-leser-die-belohnungen-reibungslos-von-ursprung-angeschaltet-bedingen-im-stande-sein%2F HTTP/2" 200 1201 "https://dealzandfreebies.com/2026/06/23/der-verlauf-ist-und-bleibt-stufenlos-sodass-die-leser-die-belohnungen-reibungslos-von-ursprung-angeschaltet-bedingen-im-stande-sein/" "Mozilla/5.0 AppleWebKit/537.36 (KHTML, like Gecko; compatible; GPTBot/1.4; +https://openai.com/gptbot)"
74.7.241.32 - - [23/Jun/2026:06:04:30 -0700] "GET /wp-json/oembed/1.0/embed?format=xml&url=https%3A%2F%2Fdealzandfreebies.com%2F2026%2F06%2F19%2Fwelche-person-inside-moglich-casinos-erfolgreich-sein-mochte-vermag-diese-sichersten-spielbank-begriffe-weiters-bonusbedingungen-kontakt-haben%2F HTTP/2" 200 1205 "https://dealzandfreebies.com/2026/06/19/welche-person-inside-moglich-casinos-erfolgreich-sein-mochte-vermag-diese-sichersten-spielbank-begriffe-weiters-bonusbedingungen-kontakt-haben/" "Mozilla/5.0 AppleWebKit/537.36 (KHTML, like Gecko; compatible; GPTBot/1.4; +https://openai.com/gptbot)"
74.7.241.32 - - [23/Jun/2026:06:04:31 -0700] "GET /wp-json/oembed/1.0/embed?format=xml&url=https%3A%2F%2Fdealzandfreebies.com%2F2026%2F06%2F23%2Fmost-useful-online-slots-games-having-2024-2025-the-ideal-20-need-play-selections%2F HTTP/2" 200 1149 "https://dealzandfreebies.com/2026/06/23/most-useful-online-slots-games-having-2024-2025-the-ideal-20-need-play-selections/" "Mozilla/5.0 AppleWebKit/537.36 (KHTML, like Gecko; compatible; GPTBot/1.4; +https://openai.com/gptbot)"
185.191.206.69 - - [23/Jun/2026:06:04:31 -0700] "POST /xmlrpc.php HTTP/1.1" 200 9713 "-" "Mozilla/5.0 (Windows NT 10.0; Win64; x64) AppleWebKit/537.36 (KHTML, like Gecko) Chrome/114.0.0.0 Safari/537.36"
74.7.241.32 - - [23/Jun/2026:06:04:31 -0700] "GET /wp-json/oembed/1.0/embed?format=xml&url=https%3A%2F%2Fdealzandfreebies.com%2F2026%2F06%2F19%2Fsportovni-coworking-prostory-praha-focus-update-a-149%2F HTTP/2" 200 1158 "https://dealzandfreebies.com/2026/06/19/sportovni-coworking-prostory-praha-focus-update-a-149/" "Mozilla/5.0 AppleWebKit/537.36 (KHTML, like Gecko; compatible; GPTBot/1.4; +https://openai.com/gptbot)"
57.141.18.78 - - [23/Jun/2026:06:04:31 -0700] "GET /2026/06/22/that-being-said-you-can-nonetheless-rating-a-welcome-added-bonus-from-0/ HTTP/2" 200 142248 "-" "meta-externalagent/1.1 (+https://developers.facebook.com/docs/sharing/webmasters/crawler)"
74.7.241.32 - - [23/Jun/2026:06:04:32 -0700] "GET /wp-json/oembed/1.0/embed?format=xml&url=https%3A%2F%2Fdealzandfreebies.com%2F2026%2F06%2F19%2Fextremely-gambling-enterprises-deal-with-notes-for-example-visa-and-charge-card-with-lowest-dumps-off-5-or-ten%2F HTTP/2" 200 1181 "https://dealzandfreebies.com/2026/06/19/extremely-gambling-enterprises-deal-with-notes-for-example-visa-and-charge-card-with-lowest-dumps-off-5-or-ten/" "Mozilla/5.0 AppleWebKit/537.36 (KHTML, like Gecko; compatible; GPTBot/1.4; +https://openai.com/gptbot)"
85.208.96.210 - - [23/Jun/2026:06:04:32 -0700] "GET /2026/06/22/il-blackjack-live-una-volta-abilita-di-artificio/ HTTP/1.1" 200 32600 "-" "Mozilla/5.0 (compatible; SemrushBot/7~bl; +http://www.semrush.com/bot.html)"
74.7.241.32 - - [23/Jun/2026:06:04:32 -0700] "GET /?p=165551 HTTP/2" 301 0 "https://dealzandfreebies.com/2026/06/23/das-wesentlicher-vorteil-ist-und-bleibt-so-sehr-welche-diese-android-application-des-jefe-casinos-alluberall-gewinn-im-stande-sein/" "Mozilla/5.0 AppleWebKit/537.36 (KHTML, like Gecko; compatible; GPTBot/1.4; +https://openai.com/gptbot)"
57.141.18.114 - - [23/Jun/2026:06:04:32 -0700] "GET /2026/06/22/delight-in-super-quick-weight-minutes-cutting-edge-provides-and-smooth-routing-for-a-seamless-and-funny-gambling-feel/ HTTP/2" 200 143257 "-" "meta-externalagent/1.1 (+https://developers.facebook.com/docs/sharing/webmasters/crawler)"
136.243.228.180 - - [23/Jun/2026:06:04:33 -0700] "GET /2026/06/17/the-others-display-falls-under-bingo-playing-replace-and-pool-gaming/ HTTP/1.1" 200 28578 "-" "Mozilla/5.0 (compatible; DataForSeoBot/1.0; +https://dataforseo.com/dataforseo-bot)"
74.7.241.32 - - [23/Jun/2026:06:04:33 -0700] "GET /2026/06/23/glucksspiele-bei-ein-spielhalle-werden-fur-mehrere-personen-dies-beliebter-unterhaltung/ HTTP/2" 200 28311 "https://dealzandfreebies.com/2026/06/23/das-wesentlicher-vorteil-ist-und-bleibt-so-sehr-welche-diese-android-application-des-jefe-casinos-alluberall-gewinn-im-stande-sein/" "Mozilla/5.0 AppleWebKit/537.36 (KHTML, like Gecko; compatible; GPTBot/1.4; +https://openai.com/gptbot)"
74.7.241.32 - - [23/Jun/2026:06:04:34 -0700] "GET /?p=165321 HTTP/2" 301 0 "https://dealzandfreebies.com/2026/06/23/jocul-balta-pe-alt-nivel-concepe-in-autentificare-goldbet-mobil-maxbet-ro/" "Mozilla/5.0 AppleWebKit/537.36 (KHTML, like Gecko; compatible; GPTBot/1.4; +https://openai.com/gptbot)"
74.7.241.32 - - [23/Jun/2026:06:04:34 -0700] "GET /2026/06/23/better-washington-online-casinos-inside-the-2026-casino-spinpug-casino-judge-websites-analyzed/ HTTP/2" 200 29344 "https://dealzandfreebies.com/2026/06/23/jocul-balta-pe-alt-nivel-concepe-in-autentificare-goldbet-mobil-maxbet-ro/" "Mozilla/5.0 AppleWebKit/537.36 (KHTML, like Gecko; compatible; GPTBot/1.4; +https://openai.com/gptbot)"
85.208.96.207 - - [23/Jun/2026:06:04:34 -0700] "GET /2026/06/21/migliori-scompiglio-non-aams-sicuri-mediante-italia-2026/ HTTP/1.1" 200 32097 "-" "Mozilla/5.0 (compatible; SemrushBot/7~bl; +http://www.semrush.com/bot.html)"
74.7.241.32 - - [23/Jun/2026:06:04:35 -0700] "GET /wp-json/oembed/1.0/embed?url=https%3A%2F%2Fdealzandfreebies.com%2F2026%2F06%2F23%2Fdas-wesentlicher-vorteil-ist-und-bleibt-so-sehr-welche-diese-android-application-des-jefe-casinos-alluberall-gewinn-im-stande-sein%2F HTTP/2" 200 1190 "https://dealzandfreebies.com/2026/06/23/das-wesentlicher-vorteil-ist-und-bleibt-so-sehr-welche-diese-android-application-des-jefe-casinos-alluberall-gewinn-im-stande-sein/" "Mozilla/5.0 AppleWebKit/537.36 (KHTML, like Gecko; compatible; GPTBot/1.4; +https://openai.com/gptbot)"
185.191.206.69 - - [23/Jun/2026:06:04:32 -0700] "GET /2026/06/23/glucksspiele-bei-ein-spielhalle-werden-fur-mehrere-personen-dies-beliebter-unterhaltung/ HTTP/1.1" 200 140740 "-" "Mozilla/5.0 (Windows NT 10.0; rv:109.0) Gecko/20100101 Firefox/115.0"
74.7.241.32 - - [23/Jun/2026:06:04:36 -0700] "GET /wp-json/oembed/1.0/embed?url=https%3A%2F%2Fdealzandfreebies.com%2F2026%2F06%2F23%2Fjocul-balta-pe-alt-nivel-concepe-in-autentificare-goldbet-mobil-maxbet-ro%2F HTTP/2" 200 1131 "https://dealzandfreebies.com/2026/06/23/jocul-balta-pe-alt-nivel-concepe-in-autentificare-goldbet-mobil-maxbet-ro/" "Mozilla/5.0 AppleWebKit/537.36 (KHTML, like Gecko; compatible; GPTBot/1.4; +https://openai.com/gptbot)"
136.243.228.180 - - [23/Jun/2026:06:04:36 -0700] "GET /2026/06/17/xparibet-sport-kitobi-mahalliy-sport-muxlislari-uchun-eng-yaxshi-koeffitsiyentlar/ HTTP/1.1" 200 27328 "-" "Mozilla/5.0 (compatible; DataForSeoBot/1.0; +https://dataforseo.com/dataforseo-bot)"
74.7.241.32 - - [23/Jun/2026:06:04:36 -0700] "GET /wp-json/wp/v2/posts/165321 HTTP/2" 200 5872 "https://dealzandfreebies.com/2026/06/23/jocul-balta-pe-alt-nivel-concepe-in-autentificare-goldbet-mobil-maxbet-ro/" "Mozilla/5.0 AppleWebKit/537.36 (KHTML, like Gecko; compatible; GPTBot/1.4; +https://openai.com/gptbot)"
74.7.241.32 - - [23/Jun/2026:06:04:37 -0700] "GET /wp-json/wp/v2/posts/165551 HTTP/2" 200 3782 "https://dealzandfreebies.com/2026/06/23/das-wesentlicher-vorteil-ist-und-bleibt-so-sehr-welche-diese-android-application-des-jefe-casinos-alluberall-gewinn-im-stande-sein/" "Mozilla/5.0 AppleWebKit/537.36 (KHTML, like Gecko; compatible; GPTBot/1.4; +https://openai.com/gptbot)"
185.191.171.17 - - [23/Jun/2026:06:04:37 -0700] "GET /2026/06/21/na-telefonie-musisz-uzyc-zalozyc-ice-casino-z-przegladarce-lub-po-prostu-za-pomoca-dedykowanej-aplikacja-mobilna-dla/ HTTP/1.1" 200 33971 "-" "Mozilla/5.0 (compatible; SemrushBot/7~bl; +http://www.semrush.com/bot.html)"
74.7.241.32 - - [23/Jun/2026:06:04:37 -0700] "GET /wp-json/oembed/1.0/embed?format=xml&url=https%3A%2F%2Fdealzandfreebies.com%2F2026%2F06%2F23%2Fdas-wesentlicher-vorteil-ist-und-bleibt-so-sehr-welche-diese-android-application-des-jefe-casinos-alluberall-gewinn-im-stande-sein%2F HTTP/2" 200 1217 "https://dealzandfreebies.com/2026/06/23/das-wesentlicher-vorteil-ist-und-bleibt-so-sehr-welche-diese-android-application-des-jefe-casinos-alluberall-gewinn-im-stande-sein/" "Mozilla/5.0 AppleWebKit/537.36 (KHTML, like Gecko; compatible; GPTBot/1.4; +https://openai.com/gptbot)"
74.7.241.32 - - [23/Jun/2026:06:04:38 -0700] "GET /wp-json/oembed/1.0/embed?format=xml&url=https%3A%2F%2Fdealzandfreebies.com%2F2026%2F06%2F23%2Fjocul-balta-pe-alt-nivel-concepe-in-autentificare-goldbet-mobil-maxbet-ro%2F HTTP/2" 200 1160 "https://dealzandfreebies.com/2026/06/23/jocul-balta-pe-alt-nivel-concepe-in-autentificare-goldbet-mobil-maxbet-ro/" "Mozilla/5.0 AppleWebKit/537.36 (KHTML, like Gecko; compatible; GPTBot/1.4; +https://openai.com/gptbot)"
74.7.241.32 - - [23/Jun/2026:06:04:39 -0700] "GET /wp-json/oembed/1.0/embed?format=xml&url=https%3A%2F%2Fdealzandfreebies.com%2F2026%2F06%2F23%2Fil-blackjack-live-una-modernita-vicenda-di-incontro%2F HTTP/2" 200 1115 "https://dealzandfreebies.com/2026/06/23/il-blackjack-live-una-modernita-vicenda-di-incontro/" "Mozilla/5.0 AppleWebKit/537.36 (KHTML, like Gecko; compatible; GPTBot/1.4; +https://openai.com/gptbot)"
74.7.241.32 - - [23/Jun/2026:06:04:39 -0700] "GET /wp-json/oembed/1.0/embed?format=xml&url=https%3A%2F%2Fdealzandfreebies.com%2F2026%2F06%2F23%2Fsenzaia-de-participant-furnizata-de-titlurile-mai-tinereasca-aparute-chamfer-sa-faca-uitate-jocurile-anterior-clasice%2F HTTP/2" 200 1187 "https://dealzandfreebies.com/2026/06/23/senzaia-de-participant-furnizata-de-titlurile-mai-tinereasca-aparute-chamfer-sa-faca-uitate-jocurile-anterior-clasice/" "Mozilla/5.0 AppleWebKit/537.36 (KHTML, like Gecko; compatible; GPTBot/1.4; +https://openai.com/gptbot)"
74.7.241.32 - - [23/Jun/2026:06:04:40 -0700] "GET /wp-json/oembed/1.0/embed?format=xml&url=https%3A%2F%2Fdealzandfreebies.com%2F2026%2F06%2F23%2Fho-incominciato-dubbio-involontariamente-proposito-dalla-rarita-in-maggioranza%2F HTTP/2" 200 1148 "https://dealzandfreebies.com/2026/06/23/ho-incominciato-dubbio-involontariamente-proposito-dalla-rarita-in-maggioranza/" "Mozilla/5.0 AppleWebKit/537.36 (KHTML, like Gecko; compatible; GPTBot/1.4; +https://openai.com/gptbot)"
104.255.170.81 - - [23/Jun/2026:06:04:40 -0700] "POST /wp-cron.php?doing_wp_cron=1782219880.5813651084899902343750 HTTP/1.1" 200 0 "-" "WordPress/7.0; https://dealzandfreebies.com"
104.166.189.244 - - [23/Jun/2026:06:04:38 -0700] "POST /xmlrpc.php HTTP/1.1" 200 181 "-" "Mozilla/5.0 (Windows NT 10.0; Win64; x64) AppleWebKit/537.36 (KHTML, like Gecko) Chrome/114.0.0.0 Safari/537.36"
74.7.241.32 - - [23/Jun/2026:06:04:40 -0700] "GET /?p=165553 HTTP/2" 301 0 "https://dealzandfreebies.com/2026/06/23/glucksspiele-bei-ein-spielhalle-werden-fur-mehrere-personen-dies-beliebter-unterhaltung/" "Mozilla/5.0 AppleWebKit/537.36 (KHTML, like Gecko; compatible; GPTBot/1.4; +https://openai.com/gptbot)"
74.7.241.32 - - [23/Jun/2026:06:04:41 -0700] "GET /?p=165318 HTTP/2" 301 0 "https://dealzandfreebies.com/2026/06/23/better-washington-online-casinos-inside-the-2026-casino-spinpug-casino-judge-websites-analyzed/" "Mozilla/5.0 AppleWebKit/537.36 (KHTML, like Gecko; compatible; GPTBot/1.4; +https://openai.com/gptbot)"
136.243.228.180 - - [23/Jun/2026:06:04:41 -0700] "GET /2026/06/17/local-casino-can-be-applied-detachment-limitations-to-progressive-jackpot-growth/ HTTP/1.1" 200 27641 "-" "Mozilla/5.0 (compatible; DataForSeoBot/1.0; +https://dataforseo.com/dataforseo-bot)"
74.7.241.32 - - [23/Jun/2026:06:04:41 -0700] "GET /2026/06/23/free-revolves-no-deposit-uk-2026-incentives-normally-deal-with-or-restriction-individuals-payment-strategies-whenever-claiming/ HTTP/2" 200 27617 "https://dealzandfreebies.com/2026/06/23/better-washington-online-casinos-inside-the-2026-casino-spinpug-casino-judge-websites-analyzed/" "Mozilla/5.0 AppleWebKit/537.36 (KHTML, like Gecko; compatible; GPTBot/1.4; +https://openai.com/gptbot)"
193.194.106.44 - - [23/Jun/2026:06:04:42 -0700] "GET /robots.txt HTTP/1.1" 200 70 "-" "Mozilla/5.0 (Linux; Android 6.0.1; Nexus 5X Build/MMB29P) AppleWebKit/537.36 (KHTML, like Gecko) Chrome/139.0.7258.156 Mobile Safari/537.36 (compatible; Googlebot/2.1; +http://www.google.com/bot.html)"
74.7.241.32 - - [23/Jun/2026:06:04:42 -0700] "GET /wp-json/oembed/1.0/embed?url=https%3A%2F%2Fdealzandfreebies.com%2F2026%2F06%2F23%2Fglucksspiele-bei-ein-spielhalle-werden-fur-mehrere-personen-dies-beliebter-unterhaltung%2F HTTP/2" 200 1133 "https://dealzandfreebies.com/2026/06/23/glucksspiele-bei-ein-spielhalle-werden-fur-mehrere-personen-dies-beliebter-unterhaltung/" "Mozilla/5.0 AppleWebKit/537.36 (KHTML, like Gecko; compatible; GPTBot/1.4; +https://openai.com/gptbot)"
193.194.106.44 - - [23/Jun/2026:06:04:43 -0700] "GET /2026/06/22/im-bann-von-wildrobin-casino-neue-spielerwelten-entdecken/ HTTP/1.1" 200 33493 "-" "Mozilla/5.0 (Linux; Android 6.0.1; Nexus 5X Build/MMB29P) AppleWebKit/537.36 (KHTML, like Gecko) Chrome/139.0.7258.156 Mobile Safari/537.36 (compatible; Googlebot/2.1; +http://www.google.com/bot.html)"
74.7.241.32 - - [23/Jun/2026:06:04:43 -0700] "GET /wp-json/oembed/1.0/embed?url=https%3A%2F%2Fdealzandfreebies.com%2F2026%2F06%2F23%2Fbetter-washington-online-casinos-inside-the-2026-casino-spinpug-casino-judge-websites-analyzed%2F HTTP/2" 200 1126 "https://dealzandfreebies.com/2026/06/23/better-washington-online-casinos-inside-the-2026-casino-spinpug-casino-judge-websites-analyzed/" "Mozilla/5.0 AppleWebKit/537.36 (KHTML, like Gecko; compatible; GPTBot/1.4; +https://openai.com/gptbot)"
74.7.241.32 - - [23/Jun/2026:06:04:44 -0700] "GET /wp-json/wp/v2/posts/165553 HTTP/2" 200 3614 "https://dealzandfreebies.com/2026/06/23/glucksspiele-bei-ein-spielhalle-werden-fur-mehrere-personen-dies-beliebter-unterhaltung/" "Mozilla/5.0 AppleWebKit/537.36 (KHTML, like Gecko; compatible; GPTBot/1.4; +https://openai.com/gptbot)"
136.243.228.180 - - [23/Jun/2026:06:04:44 -0700] "GET /2026/06/17/ebendiese-durchschnittliche-auszahlungsquote-rtp-das-slots-liegt-entsprechend-name-meistens-nebst-zum-beispiel-90-und-1996/ HTTP/1.1" 200 29353 "-" "Mozilla/5.0 (compatible; DataForSeoBot/1.0; +https://dataforseo.com/dataforseo-bot)"
104.166.189.244 - - [23/Jun/2026:06:04:46 -0700] "POST /xmlrpc.php HTTP/1.1" 403 181 "-" "Mozilla/5.0 (Windows NT 10.0; Win64; x64) AppleWebKit/537.36 (KHTML, like Gecko) Chrome/114.0.0.0 Safari/537.36"
74.7.241.32 - - [23/Jun/2026:06:04:44 -0700] "GET /wp-json/wp/v2/posts/165318 HTTP/2" 200 4496 "https://dealzandfreebies.com/2026/06/23/better-washington-online-casinos-inside-the-2026-casino-spinpug-casino-judge-websites-analyzed/" "Mozilla/5.0 AppleWebKit/537.36 (KHTML, like Gecko; compatible; GPTBot/1.4; +https://openai.com/gptbot)"
216.73.217.103 - - [23/Jun/2026:06:04:47 -0700] "GET /?p=164068 HTTP/2" 301 0 "-" "Mozilla/5.0 AppleWebKit/537.36 (KHTML, like Gecko; compatible; ClaudeBot/1.0; +claudebot@anthropic.com)"
216.73.217.103 - - [23/Jun/2026:06:04:47 -0700] "GET /?p=164176 HTTP/2" 301 0 "-" "Mozilla/5.0 AppleWebKit/537.36 (KHTML, like Gecko; compatible; ClaudeBot/1.0; +claudebot@anthropic.com)"
216.73.217.103 - - [23/Jun/2026:06:04:47 -0700] "GET /2026/06/23/success-stories-with-verywell-casino-online-win-big-today/ HTTP/2" 200 27320 "https://dealzandfreebies.com/?p=164176" "Mozilla/5.0 AppleWebKit/537.36 (KHTML, like Gecko; compatible; ClaudeBot/1.0; +claudebot@anthropic.com)"
216.73.217.103 - - [23/Jun/2026:06:04:47 -0700] "GET /2026/06/23/leovegas-bonus-in-assenza-di-terra-50-free-spins/ HTTP/2" 200 27981 "https://dealzandfreebies.com/?p=164068" "Mozilla/5.0 AppleWebKit/537.36 (KHTML, like Gecko; compatible; ClaudeBot/1.0; +claudebot@anthropic.com)"
74.7.241.32 - - [23/Jun/2026:06:04:47 -0700] "GET /wp-json/oembed/1.0/embed?format=xml&url=https%3A%2F%2Fdealzandfreebies.com%2F2026%2F06%2F23%2Fglucksspiele-bei-ein-spielhalle-werden-fur-mehrere-personen-dies-beliebter-unterhaltung%2F HTTP/2" 200 1155 "https://dealzandfreebies.com/2026/06/23/glucksspiele-bei-ein-spielhalle-werden-fur-mehrere-personen-dies-beliebter-unterhaltung/" "Mozilla/5.0 AppleWebKit/537.36 (KHTML, like Gecko; compatible; GPTBot/1.4; +https://openai.com/gptbot)"
216.73.217.103 - - [23/Jun/2026:06:04:49 -0700] "GET /?p=164130 HTTP/2" 301 0 "-" "Mozilla/5.0 AppleWebKit/537.36 (KHTML, like Gecko; compatible; ClaudeBot/1.0; +claudebot@anthropic.com)"
216.73.217.103 - - [23/Jun/2026:06:04:48 -0700] "GET /?p=160240 HTTP/2" 301 0 "-" "Mozilla/5.0 AppleWebKit/537.36 (KHTML, like Gecko; compatible; ClaudeBot/1.0; +claudebot@anthropic.com)"
74.7.241.32 - - [23/Jun/2026:06:04:57 -0700] "GET /wp-json/oembed/1.0/embed?format=xml&url=https%3A%2F%2Fdealzandfreebies.com%2F2026%2F06%2F23%2Fafla-in-la-continuare-exact-cum-activezi-fiecare-conti-casino-extra-in-loc-de-depunere-de-asemenea-i-exact-ce-condiii-se-aplica%2F HTTP/2" 200 1208 "https://dealzandfreebies.com/2026/06/23/afla-in-la-continuare-exact-cum-activezi-fiecare-conti-casino-extra-in-loc-de-depunere-de-asemenea-i-exact-ce-condiii-se-aplica/" "Mozilla/5.0 AppleWebKit/537.36 (KHTML, like Gecko; compatible; GPTBot/1.4; +https://openai.com/gptbot)"
216.73.217.103 - - [23/Jun/2026:06:04:55 -0700] "GET /?p=163077 HTTP/2" 301 0 "-" "Mozilla/5.0 AppleWebKit/537.36 (KHTML, like Gecko; compatible; ClaudeBot/1.0; +claudebot@anthropic.com)"
216.73.217.103 - - [23/Jun/2026:06:04:55 -0700] "GET /?p=162218 HTTP/2" 301 0 "-" "Mozilla/5.0 AppleWebKit/537.36 (KHTML, like Gecko; compatible; ClaudeBot/1.0; +claudebot@anthropic.com)"
216.73.217.103 - - [23/Jun/2026:06:04:58 -0700] "GET /2026/06/22/ho-adepto-dubbio-istintivamente-intenzione-dalla-stranezza-piu-che-altro/ HTTP/2" 200 0 "https://dealzandfreebies.com/?p=160240" "Mozilla/5.0 AppleWebKit/537.36 (KHTML, like Gecko; compatible; ClaudeBot/1.0; +claudebot@anthropic.com)"
57.141.18.81 - - [23/Jun/2026:06:04:58 -0700] "GET /wp-json/oembed/1.0/embed?url=https%3A%2F%2Fdealzandfreebies.com%2F2026%2F06%2F21%2Fscompiglio-online-stranieri-i-migliori-2025%2F HTTP/2" 200 2391 "-" "meta-externalagent/1.1 (+https://developers.facebook.com/docs/sharing/webmasters/crawler)"
74.7.241.32 - - [23/Jun/2026:06:04:58 -0700] "GET /wp-json/oembed/1.0/embed?format=xml&url=https%3A%2F%2Fdealzandfreebies.com%2F2026%2F06%2F19%2Fes-handelt-sich-hierbei-um-12-for-free-spins-nachfolgende-ihr-je-ebendiese-verifizierung-eurer-mobilnummer-erhaltet%2F HTTP/2" 200 1194 "https://dealzandfreebies.com/2026/06/19/es-handelt-sich-hierbei-um-12-for-free-spins-nachfolgende-ihr-je-ebendiese-verifizierung-eurer-mobilnummer-erhaltet/" "Mozilla/5.0 AppleWebKit/537.36 (KHTML, like Gecko; compatible; GPTBot/1.4; +https://openai.com/gptbot)"
216.73.217.103 - - [23/Jun/2026:06:04:58 -0700] "GET /2026/06/23/lista-kontrolna-czolowych-praca-oprogramowania-ktorzy-maja-zasilaja-rachunek-kasyno-hazardowe-trzymac-10-zl-bylo-epopeja/ HTTP/2" 200 0 "https://dealzandfreebies.com/?p=164130" "Mozilla/5.0 AppleWebKit/537.36 (KHTML, like Gecko; compatible; ClaudeBot/1.0; +claudebot@anthropic.com)"
216.73.217.103 - - [23/Jun/2026:06:04:58 -0700] "GET /2026/06/23/chto-takoe-data-science-i-kak-dejstvujut-jeksperty-2/ HTTP/2" 200 32406 "https://dealzandfreebies.com/?p=162218" "Mozilla/5.0 AppleWebKit/537.36 (KHTML, like Gecko; compatible; ClaudeBot/1.0; +claudebot@anthropic.com)"
31.59.137.78 - - [23/Jun/2026:06:04:55 -0700] "GET /2026/05/25/online-casino-buitenland-ervaringen-en-voordelen-375/ HTTP/1.1" 200 27245 "https://dealzandfreebies.com/" "Mozilla/5.0 (X11; Linux x86_64) AppleWebKit/537.36 (KHTML, like Gecko) Chrome/144.0.0.0 Safari/537.36"
136.243.228.180 - - [23/Jun/2026:06:04:48 -0700] "GET /2026/06/17/jeglicher-selbige-aufregenden-echtgeldspiele-vorschlag-der-erlebnis-unser-seinesgleichen-suchtverhalten-unter-zuhilfenahme-von-breit-gefacherten-dealern-weiters-atemberaubenden-hintergrunden/ HTTP/1.1" 200 29658 "-" "Mozilla/5.0 (compatible; DataForSeoBot/1.0; +https://dataforseo.com/dataforseo-bot)"
74.7.241.32 - - [23/Jun/2026:06:04:59 -0700] "GET /wp-json/oembed/1.0/embed?format=xml&url=https%3A%2F%2Fdealzandfreebies.com%2F2026%2F06%2F23%2Fgioca-alle-slot-machine-a-titolo-di-favore-nel-casino-online%2F HTTP/2" 200 1139 "https://dealzandfreebies.com/2026/06/23/gioca-alle-slot-machine-a-titolo-di-favore-nel-casino-online/" "Mozilla/5.0 AppleWebKit/537.36 (KHTML, like Gecko; compatible; GPTBot/1.4; +https://openai.com/gptbot)"
216.73.217.103 - - [23/Jun/2026:06:04:58 -0700] "GET /2026/06/23/if-you-enjoy-personal-dining-tables-some-british-labels-possess-well-known-lay-ups/ HTTP/2" 200 29447 "https://dealzandfreebies.com/?p=163077" "Mozilla/5.0 AppleWebKit/537.36 (KHTML, like Gecko; compatible; ClaudeBot/1.0; +claudebot@anthropic.com)"
216.73.217.103 - - [23/Jun/2026:06:05:00 -0700] "GET /?p=164140 HTTP/2" 301 0 "-" "Mozilla/5.0 AppleWebKit/537.36 (KHTML, like Gecko; compatible; ClaudeBot/1.0; +claudebot@anthropic.com)"
74.7.241.32 - - [23/Jun/2026:06:05:00 -0700] "GET /wp-json/oembed/1.0/embed?format=xml&url=https%3A%2F%2Fdealzandfreebies.com%2F2026%2F06%2F23%2Fbeste-verbunden-spielautomaten-casinos-2026-tagesordnungspunkt-slots-je-de%2F HTTP/2" 200 1164 "https://dealzandfreebies.com/2026/06/23/beste-verbunden-spielautomaten-casinos-2026-tagesordnungspunkt-slots-je-de/" "Mozilla/5.0 AppleWebKit/537.36 (KHTML, like Gecko; compatible; GPTBot/1.4; +https://openai.com/gptbot)"
74.7.241.32 - - [23/Jun/2026:06:05:01 -0700] "GET /wp-json/oembed/1.0/embed?format=xml&url=https%3A%2F%2Fdealzandfreebies.com%2F2026%2F06%2F23%2Fobecny-znajdziecie-wiekszosc-z-prawdziwy-bardzo-wazne-wskazowki-dla-wydawania-jakiekolwiek-miec-kasyno-depozyt-20-zl%2F HTTP/2" 200 1193 "https://dealzandfreebies.com/2026/06/23/obecny-znajdziecie-wiekszosc-z-prawdziwy-bardzo-wazne-wskazowki-dla-wydawania-jakiekolwiek-miec-kasyno-depozyt-20-zl/" "Mozilla/5.0 AppleWebKit/537.36 (KHTML, like Gecko; compatible; GPTBot/1.4; +https://openai.com/gptbot)"
216.73.217.103 - - [23/Jun/2026:06:05:01 -0700] "GET /?p=163620 HTTP/2" 301 0 "-" "Mozilla/5.0 AppleWebKit/537.36 (KHTML, like Gecko; compatible; ClaudeBot/1.0; +claudebot@anthropic.com)"
177.121.144.70 - - [23/Jun/2026:06:05:00 -0700] "GET /2026/06/21/of-a-lot-position-games-also-provide-features-particularly-megaways-otherwise-modern-jackpots/ HTTP/1.1" 200 28607 "-" "Mozilla/5.0 (Macintosh; PPC Mac OS X 10_10_1 rv:3.0; or-IN) AppleWebKit/532.38.4 (KHTML, like Gecko) Version/5.1 Safari/532.38.4"
74.7.241.32 - - [23/Jun/2026:06:05:01 -0700] "GET /wp-json/oembed/1.0/embed?format=xml&url=https%3A%2F%2Fdealzandfreebies.com%2F2026%2F06%2F19%2Fpossibly-casinos-offer-this-type-of-free-spins-on-the-several-games-or-most-of-the-games%2F HTTP/2" 200 1159 "https://dealzandfreebies.com/2026/06/19/possibly-casinos-offer-this-type-of-free-spins-on-the-several-games-or-most-of-the-games/" "Mozilla/5.0 AppleWebKit/537.36 (KHTML, like Gecko; compatible; GPTBot/1.4; +https://openai.com/gptbot)"
31.59.137.78 - - [23/Jun/2026:06:05:02 -0700] "GET /wp-content/themes/thrive-theme/inc/assets/dist/theme.css?ver=10.6.2 HTTP/1.1" 200 6486 "https://dealzandfreebies.com/2026/05/25/online-casino-buitenland-ervaringen-en-voordelen-375/" "Mozilla/5.0 (Windows NT 10.0; Win64; x64) AppleWebKit/537.36 (KHTML, like Gecko) Chrome/149.0.0.0 Safari/537.36"
136.243.228.180 - - [23/Jun/2026:06:05:01 -0700] "GET /2026/06/17/i-analyzed-the-video-game-options-checking-for-top-harbors-and-you-will-dining-table-games/ HTTP/1.1" 200 29180 "-" "Mozilla/5.0 (compatible; DataForSeoBot/1.0; +https://dataforseo.com/dataforseo-bot)"
216.73.217.103 - - [23/Jun/2026:06:05:01 -0700] "GET /2026/06/23/konsekvensen-av-gamification-p-kasinoengasjement-6/ HTTP/2" 200 26516 "https://dealzandfreebies.com/?p=163620" "Mozilla/5.0 AppleWebKit/537.36 (KHTML, like Gecko; compatible; ClaudeBot/1.0; +claudebot@anthropic.com)"
216.73.217.103 - - [23/Jun/2026:06:05:01 -0700] "GET /2026/06/23/posso-puntare-con-euro-sui-edificio-da-bazzecola-online-svizzera/ HTTP/2" 200 28077 "https://dealzandfreebies.com/?p=164140" "Mozilla/5.0 AppleWebKit/537.36 (KHTML, like Gecko; compatible; ClaudeBot/1.0; +claudebot@anthropic.com)"
74.7.241.32 - - [23/Jun/2026:06:05:02 -0700] "GET /?p=165317 HTTP/2" 301 0 "https://dealzandfreebies.com/2026/06/23/free-revolves-no-deposit-uk-2026-incentives-normally-deal-with-or-restriction-individuals-payment-strategies-whenever-claiming/" "Mozilla/5.0 AppleWebKit/537.36 (KHTML, like Gecko; compatible; GPTBot/1.4; +https://openai.com/gptbot)"
31.59.137.78 - - [23/Jun/2026:06:05:02 -0700] "GET /wp-content/themes/thrive-theme/style.css?ver=10.6.2 HTTP/1.1" 200 3881 "https://dealzandfreebies.com/2026/05/25/online-casino-buitenland-ervaringen-en-voordelen-375/" "Mozilla/5.0 (Windows NT 10.0; Win64; x64) AppleWebKit/537.36 (KHTML, like Gecko) Chrome/149.0.0.0 Safari/537.36"
31.59.137.78 - - [23/Jun/2026:06:05:03 -0700] "GET /wp-content/plugins/thrive-visual-editor/editor/css/thrive_flat.css?ver=10.6.2 HTTP/1.1" 200 166083 "https://dealzandfreebies.com/2026/05/25/online-casino-buitenland-ervaringen-en-voordelen-375/" "Mozilla/5.0 (Windows NT 10.0; Win64; x64) AppleWebKit/537.36 (KHTML, like Gecko) Chrome/149.0.0.0 Safari/537.36"
74.7.241.32 - - [23/Jun/2026:06:05:02 -0700] "GET /2026/06/23/cele-casino-mermaids-pearl-apasator-cool-jocuri-de-norocire-deasupra-mobil/ HTTP/2" 200 30523 "https://dealzandfreebies.com/2026/06/23/free-revolves-no-deposit-uk-2026-incentives-normally-deal-with-or-restriction-individuals-payment-strategies-whenever-claiming/" "Mozilla/5.0 AppleWebKit/537.36 (KHTML, like Gecko; compatible; GPTBot/1.4; +https://openai.com/gptbot)"
31.59.137.78 - - [23/Jun/2026:06:05:04 -0700] "GET /wp-content/uploads/thrive/theme-template-1739946060.css?ver=10.6.2 HTTP/1.1" 200 37834 "https://dealzandfreebies.com/2026/05/25/online-casino-buitenland-ervaringen-en-voordelen-375/" "Mozilla/5.0 (Windows NT 10.0; Win64; x64) AppleWebKit/537.36 (KHTML, like Gecko) Chrome/149.0.0.0 Safari/537.36"
185.191.171.8 - - [23/Jun/2026:06:05:03 -0700] "GET /2026/06/22/the-brand-new-gambling-establishment-daily-refreshes-its-promotions-that-will-help-look-after-strong-well-worth-for-active-returning-participants/ HTTP/1.1" 200 34620 "-" "Mozilla/5.0 (compatible; SemrushBot/7~bl; +http://www.semrush.com/bot.html)"
74.7.241.32 - - [23/Jun/2026:06:05:04 -0700] "GET /2026/06/23/sera-gibt-zweite-geige-die-eine-telefonhotline-sodass-du-auch-abgeschieden-vos-stay-chats-den-verbindungsperson-personal-verhoren-kannst/ HTTP/2" 200 28296 "https://dealzandfreebies.com/2026/06/23/free-revolves-no-deposit-uk-2026-incentives-normally-deal-with-or-restriction-individuals-payment-strategies-whenever-claiming/" "Mozilla/5.0 AppleWebKit/537.36 (KHTML, like Gecko; compatible; GPTBot/1.4; +https://openai.com/gptbot)"
74.7.241.32 - - [23/Jun/2026:06:05:05 -0700] "GET /wp-json/oembed/1.0/embed?url=https%3A%2F%2Fdealzandfreebies.com%2F2026%2F06%2F23%2Ffree-revolves-no-deposit-uk-2026-incentives-normally-deal-with-or-restriction-individuals-payment-strategies-whenever-claiming%2F HTTP/2" 200 1150 "https://dealzandfreebies.com/2026/06/23/free-revolves-no-deposit-uk-2026-incentives-normally-deal-with-or-restriction-individuals-payment-strategies-whenever-claiming/" "Mozilla/5.0 AppleWebKit/537.36 (KHTML, like Gecko; compatible; GPTBot/1.4; +https://openai.com/gptbot)"
136.243.228.180 - - [23/Jun/2026:06:05:05 -0700] "GET /2026/06/17/angeschlossen-casino-via-handyguthaben-bezahlen-inside-teutonia/ HTTP/1.1" 200 30115 "-" "Mozilla/5.0 (compatible; DataForSeoBot/1.0; +https://dataforseo.com/dataforseo-bot)"
31.59.137.78 - - [23/Jun/2026:06:05:05 -0700] "GET /2026/05/25/le-bandit-slot-i-sverige-spela-online-med-rtp-96-3/ HTTP/1.1" 200 27941 "https://dealzandfreebies.com/2026/05/25/le-bandit-slot-i-sverige-spela-online-med-rtp-96-3/" "Mozilla/5.0 (X11; Linux x86_64) AppleWebKit/537.36 (KHTML, like Gecko) Chrome/144.0.0.0 Safari/537.36"
74.7.241.32 - - [23/Jun/2026:06:05:06 -0700] "GET /wp-json/wp/v2/posts/165317 HTTP/2" 200 2694 "https://dealzandfreebies.com/2026/06/23/free-revolves-no-deposit-uk-2026-incentives-normally-deal-with-or-restriction-individuals-payment-strategies-whenever-claiming/" "Mozilla/5.0 AppleWebKit/537.36 (KHTML, like Gecko; compatible; GPTBot/1.4; +https://openai.com/gptbot)"
43.172.194.246 - - [23/Jun/2026:06:05:06 -0700] "GET /2026/06/19/gratisbingo-idraet-coinpoker-pa-nettet HTTP/1.1" 301 0 "-" "Mozilla/5.0 (Windows NT 10.0; Win64; x64) AppleWebKit/537.36 (KHTML, like Gecko) Chrome/103.0.0.0 Safari/537.36"
74.7.241.32 - - [23/Jun/2026:06:05:06 -0700] "GET /wp-json/oembed/1.0/embed?format=xml&url=https%3A%2F%2Fdealzandfreebies.com%2F2026%2F06%2F23%2Ffree-revolves-no-deposit-uk-2026-incentives-normally-deal-with-or-restriction-individuals-payment-strategies-whenever-claiming%2F HTTP/2" 200 1185 "https://dealzandfreebies.com/2026/06/23/free-revolves-no-deposit-uk-2026-incentives-normally-deal-with-or-restriction-individuals-payment-strategies-whenever-claiming/" "Mozilla/5.0 AppleWebKit/537.36 (KHTML, like Gecko; compatible; GPTBot/1.4; +https://openai.com/gptbot)"
74.7.241.32 - - [23/Jun/2026:06:05:07 -0700] "GET /wp-json/oembed/1.0/embed?format=xml&url=https%3A%2F%2Fdealzandfreebies.com%2F2026%2F06%2F23%2Ffolgende-benutzerfreundliche-seite-die-eine-groiye-selektion-eingeschaltet-zum-besten-geben-oder-schnelle-auszahlungen%2F HTTP/2" 200 1206 "https://dealzandfreebies.com/2026/06/23/folgende-benutzerfreundliche-seite-die-eine-groiye-selektion-eingeschaltet-zum-besten-geben-oder-schnelle-auszahlungen/" "Mozilla/5.0 AppleWebKit/537.36 (KHTML, like Gecko; compatible; GPTBot/1.4; +https://openai.com/gptbot)"
74.7.241.32 - - [23/Jun/2026:06:05:07 -0700] "GET /wp-json/oembed/1.0/embed?format=xml&url=https%3A%2F%2Fdealzandfreebies.com%2F2026%2F06%2F23%2Fin-diesem-musizieren-beherrschen-sie-ihre-gewinne-unter-zuhilfenahme-von-diverse-perfekte-zahlungsmethoden-lohnen-lizenzieren%2F HTTP/2" 200 1194 "https://dealzandfreebies.com/2026/06/23/in-diesem-musizieren-beherrschen-sie-ihre-gewinne-unter-zuhilfenahme-von-diverse-perfekte-zahlungsmethoden-lohnen-lizenzieren/" "Mozilla/5.0 AppleWebKit/537.36 (KHTML, like Gecko; compatible; GPTBot/1.4; +https://openai.com/gptbot)"
43.172.198.223 - - [23/Jun/2026:06:05:07 -0700] "GET /2026/06/19/gratisbingo-idraet-coinpoker-pa-nettet/ HTTP/1.1" 200 33547 "-" "Mozilla/5.0 (Windows NT 10.0; Win64; x64) AppleWebKit/537.36 (KHTML, like Gecko) Chrome/103.0.0.0 Safari/537.36"
74.7.241.32 - - [23/Jun/2026:06:05:08 -0700] "GET /wp-json/oembed/1.0/embed?format=xml&url=https%3A%2F%2Fdealzandfreebies.com%2F2026%2F06%2F19%2Ffree-revolves-no-deposit-british-the-fresh%2F HTTP/2" 200 1110 "https://dealzandfreebies.com/2026/06/19/free-revolves-no-deposit-british-the-fresh/" "Mozilla/5.0 AppleWebKit/537.36 (KHTML, like Gecko; compatible; GPTBot/1.4; +https://openai.com/gptbot)"
74.7.241.32 - - [23/Jun/2026:06:05:10 -0700] "GET /wp-json/oembed/1.0/embed?format=xml&url=https%3A%2F%2Fdealzandfreebies.com%2F2026%2F06%2F23%2Fw-tym-samym-czasie-optymalna-wyplata-z-bonusu-bez-depozytu-nie-powinien-przewyzszyc-125-zlotych%2F HTTP/2" 200 1187 "https://dealzandfreebies.com/2026/06/23/w-tym-samym-czasie-optymalna-wyplata-z-bonusu-bez-depozytu-nie-powinien-przewyzszyc-125-zlotych/" "Mozilla/5.0 AppleWebKit/537.36 (KHTML, like Gecko; compatible; GPTBot/1.4; +https://openai.com/gptbot)"
74.7.241.32 - - [23/Jun/2026:06:05:11 -0700] "GET /wp-json/oembed/1.0/embed?format=xml&url=https%3A%2F%2Fdealzandfreebies.com%2F2026%2F06%2F23%2Fseafood-sopranos-1-deposit-people-position-play-the-microgaming-casino-games-free-of-charge%2F HTTP/2" 200 1172 "https://dealzandfreebies.com/2026/06/23/seafood-sopranos-1-deposit-people-position-play-the-microgaming-casino-games-free-of-charge/" "Mozilla/5.0 AppleWebKit/537.36 (KHTML, like Gecko; compatible; GPTBot/1.4; +https://openai.com/gptbot)"
74.7.241.32 - - [23/Jun/2026:06:05:12 -0700] "GET /wp-json/oembed/1.0/embed?format=xml&url=https%3A%2F%2Fdealzandfreebies.com%2F2026%2F06%2F19%2Fbetter-online-slots-gambling-enterprises-united-states-of-bonus-100-teambet-casino-america%2F HTTP/2" 200 1158 "https://dealzandfreebies.com/2026/06/19/better-online-slots-gambling-enterprises-united-states-of-bonus-100-teambet-casino-america/" "Mozilla/5.0 AppleWebKit/537.36 (KHTML, like Gecko; compatible; GPTBot/1.4; +https://openai.com/gptbot)"
136.243.228.180 - - [23/Jun/2026:06:05:11 -0700] "GET /2026/06/17/tasmania-jackjumpers-facing-perth-wildcats-anticipate-gambling-info/ HTTP/1.1" 200 28179 "-" "Mozilla/5.0 (compatible; DataForSeoBot/1.0; +https://dataforseo.com/dataforseo-bot)"
74.7.241.32 - - [23/Jun/2026:06:05:12 -0700] "GET /?p=165315 HTTP/2" 301 0 "https://dealzandfreebies.com/2026/06/23/cele-casino-mermaids-pearl-apasator-cool-jocuri-de-norocire-deasupra-mobil/" "Mozilla/5.0 AppleWebKit/537.36 (KHTML, like Gecko; compatible; GPTBot/1.4; +https://openai.com/gptbot)"
74.7.241.32 - - [23/Jun/2026:06:05:13 -0700] "GET /?p=165555 HTTP/2" 301 0 "https://dealzandfreebies.com/2026/06/23/sera-gibt-zweite-geige-die-eine-telefonhotline-sodass-du-auch-abgeschieden-vos-stay-chats-den-verbindungsperson-personal-verhoren-kannst/" "Mozilla/5.0 AppleWebKit/537.36 (KHTML, like Gecko; compatible; GPTBot/1.4; +https://openai.com/gptbot)"
43.173.173.109 - - [23/Jun/2026:06:05:14 -0700] "POST /wp-admin/admin-ajax.php HTTP/1.1" 200 22 "https://dealzandfreebies.com/2026/06/19/gratisbingo-idraet-coinpoker-pa-nettet/" "Mozilla/5.0 (Windows NT 10.0; Win64; x64) AppleWebKit/537.36 (KHTML, like Gecko) Chrome/103.0.0.0 Safari/537.36"
74.7.241.32 - - [23/Jun/2026:06:05:13 -0700] "GET /2026/06/23/bank-zonder-cruks-2026-gokken-buiten-cruks-top-10/ HTTP/2" 200 29719 "https://dealzandfreebies.com/2026/06/23/cele-casino-mermaids-pearl-apasator-cool-jocuri-de-norocire-deasupra-mobil/" "Mozilla/5.0 AppleWebKit/537.36 (KHTML, like Gecko; compatible; GPTBot/1.4; +https://openai.com/gptbot)"
74.7.241.32 - - [23/Jun/2026:06:05:15 -0700] "GET /wp-json/oembed/1.0/embed?url=https%3A%2F%2Fdealzandfreebies.com%2F2026%2F06%2F23%2Fsera-gibt-zweite-geige-die-eine-telefonhotline-sodass-du-auch-abgeschieden-vos-stay-chats-den-verbindungsperson-personal-verhoren-kannst%2F HTTP/2" 200 1202 "https://dealzandfreebies.com/2026/06/23/sera-gibt-zweite-geige-die-eine-telefonhotline-sodass-du-auch-abgeschieden-vos-stay-chats-den-verbindungsperson-personal-verhoren-kannst/" "Mozilla/5.0 AppleWebKit/537.36 (KHTML, like Gecko; compatible; GPTBot/1.4; +https://openai.com/gptbot)"
136.243.228.180 - - [23/Jun/2026:06:05:14 -0700] "GET /2026/06/17/short-online-casino-masters-disadvantages/ HTTP/1.1" 200 27770 "-" "Mozilla/5.0 (compatible; DataForSeoBot/1.0; +https://dataforseo.com/dataforseo-bot)"
74.7.241.32 - - [23/Jun/2026:06:05:15 -0700] "GET /wp-json/oembed/1.0/embed?url=https%3A%2F%2Fdealzandfreebies.com%2F2026%2F06%2F23%2Fcele-casino-mermaids-pearl-apasator-cool-jocuri-de-norocire-deasupra-mobil%2F HTTP/2" 200 1125 "https://dealzandfreebies.com/2026/06/23/cele-casino-mermaids-pearl-apasator-cool-jocuri-de-norocire-deasupra-mobil/" "Mozilla/5.0 AppleWebKit/537.36 (KHTML, like Gecko; compatible; GPTBot/1.4; +https://openai.com/gptbot)"
74.7.241.32 - - [23/Jun/2026:06:05:16 -0700] "GET /wp-json/wp/v2/posts/165315 HTTP/2" 200 5489 "https://dealzandfreebies.com/2026/06/23/cele-casino-mermaids-pearl-apasator-cool-jocuri-de-norocire-deasupra-mobil/" "Mozilla/5.0 AppleWebKit/537.36 (KHTML, like Gecko; compatible; GPTBot/1.4; +https://openai.com/gptbot)"
74.7.241.32 - - [23/Jun/2026:06:05:16 -0700] "GET /wp-json/wp/v2/posts/165555 HTTP/2" 200 3523 "https://dealzandfreebies.com/2026/06/23/sera-gibt-zweite-geige-die-eine-telefonhotline-sodass-du-auch-abgeschieden-vos-stay-chats-den-verbindungsperson-personal-verhoren-kannst/" "Mozilla/5.0 AppleWebKit/537.36 (KHTML, like Gecko; compatible; GPTBot/1.4; +https://openai.com/gptbot)"
74.7.241.32 - - [23/Jun/2026:06:05:17 -0700] "GET /wp-json/oembed/1.0/embed?format=xml&url=https%3A%2F%2Fdealzandfreebies.com%2F2026%2F06%2F23%2Fsera-gibt-zweite-geige-die-eine-telefonhotline-sodass-du-auch-abgeschieden-vos-stay-chats-den-verbindungsperson-personal-verhoren-kannst%2F HTTP/2" 200 1218 "https://dealzandfreebies.com/2026/06/23/sera-gibt-zweite-geige-die-eine-telefonhotline-sodass-du-auch-abgeschieden-vos-stay-chats-den-verbindungsperson-personal-verhoren-kannst/" "Mozilla/5.0 AppleWebKit/537.36 (KHTML, like Gecko; compatible; GPTBot/1.4; +https://openai.com/gptbot)"
74.7.241.32 - - [23/Jun/2026:06:05:18 -0700] "GET /wp-json/oembed/1.0/embed?format=xml&url=https%3A%2F%2Fdealzandfreebies.com%2F2026%2F06%2F23%2Fcele-casino-mermaids-pearl-apasator-cool-jocuri-de-norocire-deasupra-mobil%2F HTTP/2" 200 1160 "https://dealzandfreebies.com/2026/06/23/cele-casino-mermaids-pearl-apasator-cool-jocuri-de-norocire-deasupra-mobil/" "Mozilla/5.0 AppleWebKit/537.36 (KHTML, like Gecko; compatible; GPTBot/1.4; +https://openai.com/gptbot)"
136.243.228.180 - - [23/Jun/2026:06:05:18 -0700] "GET /2026/06/17/betmexico-is-the-place-thrill-match-top-quality-flipping-all-video-game-to-your-a-memorable-thrill/ HTTP/1.1" 200 28289 "-" "Mozilla/5.0 (compatible; DataForSeoBot/1.0; +https://dataforseo.com/dataforseo-bot)"
74.7.241.32 - - [23/Jun/2026:06:05:19 -0700] "GET /wp-json/oembed/1.0/embed?format=xml&url=https%3A%2F%2Fdealzandfreebies.com%2F2026%2F06%2F23%2Fdei-persista-urmatorul-5-zile-lucratoare-este-preferat-pentru-schimb-importante%2F HTTP/2" 200 1140 "https://dealzandfreebies.com/2026/06/23/dei-persista-urmatorul-5-zile-lucratoare-este-preferat-pentru-schimb-importante/" "Mozilla/5.0 AppleWebKit/537.36 (KHTML, like Gecko; compatible; GPTBot/1.4; +https://openai.com/gptbot)"
74.7.241.32 - - [23/Jun/2026:06:05:28 -0700] "GET /wp-json/oembed/1.0/embed?format=xml&url=https%3A%2F%2Fdealzandfreebies.com%2F2026%2F06%2F19%2Ffinest-online-slots-slingo-25-free-no-deposit-spins-games-the-real-deal-money-united-states%2F HTTP/2" 200 1163 "https://dealzandfreebies.com/2026/06/19/finest-online-slots-slingo-25-free-no-deposit-spins-games-the-real-deal-money-united-states/" "Mozilla/5.0 AppleWebKit/537.36 (KHTML, like Gecko; compatible; GPTBot/1.4; +https://openai.com/gptbot)"
57.141.18.26 - - [23/Jun/2026:06:05:28 -0700] "GET /2026/06/23/usually-favor-registered-gambling-enterprises-to-be-sure-fairness-and-you-can-transparency-for-the-game-play/ HTTP/2" 200 141208 "-" "meta-externalagent/1.1 (+https://developers.facebook.com/docs/sharing/webmasters/crawler)"
74.7.241.32 - - [23/Jun/2026:06:05:29 -0700] "GET /wp-json/oembed/1.0/embed?format=xml&url=https%3A%2F%2Fdealzandfreebies.com%2F2026%2F06%2F23%2Fno-deposit-extra-rules-australian-continent-2026-ndb-local-mr-cashman-slot-machine-casino-requirements%2F HTTP/2" 200 1174 "https://dealzandfreebies.com/2026/06/23/no-deposit-extra-rules-australian-continent-2026-ndb-local-mr-cashman-slot-machine-casino-requirements/" "Mozilla/5.0 AppleWebKit/537.36 (KHTML, like Gecko; compatible; GPTBot/1.4; +https://openai.com/gptbot)"
85.208.96.206 - - [23/Jun/2026:06:05:19 -0700] "GET /2026/06/20/focus-needed-money-train-2-online-cloudflare/ HTTP/1.1" 200 34838 "-" "Mozilla/5.0 (compatible; SemrushBot/7~bl; +http://www.semrush.com/bot.html)"
136.243.228.180 - - [23/Jun/2026:06:05:28 -0700] "GET /2026/06/17/gunstgewerblerin-suchleiste-hilft-in-voller-absicht-stichworte-einzugeben-oder-passende-waren-unmittelbar-anzuzeigen/ HTTP/1.1" 200 29566 "-" "Mozilla/5.0 (compatible; DataForSeoBot/1.0; +https://dataforseo.com/dataforseo-bot)"
74.7.241.32 - - [23/Jun/2026:06:05:29 -0700] "GET /wp-json/oembed/1.0/embed?format=xml&url=https%3A%2F%2Fdealzandfreebies.com%2F2026%2F06%2F19%2Fvery-its-difficult-to-say-which-is-the-natural-latest%2F HTTP/2" 200 1125 "https://dealzandfreebies.com/2026/06/19/very-its-difficult-to-say-which-is-the-natural-latest/" "Mozilla/5.0 AppleWebKit/537.36 (KHTML, like Gecko; compatible; GPTBot/1.4; +https://openai.com/gptbot)"
216.73.217.103 - - [23/Jun/2026:06:05:29 -0700] "GET /?p=163650 HTTP/2" 301 0 "-" "Mozilla/5.0 AppleWebKit/537.36 (KHTML, like Gecko; compatible; ClaudeBot/1.0; +claudebot@anthropic.com)"
74.7.241.32 - - [23/Jun/2026:06:05:30 -0700] "GET /?p=165313 HTTP/2" 301 0 "https://dealzandfreebies.com/2026/06/23/bank-zonder-cruks-2026-gokken-buiten-cruks-top-10/" "Mozilla/5.0 AppleWebKit/537.36 (KHTML, like Gecko; compatible; GPTBot/1.4; +https://openai.com/gptbot)"
216.73.217.103 - - [23/Jun/2026:06:05:30 -0700] "GET /?p=163536 HTTP/2" 301 0 "-" "Mozilla/5.0 AppleWebKit/537.36 (KHTML, like Gecko; compatible; ClaudeBot/1.0; +claudebot@anthropic.com)"
216.73.217.103 - - [23/Jun/2026:06:05:30 -0700] "GET /2026/06/23/che-prendere-il-compenso-benvenuto-dei-bufera-online/ HTTP/2" 200 28032 "https://dealzandfreebies.com/?p=163650" "Mozilla/5.0 AppleWebKit/537.36 (KHTML, like Gecko; compatible; ClaudeBot/1.0; +claudebot@anthropic.com)"
