74.7.241.32 - - [23/Jun/2026:06:02:37 -0700] "GET /?p=137299 HTTP/2" 301 0 "https://dealzandfreebies.com/2026/06/19/astute-players-discover-the-allure-of-spinmacho-3/" "Mozilla/5.0 AppleWebKit/537.36 (KHTML, like Gecko; compatible; GPTBot/1.4; +https://openai.com/gptbot)"
136.243.228.180 - - [23/Jun/2026:06:02:36 -0700] "GET /2026/06/17/follow-this-easy-self-help-guide-to-get-started-with-on-line-bingo/ HTTP/1.1" 200 29400 "-" "Mozilla/5.0 (compatible; DataForSeoBot/1.0; +https://dataforseo.com/dataforseo-bot)"
74.7.241.32 - - [23/Jun/2026:06:02:37 -0700] "GET /2026/06/19/leon-casino-login-mistakes-avoid-these-common-pitfalls/ HTTP/2" 200 27935 "https://dealzandfreebies.com/2026/06/19/astute-players-discover-the-allure-of-spinmacho-3/" "Mozilla/5.0 AppleWebKit/537.36 (KHTML, like Gecko; compatible; GPTBot/1.4; +https://openai.com/gptbot)"
74.7.241.32 - - [23/Jun/2026:06:02:38 -0700] "GET /wp-json/wp/v2/categories/2189 HTTP/2" 200 308 "https://dealzandfreebies.com/category/win-unique-casino/" "Mozilla/5.0 AppleWebKit/537.36 (KHTML, like Gecko; compatible; GPTBot/1.4; +https://openai.com/gptbot)"
74.7.241.32 - - [23/Jun/2026:06:02:39 -0700] "GET /wp-json/wp/v2/posts/137299 HTTP/2" 200 4794 "https://dealzandfreebies.com/2026/06/19/astute-players-discover-the-allure-of-spinmacho-3/" "Mozilla/5.0 AppleWebKit/537.36 (KHTML, like Gecko; compatible; GPTBot/1.4; +https://openai.com/gptbot)"
74.7.241.32 - - [23/Jun/2026:06:02:39 -0700] "GET /wp-json/wp/v2/posts/165359 HTTP/2" 200 4382 "https://dealzandfreebies.com/2026/06/23/bedrijfstop-offlin-casinos-behalve-cruks-2024-vinnig-beschermd-plu-geloofwaardig/" "Mozilla/5.0 AppleWebKit/537.36 (KHTML, like Gecko; compatible; GPTBot/1.4; +https://openai.com/gptbot)"
74.7.241.32 - - [23/Jun/2026:06:02:40 -0700] "GET /wp-json/oembed/1.0/embed?url=https%3A%2F%2Fdealzandfreebies.com%2F2026%2F06%2F19%2Fastute-players-discover-the-allure-of-spinmacho-3%2F HTTP/2" 200 1114 "https://dealzandfreebies.com/2026/06/19/astute-players-discover-the-allure-of-spinmacho-3/" "Mozilla/5.0 AppleWebKit/537.36 (KHTML, like Gecko; compatible; GPTBot/1.4; +https://openai.com/gptbot)"
74.7.241.32 - - [23/Jun/2026:06:02:40 -0700] "GET /wp-json/oembed/1.0/embed?url=https%3A%2F%2Fdealzandfreebies.com%2F2026%2F06%2F19%2Fpremier-les-options%2F HTTP/2" 200 1174 "https://dealzandfreebies.com/2026/06/19/premier-les-options/" "Mozilla/5.0 AppleWebKit/537.36 (KHTML, like Gecko; compatible; GPTBot/1.4; +https://openai.com/gptbot)"
74.7.241.32 - - [23/Jun/2026:06:02:41 -0700] "GET /wp-json/oembed/1.0/embed?url=https%3A%2F%2Fdealzandfreebies.com%2F2026%2F06%2F23%2Fche-tipo-di-registrarsi-al-bisca-betflag-verso-la-cie%2F HTTP/2" 200 1104 "https://dealzandfreebies.com/2026/06/23/che-tipo-di-registrarsi-al-bisca-betflag-verso-la-cie/" "Mozilla/5.0 AppleWebKit/537.36 (KHTML, like Gecko; compatible; GPTBot/1.4; +https://openai.com/gptbot)"
136.243.228.180 - - [23/Jun/2026:06:02:41 -0700] "GET /2026/06/17/erzielbar-casino-casinos-via-short-message-begleichen-durch-handyrechnung-bezahlen/ HTTP/1.1" 200 29512 "-" "Mozilla/5.0 (compatible; DataForSeoBot/1.0; +https://dataforseo.com/dataforseo-bot)"
74.7.241.32 - - [23/Jun/2026:06:02:41 -0700] "GET /wp-json/oembed/1.0/embed?format=xml&url=https%3A%2F%2Fdealzandfreebies.com%2F2026%2F06%2F23%2Fnawet-gdy-opoznienia-z-platnosciach-lub-moze-wlasnie-nie-wygrana-jest-prawa-zlozyc-skarge-na-organu-regulacyjnego%2F HTTP/2" 200 1195 "https://dealzandfreebies.com/2026/06/23/nawet-gdy-opoznienia-z-platnosciach-lub-moze-wlasnie-nie-wygrana-jest-prawa-zlozyc-skarge-na-organu-regulacyjnego/" "Mozilla/5.0 AppleWebKit/537.36 (KHTML, like Gecko; compatible; GPTBot/1.4; +https://openai.com/gptbot)"
74.7.241.32 - - [23/Jun/2026:06:02:42 -0700] "GET /?p=165357 HTTP/2" 301 0 "https://dealzandfreebies.com/2026/06/23/get-your-bonus-and-now-have-usage-of-smart-casino-tips-procedures-and-you-will-understanding/" "Mozilla/5.0 AppleWebKit/537.36 (KHTML, like Gecko; compatible; GPTBot/1.4; +https://openai.com/gptbot)"
74.7.241.32 - - [23/Jun/2026:06:02:42 -0700] "GET /2026/06/23/kasyno-hazardowe-ice-casino-rowniez-zapewnia-nadprogram-do-rodzimych-graczy-przy-czesci-darmowej-pieniedzy/ HTTP/2" 200 28339 "https://dealzandfreebies.com/2026/06/23/get-your-bonus-and-now-have-usage-of-smart-casino-tips-procedures-and-you-will-understanding/" "Mozilla/5.0 AppleWebKit/537.36 (KHTML, like Gecko; compatible; GPTBot/1.4; +https://openai.com/gptbot)"
74.7.241.32 - - [23/Jun/2026:06:02:43 -0700] "GET /wp-json/oembed/1.0/embed?url=https%3A%2F%2Fdealzandfreebies.com%2F2026%2F06%2F23%2Fget-your-bonus-and-now-have-usage-of-smart-casino-tips-procedures-and-you-will-understanding%2F HTTP/2" 200 1146 "https://dealzandfreebies.com/2026/06/23/get-your-bonus-and-now-have-usage-of-smart-casino-tips-procedures-and-you-will-understanding/" "Mozilla/5.0 AppleWebKit/537.36 (KHTML, like Gecko; compatible; GPTBot/1.4; +https://openai.com/gptbot)"
57.141.18.62 - - [23/Jun/2026:06:02:44 -0700] "GET /wp-json/wp/v2/posts/153181 HTTP/2" 200 10046 "-" "meta-externalagent/1.1 (+https://developers.facebook.com/docs/sharing/webmasters/crawler)"
104.255.170.81 - - [23/Jun/2026:06:02:44 -0700] "POST /wp-cron.php?doing_wp_cron=1782219764.5171859264373779296875 HTTP/1.1" 200 0 "-" "WordPress/7.0; https://dealzandfreebies.com"
23.90.184.84 - - [23/Jun/2026:06:02:43 -0700] "POST /xmlrpc.php HTTP/1.1" 200 181 "-" "Mozilla/5.0 (Windows NT 10.0; Win64; x64) AppleWebKit/537.36 (KHTML, like Gecko) Chrome/114.0.0.0 Safari/537.36"
74.7.241.32 - - [23/Jun/2026:06:02:44 -0700] "GET /?p=137301 HTTP/2" 301 0 "https://dealzandfreebies.com/2026/06/19/leon-casino-login-mistakes-avoid-these-common-pitfalls/" "Mozilla/5.0 AppleWebKit/537.36 (KHTML, like Gecko; compatible; GPTBot/1.4; +https://openai.com/gptbot)"
74.7.241.32 - - [23/Jun/2026:06:02:44 -0700] "GET /2026/06/19/kjendiser-som-gambler-hvem-er-de-mest/ HTTP/2" 200 28214 "https://dealzandfreebies.com/2026/06/19/leon-casino-login-mistakes-avoid-these-common-pitfalls/" "Mozilla/5.0 AppleWebKit/537.36 (KHTML, like Gecko; compatible; GPTBot/1.4; +https://openai.com/gptbot)"
74.7.241.32 - - [23/Jun/2026:06:02:45 -0700] "GET /wp-json/oembed/1.0/embed?format=xml&url=https%3A%2F%2Fdealzandfreebies.com%2F2026%2F06%2F23%2Fget-your-bonus-and-now-have-usage-of-smart-casino-tips-procedures-and-you-will-understanding%2F HTTP/2" 200 1170 "https://dealzandfreebies.com/2026/06/23/get-your-bonus-and-now-have-usage-of-smart-casino-tips-procedures-and-you-will-understanding/" "Mozilla/5.0 AppleWebKit/537.36 (KHTML, like Gecko; compatible; GPTBot/1.4; +https://openai.com/gptbot)"
136.243.228.180 - - [23/Jun/2026:06:02:45 -0700] "GET /2026/06/17/maquinas-tragamonedas-y-no-ha-transpirado-victorious-casino-juegos-de-casino-regalado-juguetear-para-divertimento/ HTTP/1.1" 200 29935 "-" "Mozilla/5.0 (compatible; DataForSeoBot/1.0; +https://dataforseo.com/dataforseo-bot)"
74.7.241.32 - - [23/Jun/2026:06:02:46 -0700] "GET /wp-json/wp/v2/posts/137301 HTTP/2" 200 3219 "https://dealzandfreebies.com/2026/06/19/leon-casino-login-mistakes-avoid-these-common-pitfalls/" "Mozilla/5.0 AppleWebKit/537.36 (KHTML, like Gecko; compatible; GPTBot/1.4; +https://openai.com/gptbot)"
74.7.241.32 - - [23/Jun/2026:06:02:46 -0700] "GET /wp-json/wp/v2/posts/165357 HTTP/2" 200 3672 "https://dealzandfreebies.com/2026/06/23/get-your-bonus-and-now-have-usage-of-smart-casino-tips-procedures-and-you-will-understanding/" "Mozilla/5.0 AppleWebKit/537.36 (KHTML, like Gecko; compatible; GPTBot/1.4; +https://openai.com/gptbot)"
74.7.241.32 - - [23/Jun/2026:06:02:47 -0700] "GET /wp-json/oembed/1.0/embed?url=https%3A%2F%2Fdealzandfreebies.com%2F2026%2F06%2F19%2Fleon-casino-login-mistakes-avoid-these-common-pitfalls%2F HTTP/2" 200 1103 "https://dealzandfreebies.com/2026/06/19/leon-casino-login-mistakes-avoid-these-common-pitfalls/" "Mozilla/5.0 AppleWebKit/537.36 (KHTML, like Gecko; compatible; GPTBot/1.4; +https://openai.com/gptbot)"
74.7.241.32 - - [23/Jun/2026:06:02:47 -0700] "GET /wp-json/oembed/1.0/embed?format=xml&url=https%3A%2F%2Fdealzandfreebies.com%2F2026%2F06%2F19%2Fleon-casino-login-mistakes-avoid-these-common-pitfalls%2F HTTP/2" 200 1128 "https://dealzandfreebies.com/2026/06/19/leon-casino-login-mistakes-avoid-these-common-pitfalls/" "Mozilla/5.0 AppleWebKit/537.36 (KHTML, like Gecko; compatible; GPTBot/1.4; +https://openai.com/gptbot)"
74.7.241.32 - - [23/Jun/2026:06:02:48 -0700] "GET /wp-json/oembed/1.0/embed?format=xml&url=https%3A%2F%2Fdealzandfreebies.com%2F2026%2F06%2F19%2Fso-lange-die-leser-wiederholend-spielen-werden-ebendiese-blutzoll-as-part-of-sehr-vielen-abholzen-akzentuiert-hoher-alabama-betroffene-schatzen-wurden%2F HTTP/2" 200 1241 "https://dealzandfreebies.com/2026/06/19/so-lange-die-leser-wiederholend-spielen-werden-ebendiese-blutzoll-as-part-of-sehr-vielen-abholzen-akzentuiert-hoher-alabama-betroffene-schatzen-wurden/" "Mozilla/5.0 AppleWebKit/537.36 (KHTML, like Gecko; compatible; GPTBot/1.4; +https://openai.com/gptbot)"
74.7.241.32 - - [23/Jun/2026:06:02:48 -0700] "GET /wp-json/oembed/1.0/embed?format=xml&url=https%3A%2F%2Fdealzandfreebies.com%2F2026%2F06%2F19%2Fall-figures-is-actually-made-in-weight-sterling-according-to-the-casinos-run-uk-consumers%2F HTTP/2" 200 1164 "https://dealzandfreebies.com/2026/06/19/all-figures-is-actually-made-in-weight-sterling-according-to-the-casinos-run-uk-consumers/" "Mozilla/5.0 AppleWebKit/537.36 (KHTML, like Gecko; compatible; GPTBot/1.4; +https://openai.com/gptbot)"
74.7.241.32 - - [23/Jun/2026:06:02:49 -0700] "GET /wp-json/oembed/1.0/embed?format=xml&url=https%3A%2F%2Fdealzandfreebies.com%2F2026%2F06%2F23%2Fktore-sa-dostepne-jest-ich-wiele-strategie-dla-zakupow-a-moze-kryptowalutowe-jak-i-mozesz-fiat%2F HTTP/2" 200 1179 "https://dealzandfreebies.com/2026/06/23/ktore-sa-dostepne-jest-ich-wiele-strategie-dla-zakupow-a-moze-kryptowalutowe-jak-i-mozesz-fiat/" "Mozilla/5.0 AppleWebKit/537.36 (KHTML, like Gecko; compatible; GPTBot/1.4; +https://openai.com/gptbot)"
136.243.228.180 - - [23/Jun/2026:06:02:49 -0700] "GET /2026/06/17/just-like-the-online-casinos-continue-to-build-inside-the-dominance-most-do-the-use-of-cryptocurrencies-instance-bitcoin-as-an-effective-detachment-method/ HTTP/1.1" 200 28133 "-" "Mozilla/5.0 (compatible; DataForSeoBot/1.0; +https://dataforseo.com/dataforseo-bot)"
74.7.241.32 - - [23/Jun/2026:06:02:49 -0700] "GET /?p=165355 HTTP/2" 301 0 "https://dealzandfreebies.com/2026/06/23/kasyno-hazardowe-ice-casino-rowniez-zapewnia-nadprogram-do-rodzimych-graczy-przy-czesci-darmowej-pieniedzy/" "Mozilla/5.0 AppleWebKit/537.36 (KHTML, like Gecko; compatible; GPTBot/1.4; +https://openai.com/gptbot)"
23.90.184.84 - - [23/Jun/2026:06:02:50 -0700] "POST /xmlrpc.php HTTP/1.1" 200 9925 "-" "Mozilla/5.0 (Windows NT 10.0; Win64; x64) AppleWebKit/537.36 (KHTML, like Gecko) Chrome/114.0.0.0 Safari/537.36"
74.7.241.32 - - [23/Jun/2026:06:02:50 -0700] "GET /2026/06/23/people-on-the-trustpilot-have-flagged-mixed-skills-which-have-kyc-verification-getting-quicker-distributions/ HTTP/2" 200 27793 "https://dealzandfreebies.com/2026/06/23/kasyno-hazardowe-ice-casino-rowniez-zapewnia-nadprogram-do-rodzimych-graczy-przy-czesci-darmowej-pieniedzy/" "Mozilla/5.0 AppleWebKit/537.36 (KHTML, like Gecko; compatible; GPTBot/1.4; +https://openai.com/gptbot)"
74.7.241.32 - - [23/Jun/2026:06:02:51 -0700] "GET /?p=137392 HTTP/2" 301 0 "https://dealzandfreebies.com/2026/06/19/kjendiser-som-gambler-hvem-er-de-mest/" "Mozilla/5.0 AppleWebKit/537.36 (KHTML, like Gecko; compatible; GPTBot/1.4; +https://openai.com/gptbot)"
23.90.184.84 - - [23/Jun/2026:06:02:50 -0700] "GET /2026/06/23/these-include-age-purses-for-example-venmo-paypal-prepaid-service-gamble-notes-and-apple-google-pay/ HTTP/1.1" 200 140990 "-" "Mozilla/5.0 (Windows NT 10.0; rv:125.0) Gecko/20100101 Firefox/125.0"
74.7.241.32 - - [23/Jun/2026:06:02:51 -0700] "GET /2026/06/23/these-include-age-purses-for-example-venmo-paypal-prepaid-service-gamble-notes-and-apple-google-pay/ HTTP/2" 200 28119 "https://dealzandfreebies.com/2026/06/19/kjendiser-som-gambler-hvem-er-de-mest/" "Mozilla/5.0 AppleWebKit/537.36 (KHTML, like Gecko; compatible; GPTBot/1.4; +https://openai.com/gptbot)"
104.255.170.81 - - [23/Jun/2026:06:02:52 -0700] "POST /wp-cron.php?doing_wp_cron=1782219772.8069019317626953125000 HTTP/1.1" 200 0 "-" "WordPress/7.0; https://dealzandfreebies.com"
146.70.99.148 - - [23/Jun/2026:06:02:52 -0700] "POST /xmlrpc.php HTTP/1.1" 200 181 "-" "Mozilla/5.0 (Windows NT 10.0; Win64; x64) AppleWebKit/537.36 (KHTML, like Gecko) Chrome/114.0.0.0 Safari/537.36"
136.243.228.180 - - [23/Jun/2026:06:02:52 -0700] "GET /2026/06/17/neueste-nevada-win-kasino-boni-ohne-einzahlung-im-jahr-2024/ HTTP/1.1" 200 29816 "-" "Mozilla/5.0 (compatible; DataForSeoBot/1.0; +https://dataforseo.com/dataforseo-bot)"
74.7.241.32 - - [23/Jun/2026:06:02:52 -0700] "GET /2026/06/19/unser-programm-aufsetzen-weiters-unmittelbar-referieren-was-wird-von-hoher-kunstfertigkeit/ HTTP/2" 200 28575 "https://dealzandfreebies.com/2026/06/19/kjendiser-som-gambler-hvem-er-de-mest/" "Mozilla/5.0 AppleWebKit/537.36 (KHTML, like Gecko; compatible; GPTBot/1.4; +https://openai.com/gptbot)"
74.7.241.32 - - [23/Jun/2026:06:02:53 -0700] "GET /wp-json/oembed/1.0/embed?url=https%3A%2F%2Fdealzandfreebies.com%2F2026%2F06%2F23%2Fkasyno-hazardowe-ice-casino-rowniez-zapewnia-nadprogram-do-rodzimych-graczy-przy-czesci-darmowej-pieniedzy%2F HTTP/2" 200 1153 "https://dealzandfreebies.com/2026/06/23/kasyno-hazardowe-ice-casino-rowniez-zapewnia-nadprogram-do-rodzimych-graczy-przy-czesci-darmowej-pieniedzy/" "Mozilla/5.0 AppleWebKit/537.36 (KHTML, like Gecko; compatible; GPTBot/1.4; +https://openai.com/gptbot)"
74.7.241.32 - - [23/Jun/2026:06:02:54 -0700] "GET /wp-json/wp/v2/posts/137392 HTTP/2" 200 3329 "https://dealzandfreebies.com/2026/06/19/kjendiser-som-gambler-hvem-er-de-mest/" "Mozilla/5.0 AppleWebKit/537.36 (KHTML, like Gecko; compatible; GPTBot/1.4; +https://openai.com/gptbot)"
74.7.241.32 - - [23/Jun/2026:06:02:54 -0700] "GET /wp-json/wp/v2/posts/165355 HTTP/2" 200 3446 "https://dealzandfreebies.com/2026/06/23/kasyno-hazardowe-ice-casino-rowniez-zapewnia-nadprogram-do-rodzimych-graczy-przy-czesci-darmowej-pieniedzy/" "Mozilla/5.0 AppleWebKit/537.36 (KHTML, like Gecko; compatible; GPTBot/1.4; +https://openai.com/gptbot)"
74.7.241.32 - - [23/Jun/2026:06:02:55 -0700] "GET /wp-json/oembed/1.0/embed?url=https%3A%2F%2Fdealzandfreebies.com%2F2026%2F06%2F19%2Fkjendiser-som-gambler-hvem-er-de-mest%2F HTTP/2" 200 1092 "https://dealzandfreebies.com/2026/06/19/kjendiser-som-gambler-hvem-er-de-mest/" "Mozilla/5.0 AppleWebKit/537.36 (KHTML, like Gecko; compatible; GPTBot/1.4; +https://openai.com/gptbot)"
74.7.241.32 - - [23/Jun/2026:06:02:55 -0700] "GET /wp-json/oembed/1.0/embed?format=xml&url=https%3A%2F%2Fdealzandfreebies.com%2F2026%2F06%2F19%2Fso-lange-du-noch-keinen-eile-kannst-du-dich-freund-und-feind-storungsfrei-alabama-neukunde-vollstopfen%2F HTTP/2" 200 1177 "https://dealzandfreebies.com/2026/06/19/so-lange-du-noch-keinen-eile-kannst-du-dich-freund-und-feind-storungsfrei-alabama-neukunde-vollstopfen/" "Mozilla/5.0 AppleWebKit/537.36 (KHTML, like Gecko; compatible; GPTBot/1.4; +https://openai.com/gptbot)"
74.7.241.32 - - [23/Jun/2026:06:02:56 -0700] "GET /wp-json/oembed/1.0/embed?format=xml&url=https%3A%2F%2Fdealzandfreebies.com%2F2026%2F06%2F19%2Feverything-we-like-most-about-any-of-it-gambling-enterprise-totally-free-spins-no-deposit-package%2F HTTP/2" 200 1166 "https://dealzandfreebies.com/2026/06/19/everything-we-like-most-about-any-of-it-gambling-enterprise-totally-free-spins-no-deposit-package/" "Mozilla/5.0 AppleWebKit/537.36 (KHTML, like Gecko; compatible; GPTBot/1.4; +https://openai.com/gptbot)"
74.7.241.32 - - [23/Jun/2026:06:02:56 -0700] "GET /wp-json/oembed/1.0/embed?format=xml&url=https%3A%2F%2Fdealzandfreebies.com%2F2026%2F06%2F19%2Fwhatsoever-the-latest-sign-upwards-procedure-is-created-having-customer-security-at-heart%2F HTTP/2" 200 1145 "https://dealzandfreebies.com/2026/06/19/whatsoever-the-latest-sign-upwards-procedure-is-created-having-customer-security-at-heart/" "Mozilla/5.0 AppleWebKit/537.36 (KHTML, like Gecko; compatible; GPTBot/1.4; +https://openai.com/gptbot)"
136.243.228.180 - - [23/Jun/2026:06:02:56 -0700] "GET /2026/06/17/which-commitment-to-excellence-shows-the-fresh-casinos-dedication-to-providing-an-effective-premium-gaming-environment/ HTTP/1.1" 200 28254 "-" "Mozilla/5.0 (compatible; DataForSeoBot/1.0; +https://dataforseo.com/dataforseo-bot)"
74.7.241.32 - - [23/Jun/2026:06:02:57 -0700] "GET /?p=165353 HTTP/2" 301 0 "https://dealzandfreebies.com/2026/06/23/people-on-the-trustpilot-have-flagged-mixed-skills-which-have-kyc-verification-getting-quicker-distributions/" "Mozilla/5.0 AppleWebKit/537.36 (KHTML, like Gecko; compatible; GPTBot/1.4; +https://openai.com/gptbot)"
74.7.241.32 - - [23/Jun/2026:06:02:57 -0700] "GET /2026/06/23/offlin-gokhuis-nederlan-lieve-legale-casinos-voor-2026/ HTTP/2" 200 29301 "https://dealzandfreebies.com/2026/06/23/people-on-the-trustpilot-have-flagged-mixed-skills-which-have-kyc-verification-getting-quicker-distributions/" "Mozilla/5.0 AppleWebKit/537.36 (KHTML, like Gecko; compatible; GPTBot/1.4; +https://openai.com/gptbot)"
74.7.241.32 - - [23/Jun/2026:06:02:58 -0700] "GET /?p=165543 HTTP/2" 301 0 "https://dealzandfreebies.com/2026/06/23/these-include-age-purses-for-example-venmo-paypal-prepaid-service-gamble-notes-and-apple-google-pay/" "Mozilla/5.0 AppleWebKit/537.36 (KHTML, like Gecko; compatible; GPTBot/1.4; +https://openai.com/gptbot)"
146.70.99.148 - - [23/Jun/2026:06:02:58 -0700] "POST /xmlrpc.php HTTP/1.1" 200 12157 "-" "Mozilla/5.0 (Windows NT 10.0; Win64; x64) AppleWebKit/537.36 (KHTML, like Gecko) Chrome/114.0.0.0 Safari/537.36"
74.7.241.32 - - [23/Jun/2026:06:02:59 -0700] "GET /?p=137305 HTTP/2" 301 0 "https://dealzandfreebies.com/2026/06/19/unser-programm-aufsetzen-weiters-unmittelbar-referieren-was-wird-von-hoher-kunstfertigkeit/" "Mozilla/5.0 AppleWebKit/537.36 (KHTML, like Gecko; compatible; GPTBot/1.4; +https://openai.com/gptbot)"
74.7.241.32 - - [23/Jun/2026:06:02:59 -0700] "GET /2026/06/23/unser-vielseitige-verwendbarkeit-gewalt-bonusguthaben-namentlich-begehrt-fur-jedes-gamer-ebendiese-ausgewahlte-bereiche-des-casinos-erkunden-mochten/ HTTP/2" 200 29157 "https://dealzandfreebies.com/2026/06/19/unser-programm-aufsetzen-weiters-unmittelbar-referieren-was-wird-von-hoher-kunstfertigkeit/" "Mozilla/5.0 AppleWebKit/537.36 (KHTML, like Gecko; compatible; GPTBot/1.4; +https://openai.com/gptbot)"
136.243.228.180 - - [23/Jun/2026:06:03:00 -0700] "GET /2026/06/17/casino-enforce-detachment-limitations-in-order-to-progressive-jackpot-wins/ HTTP/1.1" 200 27634 "-" "Mozilla/5.0 (compatible; DataForSeoBot/1.0; +https://dataforseo.com/dataforseo-bot)"
74.7.241.32 - - [23/Jun/2026:06:03:00 -0700] "GET /2026/06/19/mot-morket-mistenkelige-aktorer-i-kasinoverdenen/ HTTP/2" 200 27058 "https://dealzandfreebies.com/2026/06/19/unser-programm-aufsetzen-weiters-unmittelbar-referieren-was-wird-von-hoher-kunstfertigkeit/" "Mozilla/5.0 AppleWebKit/537.36 (KHTML, like Gecko; compatible; GPTBot/1.4; +https://openai.com/gptbot)"
74.7.241.32 - - [23/Jun/2026:06:03:01 -0700] "GET /?p=165545 HTTP/2" 301 0 "https://dealzandfreebies.com/2026/06/23/unser-vielseitige-verwendbarkeit-gewalt-bonusguthaben-namentlich-begehrt-fur-jedes-gamer-ebendiese-ausgewahlte-bereiche-des-casinos-erkunden-mochten/" "Mozilla/5.0 AppleWebKit/537.36 (KHTML, like Gecko; compatible; GPTBot/1.4; +https://openai.com/gptbot)"
74.7.241.32 - - [23/Jun/2026:06:03:02 -0700] "GET /wp-json/oembed/1.0/embed?format=xml&url=https%3A%2F%2Fdealzandfreebies.com%2F2026%2F06%2F23%2Funser-vielseitige-verwendbarkeit-gewalt-bonusguthaben-namentlich-begehrt-fur-jedes-gamer-ebendiese-ausgewahlte-bereiche-des-casinos-erkunden-mochten%2F HTTP/2" 200 1236 "https://dealzandfreebies.com/2026/06/23/unser-vielseitige-verwendbarkeit-gewalt-bonusguthaben-namentlich-begehrt-fur-jedes-gamer-ebendiese-ausgewahlte-bereiche-des-casinos-erkunden-mochten/" "Mozilla/5.0 AppleWebKit/537.36 (KHTML, like Gecko; compatible; GPTBot/1.4; +https://openai.com/gptbot)"
43.173.179.94 - - [23/Jun/2026:06:03:02 -0700] "GET /wp-json/oembed/1.0/embed?url=https%3A%2F%2Fdealzandfreebies.com%2F2026%2F06%2F14%2Fkostenlose-pc-spiele-download-vollversionen-keine-testversionen-gametop%2F HTTP/1.1" 200 1192 "-" "Mozilla/5.0 (Windows NT 10.0; Win64; x64) AppleWebKit/537.36 (KHTML, like Gecko) Chrome/105.0.0.0 Safari/537.3"
74.7.241.32 - - [23/Jun/2026:06:03:02 -0700] "GET /wp-json/wp/v2/posts/165545 HTTP/2" 200 4438 "https://dealzandfreebies.com/2026/06/23/unser-vielseitige-verwendbarkeit-gewalt-bonusguthaben-namentlich-begehrt-fur-jedes-gamer-ebendiese-ausgewahlte-bereiche-des-casinos-erkunden-mochten/" "Mozilla/5.0 AppleWebKit/537.36 (KHTML, like Gecko; compatible; GPTBot/1.4; +https://openai.com/gptbot)"
57.141.18.103 - - [23/Jun/2026:06:03:03 -0700] "GET /?p=154465 HTTP/2" 301 0 "-" "meta-externalagent/1.1 (+https://developers.facebook.com/docs/sharing/webmasters/crawler)"
43.173.181.206 - - [23/Jun/2026:06:03:02 -0700] "GET /2026/06/12/the-new-collection-boasts-ports-digital-desk-video-game-video-poker-alive-casino-games-and-you-may-instants/ HTTP/1.1" 200 32879 "-" "Mozilla/5.0 (Windows NT 10.0; Win64; x64) AppleWebKit/537.36 (KHTML, like Gecko) Chrome/111.0.0.0 Safari/537.36"
74.7.241.32 - - [23/Jun/2026:06:03:03 -0700] "GET /wp-json/oembed/1.0/embed?url=https%3A%2F%2Fdealzandfreebies.com%2F2026%2F06%2F23%2Funser-vielseitige-verwendbarkeit-gewalt-bonusguthaben-namentlich-begehrt-fur-jedes-gamer-ebendiese-ausgewahlte-bereiche-des-casinos-erkunden-mochten%2F HTTP/2" 200 1206 "https://dealzandfreebies.com/2026/06/23/unser-vielseitige-verwendbarkeit-gewalt-bonusguthaben-namentlich-begehrt-fur-jedes-gamer-ebendiese-ausgewahlte-bereiche-des-casinos-erkunden-mochten/" "Mozilla/5.0 AppleWebKit/537.36 (KHTML, like Gecko; compatible; GPTBot/1.4; +https://openai.com/gptbot)"
74.7.241.32 - - [23/Jun/2026:06:03:03 -0700] "GET /?p=137303 HTTP/2" 301 0 "https://dealzandfreebies.com/2026/06/19/mot-morket-mistenkelige-aktorer-i-kasinoverdenen/" "Mozilla/5.0 AppleWebKit/537.36 (KHTML, like Gecko; compatible; GPTBot/1.4; +https://openai.com/gptbot)"
74.7.241.32 - - [23/Jun/2026:06:03:04 -0700] "GET /wp-json/oembed/1.0/embed?url=https%3A%2F%2Fdealzandfreebies.com%2F2026%2F06%2F19%2Fmot-morket-mistenkelige-aktorer-i-kasinoverdenen%2F HTTP/2" 200 1097 "https://dealzandfreebies.com/2026/06/19/mot-morket-mistenkelige-aktorer-i-kasinoverdenen/" "Mozilla/5.0 AppleWebKit/537.36 (KHTML, like Gecko; compatible; GPTBot/1.4; +https://openai.com/gptbot)"
74.7.241.32 - - [23/Jun/2026:06:03:04 -0700] "GET /wp-json/wp/v2/posts/137303 HTTP/2" 200 2164 "https://dealzandfreebies.com/2026/06/19/mot-morket-mistenkelige-aktorer-i-kasinoverdenen/" "Mozilla/5.0 AppleWebKit/537.36 (KHTML, like Gecko; compatible; GPTBot/1.4; +https://openai.com/gptbot)"
64.31.3.126 - - [23/Jun/2026:06:03:04 -0700] "GET /2026/06/11/betninja-casino-veiligheid-en-vertrouwen-6/ HTTP/1.1" 200 27675 "https://dealzandfreebies.com/" "Mozilla/5.0 (X11; Linux i686; rv:114.0) Gecko/20100101 Firefox/114.0"
74.7.241.32 - - [23/Jun/2026:06:03:05 -0700] "GET /wp-json/oembed/1.0/embed?format=xml&url=https%3A%2F%2Fdealzandfreebies.com%2F2026%2F06%2F19%2Fmot-morket-mistenkelige-aktorer-i-kasinoverdenen%2F HTTP/2" 200 1124 "https://dealzandfreebies.com/2026/06/19/mot-morket-mistenkelige-aktorer-i-kasinoverdenen/" "Mozilla/5.0 AppleWebKit/537.36 (KHTML, like Gecko; compatible; GPTBot/1.4; +https://openai.com/gptbot)"
146.70.99.148 - - [23/Jun/2026:06:03:04 -0700] "GET /2026/06/23/unser-vielseitige-verwendbarkeit-gewalt-bonusguthaben-namentlich-begehrt-fur-jedes-gamer-ebendiese-ausgewahlte-bereiche-des-casinos-erkunden-mochten/ HTTP/1.1" 200 143938 "-" "Mozilla/5.0 (Windows NT 10.0; Win64; x64) AppleWebKit/537.36 (KHTML, like Gecko) Chrome/124.0.0.0 Safari/537.36 Edg/124.0.0.0"
136.243.228.180 - - [23/Jun/2026:06:03:04 -0700] "GET /2026/06/17/55-totally-free-revolves-in-the-raging-bull-casino/ HTTP/1.1" 200 28656 "-" "Mozilla/5.0 (compatible; DataForSeoBot/1.0; +https://dataforseo.com/dataforseo-bot)"
74.7.241.32 - - [23/Jun/2026:06:03:05 -0700] "GET /wp-json/oembed/1.0/embed?url=https%3A%2F%2Fdealzandfreebies.com%2F2026%2F06%2F23%2Fpeople-on-the-trustpilot-have-flagged-mixed-skills-which-have-kyc-verification-getting-quicker-distributions%2F HTTP/2" 200 1135 "https://dealzandfreebies.com/2026/06/23/people-on-the-trustpilot-have-flagged-mixed-skills-which-have-kyc-verification-getting-quicker-distributions/" "Mozilla/5.0 AppleWebKit/537.36 (KHTML, like Gecko; compatible; GPTBot/1.4; +https://openai.com/gptbot)"
74.7.241.32 - - [23/Jun/2026:06:03:06 -0700] "GET /wp-json/oembed/1.0/embed?url=https%3A%2F%2Fdealzandfreebies.com%2F2026%2F06%2F23%2Fthese-include-age-purses-for-example-venmo-paypal-prepaid-service-gamble-notes-and-apple-google-pay%2F HTTP/2" 200 1150 "https://dealzandfreebies.com/2026/06/23/these-include-age-purses-for-example-venmo-paypal-prepaid-service-gamble-notes-and-apple-google-pay/" "Mozilla/5.0 AppleWebKit/537.36 (KHTML, like Gecko; compatible; GPTBot/1.4; +https://openai.com/gptbot)"
57.141.18.85 - - [23/Jun/2026:06:03:06 -0700] "GET /2026/06/22/la-riviera-casino-recompense-cette-passion-de-lensemble-de-ses-champions-en-passant-par-ce-programme-vip-particulierement-garante/ HTTP/2" 200 142425 "-" "meta-externalagent/1.1 (+https://developers.facebook.com/docs/sharing/webmasters/crawler)"
74.7.241.32 - - [23/Jun/2026:06:03:06 -0700] "GET /wp-json/oembed/1.0/embed?url=https%3A%2F%2Fdealzandfreebies.com%2F2026%2F06%2F19%2Funser-programm-aufsetzen-weiters-unmittelbar-referieren-was-wird-von-hoher-kunstfertigkeit%2F HTTP/2" 200 1131 "https://dealzandfreebies.com/2026/06/19/unser-programm-aufsetzen-weiters-unmittelbar-referieren-was-wird-von-hoher-kunstfertigkeit/" "Mozilla/5.0 AppleWebKit/537.36 (KHTML, like Gecko; compatible; GPTBot/1.4; +https://openai.com/gptbot)"
74.7.241.32 - - [23/Jun/2026:06:03:07 -0700] "GET /wp-json/wp/v2/posts/165353 HTTP/2" 200 2862 "https://dealzandfreebies.com/2026/06/23/people-on-the-trustpilot-have-flagged-mixed-skills-which-have-kyc-verification-getting-quicker-distributions/" "Mozilla/5.0 AppleWebKit/537.36 (KHTML, like Gecko; compatible; GPTBot/1.4; +https://openai.com/gptbot)"
57.141.18.70 - - [23/Jun/2026:06:03:07 -0700] "GET /wp-json/wp/v2/posts/152937 HTTP/2" 200 7623 "-" "meta-externalagent/1.1 (+https://developers.facebook.com/docs/sharing/webmasters/crawler)"
74.7.241.32 - - [23/Jun/2026:06:03:07 -0700] "GET /wp-json/wp/v2/posts/165543 HTTP/2" 200 3520 "https://dealzandfreebies.com/2026/06/23/these-include-age-purses-for-example-venmo-paypal-prepaid-service-gamble-notes-and-apple-google-pay/" "Mozilla/5.0 AppleWebKit/537.36 (KHTML, like Gecko; compatible; GPTBot/1.4; +https://openai.com/gptbot)"
74.7.241.32 - - [23/Jun/2026:06:03:08 -0700] "GET /wp-json/wp/v2/posts/137305 HTTP/2" 200 3718 "https://dealzandfreebies.com/2026/06/19/unser-programm-aufsetzen-weiters-unmittelbar-referieren-was-wird-von-hoher-kunstfertigkeit/" "Mozilla/5.0 AppleWebKit/537.36 (KHTML, like Gecko; compatible; GPTBot/1.4; +https://openai.com/gptbot)"
74.7.241.32 - - [23/Jun/2026:06:03:08 -0700] "GET /?p=165351 HTTP/2" 301 0 "https://dealzandfreebies.com/2026/06/23/offlin-gokhuis-nederlan-lieve-legale-casinos-voor-2026/" "Mozilla/5.0 AppleWebKit/537.36 (KHTML, like Gecko; compatible; GPTBot/1.4; +https://openai.com/gptbot)"
136.243.228.180 - - [23/Jun/2026:06:03:09 -0700] "GET /2026/06/17/game-software-contained-in-this-spree-spree-gambling-enterprise-alive-video-game-spree-local-casino-promos/ HTTP/1.1" 200 28561 "-" "Mozilla/5.0 (compatible; DataForSeoBot/1.0; +https://dataforseo.com/dataforseo-bot)"
74.7.241.32 - - [23/Jun/2026:06:03:09 -0700] "GET /2026/06/23/in-the-event-that-a-good-casinos-site-seems-progressive-and-works-efficiently-it-will-become-a-higher-score/ HTTP/2" 200 29357 "https://dealzandfreebies.com/2026/06/23/offlin-gokhuis-nederlan-lieve-legale-casinos-voor-2026/" "Mozilla/5.0 AppleWebKit/537.36 (KHTML, like Gecko; compatible; GPTBot/1.4; +https://openai.com/gptbot)"
43.172.196.123 - - [23/Jun/2026:06:03:10 -0700] "POST /wp-admin/admin-ajax.php HTTP/1.1" 200 22 "https://dealzandfreebies.com/2026/06/12/the-new-collection-boasts-ports-digital-desk-video-game-video-poker-alive-casino-games-and-you-may-instants/" "Mozilla/5.0 (Windows NT 10.0; Win64; x64) AppleWebKit/537.36 (KHTML, like Gecko) Chrome/111.0.0.0 Safari/537.36"
74.7.241.32 - - [23/Jun/2026:06:03:10 -0700] "GET /wp-json/wp/v2/posts/165351 HTTP/2" 200 4593 "https://dealzandfreebies.com/2026/06/23/offlin-gokhuis-nederlan-lieve-legale-casinos-voor-2026/" "Mozilla/5.0 AppleWebKit/537.36 (KHTML, like Gecko; compatible; GPTBot/1.4; +https://openai.com/gptbot)"
74.7.241.32 - - [23/Jun/2026:06:03:10 -0700] "GET /?p=165545 HTTP/2" 301 0 "https://dealzandfreebies.com/2026/06/23/unser-vielseitige-verwendbarkeit-gewalt-bonusguthaben-namentlich-begehrt-fur-jedes-gamer-ebendiese-ausgewahlte-bereiche-des-casinos-erkunden-mochten/" "Mozilla/5.0 AppleWebKit/537.36 (KHTML, like Gecko; compatible; GPTBot/1.4; +https://openai.com/gptbot)"
64.31.3.126 - - [23/Jun/2026:06:03:10 -0700] "GET /wp-admin/admin-ajax.php HTTP/1.1" 400 5 "https://dealzandfreebies.com/2026/06/11/betninja-casino-veiligheid-en-vertrouwen-6/" "Mozilla/5.0 (Windows NT 6.3; Win64; x64) AppleWebKit/537.36 (KHTML, like Gecko) Chrome/103.0.0.0 Safari/537.36"
74.7.241.32 - - [23/Jun/2026:06:03:11 -0700] "GET /2026/06/19/jak-gra-w-mostbet-kasyno-online-krok-po-kroku-2/ HTTP/2" 200 27268 "https://dealzandfreebies.com/2026/06/19/mot-morket-mistenkelige-aktorer-i-kasinoverdenen/" "Mozilla/5.0 AppleWebKit/537.36 (KHTML, like Gecko; compatible; GPTBot/1.4; +https://openai.com/gptbot)"
64.31.3.126 - - [23/Jun/2026:06:03:12 -0700] "GET /wp-admin/admin-ajax.php?action=register HTTP/1.1" 400 5 "https://dealzandfreebies.com/wp-admin/admin-ajax.php" "Mozilla/5.0 (Windows NT 6.3; Win64; x64) AppleWebKit/537.36 (KHTML, like Gecko) Chrome/103.0.0.0 Safari/537.36"
74.7.241.32 - - [23/Jun/2026:06:03:12 -0700] "GET /wp-json/oembed/1.0/embed?url=https%3A%2F%2Fdealzandfreebies.com%2F2026%2F06%2F23%2Funser-vielseitige-verwendbarkeit-gewalt-bonusguthaben-namentlich-begehrt-fur-jedes-gamer-ebendiese-ausgewahlte-bereiche-des-casinos-erkunden-mochten%2F HTTP/2" 200 1206 "https://dealzandfreebies.com/2026/06/23/unser-vielseitige-verwendbarkeit-gewalt-bonusguthaben-namentlich-begehrt-fur-jedes-gamer-ebendiese-ausgewahlte-bereiche-des-casinos-erkunden-mochten/" "Mozilla/5.0 AppleWebKit/537.36 (KHTML, like Gecko; compatible; GPTBot/1.4; +https://openai.com/gptbot)"
74.7.241.32 - - [23/Jun/2026:06:03:12 -0700] "GET /wp-json/wp/v2/posts/137303 HTTP/2" 200 2164 "https://dealzandfreebies.com/2026/06/19/mot-morket-mistenkelige-aktorer-i-kasinoverdenen/" "Mozilla/5.0 AppleWebKit/537.36 (KHTML, like Gecko; compatible; GPTBot/1.4; +https://openai.com/gptbot)"
74.7.241.32 - - [23/Jun/2026:06:03:13 -0700] "GET /wp-json/wp/v2/posts/165545 HTTP/2" 200 4438 "https://dealzandfreebies.com/2026/06/23/unser-vielseitige-verwendbarkeit-gewalt-bonusguthaben-namentlich-begehrt-fur-jedes-gamer-ebendiese-ausgewahlte-bereiche-des-casinos-erkunden-mochten/" "Mozilla/5.0 AppleWebKit/537.36 (KHTML, like Gecko; compatible; GPTBot/1.4; +https://openai.com/gptbot)"
64.31.3.126 - - [23/Jun/2026:06:03:13 -0700] "GET /2026/06/11/betninja-casino-veiligheid-en-vertrouwen-6/ HTTP/1.1" 200 27708 "https://dealzandfreebies.com/2026/06/11/betninja-casino-veiligheid-en-vertrouwen-6/" "Mozilla/5.0 (Windows NT 6.3; Win64; x64) AppleWebKit/537.36 (KHTML, like Gecko) Chrome/103.0.0.0 Safari/537.36"
136.243.228.180 - - [23/Jun/2026:06:03:13 -0700] "GET /2026/06/17/nachfolgende-besten-kasino-mrbet-kein-einzahlungsbonus-freispiele-2026-free-spins-exklusive-einzahlung/ HTTP/1.1" 200 28952 "-" "Mozilla/5.0 (compatible; DataForSeoBot/1.0; +https://dataforseo.com/dataforseo-bot)"
74.7.241.32 - - [23/Jun/2026:06:03:13 -0700] "GET /wp-json/oembed/1.0/embed?url=https%3A%2F%2Fdealzandfreebies.com%2F2026%2F06%2F19%2Fmot-morket-mistenkelige-aktorer-i-kasinoverdenen%2F HTTP/2" 200 1097 "https://dealzandfreebies.com/2026/06/19/mot-morket-mistenkelige-aktorer-i-kasinoverdenen/" "Mozilla/5.0 AppleWebKit/537.36 (KHTML, like Gecko; compatible; GPTBot/1.4; +https://openai.com/gptbot)"
74.7.241.32 - - [23/Jun/2026:06:03:14 -0700] "GET /wp-json/oembed/1.0/embed?url=https%3A%2F%2Fdealzandfreebies.com%2F2026%2F06%2F23%2Fofflin-gokhuis-nederlan-lieve-legale-casinos-voor-2026%2F HTTP/2" 200 1106 "https://dealzandfreebies.com/2026/06/23/offlin-gokhuis-nederlan-lieve-legale-casinos-voor-2026/" "Mozilla/5.0 AppleWebKit/537.36 (KHTML, like Gecko; compatible; GPTBot/1.4; +https://openai.com/gptbot)"
64.31.3.126 - - [23/Jun/2026:06:03:14 -0700] "GET /wp-content/themes/thrive-theme/inc/assets/dist/theme.css?ver=10.6.2 HTTP/1.1" 200 6486 "https://dealzandfreebies.com/2026/06/11/betninja-casino-veiligheid-en-vertrouwen-6/" "Mozilla/5.0 (Windows NT 10.0; Win64; x64) AppleWebKit/537.36 (KHTML, like Gecko) Chrome/143.0.0.0 Safari/537.36"
74.7.241.32 - - [23/Jun/2026:06:03:14 -0700] "GET /wp-json/oembed/1.0/embed?format=xml&url=https%3A%2F%2Fdealzandfreebies.com%2F2026%2F06%2F23%2Fthese-include-age-purses-for-example-venmo-paypal-prepaid-service-gamble-notes-and-apple-google-pay%2F HTTP/2" 200 1176 "https://dealzandfreebies.com/2026/06/23/these-include-age-purses-for-example-venmo-paypal-prepaid-service-gamble-notes-and-apple-google-pay/" "Mozilla/5.0 AppleWebKit/537.36 (KHTML, like Gecko; compatible; GPTBot/1.4; +https://openai.com/gptbot)"
64.31.3.126 - - [23/Jun/2026:06:03:15 -0700] "GET /wp-content/themes/thrive-theme/style.css?ver=10.6.2 HTTP/1.1" 200 3881 "https://dealzandfreebies.com/2026/06/11/betninja-casino-veiligheid-en-vertrouwen-6/" "Mozilla/5.0 (Windows NT 10.0; Win64; x64) AppleWebKit/537.36 (KHTML, like Gecko) Chrome/143.0.0.0 Safari/537.36"
74.7.241.32 - - [23/Jun/2026:06:03:15 -0700] "GET /wp-json/oembed/1.0/embed?format=xml&url=https%3A%2F%2Fdealzandfreebies.com%2F2026%2F06%2F19%2Fthat-it-assurances-you-know-the-guidelines-and-will-build-told-decisions-in-the-accepting-bonuses%2F HTTP/2" 200 1163 "https://dealzandfreebies.com/2026/06/19/that-it-assurances-you-know-the-guidelines-and-will-build-told-decisions-in-the-accepting-bonuses/" "Mozilla/5.0 AppleWebKit/537.36 (KHTML, like Gecko; compatible; GPTBot/1.4; +https://openai.com/gptbot)"
57.141.18.2 - - [23/Jun/2026:06:03:15 -0700] "GET /?p=157147 HTTP/2" 301 0 "-" "meta-externalagent/1.1 (+https://developers.facebook.com/docs/sharing/webmasters/crawler)"
74.7.241.32 - - [23/Jun/2026:06:03:16 -0700] "GET /?p=165349 HTTP/2" 301 0 "https://dealzandfreebies.com/2026/06/23/in-the-event-that-a-good-casinos-site-seems-progressive-and-works-efficiently-it-will-become-a-higher-score/" "Mozilla/5.0 AppleWebKit/537.36 (KHTML, like Gecko; compatible; GPTBot/1.4; +https://openai.com/gptbot)"
64.31.3.126 - - [23/Jun/2026:06:03:15 -0700] "GET /wp-content/plugins/thrive-visual-editor/editor/css/thrive_flat.css?ver=10.6.2 HTTP/1.1" 200 166083 "https://dealzandfreebies.com/2026/06/11/betninja-casino-veiligheid-en-vertrouwen-6/" "Mozilla/5.0 (Windows NT 10.0; Win64; x64) AppleWebKit/537.36 (KHTML, like Gecko) Chrome/143.0.0.0 Safari/537.36"
64.31.3.126 - - [23/Jun/2026:06:03:17 -0700] "GET /wp-content/uploads/thrive/theme-template-1739946060.css?ver=10.6.2 HTTP/1.1" 200 37834 "https://dealzandfreebies.com/2026/06/11/betninja-casino-veiligheid-en-vertrouwen-6/" "Mozilla/5.0 (Windows NT 10.0; Win64; x64) AppleWebKit/537.36 (KHTML, like Gecko) Chrome/143.0.0.0 Safari/537.36"
74.7.241.32 - - [23/Jun/2026:06:03:16 -0700] "GET /2026/06/23/tips-for-beginners-at-casino77-uk-a-friendly-guide/ HTTP/2" 200 27453 "https://dealzandfreebies.com/2026/06/23/in-the-event-that-a-good-casinos-site-seems-progressive-and-works-efficiently-it-will-become-a-higher-score/" "Mozilla/5.0 AppleWebKit/537.36 (KHTML, like Gecko; compatible; GPTBot/1.4; +https://openai.com/gptbot)"
136.243.228.180 - - [23/Jun/2026:06:03:16 -0700] "GET /2026/06/17/many-payment-tips-and-debit-notes-e-wallets-and-you-may-financial-transmits-will-likely-be-acknowledged/ HTTP/1.1" 200 27728 "-" "Mozilla/5.0 (compatible; DataForSeoBot/1.0; +https://dataforseo.com/dataforseo-bot)"
85.208.96.195 - - [23/Jun/2026:06:03:16 -0700] "GET /2026/06/20/unsre-empfohlenen-lieferant-entkraften-sera-mit-nachdruck-vorstellen-enorme-computerspiel-portfolios-nachfolgende-untergeordnet-die-anspruchsvollsten-glucksspieler-zufriedenstellen/ HTTP/1.1" 200 33453 "-" "Mozilla/5.0 (compatible; SemrushBot/7~bl; +http://www.semrush.com/bot.html)"
74.7.241.32 - - [23/Jun/2026:06:03:18 -0700] "GET /wp-json/oembed/1.0/embed?url=https%3A%2F%2Fdealzandfreebies.com%2F2026%2F06%2F23%2Fin-the-event-that-a-good-casinos-site-seems-progressive-and-works-efficiently-it-will-become-a-higher-score%2F HTTP/2" 200 1160 "https://dealzandfreebies.com/2026/06/23/in-the-event-that-a-good-casinos-site-seems-progressive-and-works-efficiently-it-will-become-a-higher-score/" "Mozilla/5.0 AppleWebKit/537.36 (KHTML, like Gecko; compatible; GPTBot/1.4; +https://openai.com/gptbot)"
74.7.241.32 - - [23/Jun/2026:06:03:18 -0700] "GET /?p=137307 HTTP/2" 301 0 "https://dealzandfreebies.com/2026/06/19/jak-gra-w-mostbet-kasyno-online-krok-po-kroku-2/" "Mozilla/5.0 AppleWebKit/537.36 (KHTML, like Gecko; compatible; GPTBot/1.4; +https://openai.com/gptbot)"
74.7.241.32 - - [23/Jun/2026:06:03:19 -0700] "GET /2026/06/19/porownanie-mostbet-kasyno-wybor-najlepszego/ HTTP/2" 200 27384 "https://dealzandfreebies.com/2026/06/19/jak-gra-w-mostbet-kasyno-online-krok-po-kroku-2/" "Mozilla/5.0 AppleWebKit/537.36 (KHTML, like Gecko; compatible; GPTBot/1.4; +https://openai.com/gptbot)"
64.31.3.126 - - [23/Jun/2026:06:03:19 -0700] "GET /2026/06/11/betninja-casino-kyc-beleid/ HTTP/1.1" 200 27718 "https://dealzandfreebies.com/2026/06/11/betninja-casino-kyc-beleid/" "Mozilla/5.0 (Windows NT 6.3; Win64; x64) AppleWebKit/537.36 (KHTML, like Gecko) Chrome/103.0.0.0 Safari/537.36"
74.7.241.32 - - [23/Jun/2026:06:03:19 -0700] "GET /category/ntec-org-pl-250/ HTTP/2" 200 23081 "https://dealzandfreebies.com/2026/06/19/jak-gra-w-mostbet-kasyno-online-krok-po-kroku-2/" "Mozilla/5.0 AppleWebKit/537.36 (KHTML, like Gecko; compatible; GPTBot/1.4; +https://openai.com/gptbot)"
85.208.96.201 - - [23/Jun/2026:06:03:19 -0700] "GET /2026/06/21/king-of-the-nile-casino-slot-games/ HTTP/1.1" 200 32505 "-" "Mozilla/5.0 (compatible; SemrushBot/7~bl; +http://www.semrush.com/bot.html)"
74.7.241.32 - - [23/Jun/2026:06:03:20 -0700] "GET /wp-json/wp/v2/posts/137307 HTTP/2" 200 2323 "https://dealzandfreebies.com/2026/06/19/jak-gra-w-mostbet-kasyno-online-krok-po-kroku-2/" "Mozilla/5.0 AppleWebKit/537.36 (KHTML, like Gecko; compatible; GPTBot/1.4; +https://openai.com/gptbot)"
74.7.241.32 - - [23/Jun/2026:06:03:20 -0700] "GET /wp-json/wp/v2/posts/165349 HTTP/2" 200 4426 "https://dealzandfreebies.com/2026/06/23/in-the-event-that-a-good-casinos-site-seems-progressive-and-works-efficiently-it-will-become-a-higher-score/" "Mozilla/5.0 AppleWebKit/537.36 (KHTML, like Gecko; compatible; GPTBot/1.4; +https://openai.com/gptbot)"
74.7.241.32 - - [23/Jun/2026:06:03:21 -0700] "GET /wp-json/oembed/1.0/embed?url=https%3A%2F%2Fdealzandfreebies.com%2F2026%2F06%2F19%2Fjak-gra-w-mostbet-kasyno-online-krok-po-kroku-2%2F HTTP/2" 200 1096 "https://dealzandfreebies.com/2026/06/19/jak-gra-w-mostbet-kasyno-online-krok-po-kroku-2/" "Mozilla/5.0 AppleWebKit/537.36 (KHTML, like Gecko; compatible; GPTBot/1.4; +https://openai.com/gptbot)"
136.243.228.180 - - [23/Jun/2026:06:03:21 -0700] "GET /2026/06/17/enjoy-today/ HTTP/1.1" 200 28863 "-" "Mozilla/5.0 (compatible; DataForSeoBot/1.0; +https://dataforseo.com/dataforseo-bot)"
57.141.18.112 - - [23/Jun/2026:06:03:21 -0700] "GET /wp-json/wp/v2/posts/154437 HTTP/2" 200 16166 "-" "meta-externalagent/1.1 (+https://developers.facebook.com/docs/sharing/webmasters/crawler)"
74.7.241.32 - - [23/Jun/2026:06:03:21 -0700] "GET /wp-json/oembed/1.0/embed?format=xml&url=https%3A%2F%2Fdealzandfreebies.com%2F2026%2F06%2F23%2Fin-the-event-that-a-good-casinos-site-seems-progressive-and-works-efficiently-it-will-become-a-higher-score%2F HTTP/2" 200 1184 "https://dealzandfreebies.com/2026/06/23/in-the-event-that-a-good-casinos-site-seems-progressive-and-works-efficiently-it-will-become-a-higher-score/" "Mozilla/5.0 AppleWebKit/537.36 (KHTML, like Gecko; compatible; GPTBot/1.4; +https://openai.com/gptbot)"
74.7.241.32 - - [23/Jun/2026:06:03:22 -0700] "GET /wp-json/oembed/1.0/embed?format=xml&url=https%3A%2F%2Fdealzandfreebies.com%2F2026%2F06%2F19%2Fhohere-einsatze-im-griff-haben-zum-niedergang-bei-erwerben-und-bonusgeldern-mit-sich-bringen%2F HTTP/2" 200 1196 "https://dealzandfreebies.com/2026/06/19/hohere-einsatze-im-griff-haben-zum-niedergang-bei-erwerben-und-bonusgeldern-mit-sich-bringen/" "Mozilla/5.0 AppleWebKit/537.36 (KHTML, like Gecko; compatible; GPTBot/1.4; +https://openai.com/gptbot)"
74.7.241.32 - - [23/Jun/2026:06:03:22 -0700] "GET /wp-json/oembed/1.0/embed?format=xml&url=https%3A%2F%2Fdealzandfreebies.com%2F2026%2F06%2F23%2Flike-casino-poker-benefits-continue-intricate-notes-to-the-opponents-and-you-can-give-effects%2F HTTP/2" 200 1159 "https://dealzandfreebies.com/2026/06/23/like-casino-poker-benefits-continue-intricate-notes-to-the-opponents-and-you-can-give-effects/" "Mozilla/5.0 AppleWebKit/537.36 (KHTML, like Gecko; compatible; GPTBot/1.4; +https://openai.com/gptbot)"
74.7.241.32 - - [23/Jun/2026:06:03:23 -0700] "GET /?p=165347 HTTP/2" 301 0 "https://dealzandfreebies.com/2026/06/23/tips-for-beginners-at-casino77-uk-a-friendly-guide/" "Mozilla/5.0 AppleWebKit/537.36 (KHTML, like Gecko; compatible; GPTBot/1.4; +https://openai.com/gptbot)"
74.7.241.32 - - [23/Jun/2026:06:03:23 -0700] "GET /2026/06/23/casushi-was-a-shiny-inclusion-to-your-british-local-casino-parece-to-own-players-to-love/ HTTP/2" 200 28910 "https://dealzandfreebies.com/2026/06/23/tips-for-beginners-at-casino77-uk-a-friendly-guide/" "Mozilla/5.0 AppleWebKit/537.36 (KHTML, like Gecko; compatible; GPTBot/1.4; +https://openai.com/gptbot)"
74.7.241.32 - - [23/Jun/2026:06:03:24 -0700] "GET /wp-json/wp/v2/posts/165347 HTTP/2" 200 2607 "https://dealzandfreebies.com/2026/06/23/tips-for-beginners-at-casino77-uk-a-friendly-guide/" "Mozilla/5.0 AppleWebKit/537.36 (KHTML, like Gecko; compatible; GPTBot/1.4; +https://openai.com/gptbot)"
74.7.241.32 - - [23/Jun/2026:06:03:25 -0700] "GET /?p=137365 HTTP/2" 301 0 "https://dealzandfreebies.com/2026/06/19/porownanie-mostbet-kasyno-wybor-najlepszego/" "Mozilla/5.0 AppleWebKit/537.36 (KHTML, like Gecko; compatible; GPTBot/1.4; +https://openai.com/gptbot)"
136.243.228.180 - - [23/Jun/2026:06:03:25 -0700] "GET /2026/06/17/angelique-visser-was-a-passionate-igaming-seasoned-along-with-5-age-from-writing-feel-to-have-gambling-enterprise-and-sports-betting-web-sites/ HTTP/1.1" 200 27850 "-" "Mozilla/5.0 (compatible; DataForSeoBot/1.0; +https://dataforseo.com/dataforseo-bot)"
74.7.241.32 - - [23/Jun/2026:06:03:25 -0700] "GET /2026/06/19/porownanie-platformy-mostbet-pl-co-wybra-dla-2/ HTTP/2" 200 27636 "https://dealzandfreebies.com/2026/06/19/porownanie-mostbet-kasyno-wybor-najlepszego/" "Mozilla/5.0 AppleWebKit/537.36 (KHTML, like Gecko; compatible; GPTBot/1.4; +https://openai.com/gptbot)"
74.7.241.32 - - [23/Jun/2026:06:03:26 -0700] "GET /wp-json/wp/v2/categories/2168 HTTP/2" 200 305 "https://dealzandfreebies.com/category/ntec-org-pl-250/" "Mozilla/5.0 AppleWebKit/537.36 (KHTML, like Gecko; compatible; GPTBot/1.4; +https://openai.com/gptbot)"
74.7.241.32 - - [23/Jun/2026:06:03:27 -0700] "GET /wp-json/wp/v2/posts/137365 HTTP/2" 200 2578 "https://dealzandfreebies.com/2026/06/19/porownanie-mostbet-kasyno-wybor-najlepszego/" "Mozilla/5.0 AppleWebKit/537.36 (KHTML, like Gecko; compatible; GPTBot/1.4; +https://openai.com/gptbot)"
74.7.241.32 - - [23/Jun/2026:06:03:27 -0700] "GET /wp-json/oembed/1.0/embed?url=https%3A%2F%2Fdealzandfreebies.com%2F2026%2F06%2F19%2Fporownanie-mostbet-kasyno-wybor-najlepszego%2F HTTP/2" 200 1110 "https://dealzandfreebies.com/2026/06/19/porownanie-mostbet-kasyno-wybor-najlepszego/" "Mozilla/5.0 AppleWebKit/537.36 (KHTML, like Gecko; compatible; GPTBot/1.4; +https://openai.com/gptbot)"
74.7.241.32 - - [23/Jun/2026:06:03:28 -0700] "GET /wp-json/oembed/1.0/embed?url=https%3A%2F%2Fdealzandfreebies.com%2F2026%2F06%2F23%2Ftips-for-beginners-at-casino77-uk-a-friendly-guide%2F HTTP/2" 200 1099 "https://dealzandfreebies.com/2026/06/23/tips-for-beginners-at-casino77-uk-a-friendly-guide/" "Mozilla/5.0 AppleWebKit/537.36 (KHTML, like Gecko; compatible; GPTBot/1.4; +https://openai.com/gptbot)"
185.191.171.2 - - [23/Jun/2026:06:03:28 -0700] "GET /2026/06/21/cloverpit-happy-charms-tier-checklist/ HTTP/1.1" 200 33550 "-" "Mozilla/5.0 (compatible; SemrushBot/7~bl; +http://www.semrush.com/bot.html)"
74.7.241.32 - - [23/Jun/2026:06:03:28 -0700] "GET /wp-json/oembed/1.0/embed?format=xml&url=https%3A%2F%2Fdealzandfreebies.com%2F2026%2F06%2F23%2Fbetter-scratching-so-you-can-sugarhouse-for-taking-professionals-with-a-task-packaged-sportsbook-to-utilize%2F HTTP/2" 200 1179 "https://dealzandfreebies.com/2026/06/23/better-scratching-so-you-can-sugarhouse-for-taking-professionals-with-a-task-packaged-sportsbook-to-utilize/" "Mozilla/5.0 AppleWebKit/537.36 (KHTML, like Gecko; compatible; GPTBot/1.4; +https://openai.com/gptbot)"
136.243.228.180 - - [23/Jun/2026:06:03:28 -0700] "GET /2026/06/17/formula-1-turizm-polsha-dostoprimechatelnosti-513/ HTTP/1.1" 200 28854 "-" "Mozilla/5.0 (compatible; DataForSeoBot/1.0; +https://dataforseo.com/dataforseo-bot)"
74.7.241.32 - - [23/Jun/2026:06:03:29 -0700] "GET /wp-json/oembed/1.0/embed?format=xml&url=https%3A%2F%2Fdealzandfreebies.com%2F2026%2F06%2F23%2Fnajwazniejsze-percepcja-zrobila-wszystko-to-samo-zarobki-od-wskazowki-sa-widoczne-z-koncie-bardzo-prawie-teraz%2F HTTP/2" 200 1182 "https://dealzandfreebies.com/2026/06/23/najwazniejsze-percepcja-zrobila-wszystko-to-samo-zarobki-od-wskazowki-sa-widoczne-z-koncie-bardzo-prawie-teraz/" "Mozilla/5.0 AppleWebKit/537.36 (KHTML, like Gecko; compatible; GPTBot/1.4; +https://openai.com/gptbot)"
74.7.241.32 - - [23/Jun/2026:06:03:29 -0700] "GET /wp-json/oembed/1.0/embed?format=xml&url=https%3A%2F%2Fdealzandfreebies.com%2F2026%2F06%2F19%2Fbig-places-can-also-be-possibly-subconsciously-build-participants-more-carefree-making-use-of-their-investing%2F HTTP/2" 200 1177 "https://dealzandfreebies.com/2026/06/19/big-places-can-also-be-possibly-subconsciously-build-participants-more-carefree-making-use-of-their-investing/" "Mozilla/5.0 AppleWebKit/537.36 (KHTML, like Gecko; compatible; GPTBot/1.4; +https://openai.com/gptbot)"
74.7.241.32 - - [23/Jun/2026:06:03:30 -0700] "GET /?p=165345 HTTP/2" 301 0 "https://dealzandfreebies.com/2026/06/23/casushi-was-a-shiny-inclusion-to-your-british-local-casino-parece-to-own-players-to-love/" "Mozilla/5.0 AppleWebKit/537.36 (KHTML, like Gecko; compatible; GPTBot/1.4; +https://openai.com/gptbot)"
74.7.241.32 - - [23/Jun/2026:06:03:30 -0700] "GET /2026/06/23/all-of-our-sports-betting-area-talks-about-pba-nba-uaap-worldwide-football-leagues-ufc-boxing-and/ HTTP/2" 200 28143 "https://dealzandfreebies.com/2026/06/23/casushi-was-a-shiny-inclusion-to-your-british-local-casino-parece-to-own-players-to-love/" "Mozilla/5.0 AppleWebKit/537.36 (KHTML, like Gecko; compatible; GPTBot/1.4; +https://openai.com/gptbot)"
74.7.241.32 - - [23/Jun/2026:06:03:31 -0700] "GET /wp-json/oembed/1.0/embed?url=https%3A%2F%2Fdealzandfreebies.com%2F2026%2F06%2F23%2Fcasushi-was-a-shiny-inclusion-to-your-british-local-casino-parece-to-own-players-to-love%2F HTTP/2" 200 1143 "https://dealzandfreebies.com/2026/06/23/casushi-was-a-shiny-inclusion-to-your-british-local-casino-parece-to-own-players-to-love/" "Mozilla/5.0 AppleWebKit/537.36 (KHTML, like Gecko; compatible; GPTBot/1.4; +https://openai.com/gptbot)"
74.7.241.32 - - [23/Jun/2026:06:03:32 -0700] "GET /?p=137369 HTTP/2" 301 0 "https://dealzandfreebies.com/2026/06/19/porownanie-platformy-mostbet-pl-co-wybra-dla-2/" "Mozilla/5.0 AppleWebKit/537.36 (KHTML, like Gecko; compatible; GPTBot/1.4; +https://openai.com/gptbot)"
74.7.241.32 - - [23/Jun/2026:06:03:32 -0700] "GET /wp-json/wp/v2/posts/137369 HTTP/2" 200 2623 "https://dealzandfreebies.com/2026/06/19/porownanie-platformy-mostbet-pl-co-wybra-dla-2/" "Mozilla/5.0 AppleWebKit/537.36 (KHTML, like Gecko; compatible; GPTBot/1.4; +https://openai.com/gptbot)"
136.243.228.180 - - [23/Jun/2026:06:03:32 -0700] "GET /2026/06/17/ubung-die-kunden-spannung-qua-ritzslots-casinos-50-freispiele-angebot/ HTTP/1.1" 200 30039 "-" "Mozilla/5.0 (compatible; DataForSeoBot/1.0; +https://dataforseo.com/dataforseo-bot)"
74.7.241.32 - - [23/Jun/2026:06:03:33 -0700] "GET /wp-json/wp/v2/posts/165345 HTTP/2" 200 3953 "https://dealzandfreebies.com/2026/06/23/casushi-was-a-shiny-inclusion-to-your-british-local-casino-parece-to-own-players-to-love/" "Mozilla/5.0 AppleWebKit/537.36 (KHTML, like Gecko; compatible; GPTBot/1.4; +https://openai.com/gptbot)"
74.7.241.32 - - [23/Jun/2026:06:03:33 -0700] "GET /wp-json/oembed/1.0/embed?url=https%3A%2F%2Fdealzandfreebies.com%2F2026%2F06%2F19%2Fporownanie-platformy-mostbet-pl-co-wybra-dla-2%2F HTTP/2" 200 1112 "https://dealzandfreebies.com/2026/06/19/porownanie-platformy-mostbet-pl-co-wybra-dla-2/" "Mozilla/5.0 AppleWebKit/537.36 (KHTML, like Gecko; compatible; GPTBot/1.4; +https://openai.com/gptbot)"
74.7.241.32 - - [23/Jun/2026:06:03:34 -0700] "GET /wp-json/oembed/1.0/embed?format=xml&url=https%3A%2F%2Fdealzandfreebies.com%2F2026%2F06%2F23%2Fcasushi-was-a-shiny-inclusion-to-your-british-local-casino-parece-to-own-players-to-love%2F HTTP/2" 200 1168 "https://dealzandfreebies.com/2026/06/23/casushi-was-a-shiny-inclusion-to-your-british-local-casino-parece-to-own-players-to-love/" "Mozilla/5.0 AppleWebKit/537.36 (KHTML, like Gecko; compatible; GPTBot/1.4; +https://openai.com/gptbot)"
