216.73.217.103 - - [23/Jun/2026:05:44:00 -0700] "GET /2026/06/23/geld-waard-betreffende-spelletjes-2024-oefen-kosteloos/ HTTP/2" 200 29501 "https://dealzandfreebies.com/?p=164062" "Mozilla/5.0 AppleWebKit/537.36 (KHTML, like Gecko; compatible; ClaudeBot/1.0; +claudebot@anthropic.com)"
216.73.217.103 - - [23/Jun/2026:05:44:01 -0700] "GET /?p=163398 HTTP/2" 301 0 "-" "Mozilla/5.0 AppleWebKit/537.36 (KHTML, like Gecko; compatible; ClaudeBot/1.0; +claudebot@anthropic.com)"
136.243.228.180 - - [23/Jun/2026:05:44:00 -0700] "GET /2026/06/17/exploring-the-evolving-landscape-of-online-gambling-in-australia-a-comparative-investigation/ HTTP/1.1" 200 27784 "-" "Mozilla/5.0 (compatible; DataForSeoBot/1.0; +https://dataforseo.com/dataforseo-bot)"
104.251.93.138 - - [23/Jun/2026:05:44:02 -0700] "GET /2026/05/29/greatest-casino-apps-to-down-load-in-the-2026-ratings-much-more/%7B(%7Btcb_featured_image_url%20size=large%7D HTTP/1.1" 403 0 "-" "Mozilla/5.0 (compatible; MSIE 9.0; Windows NT 6.2; Trident/5.0)"
216.73.217.103 - - [23/Jun/2026:05:44:01 -0700] "GET /2026/06/23/anfang-verfugbarkeit-freispiele-frei-einzahlung-auf-anhieb-zuganglich-bei-land-der-dichter-und-denker/ HTTP/2" 200 28612 "https://dealzandfreebies.com/?p=163286" "Mozilla/5.0 AppleWebKit/537.36 (KHTML, like Gecko; compatible; ClaudeBot/1.0; +claudebot@anthropic.com)"
185.153.197.250 - - [23/Jun/2026:05:44:01 -0700] "GET /2026/06/23/najwazniejsze-percepcja-zrobila-wszystko-to-samo-zarobki-od-wskazowki-sa-widoczne-z-koncie-bardzo-prawie-teraz/ HTTP/1.1" 200 141811 "-" "Mozilla/5.0 (Windows NT 10.0; Win64; x64) AppleWebKit/537.36 (KHTML, like Gecko) Chrome/109.0.0.0 Safari/537.36"
216.73.217.103 - - [23/Jun/2026:05:44:02 -0700] "GET /2026/06/23/gladiator-wikipedia/ HTTP/2" 200 29192 "https://dealzandfreebies.com/?p=163398" "Mozilla/5.0 AppleWebKit/537.36 (KHTML, like Gecko; compatible; ClaudeBot/1.0; +claudebot@anthropic.com)"
45.83.178.17 - - [23/Jun/2026:05:44:03 -0700] "POST /xmlrpc.php HTTP/1.1" 200 10570 "-" "Mozilla/5.0 (Windows NT 10.0; Win64; x64) AppleWebKit/537.36 (KHTML, like Gecko) Chrome/114.0.0.0 Safari/537.36"
136.243.228.180 - - [23/Jun/2026:05:44:04 -0700] "GET /2026/06/17/leovegas-online-casino-spel-software-online-gamble/ HTTP/1.1" 200 30094 "-" "Mozilla/5.0 (compatible; DataForSeoBot/1.0; +https://dataforseo.com/dataforseo-bot)"
57.141.18.93 - - [23/Jun/2026:05:44:06 -0700] "GET /?p=152216 HTTP/2" 301 0 "-" "meta-externalagent/1.1 (+https://developers.facebook.com/docs/sharing/webmasters/crawler)"
104.255.170.81 - - [23/Jun/2026:05:44:06 -0700] "POST /wp-cron.php?doing_wp_cron=1782218646.5761051177978515625000 HTTP/1.1" 200 0 "-" "WordPress/7.0; https://dealzandfreebies.com"
128.14.102.150 - - [23/Jun/2026:05:44:06 -0700] "POST /xmlrpc.php HTTP/1.1" 200 11833 "-" "Mozilla/5.0 (Windows NT 10.0; Win64; x64) AppleWebKit/537.36 (KHTML, like Gecko) Chrome/114.0.0.0 Safari/537.36"
57.141.18.14 - - [23/Jun/2026:05:44:08 -0700] "GET /2026/06/22/melde-dich-within-mark-der-casinos-eingeschaltet-um-freispiele-weiters-with-out-anzahlung-provision-gutschrift-nachdem-beibehalten/ HTTP/2" 200 142909 "-" "meta-externalagent/1.1 (+https://developers.facebook.com/docs/sharing/webmasters/crawler)"
128.14.102.150 - - [23/Jun/2026:05:44:07 -0700] "GET /2026/06/23/werkelijk-poen-gokhuis-de-uitgelezene-goksites-betreffende-iedereen-betaalmethodes/ HTTP/1.1" 200 142693 "-" "Mozilla/5.0 (Windows NT 10.0; rv:109.0) Gecko/20100101 Firefox/115.0"
136.243.228.180 - - [23/Jun/2026:05:44:08 -0700] "GET /2026/06/17/among-us-spielen-sie-sushi-online-angeschlossen/ HTTP/1.1" 200 29525 "-" "Mozilla/5.0 (compatible; DataForSeoBot/1.0; +https://dataforseo.com/dataforseo-bot)"
17.22.245.124 - - [23/Jun/2026:05:44:10 -0700] "POST /wp-admin/admin-ajax.php HTTP/2" 200 6 "https://dealzandfreebies.com/2026/06/15/best-play-to-earn-games-uk-2024-your-complete-35/" "Mozilla/5.0 (Macintosh; Intel Mac OS X 10_15_7) AppleWebKit/605.1.15 (KHTML, like Gecko) Version/17.4 Safari/605.1.15 (Applebot/0.1; +http://www.apple.com/go/applebot)"
79.117.154.251 - - [23/Jun/2026:05:44:11 -0700] "GET /2026/06/02/declaration-not-authorized-transactions-for-the-no-deposit-free-spins-royal-vegas-10-paypal/%7B(%7Btcb_featured_image_url%20size=large%7D HTTP/1.1" 403 0 "-" "Mozilla/5.0 (Windows NT 6.0) AppleWebKit/534.1 (KHTML, like Gecko) Chrome/53.0.861.0 Safari/534.1"
45.83.178.17 - - [23/Jun/2026:05:44:04 -0700] "GET /2026/06/23/betbeast-features-the-full-let-heart-that-includes-faqs-for-the-information-for-example-bonuses-games-and-you-may-costs/ HTTP/1.1" 200 143140 "-" "Mozilla/5.0 (Windows NT 10.0; Win64; x64) AppleWebKit/537.36 (KHTML, like Gecko) Chrome/124.0.0.0 Safari/537.36 Edg/124.0.0.0"
136.243.228.180 - - [23/Jun/2026:05:44:12 -0700] "GET /2026/06/17/inaspettatamente-che-abbiamo-certi-filtri-di-cerca-verso-costringere-il-estensione-durante-luogo-alle-abat-preferenze/ HTTP/1.1" 200 28159 "-" "Mozilla/5.0 (compatible; DataForSeoBot/1.0; +https://dataforseo.com/dataforseo-bot)"
57.141.18.32 - - [23/Jun/2026:05:44:14 -0700] "GET /2026/06/21/some-casinos-promote-no-betting-no-deposit-bonuses-and-thus-that-which-you-victory-are-yours/ HTTP/2" 200 140316 "-" "meta-externalagent/1.1 (+https://developers.facebook.com/docs/sharing/webmasters/crawler)"
136.243.228.180 - - [23/Jun/2026:05:44:17 -0700] "GET /2026/06/17/analiza-meczow-piki-nonej-ai-field-memo-przyszo-124/ HTTP/1.1" 200 27786 "-" "Mozilla/5.0 (compatible; DataForSeoBot/1.0; +https://dataforseo.com/dataforseo-bot)"
85.208.96.197 - - [23/Jun/2026:05:44:17 -0700] "GET /2026/06/21/the-web-gambling-enterprise-accepts-spend-by-the-cellular-telephone-statement-places-out-of-ten/ HTTP/1.1" 200 32534 "-" "Mozilla/5.0 (compatible; SemrushBot/7~bl; +http://www.semrush.com/bot.html)"
57.141.18.108 - - [23/Jun/2026:05:44:19 -0700] "GET /2026/06/23/like-area-exclusive-slot-hits-fanduel-gambling-enterprise-ahead-of-seasons-8/ HTTP/2" 200 138242 "-" "meta-externalagent/1.1 (+https://developers.facebook.com/docs/sharing/webmasters/crawler)"
136.243.228.180 - - [23/Jun/2026:05:44:20 -0700] "GET /2026/06/17/comment-the-best-alternatives-lower-than-to-search-for-the-best-you-to-for-your-requirements/ HTTP/1.1" 200 27961 "-" "Mozilla/5.0 (compatible; DataForSeoBot/1.0; +https://dataforseo.com/dataforseo-bot)"
216.73.217.103 - - [23/Jun/2026:05:44:23 -0700] "GET /?p=164038 HTTP/2" 301 0 "-" "Mozilla/5.0 AppleWebKit/537.36 (KHTML, like Gecko; compatible; ClaudeBot/1.0; +claudebot@anthropic.com)"
85.208.96.208 - - [23/Jun/2026:05:44:22 -0700] "GET /2026/06/22/strategii-igry-i-shhedrye-bonusy-v-onlajn-kaz/ HTTP/1.1" 200 38152 "-" "Mozilla/5.0 (compatible; SemrushBot/7~bl; +http://www.semrush.com/bot.html)"
216.73.217.103 - - [23/Jun/2026:05:44:23 -0700] "GET /?p=164056 HTTP/2" 301 0 "-" "Mozilla/5.0 AppleWebKit/537.36 (KHTML, like Gecko; compatible; ClaudeBot/1.0; +claudebot@anthropic.com)"
216.73.217.103 - - [23/Jun/2026:05:44:23 -0700] "GET /2026/06/23/6-cele-apasator-ice-hockey-slot-bune-aplicatii-de-jocuri-de-platesc-acum-bani-reali-prep-2021/ HTTP/2" 200 30481 "https://dealzandfreebies.com/?p=164038" "Mozilla/5.0 AppleWebKit/537.36 (KHTML, like Gecko; compatible; ClaudeBot/1.0; +claudebot@anthropic.com)"
216.73.217.103 - - [23/Jun/2026:05:44:24 -0700] "GET /2026/06/23/volnuiushhaia-udaca-i-zaxvatyvaiushhii-slot-the-dog-hou/ HTTP/2" 200 31466 "https://dealzandfreebies.com/?p=164056" "Mozilla/5.0 AppleWebKit/537.36 (KHTML, like Gecko; compatible; ClaudeBot/1.0; +claudebot@anthropic.com)"
216.73.217.103 - - [23/Jun/2026:05:44:25 -0700] "GET /?p=164060 HTTP/2" 301 0 "-" "Mozilla/5.0 AppleWebKit/537.36 (KHTML, like Gecko; compatible; ClaudeBot/1.0; +claudebot@anthropic.com)"
136.243.228.180 - - [23/Jun/2026:05:44:24 -0700] "GET /2026/06/17/no-olvides-confirmar-antiguamente-cual-nuestro-casino-tenga-bonos-desprovisto-tanque-a-tu-disposicion/ HTTP/1.1" 200 28235 "-" "Mozilla/5.0 (compatible; DataForSeoBot/1.0; +https://dataforseo.com/dataforseo-bot)"
216.73.217.103 - - [23/Jun/2026:05:44:25 -0700] "GET /?p=163972 HTTP/2" 301 0 "-" "Mozilla/5.0 AppleWebKit/537.36 (KHTML, like Gecko; compatible; ClaudeBot/1.0; +claudebot@anthropic.com)"
85.208.96.205 - - [23/Jun/2026:05:44:25 -0700] "GET /2026/06/21/play-fifty-dragons-free-nz-free-pokies-online-demo-slot-machine-game-here/ HTTP/1.1" 200 34826 "-" "Mozilla/5.0 (compatible; SemrushBot/7~bl; +http://www.semrush.com/bot.html)"
216.73.217.103 - - [23/Jun/2026:05:44:25 -0700] "GET /2026/06/23/die-autoren-sein-eigen-nennen-nebensachlich-gelernt-genau-so-wie-adult-male-menschenahnlich-unter-anderem-laptop-casino-konten-erstellt-und-unser-positive-aspekte-nachfolgende-parte-fundig-werden-wel/ HTTP/2" 200 28575 "https://dealzandfreebies.com/?p=164060" "Mozilla/5.0 AppleWebKit/537.36 (KHTML, like Gecko; compatible; ClaudeBot/1.0; +claudebot@anthropic.com)"
216.73.217.103 - - [23/Jun/2026:05:44:26 -0700] "GET /2026/06/23/finest-all-of-us-mobile-casinos-2026-rates-design-rated/ HTTP/2" 200 29772 "https://dealzandfreebies.com/?p=163972" "Mozilla/5.0 AppleWebKit/537.36 (KHTML, like Gecko; compatible; ClaudeBot/1.0; +claudebot@anthropic.com)"
216.73.217.103 - - [23/Jun/2026:05:44:27 -0700] "GET /?p=162473 HTTP/2" 301 0 "-" "Mozilla/5.0 AppleWebKit/537.36 (KHTML, like Gecko; compatible; ClaudeBot/1.0; +claudebot@anthropic.com)"
216.73.217.103 - - [23/Jun/2026:05:44:27 -0700] "GET /2026/06/23/offlin-gokhal-werkelijk-bankbiljet-liefste-nederlandse-offlin-casinos/ HTTP/2" 200 30540 "https://dealzandfreebies.com/?p=162473" "Mozilla/5.0 AppleWebKit/537.36 (KHTML, like Gecko; compatible; ClaudeBot/1.0; +claudebot@anthropic.com)"
104.255.170.81 - - [23/Jun/2026:05:44:29 -0700] "POST /wp-cron.php?doing_wp_cron=1782218669.3430171012878417968750 HTTP/1.1" 200 0 "-" "WordPress/7.0; https://dealzandfreebies.com"
23.90.184.84 - - [23/Jun/2026:05:44:26 -0700] "POST /xmlrpc.php HTTP/1.1" 200 181 "-" "Mozilla/5.0 (Windows NT 10.0; Win64; x64) AppleWebKit/537.36 (KHTML, like Gecko) Chrome/114.0.0.0 Safari/537.36"
136.243.228.180 - - [23/Jun/2026:05:44:28 -0700] "GET /2026/06/17/windows-10-bonusschlitz-bejeweled-iso-download/ HTTP/1.1" 200 32014 "-" "Mozilla/5.0 (compatible; DataForSeoBot/1.0; +https://dataforseo.com/dataforseo-bot)"
85.208.96.202 - - [23/Jun/2026:05:44:28 -0700] "GET /2026/06/22/selection-of-greatest-pragmatic-gamble-gambling-enterprises-having-2026/ HTTP/1.1" 200 32523 "-" "Mozilla/5.0 (compatible; SemrushBot/7~bl; +http://www.semrush.com/bot.html)"
136.243.228.180 - - [23/Jun/2026:05:44:32 -0700] "GET /2026/06/17/fur-jedes-dich-ist-ebendiese-nachrichtengehalt-speziell-wichtig-bekanntlich-du-tempo-dadurch-optimale-zuverlassigkeit/ HTTP/1.1" 200 29279 "-" "Mozilla/5.0 (compatible; DataForSeoBot/1.0; +https://dataforseo.com/dataforseo-bot)"
85.208.96.209 - - [23/Jun/2026:05:44:33 -0700] "GET /2026/06/22/is-actually-kansas-online-casino-playing-judge-igaming-updates-2026/ HTTP/1.1" 200 33149 "-" "Mozilla/5.0 (compatible; SemrushBot/7~bl; +http://www.semrush.com/bot.html)"
104.255.170.81 - - [23/Jun/2026:05:44:34 -0700] "POST /wp-cron.php?doing_wp_cron=1782218674.7601759433746337890625 HTTP/1.1" 200 0 "-" "WordPress/7.0; https://dealzandfreebies.com"
104.105.80.104 - - [23/Jun/2026:05:44:33 -0700] "POST /xmlrpc.php HTTP/1.1" 200 181 "-" "Mozilla/5.0 (Windows NT 10.0; Win64; x64) AppleWebKit/537.36 (KHTML, like Gecko) Chrome/114.0.0.0 Safari/537.36"
57.141.18.34 - - [23/Jun/2026:05:44:35 -0700] "GET /2026/06/23/werkelijk-poen-gokhuis-de-uitgelezene-goksites-betreffende-iedereen-betaalmethodes/ HTTP/2" 200 144054 "-" "meta-externalagent/1.1 (+https://developers.facebook.com/docs/sharing/webmasters/crawler)"
23.90.184.84 - - [23/Jun/2026:05:44:34 -0700] "POST /xmlrpc.php HTTP/1.1" 200 9110 "-" "Mozilla/5.0 (Windows NT 10.0; Win64; x64) AppleWebKit/537.36 (KHTML, like Gecko) Chrome/114.0.0.0 Safari/537.36"
23.90.184.84 - - [23/Jun/2026:05:44:36 -0700] "GET /2026/06/23/start-with-the-fresh-partner-platforms-top-picks-such-orion-superstars-for-free-spins/ HTTP/1.1" 200 141419 "-" "Mozilla/5.0 (Windows NT 10.0; rv:125.0) Gecko/20100101 Firefox/125.0"
136.243.228.180 - - [23/Jun/2026:05:44:36 -0700] "GET /2026/06/17/online-casinos-uber-5-extra-cash-mobile-ecu-einzahlung-2026-bestenliste/ HTTP/1.1" 200 29837 "-" "Mozilla/5.0 (compatible; DataForSeoBot/1.0; +https://dataforseo.com/dataforseo-bot)"
161.142.137.54 - - [23/Jun/2026:05:44:38 -0700] "GET /2026/06/07/finest-no-deposit-bonuses-and-totally-free-revolves-gambling-enterprises-2026/%7B(%7Btcb_featured_image_url%20size=large%7D HTTP/1.1" 403 0 "-" "Mozilla/5.0 (compatible; MSIE 7.0; Windows NT 5.0; Trident/4.1)"
104.255.170.81 - - [23/Jun/2026:05:44:40 -0700] "POST /wp-cron.php?doing_wp_cron=1782218680.7480568885803222656250 HTTP/1.1" 200 0 "-" "WordPress/7.0; https://dealzandfreebies.com"
128.14.102.150 - - [23/Jun/2026:05:44:39 -0700] "POST /xmlrpc.php HTTP/1.1" 200 181 "-" "Mozilla/5.0 (Windows NT 10.0; Win64; x64) AppleWebKit/537.36 (KHTML, like Gecko) Chrome/114.0.0.0 Safari/537.36"
104.105.80.104 - - [23/Jun/2026:05:44:40 -0700] "POST /xmlrpc.php HTTP/1.1" 200 8363 "-" "Mozilla/5.0 (Windows NT 10.0; Win64; x64) AppleWebKit/537.36 (KHTML, like Gecko) Chrome/114.0.0.0 Safari/537.36"
136.243.228.180 - - [23/Jun/2026:05:44:40 -0700] "GET /2026/06/17/angelique-visser-is-simply-a-passionate-igaming-knowledgeable-along-with-five-years-away-from-creating-sense-to-own-local-casino-and-wagering-internet-sites/ HTTP/1.1" 200 27899 "-" "Mozilla/5.0 (compatible; DataForSeoBot/1.0; +https://dataforseo.com/dataforseo-bot)"
104.105.80.104 - - [23/Jun/2026:05:44:41 -0700] "GET /2026/06/23/jucatorii-i-asta-activeaza-notificarile-la-platforma-devin-ambele-invitaii-la-turnee-speciale-de-asemenea-i-evenimente-fillip/ HTTP/1.1" 200 140945 "-" "Mozilla/5.0 (Windows NT 10.0; Win64; x64) AppleWebKit/537.36 (KHTML, like Gecko) Chrome/123.0.0.0 Safari/537.36 OPR/109.0.0.0"
43.173.174.192 - - [23/Jun/2026:05:44:42 -0700] "GET /2026/06/17/kazde-wiarygodne-kasyno-online-poddalo-masz-gra-online-szczegolowej-ocenie-specjalistom-ecogra-lub-po-prostu-po-prostu-itech-labs HTTP/1.1" 301 0 "-" "Mozilla/5.0 (Windows NT 10.0; Win64; x64) AppleWebKit/537.36 (KHTML, like Gecko) Chrome/103.0.0.0 Safari/537.36"
43.173.182.98 - - [23/Jun/2026:05:44:42 -0700] "GET /?p=113190 HTTP/1.1" 301 0 "-" "Mozilla/5.0 (Windows NT 10.0; Win64; x64) AppleWebKit/537.36 (KHTML, like Gecko) Chrome/108.0.0.0 Safari/537.36"
57.141.18.64 - - [23/Jun/2026:05:44:43 -0700] "GET /wp-json/wp/v2/posts/155267 HTTP/2" 200 10542 "-" "meta-externalagent/1.1 (+https://developers.facebook.com/docs/sharing/webmasters/crawler)"
43.173.177.41 - - [23/Jun/2026:05:44:43 -0700] "GET /2026/06/11/the-most-popular-progressive-jackpot-position-is-super-moolah-because-of-the-microgaming-now-game-all-over-the-world/ HTTP/1.1" 200 32486 "-" "Mozilla/5.0 (Windows NT 10.0; Win64; x64) AppleWebKit/537.36 (KHTML, like Gecko) Chrome/108.0.0.0 Safari/537.36"
43.173.182.107 - - [23/Jun/2026:05:44:43 -0700] "GET /2026/06/17/kazde-wiarygodne-kasyno-online-poddalo-masz-gra-online-szczegolowej-ocenie-specjalistom-ecogra-lub-po-prostu-po-prostu-itech-labs/ HTTP/1.1" 200 34331 "-" "Mozilla/5.0 (Windows NT 10.0; Win64; x64) AppleWebKit/537.36 (KHTML, like Gecko) Chrome/103.0.0.0 Safari/537.36"
136.243.228.180 - - [23/Jun/2026:05:44:44 -0700] "GET /2026/06/17/non-gamstop-casinos-uk-2026-best-new-casinos-not-952/ HTTP/1.1" 200 27807 "-" "Mozilla/5.0 (compatible; DataForSeoBot/1.0; +https://dataforseo.com/dataforseo-bot)"
43.173.177.166 - - [23/Jun/2026:05:44:46 -0700] "POST /wp-admin/admin-ajax.php HTTP/1.1" 200 22 "https://dealzandfreebies.com/2026/06/11/the-most-popular-progressive-jackpot-position-is-super-moolah-because-of-the-microgaming-now-game-all-over-the-world/" "Mozilla/5.0 (Windows NT 10.0; Win64; x64) AppleWebKit/537.36 (KHTML, like Gecko) Chrome/108.0.0.0 Safari/537.36"
17.246.15.227 - - [23/Jun/2026:05:44:48 -0700] "POST /wp-admin/admin-ajax.php HTTP/2" 200 6 "https://dealzandfreebies.com/2026/06/07/gamble-endless-connect-warriors-kingdom-100-percent-free-in-the-trial-and-read-review/" "Mozilla/5.0 (Macintosh; Intel Mac OS X 10_15_7) AppleWebKit/605.1.15 (KHTML, like Gecko) Version/17.4 Safari/605.1.15 (Applebot/0.1; +http://www.apple.com/go/applebot)"
128.14.102.150 - - [23/Jun/2026:05:44:47 -0700] "POST /xmlrpc.php HTTP/1.1" 200 15205 "-" "Mozilla/5.0 (Windows NT 10.0; Win64; x64) AppleWebKit/537.36 (KHTML, like Gecko) Chrome/114.0.0.0 Safari/537.36"
43.172.194.248 - - [23/Jun/2026:05:44:48 -0700] "POST /wp-admin/admin-ajax.php HTTP/1.1" 200 22 "https://dealzandfreebies.com/2026/06/17/kazde-wiarygodne-kasyno-online-poddalo-masz-gra-online-szczegolowej-ocenie-specjalistom-ecogra-lub-po-prostu-po-prostu-itech-labs/" "Mozilla/5.0 (Windows NT 10.0; Win64; x64) AppleWebKit/537.36 (KHTML, like Gecko) Chrome/103.0.0.0 Safari/537.36"
136.243.228.180 - - [23/Jun/2026:05:44:49 -0700] "GET /2026/06/17/casino-freispiele-letzter-lucky-charmer-mega-jackpot-schrei-ohne-einzahlung/ HTTP/1.1" 200 30627 "-" "Mozilla/5.0 (compatible; DataForSeoBot/1.0; +https://dataforseo.com/dataforseo-bot)"
57.141.18.50 - - [23/Jun/2026:05:44:49 -0700] "GET /2026/06/22/ideal-on-line-casino-tx-texas-playing-internet-sites-a-real-income-2026/ HTTP/2" 200 144282 "-" "meta-externalagent/1.1 (+https://developers.facebook.com/docs/sharing/webmasters/crawler)"
128.14.102.150 - - [23/Jun/2026:05:44:50 -0700] "GET /2026/06/23/online-casino-werkelijk-poen-offlin-speculeren-in-echt-poen-om-holland/ HTTP/1.1" 200 145407 "-" "Mozilla/5.0 (Windows NT 10.0; Win64; x64; rv:125.0) Gecko/20100101 Firefox/125.0"
136.243.228.180 - - [23/Jun/2026:05:44:52 -0700] "GET /2026/06/17/the-newest-30000-usdt-every-day-withdrawal-limitation-exceeds-really-ukgc-workers-whom-apply-5000-10000-limits/ HTTP/1.1" 200 29609 "-" "Mozilla/5.0 (compatible; DataForSeoBot/1.0; +https://dataforseo.com/dataforseo-bot)"
104.255.170.81 - - [23/Jun/2026:05:44:55 -0700] "POST /wp-cron.php?doing_wp_cron=1782218695.2285449504852294921875 HTTP/1.1" 200 0 "-" "WordPress/7.0; https://dealzandfreebies.com"
185.191.206.89 - - [23/Jun/2026:05:44:54 -0700] "POST /xmlrpc.php HTTP/1.1" 200 181 "-" "Mozilla/5.0 (Windows NT 10.0; Win64; x64) AppleWebKit/537.36 (KHTML, like Gecko) Chrome/114.0.0.0 Safari/537.36"
136.243.228.180 - - [23/Jun/2026:05:44:56 -0700] "GET /2026/06/17/sebbene-per-modo-demo-non-sono-previste-transazioni-di-ricchezza-il-incontro-e-indifferentemente-spassoso/ HTTP/1.1" 200 28430 "-" "Mozilla/5.0 (compatible; DataForSeoBot/1.0; +https://dataforseo.com/dataforseo-bot)"
57.141.18.1 - - [23/Jun/2026:05:44:57 -0700] "GET /2026/06/23/betbeast-features-the-full-let-heart-that-includes-faqs-for-the-information-for-example-bonuses-games-and-you-may-costs/ HTTP/2" 200 142853 "-" "meta-externalagent/1.1 (+https://developers.facebook.com/docs/sharing/webmasters/crawler)"
57.141.18.8 - - [23/Jun/2026:05:44:58 -0700] "GET /wp-json/oembed/1.0/embed?url=https%3A%2F%2Fdealzandfreebies.com%2F2026%2F06%2F22%2Fideal-5-instant-withdrawal-gambling-enterprises-tested-in-2026-the-latest-eu-company-review%2F HTTP/2" 200 2631 "-" "meta-externalagent/1.1 (+https://developers.facebook.com/docs/sharing/webmasters/crawler)"
185.191.206.89 - - [23/Jun/2026:05:45:00 -0700] "POST /xmlrpc.php HTTP/1.1" 200 7785 "-" "Mozilla/5.0 (Windows NT 10.0; Win64; x64) AppleWebKit/537.36 (KHTML, like Gecko) Chrome/114.0.0.0 Safari/537.36"
136.243.228.180 - - [23/Jun/2026:05:45:00 -0700] "GET /2026/06/17/one-other-reason-as-to-the-reasons-people-love-betmgm-is-that-they-promote-incentives-which-have-realistic-wagering-criteria/ HTTP/1.1" 200 28746 "-" "Mozilla/5.0 (compatible; DataForSeoBot/1.0; +https://dataforseo.com/dataforseo-bot)"
85.208.96.194 - - [23/Jun/2026:05:45:03 -0700] "GET /2026/06/22/most-readily-useful-online-casino-inside-malaysia-for-real-currency-betting-for-the-2026/ HTTP/1.1" 200 34908 "-" "Mozilla/5.0 (compatible; SemrushBot/7~bl; +http://www.semrush.com/bot.html)"
136.243.228.180 - - [23/Jun/2026:05:45:05 -0700] "GET /2026/06/17/roobet-online-casino-canada-prime-video-games-multi-level-bonuses-seamless-mobile-play/ HTTP/1.1" 200 28492 "-" "Mozilla/5.0 (compatible; DataForSeoBot/1.0; +https://dataforseo.com/dataforseo-bot)"
104.255.170.81 - - [23/Jun/2026:05:45:06 -0700] "POST /wp-cron.php?doing_wp_cron=1782218706.4140729904174804687500 HTTP/1.1" 200 0 "-" "WordPress/7.0; https://dealzandfreebies.com"
23.90.184.84 - - [23/Jun/2026:05:45:04 -0700] "POST /xmlrpc.php HTTP/1.1" 200 181 "-" "Mozilla/5.0 (Windows NT 10.0; Win64; x64) AppleWebKit/537.36 (KHTML, like Gecko) Chrome/114.0.0.0 Safari/537.36"
45.83.178.17 - - [23/Jun/2026:05:45:06 -0700] "POST /xmlrpc.php HTTP/1.1" 200 181 "-" "Mozilla/5.0 (Windows NT 10.0; Win64; x64) AppleWebKit/537.36 (KHTML, like Gecko) Chrome/114.0.0.0 Safari/537.36"
136.243.228.180 - - [23/Jun/2026:05:45:08 -0700] "GET /2026/06/17/dos-inspire-las-vegas-%EF%BF%BD-250100-impress-gold-coins-5-south-carolina-enjoy-extra/ HTTP/1.1" 403 0 "-" "Mozilla/5.0 (compatible; DataForSeoBot/1.0; +https://dataforseo.com/dataforseo-bot)"
185.191.206.89 - - [23/Jun/2026:05:45:02 -0700] "GET /2026/06/23/ho-incominciato-dubbio-involontariamente-proposito-dalla-rarita-in-maggioranza/ HTTP/1.1" 200 138247 "-" "Mozilla/5.0 (Windows NT 10.0; Win64; x64) AppleWebKit/537.36 (KHTML, like Gecko) Chrome/123.0.0.0 Safari/537.36 OPR/109.0.0.0"
104.255.170.81 - - [23/Jun/2026:05:45:10 -0700] "POST /wp-cron.php?doing_wp_cron=1782218710.7063150405883789062500 HTTP/1.1" 200 0 "-" "WordPress/7.0; https://dealzandfreebies.com"
185.191.171.18 - - [23/Jun/2026:05:45:10 -0700] "GET /2026/06/21/nastepowaniu-rejestracja-w-celu-na-kasynie-i-mozesz-ewentualnej-weryfikacji-danych-bonus-bedzie-kontynuowany-wyzwalacz/ HTTP/1.1" 200 34503 "-" "Mozilla/5.0 (compatible; SemrushBot/7~bl; +http://www.semrush.com/bot.html)"
146.70.99.148 - - [23/Jun/2026:05:45:11 -0700] "POST /xmlrpc.php HTTP/1.1" 200 181 "-" "Mozilla/5.0 (Windows NT 10.0; Win64; x64) AppleWebKit/537.36 (KHTML, like Gecko) Chrome/114.0.0.0 Safari/537.36"
23.90.184.84 - - [23/Jun/2026:05:45:12 -0700] "POST /xmlrpc.php HTTP/1.1" 403 181 "-" "Mozilla/5.0 (Windows NT 10.0; Win64; x64) AppleWebKit/537.36 (KHTML, like Gecko) Chrome/114.0.0.0 Safari/537.36"
136.243.228.180 - - [23/Jun/2026:05:45:12 -0700] "GET /2026/06/17/damit-ebendiese-qualitat-sicherzustellen-versuchen-unsereins-selbst-die-reaktionszeiten-und-selbige-verantwortungsbereich-ein-hilfe-angestellter/ HTTP/1.1" 200 29242 "-" "Mozilla/5.0 (compatible; DataForSeoBot/1.0; +https://dataforseo.com/dataforseo-bot)"
45.83.178.17 - - [23/Jun/2026:05:45:14 -0700] "POST /xmlrpc.php HTTP/1.1" 200 10519 "-" "Mozilla/5.0 (Windows NT 10.0; Win64; x64) AppleWebKit/537.36 (KHTML, like Gecko) Chrome/114.0.0.0 Safari/537.36"
43.134.79.129 - - [23/Jun/2026:05:45:14 -0700] "GET /2026/05/15/zu-handen-dich-als-aktiver-spieler-entsteht-derartig-wahrhaftig-strukturierter-wochenbonus-versma-statt-dessen-vereinzelter-sonderaktionen/ HTTP/2" 200 28741 "https://dealzandfreebies.com/2026/05/15/zu-handen-dich-als-aktiver-spieler-entsteht-derartig-wahrhaftig-strukturierter-wochenbonus-versma-statt-dessen-vereinzelter-sonderaktionen/" "Mozilla/5.0 (Windows NT 10.0; Win64; x64) AppleWebKit/537.36 (KHTML, like Gecko) Chrome/101.0.4951.64 Safari/537.36 Edg/101.0.1210.47"
128.14.102.150 - - [23/Jun/2026:05:45:14 -0700] "POST /xmlrpc.php HTTP/1.1" 200 181 "-" "Mozilla/5.0 (Windows NT 10.0; Win64; x64) AppleWebKit/537.36 (KHTML, like Gecko) Chrome/114.0.0.0 Safari/537.36"
104.255.170.81 - - [23/Jun/2026:05:45:17 -0700] "POST /wp-cron.php?doing_wp_cron=1782218717.5875799655914306640625 HTTP/1.1" 200 0 "-" "WordPress/7.0; https://dealzandfreebies.com"
136.243.228.180 - - [23/Jun/2026:05:45:17 -0700] "GET /2026/06/17/en-el-momento-en-que-2013-el-aparato-han-evaluado-alguna-un/ HTTP/1.1" 200 28456 "-" "Mozilla/5.0 (compatible; DataForSeoBot/1.0; +https://dataforseo.com/dataforseo-bot)"
216.73.217.103 - - [23/Jun/2026:05:45:21 -0700] "GET /?p=163948 HTTP/2" 301 0 "-" "Mozilla/5.0 AppleWebKit/537.36 (KHTML, like Gecko; compatible; ClaudeBot/1.0; +claudebot@anthropic.com)"
216.73.217.103 - - [23/Jun/2026:05:45:21 -0700] "GET /?p=163974 HTTP/2" 301 0 "-" "Mozilla/5.0 AppleWebKit/537.36 (KHTML, like Gecko; compatible; ClaudeBot/1.0; +claudebot@anthropic.com)"
136.243.228.180 - - [23/Jun/2026:05:45:21 -0700] "GET /2026/06/17/in-sekundenschnelle-findest-du-dies-automatenspiel-dies-wohl-dahinter-dir-oder-deiner-gemutszustand-passt-verbunden-spielcasino/ HTTP/1.1" 200 28538 "-" "Mozilla/5.0 (compatible; DataForSeoBot/1.0; +https://dataforseo.com/dataforseo-bot)"
146.70.99.148 - - [23/Jun/2026:05:45:21 -0700] "POST /xmlrpc.php HTTP/1.1" 200 12568 "-" "Mozilla/5.0 (Windows NT 10.0; Win64; x64) AppleWebKit/537.36 (KHTML, like Gecko) Chrome/114.0.0.0 Safari/537.36"
216.73.217.103 - - [23/Jun/2026:05:45:21 -0700] "GET /2026/06/23/at-the-sweeps-regal-the-brand-new-daily-login-incentive-try-triggered-by-a-go-of-your-controls/ HTTP/2" 200 27824 "https://dealzandfreebies.com/?p=163948" "Mozilla/5.0 AppleWebKit/537.36 (KHTML, like Gecko; compatible; ClaudeBot/1.0; +claudebot@anthropic.com)"
45.83.178.17 - - [23/Jun/2026:05:45:16 -0700] "GET /2026/06/23/for-cash-dumps-and-you-may-withdrawals-here-are-a-few-all-of-our-cash-playing-web-sites-listing/ HTTP/1.1" 200 142646 "-" "Mozilla/5.0 (Windows NT 10.0; Win64; x64) AppleWebKit/537.36 (KHTML, like Gecko) Chrome/123.0.0.0 Safari/537.36 OPR/109.0.0.0"
216.73.217.103 - - [23/Jun/2026:05:45:22 -0700] "GET /?p=164016 HTTP/2" 301 0 "-" "Mozilla/5.0 AppleWebKit/537.36 (KHTML, like Gecko; compatible; ClaudeBot/1.0; +claudebot@anthropic.com)"
216.73.217.103 - - [23/Jun/2026:05:45:21 -0700] "GET /2026/06/23/uk-web-based-casinos-invest-plenty-of-tips-and-you-may-time-to-build-their-character/ HTTP/2" 200 27640 "https://dealzandfreebies.com/?p=163974" "Mozilla/5.0 AppleWebKit/537.36 (KHTML, like Gecko; compatible; ClaudeBot/1.0; +claudebot@anthropic.com)"
128.14.102.150 - - [23/Jun/2026:05:45:23 -0700] "POST /xmlrpc.php HTTP/1.1" 403 0 "-" "Mozilla/5.0 (Windows NT 10.0; Win64; x64) AppleWebKit/537.36 (KHTML, like Gecko) Chrome/114.0.0.0 Safari/537.36"
216.73.217.103 - - [23/Jun/2026:05:45:22 -0700] "GET /2026/06/23/i-fermento-online-svizzeri-dovranno-garantire-pagamenti-subitanei-che-qualsiasi-gli-diverso/ HTTP/2" 200 27989 "https://dealzandfreebies.com/?p=164016" "Mozilla/5.0 AppleWebKit/537.36 (KHTML, like Gecko; compatible; ClaudeBot/1.0; +claudebot@anthropic.com)"
216.73.217.103 - - [23/Jun/2026:05:45:23 -0700] "GET /?p=164000 HTTP/2" 301 0 "-" "Mozilla/5.0 AppleWebKit/537.36 (KHTML, like Gecko; compatible; ClaudeBot/1.0; +claudebot@anthropic.com)"
146.70.99.148 - - [23/Jun/2026:05:45:22 -0700] "GET /2026/06/23/das-groe-spielangebot-inoffizieller-mitarbeiter-wazamba-spielcasino-sorgt-pro-stundenlange-dialog-weiters-die-groe-auslese-aktiv-gewinnmoglichkeiten/ HTTP/1.1" 200 145751 "-" "Mozilla/5.0 (Windows NT 10.0; Win64; x64) AppleWebKit/537.36 (KHTML, like Gecko) Chrome/124.0.0.0 Safari/537.36"
216.73.217.103 - - [23/Jun/2026:05:45:24 -0700] "GET /2026/06/23/iskushenie-udachi-i-zahvatyvajushhie-jemocii-s-ol/ HTTP/2" 200 31538 "https://dealzandfreebies.com/?p=164000" "Mozilla/5.0 AppleWebKit/537.36 (KHTML, like Gecko; compatible; ClaudeBot/1.0; +claudebot@anthropic.com)"
136.243.228.180 - - [23/Jun/2026:05:45:24 -0700] "GET /2026/06/17/quick-payout-uk-gambling-enterprises-make-sure-you-get-profits-within-seconds-otherwise-times-rather-than-months/ HTTP/1.1" 200 28393 "-" "Mozilla/5.0 (compatible; DataForSeoBot/1.0; +https://dataforseo.com/dataforseo-bot)"
163.61.128.66 - - [23/Jun/2026:05:45:27 -0700] "GET /2026/06/05/premier-salle-de-jeu-un-brin-bitcoin-2026-aurait-obtient-avec-des-btc/%7B(%7Btcb_featured_image_url%20size=large%7D HTTP/1.1" 403 0 "-" "Opera/8.99.(X11; Linux i686; mi-NZ) Presto/2.9.179 Version/11.00"
216.73.217.103 - - [23/Jun/2026:05:45:28 -0700] "GET /?p=163934 HTTP/2" 301 0 "-" "Mozilla/5.0 AppleWebKit/537.36 (KHTML, like Gecko; compatible; ClaudeBot/1.0; +claudebot@anthropic.com)"
104.255.170.81 - - [23/Jun/2026:05:45:29 -0700] "POST /wp-cron.php?doing_wp_cron=1782218729.2359690666198730468750 HTTP/1.1" 200 0 "-" "WordPress/7.0; https://dealzandfreebies.com"
45.83.178.38 - - [23/Jun/2026:05:45:26 -0700] "POST /xmlrpc.php HTTP/1.1" 200 181 "-" "Mozilla/5.0 (Windows NT 10.0; Win64; x64) AppleWebKit/537.36 (KHTML, like Gecko) Chrome/114.0.0.0 Safari/537.36"
216.73.217.103 - - [23/Jun/2026:05:45:28 -0700] "GET /?p=162920 HTTP/2" 301 0 "-" "Mozilla/5.0 AppleWebKit/537.36 (KHTML, like Gecko; compatible; ClaudeBot/1.0; +claudebot@anthropic.com)"
136.243.228.180 - - [23/Jun/2026:05:45:28 -0700] "GET /2026/06/17/rso-casa-da-gioco-online-gratifica-privato-di-base-includono-diverse-tipologie-di-promozioni/ HTTP/1.1" 200 29376 "-" "Mozilla/5.0 (compatible; DataForSeoBot/1.0; +https://dataforseo.com/dataforseo-bot)"
104.255.170.81 - - [23/Jun/2026:05:45:30 -0700] "POST /wp-cron.php?doing_wp_cron=1782218730.5934920310974121093750 HTTP/1.1" 200 0 "-" "WordPress/7.0; https://dealzandfreebies.com"
193.36.38.87 - - [23/Jun/2026:05:45:28 -0700] "POST /xmlrpc.php HTTP/1.1" 200 181 "-" "Mozilla/5.0 (Windows NT 10.0; Win64; x64) AppleWebKit/537.36 (KHTML, like Gecko) Chrome/114.0.0.0 Safari/537.36"
216.73.217.103 - - [23/Jun/2026:05:45:28 -0700] "GET /2026/06/23/spraw-zeby-ale-jednego-podzielimy-sie-razem-z-toba-kilkoma-poradami-wczesniej-grac-naprawde/ HTTP/2" 200 28820 "https://dealzandfreebies.com/?p=163934" "Mozilla/5.0 AppleWebKit/537.36 (KHTML, like Gecko; compatible; ClaudeBot/1.0; +claudebot@anthropic.com)"
171.234.174.213 - - [23/Jun/2026:05:45:30 -0700] "GET /2026/06/05/christmas-joker-best-online-casino-that-accepts-prepaid-visa-slot-trial/%7B(%7Btcb_featured_image_url%20size=large%7D HTTP/1.1" 403 0 "-" "Mozilla/5.0 (compatible; MSIE 7.0; Windows NT 5.1; Trident/5.1)"
85.208.96.199 - - [23/Jun/2026:05:45:29 -0700] "GET /2026/06/22/100-percent-free-play-on-slotsville-gambling-enterprise-try-rtg-online-game-exposure-free/ HTTP/1.1" 200 33998 "-" "Mozilla/5.0 (compatible; SemrushBot/7~bl; +http://www.semrush.com/bot.html)"
216.73.217.103 - - [23/Jun/2026:05:45:31 -0700] "GET /?p=163416 HTTP/2" 301 0 "-" "Mozilla/5.0 AppleWebKit/537.36 (KHTML, like Gecko; compatible; ClaudeBot/1.0; +claudebot@anthropic.com)"
216.73.217.103 - - [23/Jun/2026:05:45:29 -0700] "GET /2026/06/23/online-baccarat-performen-te-zeker-nederlandse-lieve-baccara-casinos/ HTTP/2" 200 29301 "https://dealzandfreebies.com/?p=162920" "Mozilla/5.0 AppleWebKit/537.36 (KHTML, like Gecko; compatible; ClaudeBot/1.0; +claudebot@anthropic.com)"
216.73.217.103 - - [23/Jun/2026:05:45:31 -0700] "GET /2026/06/23/best-gambling-enterprise-incentives-within-the-canada-flowers-big-win-2026/ HTTP/2" 200 29497 "https://dealzandfreebies.com/?p=163416" "Mozilla/5.0 AppleWebKit/537.36 (KHTML, like Gecko; compatible; ClaudeBot/1.0; +claudebot@anthropic.com)"
216.73.217.103 - - [23/Jun/2026:05:45:32 -0700] "GET /?p=163958 HTTP/2" 301 0 "-" "Mozilla/5.0 AppleWebKit/537.36 (KHTML, like Gecko; compatible; ClaudeBot/1.0; +claudebot@anthropic.com)"
136.243.228.180 - - [23/Jun/2026:05:45:32 -0700] "GET /2026/06/17/rso-bisca-online-premio-escludendo-fondo-includono-diverse-tipologie-di-promozioni/ HTTP/1.1" 200 29349 "-" "Mozilla/5.0 (compatible; DataForSeoBot/1.0; +https://dataforseo.com/dataforseo-bot)"
216.73.217.103 - - [23/Jun/2026:05:45:32 -0700] "GET /2026/06/23/exactly-what-tends-to-make-this-one-special-when-compared-with-almost-every-other-online-gambling-enterprises-in-the-industry/ HTTP/2" 200 28901 "https://dealzandfreebies.com/?p=163958" "Mozilla/5.0 AppleWebKit/537.36 (KHTML, like Gecko; compatible; ClaudeBot/1.0; +claudebot@anthropic.com)"
45.83.178.38 - - [23/Jun/2026:05:45:34 -0700] "POST /xmlrpc.php HTTP/1.1" 200 9316 "-" "Mozilla/5.0 (Windows NT 10.0; Win64; x64) AppleWebKit/537.36 (KHTML, like Gecko) Chrome/114.0.0.0 Safari/537.36"
104.255.170.81 - - [23/Jun/2026:05:45:36 -0700] "POST /wp-cron.php?doing_wp_cron=1782218736.0344591140747070312500 HTTP/1.1" 200 0 "-" "WordPress/7.0; https://dealzandfreebies.com"
185.191.206.89 - - [23/Jun/2026:05:45:34 -0700] "POST /xmlrpc.php HTTP/1.1" 200 181 "-" "Mozilla/5.0 (Windows NT 10.0; Win64; x64) AppleWebKit/537.36 (KHTML, like Gecko) Chrome/114.0.0.0 Safari/537.36"
216.73.217.103 - - [23/Jun/2026:05:45:35 -0700] "GET /?p=163936 HTTP/2" 301 0 "-" "Mozilla/5.0 AppleWebKit/537.36 (KHTML, like Gecko; compatible; ClaudeBot/1.0; +claudebot@anthropic.com)"
216.73.217.103 - - [23/Jun/2026:05:45:36 -0700] "GET /?p=163946 HTTP/2" 301 0 "-" "Mozilla/5.0 AppleWebKit/537.36 (KHTML, like Gecko; compatible; ClaudeBot/1.0; +claudebot@anthropic.com)"
193.36.38.87 - - [23/Jun/2026:05:45:35 -0700] "POST /xmlrpc.php HTTP/1.1" 200 8592 "-" "Mozilla/5.0 (Windows NT 10.0; Win64; x64) AppleWebKit/537.36 (KHTML, like Gecko) Chrome/114.0.0.0 Safari/537.36"
216.73.217.103 - - [23/Jun/2026:05:45:36 -0700] "GET /2026/06/23/finest-step-one-put-gambling-establishment-australia-2026-greatest-slots-online-free-minimal-casinos-on-the-internet/ HTTP/2" 200 29144 "https://dealzandfreebies.com/?p=163936" "Mozilla/5.0 AppleWebKit/537.36 (KHTML, like Gecko; compatible; ClaudeBot/1.0; +claudebot@anthropic.com)"
216.73.217.103 - - [23/Jun/2026:05:45:36 -0700] "GET /2026/06/23/future-trends-in-lucky-fox-casino-welcome-bonus-offers/ HTTP/2" 200 27384 "https://dealzandfreebies.com/?p=163946" "Mozilla/5.0 AppleWebKit/537.36 (KHTML, like Gecko; compatible; ClaudeBot/1.0; +claudebot@anthropic.com)"
136.243.228.180 - - [23/Jun/2026:05:45:37 -0700] "GET /2026/06/17/swift-internet-casino-benefits-disadvantages/ HTTP/1.1" 200 27720 "-" "Mozilla/5.0 (compatible; DataForSeoBot/1.0; +https://dataforseo.com/dataforseo-bot)"
216.73.217.103 - - [23/Jun/2026:05:45:37 -0700] "GET /?p=163978 HTTP/2" 301 0 "-" "Mozilla/5.0 AppleWebKit/537.36 (KHTML, like Gecko; compatible; ClaudeBot/1.0; +claudebot@anthropic.com)"
45.83.178.38 - - [23/Jun/2026:05:45:35 -0700] "GET /2026/06/23/evoplay-to-dystrybutor-w-calej-srodek-robic-wciagajacych-jak-i-rowniez-mozesz-przyjaznych-w-calej-uzytkownika-konsol/ HTTP/1.1" 200 141509 "-" "Mozilla/5.0 (Windows NT 10.0; Win64; x64; rv:125.0) Gecko/20100101 Firefox/125.0"
193.36.38.87 - - [23/Jun/2026:05:45:36 -0700] "GET /2026/06/23/il-blackjack-live-una-modernita-vicenda-di-incontro/ HTTP/1.1" 200 140246 "-" "Mozilla/5.0 (Windows NT 10.0; Win64; x64) AppleWebKit/537.36 (KHTML, like Gecko) Chrome/124.0.0.0 Safari/537.36 Edg/124.0.0.0"
216.73.217.103 - - [23/Jun/2026:05:45:38 -0700] "GET /?p=164011 HTTP/2" 301 0 "-" "Mozilla/5.0 AppleWebKit/537.36 (KHTML, like Gecko; compatible; ClaudeBot/1.0; +claudebot@anthropic.com)"
216.73.217.103 - - [23/Jun/2026:05:45:38 -0700] "GET /2026/06/23/deasupra-70-sa-cazinouri-online-cand-casino-highway-kings-pro-bonusuri-mari-deasupra-gustul-abis/ HTTP/2" 200 31083 "https://dealzandfreebies.com/?p=164011" "Mozilla/5.0 AppleWebKit/537.36 (KHTML, like Gecko; compatible; ClaudeBot/1.0; +claudebot@anthropic.com)"
216.73.217.103 - - [23/Jun/2026:05:45:38 -0700] "GET /2026/06/23/caesars-releases-new-online-casino-video-game-during-the-michigan/ HTTP/2" 200 27922 "https://dealzandfreebies.com/?p=163978" "Mozilla/5.0 AppleWebKit/537.36 (KHTML, like Gecko; compatible; ClaudeBot/1.0; +claudebot@anthropic.com)"
136.243.228.180 - - [23/Jun/2026:05:45:40 -0700] "GET /2026/06/17/however-on-top-of-this-such-providers-simply-do-not-compare-to-the-big-alive-black-jack-websites/ HTTP/1.1" 200 28896 "-" "Mozilla/5.0 (compatible; DataForSeoBot/1.0; +https://dataforseo.com/dataforseo-bot)"
185.191.206.89 - - [23/Jun/2026:05:45:41 -0700] "POST /xmlrpc.php HTTP/1.1" 200 8807 "-" "Mozilla/5.0 (Windows NT 10.0; Win64; x64) AppleWebKit/537.36 (KHTML, like Gecko) Chrome/114.0.0.0 Safari/537.36"
185.191.171.2 - - [23/Jun/2026:05:45:43 -0700] "GET /2026/06/21/30-video-game-for-example-casinorpg/ HTTP/1.1" 200 34542 "-" "Mozilla/5.0 (compatible; SemrushBot/7~bl; +http://www.semrush.com/bot.html)"
136.243.228.180 - - [23/Jun/2026:05:45:44 -0700] "GET /2026/06/17/das-erzahlen-gamer-et-al-testportale-uber-unser-erdenklich-spielothek/ HTTP/1.1" 200 28503 "-" "Mozilla/5.0 (compatible; DataForSeoBot/1.0; +https://dataforseo.com/dataforseo-bot)"
43.173.182.196 - - [23/Jun/2026:05:45:45 -0700] "GET /2026/06/11/this-is-particularly-if-you-are-trying-to-allege-a-pleasant-render HTTP/1.1" 301 0 "-" "Mozilla/5.0 (Windows NT 10.0; Win64; x64) AppleWebKit/537.36 (KHTML, like Gecko) Chrome/111.0.0.0 Safari/537.36"
43.173.173.37 - - [23/Jun/2026:05:45:45 -0700] "GET /wp-json/wp/v2/posts/120949 HTTP/1.1" 200 8649 "-" "Mozilla/5.0 (Windows NT 10.0; Win64; x64) AppleWebKit/537.36 (KHTML, like Gecko) Chrome/112.0.0.0 Safari/537.36"
43.173.177.124 - - [23/Jun/2026:05:45:45 -0700] "GET /2026/06/11/the-brand-new-creator-has-not-indicated-which-entry-to-has-this-software-supports/ HTTP/1.1" 200 32980 "-" "Mozilla/5.0 (Windows NT 10.0; Win64; x64) AppleWebKit/537.36 (KHTML, like Gecko) Chrome/110.0.0.0 Safari/537.36"
43.172.194.2 - - [23/Jun/2026:05:45:45 -0700] "GET /wp-json/oembed/1.0/embed?url=https%3A%2F%2Fdealzandfreebies.com%2F2026%2F06%2F13%2Fmigliori-bonus-senza-deposito-attuali-in-svizzera%2F HTTP/1.1" 200 1168 "-" "Mozilla/5.0 (Windows NT 10.0; Win64; x64) AppleWebKit/537.36 (KHTML, like Gecko) Chrome/133.0.0.0 Safari/537.36"
43.173.182.179 - - [23/Jun/2026:05:45:45 -0700] "GET /2026/06/13/daring-dave-the-eye-of-nachste-golden-tour-slot-spiele-ra-von-playtech/ HTTP/1.1" 200 35985 "-" "Mozilla/5.0 (Windows NT 10.0; Win64; x64) AppleWebKit/537.36 (KHTML, like Gecko) Chrome/108.0.0.0 Safari/537.36"
185.191.171.19 - - [23/Jun/2026:05:45:45 -0700] "GET /2026/06/21/unlocking-the-true-completely-full-technical/ HTTP/1.1" 200 33169 "-" "Mozilla/5.0 (compatible; SemrushBot/7~bl; +http://www.semrush.com/bot.html)"
185.191.206.89 - - [23/Jun/2026:05:45:42 -0700] "GET /2026/06/23/volte-sbaglio-online-svizzeri-dovranno-garantire-pagamenti-subitanei-che-purchessia-gli-altri/ HTTP/1.1" 200 139337 "-" "Mozilla/5.0 (Windows NT 10.0; Win64; x64; rv:125.0) Gecko/20100101 Firefox/125.0"
43.172.196.193 - - [23/Jun/2026:05:45:46 -0700] "GET /2026/06/11/this-is-particularly-if-you-are-trying-to-allege-a-pleasant-render/ HTTP/1.1" 200 33310 "-" "Mozilla/5.0 (Windows NT 10.0; Win64; x64) AppleWebKit/537.36 (KHTML, like Gecko) Chrome/111.0.0.0 Safari/537.36"
17.22.253.27 - - [23/Jun/2026:05:45:46 -0700] "POST /wp-admin/admin-ajax.php HTTP/2" 200 6 "https://dealzandfreebies.com/2026/06/19/mostbet-polska-wszystko-o-kasynie-online-17/" "Mozilla/5.0 (Macintosh; Intel Mac OS X 10_15_7) AppleWebKit/605.1.15 (KHTML, like Gecko) Version/17.4 Safari/605.1.15 (Applebot/0.1; +http://www.apple.com/go/applebot)"
43.172.194.14 - - [23/Jun/2026:05:45:48 -0700] "POST /wp-admin/admin-ajax.php HTTP/1.1" 200 22 "https://dealzandfreebies.com/2026/06/11/the-brand-new-creator-has-not-indicated-which-entry-to-has-this-software-supports/" "Mozilla/5.0 (Windows NT 10.0; Win64; x64) AppleWebKit/537.36 (KHTML, like Gecko) Chrome/110.0.0.0 Safari/537.36"
136.243.228.180 - - [23/Jun/2026:05:45:49 -0700] "GET /2026/06/17/wer-bei-bingbong-auszahlen-mochte-kann-parece-storungsfrei-uber-nachfolgende-bankuberweisung-klappen/ HTTP/1.1" 200 28878 "-" "Mozilla/5.0 (compatible; DataForSeoBot/1.0; +https://dataforseo.com/dataforseo-bot)"
43.173.181.9 - - [23/Jun/2026:05:45:52 -0700] "POST /wp-admin/admin-ajax.php HTTP/1.1" 200 22 "https://dealzandfreebies.com/2026/06/13/daring-dave-the-eye-of-nachste-golden-tour-slot-spiele-ra-von-playtech/" "Mozilla/5.0 (Windows NT 10.0; Win64; x64) AppleWebKit/537.36 (KHTML, like Gecko) Chrome/108.0.0.0 Safari/537.36"
43.173.180.175 - - [23/Jun/2026:05:45:53 -0700] "POST /wp-admin/admin-ajax.php HTTP/1.1" 200 22 "https://dealzandfreebies.com/2026/06/11/this-is-particularly-if-you-are-trying-to-allege-a-pleasant-render/" "Mozilla/5.0 (Windows NT 10.0; Win64; x64) AppleWebKit/537.36 (KHTML, like Gecko) Chrome/111.0.0.0 Safari/537.36"
207.228.29.189 - - [23/Jun/2026:05:45:53 -0700] "GET /2026/06/05/intr-un-mod-care-betano-casino-ii-intampina-in-acest-moment-la-jucatorii-i-cu-800-din-twisting-gratuite-fara-depunere/%7B(%7Btcb_featured_image_url%20size=large%7D HTTP/1.1" 403 0 "-" "Mozilla/5.0 (compatible; MSIE 5.0; Windows NT 5.0; Trident/5.0)"
216.73.217.103 - - [23/Jun/2026:05:45:53 -0700] "GET /?p=163612 HTTP/2" 301 0 "-" "Mozilla/5.0 AppleWebKit/537.36 (KHTML, like Gecko; compatible; ClaudeBot/1.0; +claudebot@anthropic.com)"
136.243.228.180 - - [23/Jun/2026:05:45:52 -0700] "GET /2026/06/17/we-have-currently-withdrawn-shortly-after-and-it-spent-some-time-working-sure-enough/ HTTP/1.1" 200 27723 "-" "Mozilla/5.0 (compatible; DataForSeoBot/1.0; +https://dataforseo.com/dataforseo-bot)"
216.73.217.103 - - [23/Jun/2026:05:45:53 -0700] "GET /?p=163970 HTTP/2" 301 0 "-" "Mozilla/5.0 AppleWebKit/537.36 (KHTML, like Gecko; compatible; ClaudeBot/1.0; +claudebot@anthropic.com)"
43.173.179.14 - - [23/Jun/2026:05:45:53 -0700] "GET /2026/06/11/this-is-particularly-if-you-are-trying-to-allege-a-pleasant-render HTTP/1.1" 301 0 "-" "Mozilla/5.0 (Windows NT 10.0; Win64; x64) AppleWebKit/537.36 (KHTML, like Gecko) Chrome/131.0.0.0 Safari/537.36"
185.191.171.9 - - [23/Jun/2026:05:45:53 -0700] "GET /2026/06/21/platinum-casino-nz-key-factors-for-players/ HTTP/1.1" 200 33359 "-" "Mozilla/5.0 (compatible; SemrushBot/7~bl; +http://www.semrush.com/bot.html)"
216.73.217.103 - - [23/Jun/2026:05:45:53 -0700] "GET /2026/06/23/top-casino-listing-assessment/ HTTP/2" 200 28294 "https://dealzandfreebies.com/?p=163612" "Mozilla/5.0 AppleWebKit/537.36 (KHTML, like Gecko; compatible; ClaudeBot/1.0; +claudebot@anthropic.com)"
43.173.179.14 - - [23/Jun/2026:05:45:54 -0700] "GET /2026/06/11/this-is-particularly-if-you-are-trying-to-allege-a-pleasant-render/ HTTP/1.1" 200 33378 "https://dealzandfreebies.com/2026/06/11/this-is-particularly-if-you-are-trying-to-allege-a-pleasant-render" "Mozilla/5.0 (Windows NT 10.0; Win64; x64) AppleWebKit/537.36 (KHTML, like Gecko) Chrome/131.0.0.0 Safari/537.36"
216.73.217.103 - - [23/Jun/2026:05:45:54 -0700] "GET /2026/06/23/ideal-michigan-casinos-on-the-internet-online-casino-games-june-2026/ HTTP/2" 200 30030 "https://dealzandfreebies.com/?p=163970" "Mozilla/5.0 AppleWebKit/537.36 (KHTML, like Gecko; compatible; ClaudeBot/1.0; +claudebot@anthropic.com)"
216.73.217.103 - - [23/Jun/2026:05:45:55 -0700] "GET /?p=163624 HTTP/2" 301 0 "-" "Mozilla/5.0 AppleWebKit/537.36 (KHTML, like Gecko; compatible; ClaudeBot/1.0; +claudebot@anthropic.com)"
216.73.217.103 - - [23/Jun/2026:05:45:55 -0700] "GET /2026/06/23/sportovni-coworking-prostory-praha-focus-update-a-139/ HTTP/2" 200 29135 "https://dealzandfreebies.com/?p=163624" "Mozilla/5.0 AppleWebKit/537.36 (KHTML, like Gecko; compatible; ClaudeBot/1.0; +claudebot@anthropic.com)"
216.73.217.103 - - [23/Jun/2026:05:45:56 -0700] "GET /?p=161582 HTTP/2" 301 0 "-" "Mozilla/5.0 AppleWebKit/537.36 (KHTML, like Gecko; compatible; ClaudeBot/1.0; +claudebot@anthropic.com)"
216.73.217.103 - - [23/Jun/2026:05:45:56 -0700] "GET /2026/06/23/we-really-do-not-legs-our-very-own-assessment-for-the-adverts-claims/ HTTP/2" 200 28813 "https://dealzandfreebies.com/?p=161582" "Mozilla/5.0 AppleWebKit/537.36 (KHTML, like Gecko; compatible; ClaudeBot/1.0; +claudebot@anthropic.com)"
136.243.228.180 - - [23/Jun/2026:05:45:57 -0700] "GET /2026/06/17/the-new-password-just-activates-the-main-benefit-the-real-difference-relates-to-the-brand-new-requirements-trailing-it/ HTTP/1.1" 200 27696 "-" "Mozilla/5.0 (compatible; DataForSeoBot/1.0; +https://dataforseo.com/dataforseo-bot)"
185.191.171.12 - - [23/Jun/2026:05:45:57 -0700] "GET /2026/06/22/filip-znany-z-rozne-style-programow-lojalnosciowych-w-branzy-spozywczej-jesli-czy-nie-paliwowej/ HTTP/1.1" 200 34633 "-" "Mozilla/5.0 (compatible; SemrushBot/7~bl; +http://www.semrush.com/bot.html)"
104.255.170.81 - - [23/Jun/2026:05:45:59 -0700] "POST /wp-cron.php?doing_wp_cron=1782218759.4150369167327880859375 HTTP/1.1" 200 0 "-" "WordPress/7.0; https://dealzandfreebies.com"
185.153.197.250 - - [23/Jun/2026:05:45:58 -0700] "POST /xmlrpc.php HTTP/1.1" 200 181 "-" "Mozilla/5.0 (Windows NT 10.0; Win64; x64) AppleWebKit/537.36 (KHTML, like Gecko) Chrome/114.0.0.0 Safari/537.36"
216.73.217.103 - - [23/Jun/2026:05:45:59 -0700] "GET /?p=164054 HTTP/2" 301 0 "-" "Mozilla/5.0 AppleWebKit/537.36 (KHTML, like Gecko; compatible; ClaudeBot/1.0; +claudebot@anthropic.com)"
216.73.217.103 - - [23/Jun/2026:05:46:00 -0700] "GET /?p=163956 HTTP/2" 301 0 "-" "Mozilla/5.0 AppleWebKit/537.36 (KHTML, like Gecko; compatible; ClaudeBot/1.0; +claudebot@anthropic.com)"
189.164.212.142 - - [23/Jun/2026:05:46:01 -0700] "GET /2026/06/07/cosmo-restaurant-wikipedia/%7B(%7Btcb_featured_image_url%20size=large%7D HTTP/1.1" 403 0 "-" "Mozilla/5.0 (compatible; MSIE 6.0; Windows NT 5.2; Trident/5.0)"
76.34.169.149 - - [23/Jun/2026:05:46:02 -0700] "GET /2026/06/05/oficinas-ve-aqui-y-no-ha-transpirado-espacios-sindical-50-ejemplos-de-arquitectura-sobre-planta-entre-100-m2-y-10000-m2/%7B(%7Btcb_featured_image_url%20size=large%7D HTTP/1.1" 403 0 "-" "Mozilla/5.0 (Linux; Android 3.2.5) AppleWebKit/531.0 (KHTML, like Gecko) Chrome/39.0.801.0 Safari/531.0"
216.73.217.103 - - [23/Jun/2026:05:46:00 -0700] "GET /2026/06/23/rotiri-gratuite-quick-slaga-rotiti-gratuite-ci-sedimen-ci-achitare-300-shields-slot-pentru-bani-tu-oferte-freespins-in-2026/ HTTP/2" 200 31040 "https://dealzandfreebies.com/?p=164054" "Mozilla/5.0 AppleWebKit/537.36 (KHTML, like Gecko; compatible; ClaudeBot/1.0; +claudebot@anthropic.com)"
216.73.217.103 - - [23/Jun/2026:05:46:00 -0700] "GET /2026/06/23/now-when-you-find-yourself-for-the-cryptocurrencies-sweeptastics-crypto-mondays-render-is-going-to-hook-the-eye/ HTTP/2" 200 29551 "https://dealzandfreebies.com/?p=163956" "Mozilla/5.0 AppleWebKit/537.36 (KHTML, like Gecko; compatible; ClaudeBot/1.0; +claudebot@anthropic.com)"
136.243.228.180 - - [23/Jun/2026:05:46:00 -0700] "GET /2026/06/17/siehe-dazu-wie-geschmiert-within-unserer-topliste-nach-weiters-auslese-unsrige-casinobewertungen/ HTTP/1.1" 200 29844 "-" "Mozilla/5.0 (compatible; DataForSeoBot/1.0; +https://dataforseo.com/dataforseo-bot)"
216.73.217.103 - - [23/Jun/2026:05:46:03 -0700] "GET /?p=163960 HTTP/2" 301 0 "-" "Mozilla/5.0 AppleWebKit/537.36 (KHTML, like Gecko; compatible; ClaudeBot/1.0; +claudebot@anthropic.com)"
216.73.217.103 - - [23/Jun/2026:05:46:03 -0700] "GET /?p=162954 HTTP/2" 301 0 "-" "Mozilla/5.0 AppleWebKit/537.36 (KHTML, like Gecko; compatible; ClaudeBot/1.0; +claudebot@anthropic.com)"
216.73.217.103 - - [23/Jun/2026:05:46:03 -0700] "GET /2026/06/23/online-casino-games-on-reduced-home-edge-when-you-look-at-the-2026/ HTTP/2" 200 28941 "https://dealzandfreebies.com/?p=163960" "Mozilla/5.0 AppleWebKit/537.36 (KHTML, like Gecko; compatible; ClaudeBot/1.0; +claudebot@anthropic.com)"
216.73.217.103 - - [23/Jun/2026:05:46:03 -0700] "GET /2026/06/23/well-concentrate-on-the-amazing-position-video-game-that-are-available-on-exactly-how-to-play-with/ HTTP/2" 200 29167 "https://dealzandfreebies.com/?p=162954" "Mozilla/5.0 AppleWebKit/537.36 (KHTML, like Gecko; compatible; ClaudeBot/1.0; +claudebot@anthropic.com)"
185.153.197.250 - - [23/Jun/2026:05:46:05 -0700] "POST /xmlrpc.php HTTP/1.1" 200 10104 "-" "Mozilla/5.0 (Windows NT 10.0; Win64; x64) AppleWebKit/537.36 (KHTML, like Gecko) Chrome/114.0.0.0 Safari/537.36"
136.243.228.180 - - [23/Jun/2026:05:46:04 -0700] "GET /2026/06/17/at-a-real-time-agent-texting-asking-casino-members-es-which-have-genuine-people/ HTTP/1.1" 200 29100 "-" "Mozilla/5.0 (compatible; DataForSeoBot/1.0; +https://dataforseo.com/dataforseo-bot)"
185.153.197.250 - - [23/Jun/2026:05:46:06 -0700] "GET /2026/06/23/kiedy-powinienes-zdecydowac-korzystasz-posiadanie-kasyno-hazardowe-posiadanie-wplata-blik-weryfikacja-tez-minimalna-i-bedziesz-maksymalna-wplate-daje-podazaniu-stronie-operatora/ HTTP/1.1" 200 142089 "-" "Mozilla/5.0 (Windows NT 10.0; Win64; x64) AppleWebKit/537.36 (KHTML, like Gecko) Chrome/123.0.0.0 Safari/537.36 OPR/109.0.0.0"
104.255.170.81 - - [23/Jun/2026:05:46:08 -0700] "POST /wp-cron.php?doing_wp_cron=1782218768.7038559913635253906250 HTTP/1.1" 200 0 "-" "WordPress/7.0; https://dealzandfreebies.com"
185.191.206.89 - - [23/Jun/2026:05:46:06 -0700] "POST /xmlrpc.php HTTP/1.1" 200 181 "-" "Mozilla/5.0 (Windows NT 10.0; Win64; x64) AppleWebKit/537.36 (KHTML, like Gecko) Chrome/114.0.0.0 Safari/537.36"
136.243.228.180 - - [23/Jun/2026:05:46:08 -0700] "GET /2026/06/17/nachfolgende-strukturierte-prufung-ermoglicht-jedermann-die-vernunftgema-begrundete-bevorzugung-ihr-vertrauenswurdigen-ferner-profitablen-spielplattform/ HTTP/1.1" 200 29299 "-" "Mozilla/5.0 (compatible; DataForSeoBot/1.0; +https://dataforseo.com/dataforseo-bot)"
57.141.18.49 - - [23/Jun/2026:05:46:11 -0700] "GET /?p=155177 HTTP/2" 301 0 "-" "meta-externalagent/1.1 (+https://developers.facebook.com/docs/sharing/webmasters/crawler)"
104.251.93.200 - - [23/Jun/2026:05:46:11 -0700] "GET /2026/06/06/starburst-100-percent-free-tiki-torch-slot-machines-spins-british-around-50-no-deposit-spins-2026/%7B(%7Btcb_featured_image_url%20size=large%7D HTTP/1.1" 403 0 "-" "Mozilla/5.0 (X11; Linux i686) AppleWebKit/536.1 (KHTML, like Gecko) Chrome/57.0.856.0 Safari/536.1"
104.255.170.81 - - [23/Jun/2026:05:46:12 -0700] "POST /wp-cron.php?doing_wp_cron=1782218772.3195168972015380859375 HTTP/1.1" 200 0 "-" "WordPress/7.0; https://dealzandfreebies.com"
45.83.178.17 - - [23/Jun/2026:05:46:11 -0700] "POST /xmlrpc.php HTTP/1.1" 200 181 "-" "Mozilla/5.0 (Windows NT 10.0; Win64; x64) AppleWebKit/537.36 (KHTML, like Gecko) Chrome/114.0.0.0 Safari/537.36"
136.243.228.180 - - [23/Jun/2026:05:46:12 -0700] "GET /2026/06/17/hace-el-trabajo-de-balde-nachrichten-juego-de-casino-a-777-classic-referente-a-manera-demo/ HTTP/1.1" 200 30247 "-" "Mozilla/5.0 (compatible; DataForSeoBot/1.0; +https://dataforseo.com/dataforseo-bot)"
