137.155.3.44 - - [23/Jun/2026:05:32:19 -0700] "GET /2026/05/10/betify-casino-machines-sous-quickplay-et-action-en/%7B(%7Btcb_featured_image_url%20size=large%7D HTTP/1.1" 403 0 "-" "Mozilla/5.0 (compatible; MSIE 5.0; Windows CE; Trident/4.0)"
104.255.170.81 - - [23/Jun/2026:05:32:20 -0700] "POST /wp-cron.php?doing_wp_cron=1782217940.2265529632568359375000 HTTP/1.1" 200 0 "-" "WordPress/7.0; https://dealzandfreebies.com"
185.153.199.239 - - [23/Jun/2026:05:32:19 -0700] "POST /xmlrpc.php HTTP/1.1" 200 181 "-" "Mozilla/5.0 (Windows NT 10.0; Win64; x64) AppleWebKit/537.36 (KHTML, like Gecko) Chrome/114.0.0.0 Safari/537.36"
216.73.217.103 - - [23/Jun/2026:05:32:19 -0700] "GET /2026/06/23/untergeordnet-abseitsstellung-vos-startpakets-findet-man-zyklisch-kleinere-aktionen-z-b-freispiele-weiters-wochenendpromos/ HTTP/2" 200 30100 "https://dealzandfreebies.com/?p=163219" "Mozilla/5.0 AppleWebKit/537.36 (KHTML, like Gecko; compatible; ClaudeBot/1.0; +claudebot@anthropic.com)"
216.73.217.103 - - [23/Jun/2026:05:32:19 -0700] "GET /2026/06/23/lord-free-spins-fafafa-no-deposit-of-ones-water-position-apps-online-play/ HTTP/2" 200 29317 "https://dealzandfreebies.com/?p=163932" "Mozilla/5.0 AppleWebKit/537.36 (KHTML, like Gecko; compatible; ClaudeBot/1.0; +claudebot@anthropic.com)"
136.243.228.180 - - [23/Jun/2026:05:32:20 -0700] "GET /2026/06/17/the-fresh-alien-invasion-ability-starts-with-around-three-alien-symbols-anywhere-to-the-the-fresh-reels/ HTTP/1.1" 200 29165 "-" "Mozilla/5.0 (compatible; DataForSeoBot/1.0; +https://dataforseo.com/dataforseo-bot)"
216.73.217.103 - - [23/Jun/2026:05:32:20 -0700] "GET /?p=163928 HTTP/2" 301 0 "-" "Mozilla/5.0 AppleWebKit/537.36 (KHTML, like Gecko; compatible; ClaudeBot/1.0; +claudebot@anthropic.com)"
216.73.217.103 - - [23/Jun/2026:05:32:21 -0700] "GET /?p=162958 HTTP/2" 301 0 "-" "Mozilla/5.0 AppleWebKit/537.36 (KHTML, like Gecko; compatible; ClaudeBot/1.0; +claudebot@anthropic.com)"
216.73.217.103 - - [23/Jun/2026:05:32:21 -0700] "GET /2026/06/23/after-you-have-done-them-you-may-be-rewarded-that-have-ten000-gc-and-you-will-0/ HTTP/2" 200 27697 "https://dealzandfreebies.com/?p=163928" "Mozilla/5.0 AppleWebKit/537.36 (KHTML, like Gecko; compatible; ClaudeBot/1.0; +claudebot@anthropic.com)"
216.73.217.103 - - [23/Jun/2026:05:32:21 -0700] "GET /2026/06/23/as-the-a-real-money-on-line-casino-highbet-ensures-your-own-security-and-safety-is-paramount/ HTTP/2" 200 28580 "https://dealzandfreebies.com/?p=162958" "Mozilla/5.0 AppleWebKit/537.36 (KHTML, like Gecko; compatible; ClaudeBot/1.0; +claudebot@anthropic.com)"
216.73.217.103 - - [23/Jun/2026:05:32:22 -0700] "GET /?p=163886 HTTP/2" 301 0 "-" "Mozilla/5.0 AppleWebKit/537.36 (KHTML, like Gecko; compatible; ClaudeBot/1.0; +claudebot@anthropic.com)"
216.73.217.103 - - [23/Jun/2026:05:32:22 -0700] "GET /2026/06/23/arabian-nights-sei-der-progressiver-slot-durch-netent-unter-zuhilfenahme-von-gropuste-gangbar-hauptgewinn-wie-hauptgewinn/ HTTP/2" 200 28461 "https://dealzandfreebies.com/?p=163886" "Mozilla/5.0 AppleWebKit/537.36 (KHTML, like Gecko; compatible; ClaudeBot/1.0; +claudebot@anthropic.com)"
136.243.228.180 - - [23/Jun/2026:05:32:23 -0700] "GET /2026/06/17/tratar-regalado-a-deal-ranura-terminator-2-or-no-deal-slot-referente-a-modo-demo/ HTTP/1.1" 200 29418 "-" "Mozilla/5.0 (compatible; DataForSeoBot/1.0; +https://dataforseo.com/dataforseo-bot)"
185.153.199.239 - - [23/Jun/2026:05:32:25 -0700] "POST /xmlrpc.php HTTP/1.1" 200 8882 "-" "Mozilla/5.0 (Windows NT 10.0; Win64; x64) AppleWebKit/537.36 (KHTML, like Gecko) Chrome/114.0.0.0 Safari/537.36"
185.153.199.239 - - [23/Jun/2026:05:32:26 -0700] "GET /2026/06/23/most-useful-web-based-casinos-malaysia-2026-respected-real-money-internet/ HTTP/1.1" 200 138876 "-" "Mozilla/5.0 (Windows NT 10.0; Win64; x64) AppleWebKit/537.36 (KHTML, like Gecko) Chrome/109.0.0.0 Safari/537.36"
192.71.32.149 - - [23/Jun/2026:05:32:26 -0700] "GET / HTTP/1.1" 200 13995 "-" "Mozilla/5.0 (compatible; Googlebot/2.1; +http://www.google.com/bot.html)"
104.255.170.81 - - [23/Jun/2026:05:32:28 -0700] "POST /wp-cron.php?doing_wp_cron=1782217948.4444150924682617187500 HTTP/1.1" 200 0 "-" "WordPress/7.0; https://dealzandfreebies.com"
185.153.197.250 - - [23/Jun/2026:05:32:27 -0700] "POST /xmlrpc.php HTTP/1.1" 200 181 "-" "Mozilla/5.0 (Windows NT 10.0; Win64; x64) AppleWebKit/537.36 (KHTML, like Gecko) Chrome/114.0.0.0 Safari/537.36"
136.243.228.180 - - [23/Jun/2026:05:32:27 -0700] "GET /2026/06/17/things-are-also-defined-and-split-into-naturally-branded-organizations-including-the-brand-new-games-prominent-video-game-and-you-can-individual-video-game/ HTTP/1.1" 200 27701 "-" "Mozilla/5.0 (compatible; DataForSeoBot/1.0; +https://dataforseo.com/dataforseo-bot)"
136.243.228.180 - - [23/Jun/2026:05:32:31 -0700] "GET /2026/06/17/are-living-spielsalon-spiele-in-der-tat-time-pusher-computerspiel-shows-falls-tisch-kartenspiele/ HTTP/1.1" 200 28648 "-" "Mozilla/5.0 (compatible; DataForSeoBot/1.0; +https://dataforseo.com/dataforseo-bot)"
216.73.217.103 - - [23/Jun/2026:05:32:33 -0700] "GET /?p=83961 HTTP/2" 301 0 "-" "Mozilla/5.0 AppleWebKit/537.36 (KHTML, like Gecko; compatible; ClaudeBot/1.0; +claudebot@anthropic.com)"
216.73.217.103 - - [23/Jun/2026:05:32:33 -0700] "GET /?p=163884 HTTP/2" 301 0 "-" "Mozilla/5.0 AppleWebKit/537.36 (KHTML, like Gecko; compatible; ClaudeBot/1.0; +claudebot@anthropic.com)"
216.73.217.103 - - [23/Jun/2026:05:32:33 -0700] "GET /2026/05/29/gewinnen-eltern-bei-odin-slot-via-dem-nv-casino-bonus-code-abzuglich-einzahlung/ HTTP/2" 200 28898 "https://dealzandfreebies.com/?p=83961" "Mozilla/5.0 AppleWebKit/537.36 (KHTML, like Gecko; compatible; ClaudeBot/1.0; +claudebot@anthropic.com)"
216.73.217.103 - - [23/Jun/2026:05:32:33 -0700] "GET /?p=162392 HTTP/2" 301 0 "-" "Mozilla/5.0 AppleWebKit/537.36 (KHTML, like Gecko; compatible; ClaudeBot/1.0; +claudebot@anthropic.com)"
216.73.217.103 - - [23/Jun/2026:05:32:33 -0700] "GET /2026/06/23/badajac-kasyna-w-internecie-wielu-graczy-porownuje-dostepne-opcje-pod-katem-gier-bonusow-i-mozesz-szybkosci-wyplat/ HTTP/2" 200 28434 "https://dealzandfreebies.com/?p=163884" "Mozilla/5.0 AppleWebKit/537.36 (KHTML, like Gecko; compatible; ClaudeBot/1.0; +claudebot@anthropic.com)"
216.73.217.103 - - [23/Jun/2026:05:32:34 -0700] "GET /?p=163690 HTTP/2" 301 0 "-" "Mozilla/5.0 AppleWebKit/537.36 (KHTML, like Gecko; compatible; ClaudeBot/1.0; +claudebot@anthropic.com)"
185.153.197.250 - - [23/Jun/2026:05:32:34 -0700] "POST /xmlrpc.php HTTP/1.1" 200 10014 "-" "Mozilla/5.0 (Windows NT 10.0; Win64; x64) AppleWebKit/537.36 (KHTML, like Gecko) Chrome/114.0.0.0 Safari/537.36"
216.73.217.103 - - [23/Jun/2026:05:32:34 -0700] "GET /2026/06/23/cabalistic-jackpot-50-rotiri-gratuite-bonus-fara-slot-sizzling-gems-achitare-conj-jucatori-noi/ HTTP/2" 200 30644 "https://dealzandfreebies.com/?p=162392" "Mozilla/5.0 AppleWebKit/537.36 (KHTML, like Gecko; compatible; ClaudeBot/1.0; +claudebot@anthropic.com)"
216.73.217.103 - - [23/Jun/2026:05:32:34 -0700] "GET /2026/06/23/top-10-kazino-onlajn-s-bezopasnoj-i-chestnoj-igroj-2-2/ HTTP/2" 200 33001 "https://dealzandfreebies.com/?p=163690" "Mozilla/5.0 AppleWebKit/537.36 (KHTML, like Gecko; compatible; ClaudeBot/1.0; +claudebot@anthropic.com)"
216.73.217.103 - - [23/Jun/2026:05:32:35 -0700] "GET /?p=163892 HTTP/2" 301 0 "-" "Mozilla/5.0 AppleWebKit/537.36 (KHTML, like Gecko; compatible; ClaudeBot/1.0; +claudebot@anthropic.com)"
216.73.217.103 - - [23/Jun/2026:05:32:35 -0700] "GET /2026/06/23/freund-und-feind-daten-zu-den-playtech-auffuhren-im-protest-betriebsart/ HTTP/2" 200 28559 "https://dealzandfreebies.com/?p=163892" "Mozilla/5.0 AppleWebKit/537.36 (KHTML, like Gecko; compatible; ClaudeBot/1.0; +claudebot@anthropic.com)"
185.153.197.250 - - [23/Jun/2026:05:32:35 -0700] "GET /2026/06/23/zamiast-zwyklych-pieniedzy-nie-koniecznie-jest-ona-ma-powiazana-z-zadnym-bankiem/ HTTP/1.1" 200 140377 "-" "Mozilla/5.0 (Windows NT 10.0; rv:109.0) Gecko/20100101 Firefox/115.0"
185.191.171.7 - - [23/Jun/2026:05:32:35 -0700] "GET /2026/06/22/the-battle-out-of-kadesh-the-initial-tranquility-treaty/ HTTP/1.1" 200 36368 "-" "Mozilla/5.0 (compatible; SemrushBot/7~bl; +http://www.semrush.com/bot.html)"
136.243.228.180 - - [23/Jun/2026:05:32:36 -0700] "GET /2026/06/17/from-the-a-live-agent-texting-asking-gambling-enterprise-players-parece-that-have-real-investors/ HTTP/1.1" 200 29100 "-" "Mozilla/5.0 (compatible; DataForSeoBot/1.0; +https://dataforseo.com/dataforseo-bot)"
136.243.228.180 - - [23/Jun/2026:05:32:39 -0700] "GET /2026/06/17/legislativa-a-jeji-vliv-na-hazardni-hry-v-esku/ HTTP/1.1" 200 28876 "-" "Mozilla/5.0 (compatible; DataForSeoBot/1.0; +https://dataforseo.com/dataforseo-bot)"
57.141.18.99 - - [23/Jun/2026:05:32:39 -0700] "GET /2026/06/22/focus-cinderellas-ball-slot-necessary-cloudflare/ HTTP/2" 200 144713 "-" "meta-externalagent/1.1 (+https://developers.facebook.com/docs/sharing/webmasters/crawler)"
57.141.18.113 - - [23/Jun/2026:05:32:42 -0700] "GET /?p=153769 HTTP/2" 301 0 "-" "meta-externalagent/1.1 (+https://developers.facebook.com/docs/sharing/webmasters/crawler)"
183.209.242.14 - - [23/Jun/2026:05:32:43 -0700] "GET /2026/06/06/firescatters-casino-high-bonus-listing-including-450-match-bonus/%7B(%7Btcb_featured_image_url%20size=large%7D HTTP/1.1" 403 0 "-" "Mozilla/5.0 (iPad; CPU iPad OS 17_1_2 like Mac OS X) AppleWebKit/535.0 (KHTML, like Gecko) CriOS/24.0.878.0 Mobile/30B276 Safari/535.0"
57.141.18.81 - - [23/Jun/2026:05:32:43 -0700] "GET /wp-json/oembed/1.0/embed?url=https%3A%2F%2Fdealzandfreebies.com%2F2026%2F06%2F22%2Fthe-working-platform-is-not-difficult-to-navigate-that-have-prompt-loading-and-you-may-brilliant-video-game-and-you-will-extra-selection%2F HTTP/2" 200 2856 "-" "meta-externalagent/1.1 (+https://developers.facebook.com/docs/sharing/webmasters/crawler)"
136.243.228.180 - - [23/Jun/2026:05:32:44 -0700] "GET /2026/06/17/der-softwareentwickler-gefordert-etliche-einige-themen-inside-seinem-spielangebot-unter-zuhilfenahme-von-aufwarts-zuhilfenahme-bei-one-hundred-fifty-vortragen/ HTTP/1.1" 200 28746 "-" "Mozilla/5.0 (compatible; DataForSeoBot/1.0; +https://dataforseo.com/dataforseo-bot)"
85.208.96.207 - - [23/Jun/2026:05:32:48 -0700] "GET /2026/06/22/treasure-mile-spielsaal-uber-35-freispielen-exklusive-einzahlung-%EF%BF%BD-billionairespin-android-app/ HTTP/1.1" 403 0 "-" "Mozilla/5.0 (compatible; SemrushBot/7~bl; +http://www.semrush.com/bot.html)"
136.243.228.180 - - [23/Jun/2026:05:32:48 -0700] "GET /2026/06/17/sure-that-actually-boasts-their-zero-betting-bonuses-and-provides/ HTTP/1.1" 200 28673 "-" "Mozilla/5.0 (compatible; DataForSeoBot/1.0; +https://dataforseo.com/dataforseo-bot)"
136.243.228.180 - - [23/Jun/2026:05:32:52 -0700] "GET /2026/06/17/summa-summarum-man-sagt-sie-seien-freispiele-storungsfrei-wie-das-kostenloses-guthaben-uff-spielautomaten-angesehen/ HTTP/1.1" 200 29350 "-" "Mozilla/5.0 (compatible; DataForSeoBot/1.0; +https://dataforseo.com/dataforseo-bot)"
57.141.18.77 - - [23/Jun/2026:05:32:52 -0700] "GET /2026/06/22/for-british-gamblers-having-various-private-video-gaming-take-a-look-at-sevencasino/ HTTP/2" 200 142011 "-" "meta-externalagent/1.1 (+https://developers.facebook.com/docs/sharing/webmasters/crawler)"
104.255.170.81 - - [23/Jun/2026:05:32:54 -0700] "POST /wp-cron.php?doing_wp_cron=1782217974.3979609012603759765625 HTTP/1.1" 200 0 "-" "WordPress/7.0; https://dealzandfreebies.com"
185.153.199.239 - - [23/Jun/2026:05:32:53 -0700] "POST /xmlrpc.php HTTP/1.1" 200 181 "-" "Mozilla/5.0 (Windows NT 10.0; Win64; x64) AppleWebKit/537.36 (KHTML, like Gecko) Chrome/114.0.0.0 Safari/537.36"
136.243.228.180 - - [23/Jun/2026:05:32:55 -0700] "GET /2026/06/17/tower-rush-demo-by-galaxsys-free-version-of-the-online-casino/ HTTP/1.1" 200 27480 "-" "Mozilla/5.0 (compatible; DataForSeoBot/1.0; +https://dataforseo.com/dataforseo-bot)"
136.243.228.180 - - [23/Jun/2026:05:32:59 -0700] "GET /2026/06/17/druckgluck-freispiele-super-jewel-repeater-slot-free-spins-aktuelle-free-spins-im-juni-2026/ HTTP/1.1" 200 30398 "-" "Mozilla/5.0 (compatible; DataForSeoBot/1.0; +https://dataforseo.com/dataforseo-bot)"
216.73.217.103 - - [23/Jun/2026:05:33:00 -0700] "GET /?p=162370 HTTP/2" 301 0 "-" "Mozilla/5.0 AppleWebKit/537.36 (KHTML, like Gecko; compatible; ClaudeBot/1.0; +claudebot@anthropic.com)"
193.183.6.251 - - [23/Jun/2026:05:33:00 -0700] "GET / HTTP/1.1" 200 13994 "-" "Mozilla/5.0 (compatible; Googlebot/2.1; +http://www.google.com/bot.html)"
45.137.212.176 - heather [23/Jun/2026:05:32:58 -0700] "POST /xmlrpc.php HTTP/1.1" 200 1325833 "-" "Mozilla/5.0 (Macintosh; Intel Mac OS X 10_14_6) AppleWebKit/537.36 (KHTML, like Gecko) Chrome/80.0.3987.132 Safari/537.36"
216.73.217.103 - - [23/Jun/2026:05:33:00 -0700] "GET /?p=163900 HTTP/2" 301 0 "-" "Mozilla/5.0 AppleWebKit/537.36 (KHTML, like Gecko; compatible; ClaudeBot/1.0; +claudebot@anthropic.com)"
216.73.217.103 - - [23/Jun/2026:05:33:00 -0700] "GET /2026/06/23/blackjack-online-tu-20-betano-cod-cazinou-cele-mai-bune-site-uri-sa-blackjack-online-spre-2026/ HTTP/2" 200 30210 "https://dealzandfreebies.com/?p=162370" "Mozilla/5.0 AppleWebKit/537.36 (KHTML, like Gecko; compatible; ClaudeBot/1.0; +claudebot@anthropic.com)"
216.73.217.103 - - [23/Jun/2026:05:33:00 -0700] "GET /2026/06/23/ludzie-grzechotajacy-spin-city-kod-kuponu-bez-depozytu-zawsze-moze-byc-do-naszej-stronie/ HTTP/2" 200 28245 "https://dealzandfreebies.com/?p=163900" "Mozilla/5.0 AppleWebKit/537.36 (KHTML, like Gecko; compatible; ClaudeBot/1.0; +claudebot@anthropic.com)"
185.153.199.239 - - [23/Jun/2026:05:32:59 -0700] "POST /xmlrpc.php HTTP/1.1" 200 8353 "-" "Mozilla/5.0 (Windows NT 10.0; Win64; x64) AppleWebKit/537.36 (KHTML, like Gecko) Chrome/114.0.0.0 Safari/537.36"
216.73.217.103 - - [23/Jun/2026:05:33:01 -0700] "GET /?p=163930 HTTP/2" 301 0 "-" "Mozilla/5.0 AppleWebKit/537.36 (KHTML, like Gecko; compatible; ClaudeBot/1.0; +claudebot@anthropic.com)"
45.137.212.176 - heather [23/Jun/2026:05:33:00 -0700] "POST /xmlrpc.php HTTP/1.1" 200 434 "-" "Mozilla/5.0 (Macintosh; Intel Mac OS X 10_14_6) AppleWebKit/537.36 (KHTML, like Gecko) Chrome/80.0.3987.132 Safari/537.36"
216.73.217.103 - - [23/Jun/2026:05:33:01 -0700] "GET /?p=163968 HTTP/2" 301 0 "-" "Mozilla/5.0 AppleWebKit/537.36 (KHTML, like Gecko; compatible; ClaudeBot/1.0; +claudebot@anthropic.com)"
104.255.170.81 - - [23/Jun/2026:05:33:02 -0700] "POST /wp-cron.php?doing_wp_cron=1782217982.5732059478759765625000 HTTP/1.1" 200 0 "-" "WordPress/7.0; https://dealzandfreebies.com"
45.137.212.176 - heather [23/Jun/2026:05:33:01 -0700] "POST /xmlrpc.php HTTP/1.1" 200 181 "-" "Mozilla/5.0 (Macintosh; Intel Mac OS X 10_14_6) AppleWebKit/537.36 (KHTML, like Gecko) Chrome/80.0.3987.132 Safari/537.36"
185.153.199.239 - - [23/Jun/2026:05:33:01 -0700] "GET /2026/06/23/top-10-web-based-casinos-recently-a-real-income-ranks-summer-2026/ HTTP/1.1" 200 138354 "-" "Mozilla/5.0 (Windows NT 10.0; rv:109.0) Gecko/20100101 Firefox/115.0"
216.73.217.103 - - [23/Jun/2026:05:33:01 -0700] "GET /2026/06/23/enjoy-blazing-celebrity-gambling-establishment-lobstermania-2-position-totally-casino-la-fiesta-real-money-free-zero-get-questioned/ HTTP/2" 200 29401 "https://dealzandfreebies.com/?p=163930" "Mozilla/5.0 AppleWebKit/537.36 (KHTML, like Gecko; compatible; ClaudeBot/1.0; +claudebot@anthropic.com)"
45.137.212.176 - heather [23/Jun/2026:05:33:02 -0700] "POST /xmlrpc.php HTTP/1.1" 200 23620 "-" "Mozilla/5.0 (Macintosh; Intel Mac OS X 10_14_6) AppleWebKit/537.36 (KHTML, like Gecko) Chrome/80.0.3987.132 Safari/537.36"
216.73.217.103 - - [23/Jun/2026:05:33:02 -0700] "GET /2026/06/23/the-platform-spends-an-elementary-verification-procedure-thats-preferred-all-over-progressive-web-based-casinos/ HTTP/2" 200 28116 "https://dealzandfreebies.com/?p=163968" "Mozilla/5.0 AppleWebKit/537.36 (KHTML, like Gecko; compatible; ClaudeBot/1.0; +claudebot@anthropic.com)"
216.73.217.103 - - [23/Jun/2026:05:33:03 -0700] "GET /?p=163890 HTTP/2" 301 0 "-" "Mozilla/5.0 AppleWebKit/537.36 (KHTML, like Gecko; compatible; ClaudeBot/1.0; +claudebot@anthropic.com)"
216.73.217.103 - - [23/Jun/2026:05:33:03 -0700] "GET /2026/06/23/der-procuring-maklercourtage-within-wagemut-speiender-hugel-umgangssprachlich-vegas-auf-diese-weise-ist-und-bleibt-nach-gutgeschrieben/ HTTP/2" 200 28569 "https://dealzandfreebies.com/?p=163890" "Mozilla/5.0 AppleWebKit/537.36 (KHTML, like Gecko; compatible; ClaudeBot/1.0; +claudebot@anthropic.com)"
136.243.228.180 - - [23/Jun/2026:05:33:03 -0700] "GET /2026/06/17/s-des-eigenen-monats-diese-den-vermittlungsprovision-verwenden-selbige-bedingungen-erfullen-sollen/ HTTP/1.1" 200 28543 "-" "Mozilla/5.0 (compatible; DataForSeoBot/1.0; +https://dataforseo.com/dataforseo-bot)"
185.191.171.4 - - [23/Jun/2026:05:33:05 -0700] "GET /2026/06/21/codici-bonus-confusione-i-migliori-scontrino-di-giugno-2026/ HTTP/1.1" 200 35204 "-" "Mozilla/5.0 (compatible; SemrushBot/7~bl; +http://www.semrush.com/bot.html)"
193.234.222.81 - - [23/Jun/2026:05:33:07 -0700] "GET / HTTP/1.1" 200 14002 "-" "Mozilla/5.0 (compatible; Googlebot/2.1; +http://www.google.com/bot.html)"
136.243.228.180 - - [23/Jun/2026:05:33:07 -0700] "GET /2026/06/17/erreichbar-hat-iwinfortune-casino-promo-codes-kasino-freispiele-blos-einzahlung-free-spins-2026/ HTTP/1.1" 200 31894 "-" "Mozilla/5.0 (compatible; DataForSeoBot/1.0; +https://dataforseo.com/dataforseo-bot)"
104.255.170.81 - - [23/Jun/2026:05:33:09 -0700] "POST /wp-cron.php?doing_wp_cron=1782217989.8628149032592773437500 HTTP/1.1" 200 0 "-" "WordPress/7.0; https://dealzandfreebies.com"
193.36.38.176 - - [23/Jun/2026:05:33:08 -0700] "POST /xmlrpc.php HTTP/1.1" 200 181 "-" "Mozilla/5.0 (Windows NT 10.0; Win64; x64) AppleWebKit/537.36 (KHTML, like Gecko) Chrome/114.0.0.0 Safari/537.36"
193.183.67.198 - - [23/Jun/2026:05:33:11 -0700] "GET / HTTP/1.1" 200 13995 "-" "Mozilla/5.0 (compatible; Googlebot/2.1; +http://www.google.com/bot.html)"
57.141.18.91 - - [23/Jun/2026:05:33:11 -0700] "GET /?p=153303 HTTP/2" 301 0 "-" "meta-externalagent/1.1 (+https://developers.facebook.com/docs/sharing/webmasters/crawler)"
136.243.228.180 - - [23/Jun/2026:05:33:11 -0700] "GET /2026/06/17/play-the-top-online-slots-games-on-market-in-this-spacecasino/ HTTP/1.1" 200 27711 "-" "Mozilla/5.0 (compatible; DataForSeoBot/1.0; +https://dataforseo.com/dataforseo-bot)"
104.255.170.81 - - [23/Jun/2026:05:33:12 -0700] "POST /wp-cron.php?doing_wp_cron=1782217992.8289821147918701171875 HTTP/1.1" 200 0 "-" "WordPress/7.0; https://dealzandfreebies.com"
146.70.164.23 - - [23/Jun/2026:05:33:11 -0700] "POST /xmlrpc.php HTTP/1.1" 200 181 "-" "Mozilla/5.0 (Windows NT 10.0; Win64; x64) AppleWebKit/537.36 (KHTML, like Gecko) Chrome/114.0.0.0 Safari/537.36"
216.73.217.103 - - [23/Jun/2026:05:33:14 -0700] "GET /?p=163856 HTTP/2" 301 0 "-" "Mozilla/5.0 AppleWebKit/537.36 (KHTML, like Gecko; compatible; ClaudeBot/1.0; +claudebot@anthropic.com)"
216.73.217.103 - - [23/Jun/2026:05:33:14 -0700] "GET /?p=154004 HTTP/2" 301 0 "-" "Mozilla/5.0 AppleWebKit/537.36 (KHTML, like Gecko; compatible; ClaudeBot/1.0; +claudebot@anthropic.com)"
216.73.217.103 - - [23/Jun/2026:05:33:14 -0700] "GET /2026/06/23/i-migliori-sconcerto-online-ad-esempio-li-abbiamo-scelti/ HTTP/2" 200 28131 "https://dealzandfreebies.com/?p=163856" "Mozilla/5.0 AppleWebKit/537.36 (KHTML, like Gecko; compatible; ClaudeBot/1.0; +claudebot@anthropic.com)"
216.73.217.103 - - [23/Jun/2026:05:33:14 -0700] "GET /2026/06/22/concessionari-autorizzati-al-imbroglio-verso-percorso-organizzazione-delle-dogane-di-nuovo-dei-monopoli/ HTTP/2" 200 28565 "https://dealzandfreebies.com/?p=154004" "Mozilla/5.0 AppleWebKit/537.36 (KHTML, like Gecko; compatible; ClaudeBot/1.0; +claudebot@anthropic.com)"
185.153.199.239 - - [23/Jun/2026:05:33:13 -0700] "POST /xmlrpc.php HTTP/1.1" 200 181 "-" "Mozilla/5.0 (Windows NT 10.0; Win64; x64) AppleWebKit/537.36 (KHTML, like Gecko) Chrome/114.0.0.0 Safari/537.36"
216.73.217.103 - - [23/Jun/2026:05:33:15 -0700] "GET /?p=163916 HTTP/2" 301 0 "-" "Mozilla/5.0 AppleWebKit/537.36 (KHTML, like Gecko; compatible; ClaudeBot/1.0; +claudebot@anthropic.com)"
216.73.217.103 - - [23/Jun/2026:05:33:16 -0700] "GET /?p=163860 HTTP/2" 301 0 "-" "Mozilla/5.0 AppleWebKit/537.36 (KHTML, like Gecko; compatible; ClaudeBot/1.0; +claudebot@anthropic.com)"
136.243.228.180 - - [23/Jun/2026:05:33:15 -0700] "GET /2026/06/17/normal-offers-tend-to-be-funds-increases-to-the-accumulators-free-to-enjoy-online-game-and-early-profits-and-make-t/ HTTP/1.1" 200 29023 "-" "Mozilla/5.0 (compatible; DataForSeoBot/1.0; +https://dataforseo.com/dataforseo-bot)"
104.255.170.81 - - [23/Jun/2026:05:33:16 -0700] "POST /wp-cron.php?doing_wp_cron=1782217996.3617279529571533203125 HTTP/1.1" 200 0 "-" "WordPress/7.0; https://dealzandfreebies.com"
193.36.38.176 - - [23/Jun/2026:05:33:15 -0700] "POST /xmlrpc.php HTTP/1.1" 200 9623 "-" "Mozilla/5.0 (Windows NT 10.0; Win64; x64) AppleWebKit/537.36 (KHTML, like Gecko) Chrome/114.0.0.0 Safari/537.36"
216.73.217.103 - - [23/Jun/2026:05:33:15 -0700] "GET /2026/06/23/kieszen-top-kasyna-na-2025-roku-i-mozesz-filip-bez-depozytu/ HTTP/2" 200 28518 "https://dealzandfreebies.com/?p=163916" "Mozilla/5.0 AppleWebKit/537.36 (KHTML, like Gecko; compatible; ClaudeBot/1.0; +claudebot@anthropic.com)"
152.237.114.88 - - [23/Jun/2026:05:33:16 -0700] "GET /2026/06/06/produmannoe-reshenie-i-bystraja-zagruzka-olimp/ HTTP/1.1" 200 30684 "-" "Mozilla/5.0 (compatible; MSIE 9.0; Windows NT 6.2; Trident/5.0)"
216.73.217.103 - - [23/Jun/2026:05:33:17 -0700] "GET /?p=163818 HTTP/2" 301 0 "-" "Mozilla/5.0 AppleWebKit/537.36 (KHTML, like Gecko; compatible; ClaudeBot/1.0; +claudebot@anthropic.com)"
216.73.217.103 - - [23/Jun/2026:05:33:16 -0700] "GET /2026/06/23/common-mistakes-to-avoid-at-davinci-gold-casino-australia/ HTTP/2" 200 27405 "https://dealzandfreebies.com/?p=163860" "Mozilla/5.0 AppleWebKit/537.36 (KHTML, like Gecko; compatible; ClaudeBot/1.0; +claudebot@anthropic.com)"
216.73.217.103 - - [23/Jun/2026:05:33:17 -0700] "GET /2026/06/23/online-poker-afwisselend-nederlan-2026-lieve-poker-sites/ HTTP/2" 200 30502 "https://dealzandfreebies.com/?p=163818" "Mozilla/5.0 AppleWebKit/537.36 (KHTML, like Gecko; compatible; ClaudeBot/1.0; +claudebot@anthropic.com)"
193.36.38.176 - - [23/Jun/2026:05:33:17 -0700] "GET /2026/06/23/unser-procuring-pramie-within-feuer-speiender-hohe-umgangssprachlich-vegas-wirklich-so-ist-und-bleibt-er-gutgeschrieben/ HTTP/1.1" 200 141827 "-" "Mozilla/5.0 (Windows NT 10.0; rv:125.0) Gecko/20100101 Firefox/125.0"
146.70.164.23 - - [23/Jun/2026:05:33:18 -0700] "POST /xmlrpc.php HTTP/1.1" 200 12199 "-" "Mozilla/5.0 (Windows NT 10.0; Win64; x64) AppleWebKit/537.36 (KHTML, like Gecko) Chrome/114.0.0.0 Safari/537.36"
136.243.228.180 - - [23/Jun/2026:05:33:19 -0700] "GET /2026/06/17/sic-betrachten-sie-in-wie-weit-die-webseite-aktiv-unter-anderem-passiv-ist-und-casino-mr-bet-kein-einzahlungsbonus-bleibt/ HTTP/1.1" 200 29679 "-" "Mozilla/5.0 (compatible; DataForSeoBot/1.0; +https://dataforseo.com/dataforseo-bot)"
185.153.199.239 - - [23/Jun/2026:05:33:20 -0700] "POST /xmlrpc.php HTTP/1.1" 403 181 "-" "Mozilla/5.0 (Windows NT 10.0; Win64; x64) AppleWebKit/537.36 (KHTML, like Gecko) Chrome/114.0.0.0 Safari/537.36"
146.70.164.23 - - [23/Jun/2026:05:33:19 -0700] "GET /2026/06/23/top-us-online-casinos-2026-real-money-play-looked-at/ HTTP/1.1" 200 143679 "-" "Mozilla/5.0 (Windows NT 10.0; rv:109.0) Gecko/20100101 Firefox/115.0"
85.208.96.193 - - [23/Jun/2026:05:33:23 -0700] "GET /2026/06/22/zusammenhangen-rubbellose-keno-dematerialisee-spiele-oder-actuelle-absturz-video-games-die-eigens-in-jungeren-spielern-beliebt-sind/ HTTP/1.1" 200 34352 "-" "Mozilla/5.0 (compatible; SemrushBot/7~bl; +http://www.semrush.com/bot.html)"
117.182.230.227 - - [23/Jun/2026:05:33:24 -0700] "GET /2026/06/05/10-unique-casino-app-aanmelding-onweerstaanbare-oorzaken-om-deze-kerstseizoen-krans-bank-bij-schiften/%7B(%7Btcb_featured_image_url%20size=large%7D HTTP/1.1" 403 0 "-" "Mozilla/5.0 (compatible; MSIE 8.0; Windows NT 4.0; Trident/5.1)"
57.141.18.74 - - [23/Jun/2026:05:33:33 -0700] "GET /?p=154473 HTTP/2" 301 0 "-" "meta-externalagent/1.1 (+https://developers.facebook.com/docs/sharing/webmasters/crawler)"
136.243.228.180 - - [23/Jun/2026:05:33:30 -0700] "GET /2026/06/17/other-advertisements-commonly-bought-at-non-gamstop-gambling-enterprises-is-reload-incentives-cashback-now-offers-and-you-will-totally-free-revolves/ HTTP/1.1" 200 28056 "-" "Mozilla/5.0 (compatible; DataForSeoBot/1.0; +https://dataforseo.com/dataforseo-bot)"
104.192.117.20 - - [23/Jun/2026:05:33:34 -0700] "GET /2026/05/29/znaly-podnik-s-bonusovym-sazkovym-programem-bez-vkladu-v-ramci-victory-2026-gate777-kasino-bonus-skutecny-prijem/%7B(%7Btcb_featured_image_url%20size=large%7D HTTP/1.1" 403 0 "-" "Mozilla/5.0 (Windows; U; Windows 98; Win 9x 4.90) AppleWebKit/535.4.1 (KHTML, like Gecko) Version/4.1 Safari/535.4.1"
43.138.103.77 - - [23/Jun/2026:05:33:33 -0700] "GET /2026/04/04/fortunes-favor-the-bold-strategize-your-descent-8/ HTTP/2" 200 29173 "-" "Mozilla/5.0 (Windows NT 10.0; Win64; x64) AppleWebKit/537.36 (KHTML, like Gecko) Chrome/146.0.0.0 Safari/537.36"
43.138.103.77 - - [23/Jun/2026:05:33:35 -0700] "GET /wp-includes/js/dist/dom-ready.min.js?ver=a06281ae5cf5500e9317 HTTP/2" 200 397 "https://dealzandfreebies.com/2026/04/04/fortunes-favor-the-bold-strategize-your-descent-8/" "Mozilla/5.0 (Windows NT 10.0; Win64; x64) AppleWebKit/537.36 (KHTML, like Gecko) Chrome/146.0.0.0 Safari/537.36"
43.138.103.77 - - [23/Jun/2026:05:33:35 -0700] "GET /wp-content/themes/thrive-theme/inc/assets/dist/frontend.min.js?ver=10.6.2 HTTP/2" 200 8170 "https://dealzandfreebies.com/2026/04/04/fortunes-favor-the-bold-strategize-your-descent-8/" "Mozilla/5.0 (Windows NT 10.0; Win64; x64) AppleWebKit/537.36 (KHTML, like Gecko) Chrome/146.0.0.0 Safari/537.36"
43.138.103.77 - - [23/Jun/2026:05:33:35 -0700] "GET /wp-includes/js/jquery/ui/core.min.js?ver=1.13.3 HTTP/2" 200 6812 "https://dealzandfreebies.com/2026/04/04/fortunes-favor-the-bold-strategize-your-descent-8/" "Mozilla/5.0 (Windows NT 10.0; Win64; x64) AppleWebKit/537.36 (KHTML, like Gecko) Chrome/146.0.0.0 Safari/537.36"
185.191.171.12 - - [23/Jun/2026:05:33:35 -0700] "GET /2026/06/21/lifeless-otherwise-live-slot-review-double-magic-casino-game-2026-%E1%90%88-totally-free-play-96-82-rtp/ HTTP/1.1" 403 0 "-" "Mozilla/5.0 (compatible; SemrushBot/7~bl; +http://www.semrush.com/bot.html)"
43.138.103.77 - - [23/Jun/2026:05:33:36 -0700] "GET /wp-content/plugins/thrive-visual-editor/editor/js/dist/modules/countdown.min.js?v=10.6.2&ver=10.6.2 HTTP/2" 200 2866 "https://dealzandfreebies.com/2026/04/04/fortunes-favor-the-bold-strategize-your-descent-8/" "Mozilla/5.0 (Windows NT 10.0; Win64; x64) AppleWebKit/537.36 (KHTML, like Gecko) Chrome/146.0.0.0 Safari/537.36"
43.138.103.77 - - [23/Jun/2026:05:33:36 -0700] "GET /wp-content/themes/thrive-theme/thrive-dashboard/js/dist/frontend.min.js?ver=10.6.2 HTTP/2" 200 897 "https://dealzandfreebies.com/2026/04/04/fortunes-favor-the-bold-strategize-your-descent-8/" "Mozilla/5.0 (Windows NT 10.0; Win64; x64) AppleWebKit/537.36 (KHTML, like Gecko) Chrome/146.0.0.0 Safari/537.36"
43.138.103.77 - - [23/Jun/2026:05:33:36 -0700] "GET /wp-content/plugins/thrive-visual-editor/editor/js/dist/modules/carousel.min.js?v=10.6.2&ver=10.6.2 HTTP/2" 200 1463 "https://dealzandfreebies.com/2026/04/04/fortunes-favor-the-bold-strategize-your-descent-8/" "Mozilla/5.0 (Windows NT 10.0; Win64; x64) AppleWebKit/537.36 (KHTML, like Gecko) Chrome/146.0.0.0 Safari/537.36"
43.138.103.77 - - [23/Jun/2026:05:33:36 -0700] "GET /wp-content/plugins/thrive-visual-editor/editor/js/dist/modules/divider.min.js?v=10.6.2&ver=10.6.2 HTTP/2" 200 385 "https://dealzandfreebies.com/2026/04/04/fortunes-favor-the-bold-strategize-your-descent-8/" "Mozilla/5.0 (Windows NT 10.0; Win64; x64) AppleWebKit/537.36 (KHTML, like Gecko) Chrome/146.0.0.0 Safari/537.36"
43.138.103.77 - - [23/Jun/2026:05:33:36 -0700] "GET /wp-content/plugins/thrive-visual-editor/editor/js/dist/image-gallery-libs.min.js?ver=10.6.2 HTTP/2" 200 9832 "https://dealzandfreebies.com/2026/04/04/fortunes-favor-the-bold-strategize-your-descent-8/" "Mozilla/5.0 (Windows NT 10.0; Win64; x64) AppleWebKit/537.36 (KHTML, like Gecko) Chrome/146.0.0.0 Safari/537.36"
43.138.103.77 - - [23/Jun/2026:05:33:36 -0700] "GET /wp-content/plugins/thrive-visual-editor/editor/js/dist/modules/lead-generation.min.js?v=10.6.2&ver=10.6.2 HTTP/2" 200 6732 "https://dealzandfreebies.com/2026/04/04/fortunes-favor-the-bold-strategize-your-descent-8/" "Mozilla/5.0 (Windows NT 10.0; Win64; x64) AppleWebKit/537.36 (KHTML, like Gecko) Chrome/146.0.0.0 Safari/537.36"
43.138.103.77 - - [23/Jun/2026:05:33:36 -0700] "GET /wp-content/plugins/thrive-visual-editor/editor/js/dist/modules/audio.min.js?v=10.6.2&ver=10.6.2 HTTP/2" 200 512 "https://dealzandfreebies.com/2026/04/04/fortunes-favor-the-bold-strategize-your-descent-8/" "Mozilla/5.0 (Windows NT 10.0; Win64; x64) AppleWebKit/537.36 (KHTML, like Gecko) Chrome/146.0.0.0 Safari/537.36"
43.138.103.77 - - [23/Jun/2026:05:33:36 -0700] "GET /wp-includes/js/plupload/plupload.min.js?ver=2.1.9 HTTP/2" 200 5376 "https://dealzandfreebies.com/2026/04/04/fortunes-favor-the-bold-strategize-your-descent-8/" "Mozilla/5.0 (Windows NT 10.0; Win64; x64) AppleWebKit/537.36 (KHTML, like Gecko) Chrome/146.0.0.0 Safari/537.36"
43.138.103.77 - - [23/Jun/2026:05:33:36 -0700] "GET /wp-content/plugins/thrive-visual-editor/editor/js/dist/modules/pagination.min.js?v=10.6.2&ver=10.6.2 HTTP/2" 200 2192 "https://dealzandfreebies.com/2026/04/04/fortunes-favor-the-bold-strategize-your-descent-8/" "Mozilla/5.0 (Windows NT 10.0; Win64; x64) AppleWebKit/537.36 (KHTML, like Gecko) Chrome/146.0.0.0 Safari/537.36"
43.138.103.77 - - [23/Jun/2026:05:33:36 -0700] "GET /wp-content/plugins/thrive-visual-editor/editor/js/dist/modules/fill-counter.min.js?v=10.6.2&ver=10.6.2 HTTP/2" 200 336 "https://dealzandfreebies.com/2026/04/04/fortunes-favor-the-bold-strategize-your-descent-8/" "Mozilla/5.0 (Windows NT 10.0; Win64; x64) AppleWebKit/537.36 (KHTML, like Gecko) Chrome/146.0.0.0 Safari/537.36"
43.138.103.77 - - [23/Jun/2026:05:33:36 -0700] "GET /wp-content/plugins/thrive-visual-editor/editor/js/dist/modules/twitter.min.js?v=10.6.2&ver=10.6.2 HTTP/2" 200 388 "https://dealzandfreebies.com/2026/04/04/fortunes-favor-the-bold-strategize-your-descent-8/" "Mozilla/5.0 (Windows NT 10.0; Win64; x64) AppleWebKit/537.36 (KHTML, like Gecko) Chrome/146.0.0.0 Safari/537.36"
43.138.103.77 - - [23/Jun/2026:05:33:36 -0700] "GET /wp-content/plugins/thrive-visual-editor/editor/js/dist/modules/video.min.js?v=10.6.2&ver=10.6.2 HTTP/2" 200 6202 "https://dealzandfreebies.com/2026/04/04/fortunes-favor-the-bold-strategize-your-descent-8/" "Mozilla/5.0 (Windows NT 10.0; Win64; x64) AppleWebKit/537.36 (KHTML, like Gecko) Chrome/146.0.0.0 Safari/537.36"
43.138.103.77 - - [23/Jun/2026:05:33:36 -0700] "GET /wp-content/plugins/thrive-visual-editor/editor/js/dist/modules/number-counter-compat.min.js?v=10.6.2&ver=10.6.2 HTTP/2" 200 390 "https://dealzandfreebies.com/2026/04/04/fortunes-favor-the-bold-strategize-your-descent-8/" "Mozilla/5.0 (Windows NT 10.0; Win64; x64) AppleWebKit/537.36 (KHTML, like Gecko) Chrome/146.0.0.0 Safari/537.36"
43.138.103.77 - - [23/Jun/2026:05:33:36 -0700] "GET /wp-content/plugins/thrive-visual-editor/editor/js/dist/modules/post-list-filter.min.js?v=10.6.2&ver=10.6.2 HTTP/2" 200 1926 "https://dealzandfreebies.com/2026/04/04/fortunes-favor-the-bold-strategize-your-descent-8/" "Mozilla/5.0 (Windows NT 10.0; Win64; x64) AppleWebKit/537.36 (KHTML, like Gecko) Chrome/146.0.0.0 Safari/537.36"
43.173.174.182 - - [23/Jun/2026:05:33:36 -0700] "GET /2026/06/10/dragon-mani-kazino-s-sovremennymi-igrovymi-23-3 HTTP/1.1" 301 0 "-" "Mozilla/5.0 (Windows NT 10.0; Win64; x64) AppleWebKit/537.36 (KHTML, like Gecko) Chrome/106.0.5249.119 Safari/537.36"
136.243.228.180 - - [23/Jun/2026:05:33:36 -0700] "GET /2026/06/17/how-to-choose-an-informed-slot-machine-game-online-to-own-your-needs/ HTTP/1.1" 200 27797 "-" "Mozilla/5.0 (compatible; DataForSeoBot/1.0; +https://dataforseo.com/dataforseo-bot)"
104.255.170.81 - - [23/Jun/2026:05:33:37 -0700] "POST /wp-cron.php?doing_wp_cron=1782218017.8106889724731445312500 HTTP/1.1" 200 0 "-" "WordPress/7.0; https://dealzandfreebies.com"
43.173.177.75 - - [23/Jun/2026:05:33:37 -0700] "GET /2026/06/10/dragon-mani-kazino-s-sovremennymi-igrovymi-23-3/ HTTP/1.1" 200 37718 "-" "Mozilla/5.0 (Windows NT 10.0; Win64; x64) AppleWebKit/537.36 (KHTML, like Gecko) Chrome/106.0.5249.119 Safari/537.36"
128.1.218.148 - - [23/Jun/2026:05:33:36 -0700] "POST /xmlrpc.php HTTP/1.1" 200 181 "-" "Mozilla/5.0 (Windows NT 10.0; Win64; x64) AppleWebKit/537.36 (KHTML, like Gecko) Chrome/114.0.0.0 Safari/537.36"
114.101.176.233 - - [23/Jun/2026:05:33:38 -0700] "GET /2026/06/03/einzigartige-gewinnstrategien-und-das-kingmaker-online-casino/%7B(%7Btcb_featured_image_url%20size=large%7D HTTP/1.1" 403 0 "-" "Opera/9.32.(X11; Linux x86_64; bho-IN) Presto/2.9.168 Version/11.00"
85.208.96.193 - - [23/Jun/2026:05:33:38 -0700] "GET /2026/06/19/i-migliori-bisca-online-stranieri/ HTTP/1.1" 200 34739 "-" "Mozilla/5.0 (compatible; SemrushBot/7~bl; +http://www.semrush.com/bot.html)"
43.172.195.243 - - [23/Jun/2026:05:33:40 -0700] "POST /wp-admin/admin-ajax.php HTTP/1.1" 200 22 "https://dealzandfreebies.com/2026/06/10/dragon-mani-kazino-s-sovremennymi-igrovymi-23-3/" "Mozilla/5.0 (Windows NT 10.0; Win64; x64) AppleWebKit/537.36 (KHTML, like Gecko) Chrome/106.0.5249.119 Safari/537.36"
136.243.228.180 - - [23/Jun/2026:05:33:40 -0700] "GET /2026/06/17/rso-premio-casa-da-gioco-sono-ricompense-verso-volte-nuovi-iscritti-oppure-a-volte-giocatori-precisamente-registrati/ HTTP/1.1" 200 28433 "-" "Mozilla/5.0 (compatible; DataForSeoBot/1.0; +https://dataforseo.com/dataforseo-bot)"
85.208.96.208 - - [23/Jun/2026:05:33:40 -0700] "GET /2026/06/22/read-the-entire-gambling-enterprise-guru-local-casino-databases-to-check-out-most-of-the-gambling-enterprises-you-could-potentially-pick-from/ HTTP/1.1" 200 34165 "-" "Mozilla/5.0 (compatible; SemrushBot/7~bl; +http://www.semrush.com/bot.html)"
104.255.170.81 - - [23/Jun/2026:05:33:41 -0700] "POST /wp-cron.php?doing_wp_cron=1782218021.3187839984893798828125 HTTP/1.1" 200 0 "-" "WordPress/7.0; https://dealzandfreebies.com"
185.153.197.250 - - [23/Jun/2026:05:33:39 -0700] "POST /xmlrpc.php HTTP/1.1" 200 181 "-" "Mozilla/5.0 (Windows NT 10.0; Win64; x64) AppleWebKit/537.36 (KHTML, like Gecko) Chrome/114.0.0.0 Safari/537.36"
36.134.63.130 - - [23/Jun/2026:05:33:43 -0700] "GET /2026/05/22/garsc-kryptowalut-pozwala-ogladac-szybkimi-wplatami-i-bedziesz-wzgledna-anonimowoscia/%7B(%7Btcb_featured_image_url%20size=large%7D HTTP/1.1" 403 0 "-" "Mozilla/5.0 (Macintosh; PPC Mac OS X 10_6_1; rv:1.9.4.20) Gecko/6462-12-29 21:07:25.368042 Firefox/11.0"
216.73.217.103 - - [23/Jun/2026:05:33:43 -0700] "GET /?p=163966 HTTP/2" 301 0 "-" "Mozilla/5.0 AppleWebKit/537.36 (KHTML, like Gecko; compatible; ClaudeBot/1.0; +claudebot@anthropic.com)"
216.73.217.103 - - [23/Jun/2026:05:33:43 -0700] "GET /?p=163857 HTTP/2" 301 0 "-" "Mozilla/5.0 AppleWebKit/537.36 (KHTML, like Gecko; compatible; ClaudeBot/1.0; +claudebot@anthropic.com)"
136.243.228.180 - - [23/Jun/2026:05:33:44 -0700] "GET /2026/06/17/prive-gambling-establishment-offers-a-deposit-gambling-establishment-additional-having-a-great-value-of-200-carrying-out-%EF%BF%BDfive-hundred-or-so/ HTTP/1.1" 403 0 "-" "Mozilla/5.0 (compatible; DataForSeoBot/1.0; +https://dataforseo.com/dataforseo-bot)"
216.73.217.103 - - [23/Jun/2026:05:33:43 -0700] "GET /2026/06/23/baccara-optreden-te-gij-online-gokhuis-complete-vogel-2026/ HTTP/2" 200 29456 "https://dealzandfreebies.com/?p=163966" "Mozilla/5.0 AppleWebKit/537.36 (KHTML, like Gecko; compatible; ClaudeBot/1.0; +claudebot@anthropic.com)"
128.1.218.148 - - [23/Jun/2026:05:33:43 -0700] "POST /xmlrpc.php HTTP/1.1" 200 20546 "-" "Mozilla/5.0 (Windows NT 10.0; Win64; x64) AppleWebKit/537.36 (KHTML, like Gecko) Chrome/114.0.0.0 Safari/537.36"
216.73.217.103 - - [23/Jun/2026:05:33:44 -0700] "GET /2026/06/23/free-ports-totally-free-casino-games-on-the-internet/ HTTP/2" 200 27474 "https://dealzandfreebies.com/?p=163857" "Mozilla/5.0 AppleWebKit/537.36 (KHTML, like Gecko; compatible; ClaudeBot/1.0; +claudebot@anthropic.com)"
216.73.217.103 - - [23/Jun/2026:05:33:44 -0700] "GET /?p=163820 HTTP/2" 301 0 "-" "Mozilla/5.0 AppleWebKit/537.36 (KHTML, like Gecko; compatible; ClaudeBot/1.0; +claudebot@anthropic.com)"
216.73.217.103 - - [23/Jun/2026:05:33:45 -0700] "GET /?p=163414 HTTP/2" 301 0 "-" "Mozilla/5.0 AppleWebKit/537.36 (KHTML, like Gecko; compatible; ClaudeBot/1.0; +claudebot@anthropic.com)"
216.73.217.103 - - [23/Jun/2026:05:33:45 -0700] "GET /2026/06/23/lunubet-casino-oni-skuteczny-wybor-dla-polskich-graczy-poszukujacych-wyjatkowej-konik-na-biegunach-siec/ HTTP/2" 200 28465 "https://dealzandfreebies.com/?p=163820" "Mozilla/5.0 AppleWebKit/537.36 (KHTML, like Gecko; compatible; ClaudeBot/1.0; +claudebot@anthropic.com)"
216.73.217.103 - - [23/Jun/2026:05:33:45 -0700] "GET /2026/06/23/step-one-minimal-put-gambling-enterprises-having-incentive-also-offers-in-the-canada-2026/ HTTP/2" 200 28731 "https://dealzandfreebies.com/?p=163414" "Mozilla/5.0 AppleWebKit/537.36 (KHTML, like Gecko; compatible; ClaudeBot/1.0; +claudebot@anthropic.com)"
216.73.217.103 - - [23/Jun/2026:05:33:46 -0700] "GET /?p=163910 HTTP/2" 301 0 "-" "Mozilla/5.0 AppleWebKit/537.36 (KHTML, like Gecko; compatible; ClaudeBot/1.0; +claudebot@anthropic.com)"
111.37.97.211 - - [23/Jun/2026:05:33:46 -0700] "GET /2026/06/05/le-nostre-slot-online-a-scrocco-non-richiedono-download-addirittura-presentano-una-vasta-tipo-di-temi/%7B(%7Btcb_featured_image_url%20size=large%7D HTTP/1.1" 403 0 "-" "Mozilla/5.0 (Windows; U; Windows 95) AppleWebKit/534.24.4 (KHTML, like Gecko) Version/5.0.4 Safari/534.24.4"
216.73.217.103 - - [23/Jun/2026:05:33:46 -0700] "GET /2026/06/23/damit-sicherzustellen-wirklich-so-maximaler-spielspa-liefert-sei-versuchen-unsereiner-zunachst-selbige-spielsortiment-eines-anbieters/ HTTP/2" 200 28811 "https://dealzandfreebies.com/?p=163910" "Mozilla/5.0 AppleWebKit/537.36 (KHTML, like Gecko; compatible; ClaudeBot/1.0; +claudebot@anthropic.com)"
128.1.218.148 - - [23/Jun/2026:05:33:45 -0700] "GET /2026/06/23/rotiri-gratuite-insa-achitare-iunie-queen-of-the-nile-120-rotiri-gratuite-2026-tu-cazinouri-onjn/ HTTP/1.1" 200 152548 "-" "Mozilla/5.0 (Windows NT 10.0; Win64; x64) AppleWebKit/537.36 (KHTML, like Gecko) Chrome/122.0.0.0 Safari/537.36"
185.153.197.250 - - [23/Jun/2026:05:33:46 -0700] "POST /xmlrpc.php HTTP/1.1" 200 9803 "-" "Mozilla/5.0 (Windows NT 10.0; Win64; x64) AppleWebKit/537.36 (KHTML, like Gecko) Chrome/114.0.0.0 Safari/537.36"
136.243.228.180 - - [23/Jun/2026:05:33:47 -0700] "GET /2026/06/17/das-verschwunden-zum-provision-wird-muhelos-ferner-inmitten-weniger-bedeutend-minuten-vom-tisch/ HTTP/1.1" 200 29386 "-" "Mozilla/5.0 (compatible; DataForSeoBot/1.0; +https://dataforseo.com/dataforseo-bot)"
185.153.197.250 - - [23/Jun/2026:05:33:47 -0700] "GET /2026/06/23/po-kazdym-wydarzeniu-publikujemy-potwierdzam-ogolna-wydajnosc-do-funbet-dobry-zalety-wlaczaja-uczciwa-dziesiatka-krotna-rozgrywke/ HTTP/1.1" 200 141203 "-" "Mozilla/5.0 (Windows NT 10.0; Win64; x64) AppleWebKit/537.36 (KHTML, like Gecko) Chrome/122.0.0.0 Safari/537.36"
179.48.95.13 - - [23/Jun/2026:05:33:52 -0700] "GET /2026/06/06/i-have-twenty-three-different-types-of-wagering-we-affect-our-very-own-bonuses/%7B(%7Btcb_featured_image_url%20size=large%7D HTTP/1.1" 403 0 "-" "Opera/8.80.(X11; Linux i686; the-NP) Presto/2.9.167 Version/12.00"
107.178.193.4 - - [23/Jun/2026:05:33:51 -0700] "GET /2026/05/05/apostas-elevadas-ganhos-turbinados-seu-guia-completo-sobre-b2x/ HTTP/1.1" 200 29000 "-" "Mozilla/5.0 (compatible; Google-Apps-Script; beanserver; +https://script.google.com; id: UAEmdDd_83lQR76fy062BLQ171ekzwNDhhQ)"
193.36.38.176 - - [23/Jun/2026:05:33:51 -0700] "POST /xmlrpc.php HTTP/1.1" 200 181 "-" "Mozilla/5.0 (Windows NT 10.0; Win64; x64) AppleWebKit/537.36 (KHTML, like Gecko) Chrome/114.0.0.0 Safari/537.36"
104.255.170.81 - - [23/Jun/2026:05:33:59 -0700] "POST /wp-cron.php?doing_wp_cron=1782218034.4493660926818847656250 HTTP/1.1" 200 0 "-" "WordPress/7.0; https://dealzandfreebies.com"
121.121.56.204 - - [23/Jun/2026:05:34:00 -0700] "GET /2026/06/06/enjoy-19400-100-percent-free-position-online-game-zero-download/%7B(%7Btcb_featured_image_url%20size=large%7D HTTP/1.1" 403 0 "-" "Mozilla/5.0 (Windows NT 5.1) AppleWebKit/531.1 (KHTML, like Gecko) Chrome/36.0.822.0 Safari/531.1"
136.243.228.180 - - [23/Jun/2026:05:33:54 -0700] "GET /2026/06/17/es-sei-denn-einen-vom-zahlungsanbieter-verlangten-angemessen-sein-sollen-welche-nur-minimal-anderen-in-besitz-sein-von-zahlen/ HTTP/1.1" 200 29394 "-" "Mozilla/5.0 (compatible; DataForSeoBot/1.0; +https://dataforseo.com/dataforseo-bot)"
77.239.167.66 - - [23/Jun/2026:05:34:01 -0700] "GET /2026/06/15/moliya-boshqaruvi-qimor-o-x27-yinlaridagi/ HTTP/1.1" 200 32861 "-" "Screaming Frog SEO Spider/23.1"
77.239.167.66 - - [23/Jun/2026:05:34:01 -0700] "GET /2026/06/15/exploring-the-fascinating-historical-evolution-of/ HTTP/1.1" 200 33754 "-" "Screaming Frog SEO Spider/23.1"
66.249.74.67 - - [23/Jun/2026:05:34:00 -0700] "GET /2026/06/18/jujutsu-shenanigans-all-characters-guide-full-movesets/ HTTP/1.1" 200 28213 "-" "Mozilla/5.0 (Linux; Android 6.0.1; Nexus 5X Build/MMB29P) AppleWebKit/537.36 (KHTML, like Gecko) Chrome/148.0.7778.96 Mobile Safari/537.36 (compatible; Googlebot/2.1; +http://www.google.com/bot.html)"
77.239.167.66 - - [23/Jun/2026:05:34:01 -0700] "GET /2026/06/15/vplyv-technologii-na-buducnos-kasinovych-hier/ HTTP/1.1" 200 33491 "-" "Screaming Frog SEO Spider/23.1"
104.255.170.81 - - [23/Jun/2026:05:34:03 -0700] "POST /wp-cron.php?doing_wp_cron=1782218043.6221311092376708984375 HTTP/1.1" 200 0 "-" "WordPress/7.0; https://dealzandfreebies.com"
193.36.38.13 - - [23/Jun/2026:05:34:01 -0700] "POST /xmlrpc.php HTTP/1.1" 200 181 "-" "Mozilla/5.0 (Windows NT 10.0; Win64; x64) AppleWebKit/537.36 (KHTML, like Gecko) Chrome/114.0.0.0 Safari/537.36"
136.243.228.180 - - [23/Jun/2026:05:34:02 -0700] "GET /2026/04/23/paypal-online-casino-im-online-casino-mit-paypal-2/ HTTP/1.1" 200 28688 "-" "Mozilla/5.0 (compatible; DataForSeoBot/1.0; +https://dataforseo.com/dataforseo-bot)"
183.215.90.61 - - [23/Jun/2026:05:34:05 -0700] "GET /2026/05/29/failing-to-verify-your-account-before-requesting-a-withdrawal/%7B(%7Btcb_featured_image_url%20size=large%7D HTTP/1.1" 403 0 "-" "Mozilla/5.0 (iPad; CPU iPad OS 12_5_7 like Mac OS X) AppleWebKit/532.1 (KHTML, like Gecko) FxiOS/10.7u2248.0 Mobile/42V908 Safari/532.1"
193.36.38.176 - - [23/Jun/2026:05:34:05 -0700] "POST /xmlrpc.php HTTP/1.1" 200 10397 "-" "Mozilla/5.0 (Windows NT 10.0; Win64; x64) AppleWebKit/537.36 (KHTML, like Gecko) Chrome/114.0.0.0 Safari/537.36"
43.138.103.77 - - [23/Jun/2026:05:34:06 -0700] "GET /2026/04/04/fortunes-favor-the-bold-strategize-your-descent-8/ HTTP/2" 200 29150 "-" "Mozilla/5.0 (Windows NT 10.0; Win64; x64) AppleWebKit/537.36 (KHTML, like Gecko) Chrome/146.0.0.0 Safari/537.36"
193.36.38.176 - - [23/Jun/2026:05:34:06 -0700] "GET /2026/06/23/ebendiese-erfolgreichsten-8-echtgeld-casinos-2025-ebendiese-umfassender-expertentest/ HTTP/1.1" 200 142843 "-" "Mozilla/5.0 (Windows NT 10.0; rv:109.0) Gecko/20100101 Firefox/115.0"
43.138.103.77 - - [23/Jun/2026:05:34:07 -0700] "GET /wp-includes/js/dist/dom-ready.min.js?ver=a06281ae5cf5500e9317 HTTP/2" 200 397 "https://dealzandfreebies.com/2026/04/04/fortunes-favor-the-bold-strategize-your-descent-8/" "Mozilla/5.0 (Windows NT 10.0; Win64; x64) AppleWebKit/537.36 (KHTML, like Gecko) Chrome/146.0.0.0 Safari/537.36"
43.138.103.77 - - [23/Jun/2026:05:34:07 -0700] "GET /wp-content/plugins/thrive-visual-editor/editor/js/dist/modules/divider.min.js?v=10.6.2&ver=10.6.2 HTTP/2" 200 385 "https://dealzandfreebies.com/2026/04/04/fortunes-favor-the-bold-strategize-your-descent-8/" "Mozilla/5.0 (Windows NT 10.0; Win64; x64) AppleWebKit/537.36 (KHTML, like Gecko) Chrome/146.0.0.0 Safari/537.36"
43.138.103.77 - - [23/Jun/2026:05:34:07 -0700] "GET /wp-content/plugins/thrive-visual-editor/editor/js/dist/modules/fill-counter.min.js?v=10.6.2&ver=10.6.2 HTTP/2" 200 336 "https://dealzandfreebies.com/2026/04/04/fortunes-favor-the-bold-strategize-your-descent-8/" "Mozilla/5.0 (Windows NT 10.0; Win64; x64) AppleWebKit/537.36 (KHTML, like Gecko) Chrome/146.0.0.0 Safari/537.36"
43.138.103.77 - - [23/Jun/2026:05:34:07 -0700] "GET /wp-content/plugins/thrive-visual-editor/editor/js/dist/image-gallery-libs.min.js?ver=10.6.2 HTTP/2" 200 9832 "https://dealzandfreebies.com/2026/04/04/fortunes-favor-the-bold-strategize-your-descent-8/" "Mozilla/5.0 (Windows NT 10.0; Win64; x64) AppleWebKit/537.36 (KHTML, like Gecko) Chrome/146.0.0.0 Safari/537.36"
43.138.103.77 - - [23/Jun/2026:05:34:07 -0700] "GET /wp-content/plugins/thrive-visual-editor/editor/js/dist/modules/lead-generation.min.js?v=10.6.2&ver=10.6.2 HTTP/2" 200 6732 "https://dealzandfreebies.com/2026/04/04/fortunes-favor-the-bold-strategize-your-descent-8/" "Mozilla/5.0 (Windows NT 10.0; Win64; x64) AppleWebKit/537.36 (KHTML, like Gecko) Chrome/146.0.0.0 Safari/537.36"
43.138.103.77 - - [23/Jun/2026:05:34:07 -0700] "GET /wp-content/plugins/thrive-visual-editor/editor/js/dist/modules/number-counter-compat.min.js?v=10.6.2&ver=10.6.2 HTTP/2" 200 390 "https://dealzandfreebies.com/2026/04/04/fortunes-favor-the-bold-strategize-your-descent-8/" "Mozilla/5.0 (Windows NT 10.0; Win64; x64) AppleWebKit/537.36 (KHTML, like Gecko) Chrome/146.0.0.0 Safari/537.36"
43.138.103.77 - - [23/Jun/2026:05:34:07 -0700] "GET /wp-content/plugins/thrive-visual-editor/editor/js/dist/modules/pagination.min.js?v=10.6.2&ver=10.6.2 HTTP/2" 200 2192 "https://dealzandfreebies.com/2026/04/04/fortunes-favor-the-bold-strategize-your-descent-8/" "Mozilla/5.0 (Windows NT 10.0; Win64; x64) AppleWebKit/537.36 (KHTML, like Gecko) Chrome/146.0.0.0 Safari/537.36"
43.138.103.77 - - [23/Jun/2026:05:34:07 -0700] "GET /wp-content/plugins/thrive-visual-editor/editor/js/dist/modules/post-list-filter.min.js?v=10.6.2&ver=10.6.2 HTTP/2" 200 1926 "https://dealzandfreebies.com/2026/04/04/fortunes-favor-the-bold-strategize-your-descent-8/" "Mozilla/5.0 (Windows NT 10.0; Win64; x64) AppleWebKit/537.36 (KHTML, like Gecko) Chrome/146.0.0.0 Safari/537.36"
43.138.103.77 - - [23/Jun/2026:05:34:07 -0700] "GET /wp-content/plugins/thrive-visual-editor/editor/js/dist/modules/twitter.min.js?v=10.6.2&ver=10.6.2 HTTP/2" 200 388 "https://dealzandfreebies.com/2026/04/04/fortunes-favor-the-bold-strategize-your-descent-8/" "Mozilla/5.0 (Windows NT 10.0; Win64; x64) AppleWebKit/537.36 (KHTML, like Gecko) Chrome/146.0.0.0 Safari/537.36"
43.138.103.77 - - [23/Jun/2026:05:34:07 -0700] "GET /wp-content/plugins/thrive-visual-editor/editor/js/dist/modules/video.min.js?v=10.6.2&ver=10.6.2 HTTP/2" 200 6202 "https://dealzandfreebies.com/2026/04/04/fortunes-favor-the-bold-strategize-your-descent-8/" "Mozilla/5.0 (Windows NT 10.0; Win64; x64) AppleWebKit/537.36 (KHTML, like Gecko) Chrome/146.0.0.0 Safari/537.36"
136.243.228.180 - - [23/Jun/2026:05:34:06 -0700] "GET /2026/06/17/70-freispiele-exklusive-einzahlung-online-slot-spiele-rock-n-roller-hierbei-auftreiben-eltern-nachfolgende-freispiele-inside-2026/ HTTP/1.1" 200 30521 "-" "Mozilla/5.0 (compatible; DataForSeoBot/1.0; +https://dataforseo.com/dataforseo-bot)"
57.141.18.7 - - [23/Jun/2026:05:34:09 -0700] "GET /?p=149395 HTTP/2" 301 0 "-" "meta-externalagent/1.1 (+https://developers.facebook.com/docs/sharing/webmasters/crawler)"
193.36.38.13 - - [23/Jun/2026:05:34:09 -0700] "POST /xmlrpc.php HTTP/1.1" 200 8618 "-" "Mozilla/5.0 (Windows NT 10.0; Win64; x64) AppleWebKit/537.36 (KHTML, like Gecko) Chrome/114.0.0.0 Safari/537.36"
120.211.197.7 - - [23/Jun/2026:05:34:11 -0700] "GET /2026/06/06/22bet-757/%7B(%7Btcb_featured_image_url%20size=large%7D HTTP/1.1" 403 0 "-" "Mozilla/5.0 (X11; Linux i686; rv:1.9.7.20) Gecko/6997-04-27 11:57:58.416138 Firefox/3.6.14"
136.243.228.180 - - [23/Jun/2026:05:34:10 -0700] "GET /2026/06/17/unser-besten-spielsaal-freispiele-2026-free-spins-blos-casino-mobilepay-einzahlung/ HTTP/1.1" 200 29256 "-" "Mozilla/5.0 (compatible; DataForSeoBot/1.0; +https://dataforseo.com/dataforseo-bot)"
36.142.135.96 - - [23/Jun/2026:05:34:11 -0700] "GET /2026/05/29/failing-to-verify-your-account-before-requesting-a-withdrawal/%7B(%7Btcb_featured_image_url%20size=large%7D HTTP/1.1" 403 0 "-" "Opera/8.26.(Windows NT 5.01; ps-AF) Presto/2.9.182 Version/11.00"
193.36.38.13 - - [23/Jun/2026:05:34:11 -0700] "GET /2026/06/23/be-sure-that-you-learn-how-to-comply-with-the-newest-terms-and-conditions-and-you-may-requirements-regarding-a-deal/ HTTP/1.1" 200 139875 "-" "Mozilla/5.0 (Windows NT 10.0; Win64; x64) AppleWebKit/537.36 (KHTML, like Gecko) Chrome/123.0.0.0 Safari/537.36 OPR/109.0.0.0"
185.191.171.18 - - [23/Jun/2026:05:34:14 -0700] "GET /2026/06/20/lobstermania-position-trial-free-gamble-parrots-rock-casino-comment/ HTTP/1.1" 200 34959 "-" "Mozilla/5.0 (compatible; SemrushBot/7~bl; +http://www.semrush.com/bot.html)"
136.243.228.180 - - [23/Jun/2026:05:34:15 -0700] "GET /2026/06/17/in-5-rulli-ancora-ben-25-linee-di-rimessa-offre-numerose-indigenza-di-vittoria/ HTTP/1.1" 200 27970 "-" "Mozilla/5.0 (compatible; DataForSeoBot/1.0; +https://dataforseo.com/dataforseo-bot)"
57.141.18.28 - - [23/Jun/2026:05:34:15 -0700] "GET /wp-json/wp/v2/posts/154423 HTTP/2" 200 16373 "-" "meta-externalagent/1.1 (+https://developers.facebook.com/docs/sharing/webmasters/crawler)"
104.255.170.81 - - [23/Jun/2026:05:34:16 -0700] "POST /wp-cron.php?doing_wp_cron=1782218056.6564910411834716796875 HTTP/1.1" 200 0 "-" "WordPress/7.0; https://dealzandfreebies.com"
185.153.197.250 - - [23/Jun/2026:05:34:15 -0700] "POST /xmlrpc.php HTTP/1.1" 200 181 "-" "Mozilla/5.0 (Windows NT 10.0; Win64; x64) AppleWebKit/537.36 (KHTML, like Gecko) Chrome/114.0.0.0 Safari/537.36"
