74.7.241.32 - - [23/Jun/2026:06:01:37 -0700] "GET /?p=137515 HTTP/2" 301 0 "https://dealzandfreebies.com/2026/06/19/kak-organizovany-aktualnye-brauzery-69/" "Mozilla/5.0 AppleWebKit/537.36 (KHTML, like Gecko; compatible; GPTBot/1.4; +https://openai.com/gptbot)"
74.7.241.32 - - [23/Jun/2026:06:01:38 -0700] "GET /2026/06/19/brits-can-also-be-complete-the-betting-requirements-by-choosing-titles-that-will-join-the-brand-new-terms-and-conditions/ HTTP/2" 200 28765 "https://dealzandfreebies.com/2026/06/19/kak-organizovany-aktualnye-brauzery-69/" "Mozilla/5.0 AppleWebKit/537.36 (KHTML, like Gecko; compatible; GPTBot/1.4; +https://openai.com/gptbot)"
74.7.241.32 - - [23/Jun/2026:06:01:39 -0700] "GET /wp-json/wp/v2/posts/137515 HTTP/2" 200 12253 "https://dealzandfreebies.com/2026/06/19/kak-organizovany-aktualnye-brauzery-69/" "Mozilla/5.0 AppleWebKit/537.36 (KHTML, like Gecko; compatible; GPTBot/1.4; +https://openai.com/gptbot)"
74.7.241.32 - - [23/Jun/2026:06:01:39 -0700] "GET /wp-json/wp/v2/posts/165375 HTTP/2" 200 3181 "https://dealzandfreebies.com/2026/06/23/che-tipo-di-registrarsi-al-scompiglio-betflag-in-la-cie/" "Mozilla/5.0 AppleWebKit/537.36 (KHTML, like Gecko; compatible; GPTBot/1.4; +https://openai.com/gptbot)"
57.141.18.44 - - [23/Jun/2026:06:01:39 -0700] "GET /2026/06/22/this-type-of-analysis-courses-can-all-be-reached-from-your-area-to-your-gambling-enterprise-game-courses/ HTTP/2" 200 144342 "-" "meta-externalagent/1.1 (+https://developers.facebook.com/docs/sharing/webmasters/crawler)"
74.7.241.32 - - [23/Jun/2026:06:01:40 -0700] "GET /wp-json/oembed/1.0/embed?url=https%3A%2F%2Fdealzandfreebies.com%2F2026%2F06%2F19%2Fkak-organizovany-aktualnye-brauzery-69%2F HTTP/2" 200 1141 "https://dealzandfreebies.com/2026/06/19/kak-organizovany-aktualnye-brauzery-69/" "Mozilla/5.0 AppleWebKit/537.36 (KHTML, like Gecko; compatible; GPTBot/1.4; +https://openai.com/gptbot)"
74.7.241.32 - - [23/Jun/2026:06:01:41 -0700] "GET /wp-json/oembed/1.0/embed?url=https%3A%2F%2Fdealzandfreebies.com%2F2026%2F06%2F19%2Fsportovni-coworking-prostory-praha-focus-update-a-149%2F HTTP/2" 200 1124 "https://dealzandfreebies.com/2026/06/19/sportovni-coworking-prostory-praha-focus-update-a-149/" "Mozilla/5.0 AppleWebKit/537.36 (KHTML, like Gecko; compatible; GPTBot/1.4; +https://openai.com/gptbot)"
74.7.241.32 - - [23/Jun/2026:06:01:41 -0700] "GET /wp-json/oembed/1.0/embed?url=https%3A%2F%2Fdealzandfreebies.com%2F2026%2F06%2F19%2Fkak-dejstvujut-jelektronnye-marketplejsy-166%2F HTTP/2" 200 1191 "https://dealzandfreebies.com/2026/06/19/kak-dejstvujut-jelektronnye-marketplejsy-166/" "Mozilla/5.0 AppleWebKit/537.36 (KHTML, like Gecko; compatible; GPTBot/1.4; +https://openai.com/gptbot)"
136.243.228.180 - - [23/Jun/2026:06:01:40 -0700] "GET /2026/06/17/this-means-checking-the-newest-wagering-conditions-video-game-limitations-limit-winnings-and-expiry-minutes/ HTTP/1.1" 200 28252 "-" "Mozilla/5.0 (compatible; DataForSeoBot/1.0; +https://dataforseo.com/dataforseo-bot)"
74.7.241.32 - - [23/Jun/2026:06:01:42 -0700] "GET /wp-json/oembed/1.0/embed?url=https%3A%2F%2Fdealzandfreebies.com%2F2026%2F06%2F19%2Fkak-sproektirovany-aktualnye-obozrevateli-44%2F HTTP/2" 200 1158 "https://dealzandfreebies.com/2026/06/19/kak-sproektirovany-aktualnye-obozrevateli-44/" "Mozilla/5.0 AppleWebKit/537.36 (KHTML, like Gecko; compatible; GPTBot/1.4; +https://openai.com/gptbot)"
185.191.171.13 - - [23/Jun/2026:06:01:41 -0700] "GET /2026/06/22/betbeast-casino-have-a-decent-range-of-around-50-software-business/ HTTP/1.1" 200 32564 "-" "Mozilla/5.0 (compatible; SemrushBot/7~bl; +http://www.semrush.com/bot.html)"
74.7.241.32 - - [23/Jun/2026:06:01:42 -0700] "GET /wp-json/oembed/1.0/embed?format=xml&url=https%3A%2F%2Fdealzandfreebies.com%2F2026%2F06%2F23%2Fthat-requires-the-latest-casinos-conditions-and-terms-issues-from-professionals-estimated-earnings-blacklists-and-others%2F HTTP/2" 200 1189 "https://dealzandfreebies.com/2026/06/23/that-requires-the-latest-casinos-conditions-and-terms-issues-from-professionals-estimated-earnings-blacklists-and-others/" "Mozilla/5.0 AppleWebKit/537.36 (KHTML, like Gecko; compatible; GPTBot/1.4; +https://openai.com/gptbot)"
74.7.241.32 - - [23/Jun/2026:06:01:43 -0700] "GET /?p=165373 HTTP/2" 301 0 "https://dealzandfreebies.com/2026/06/23/defense-and-licensing-is-the-reason-twenty-five-your-overall-get/" "Mozilla/5.0 AppleWebKit/537.36 (KHTML, like Gecko; compatible; GPTBot/1.4; +https://openai.com/gptbot)"
74.7.241.32 - - [23/Jun/2026:06:01:43 -0700] "GET /2026/06/23/liefste-online-casinos-nederlan-2025-speel-veilig-in-echt-geld/ HTTP/2" 200 29961 "https://dealzandfreebies.com/2026/06/23/defense-and-licensing-is-the-reason-twenty-five-your-overall-get/" "Mozilla/5.0 AppleWebKit/537.36 (KHTML, like Gecko; compatible; GPTBot/1.4; +https://openai.com/gptbot)"
74.7.241.32 - - [23/Jun/2026:06:01:44 -0700] "GET /wp-json/oembed/1.0/embed?url=https%3A%2F%2Fdealzandfreebies.com%2F2026%2F06%2F23%2Fdefense-and-licensing-is-the-reason-twenty-five-your-overall-get%2F HTTP/2" 200 1110 "https://dealzandfreebies.com/2026/06/23/defense-and-licensing-is-the-reason-twenty-five-your-overall-get/" "Mozilla/5.0 AppleWebKit/537.36 (KHTML, like Gecko; compatible; GPTBot/1.4; +https://openai.com/gptbot)"
74.7.241.32 - - [23/Jun/2026:06:01:45 -0700] "GET /?p=137277 HTTP/2" 301 0 "https://dealzandfreebies.com/2026/06/19/brits-can-also-be-complete-the-betting-requirements-by-choosing-titles-that-will-join-the-brand-new-terms-and-conditions/" "Mozilla/5.0 AppleWebKit/537.36 (KHTML, like Gecko; compatible; GPTBot/1.4; +https://openai.com/gptbot)"
136.243.228.180 - - [23/Jun/2026:06:01:44 -0700] "GET /2026/06/17/vulkan-nevada-verlangt-verschiedenen-anreize-uff-anderem-promotionsprogramme-um-das-spielerlebnis-seiner-glucksspieler-uff-einsatz-durch-optimieren/ HTTP/1.1" 200 28589 "-" "Mozilla/5.0 (compatible; DataForSeoBot/1.0; +https://dataforseo.com/dataforseo-bot)"
85.208.96.194 - - [23/Jun/2026:06:01:45 -0700] "GET /2026/06/22/analysis-pulls-off-specialized-supplier-paperwork-casino-system-integration-and-you-will-user-opinions-collected-round-the-several-jurisdictions/ HTTP/1.1" 200 32911 "-" "Mozilla/5.0 (compatible; SemrushBot/7~bl; +http://www.semrush.com/bot.html)"
104.255.170.81 - - [23/Jun/2026:06:01:46 -0700] "POST /wp-cron.php?doing_wp_cron=1782219705.9814319610595703125000 HTTP/1.1" 200 0 "-" "WordPress/7.0; https://dealzandfreebies.com"
128.14.102.150 - - [23/Jun/2026:06:01:45 -0700] "POST /xmlrpc.php HTTP/1.1" 200 181 "-" "Mozilla/5.0 (Windows NT 10.0; Win64; x64) AppleWebKit/537.36 (KHTML, like Gecko) Chrome/114.0.0.0 Safari/537.36"
74.7.241.32 - - [23/Jun/2026:06:01:45 -0700] "GET /2026/06/19/all-figures-is-actually-made-in-weight-sterling-according-to-the-casinos-run-uk-consumers/ HTTP/2" 200 28830 "https://dealzandfreebies.com/2026/06/19/brits-can-also-be-complete-the-betting-requirements-by-choosing-titles-that-will-join-the-brand-new-terms-and-conditions/" "Mozilla/5.0 AppleWebKit/537.36 (KHTML, like Gecko; compatible; GPTBot/1.4; +https://openai.com/gptbot)"
74.7.241.32 - - [23/Jun/2026:06:01:46 -0700] "GET /wp-json/oembed/1.0/embed?url=https%3A%2F%2Fdealzandfreebies.com%2F2026%2F06%2F19%2Fbrits-can-also-be-complete-the-betting-requirements-by-choosing-titles-that-will-join-the-brand-new-terms-and-conditions%2F HTTP/2" 200 1162 "https://dealzandfreebies.com/2026/06/19/brits-can-also-be-complete-the-betting-requirements-by-choosing-titles-that-will-join-the-brand-new-terms-and-conditions/" "Mozilla/5.0 AppleWebKit/537.36 (KHTML, like Gecko; compatible; GPTBot/1.4; +https://openai.com/gptbot)"
74.7.241.32 - - [23/Jun/2026:06:01:47 -0700] "GET /wp-json/wp/v2/posts/137277 HTTP/2" 200 3863 "https://dealzandfreebies.com/2026/06/19/brits-can-also-be-complete-the-betting-requirements-by-choosing-titles-that-will-join-the-brand-new-terms-and-conditions/" "Mozilla/5.0 AppleWebKit/537.36 (KHTML, like Gecko; compatible; GPTBot/1.4; +https://openai.com/gptbot)"
185.191.171.6 - - [23/Jun/2026:06:01:47 -0700] "GET /2026/06/22/100-100-percent-free-revolves-no-deposit-%EF%B8%8F-durga-slot-keep-earnings-2026/ HTTP/1.1" 403 0 "-" "Mozilla/5.0 (compatible; SemrushBot/7~bl; +http://www.semrush.com/bot.html)"
74.7.241.32 - - [23/Jun/2026:06:01:47 -0700] "GET /wp-json/wp/v2/posts/165373 HTTP/2" 200 3009 "https://dealzandfreebies.com/2026/06/23/defense-and-licensing-is-the-reason-twenty-five-your-overall-get/" "Mozilla/5.0 AppleWebKit/537.36 (KHTML, like Gecko; compatible; GPTBot/1.4; +https://openai.com/gptbot)"
74.7.241.32 - - [23/Jun/2026:06:01:48 -0700] "GET /wp-json/oembed/1.0/embed?format=xml&url=https%3A%2F%2Fdealzandfreebies.com%2F2026%2F06%2F19%2Fbrits-can-also-be-complete-the-betting-requirements-by-choosing-titles-that-will-join-the-brand-new-terms-and-conditions%2F HTTP/2" 200 1188 "https://dealzandfreebies.com/2026/06/19/brits-can-also-be-complete-the-betting-requirements-by-choosing-titles-that-will-join-the-brand-new-terms-and-conditions/" "Mozilla/5.0 AppleWebKit/537.36 (KHTML, like Gecko; compatible; GPTBot/1.4; +https://openai.com/gptbot)"
193.36.38.176 - - [23/Jun/2026:06:01:47 -0700] "POST /xmlrpc.php HTTP/1.1" 200 181 "-" "Mozilla/5.0 (Windows NT 10.0; Win64; x64) AppleWebKit/537.36 (KHTML, like Gecko) Chrome/114.0.0.0 Safari/537.36"
104.255.170.81 - - [23/Jun/2026:06:01:48 -0700] "POST /wp-cron.php?doing_wp_cron=1782219708.9248640537261962890625 HTTP/1.1" 200 0 "-" "WordPress/7.0; https://dealzandfreebies.com"
74.7.241.32 - - [23/Jun/2026:06:01:48 -0700] "GET /wp-json/oembed/1.0/embed?url=https%3A%2F%2Fdealzandfreebies.com%2F2026%2F06%2F19%2Ften-effective-valid-five-casino-stack99-80-no-deposit-bonus-hundred-no-deposit-bonus-codes-to-possess-2022%2F HTTP/2" 200 1163 "https://dealzandfreebies.com/2026/06/19/ten-effective-valid-five-casino-stack99-80-no-deposit-bonus-hundred-no-deposit-bonus-codes-to-possess-2022/" "Mozilla/5.0 AppleWebKit/537.36 (KHTML, like Gecko; compatible; GPTBot/1.4; +https://openai.com/gptbot)"
136.243.228.180 - - [23/Jun/2026:06:01:48 -0700] "GET /2026/06/17/most-readily-useful-online-casinos-inside-canada-locations-to-enjoy-lawfully-in-the-2026/ HTTP/1.1" 200 29894 "-" "Mozilla/5.0 (compatible; DataForSeoBot/1.0; +https://dataforseo.com/dataforseo-bot)"
74.7.241.32 - - [23/Jun/2026:06:01:49 -0700] "GET /wp-json/oembed/1.0/embed?url=https%3A%2F%2Fdealzandfreebies.com%2F2026%2F06%2F19%2Fmobile-gambling-enterprises-instead-of-gamstop-greatest-low-gamstop-lady-in-red-120-free-spins-mobile-websites%2F HTTP/2" 200 1167 "https://dealzandfreebies.com/2026/06/19/mobile-gambling-enterprises-instead-of-gamstop-greatest-low-gamstop-lady-in-red-120-free-spins-mobile-websites/" "Mozilla/5.0 AppleWebKit/537.36 (KHTML, like Gecko; compatible; GPTBot/1.4; +https://openai.com/gptbot)"
74.7.241.32 - - [23/Jun/2026:06:01:49 -0700] "GET /wp-json/oembed/1.0/embed?format=xml&url=https%3A%2F%2Fdealzandfreebies.com%2F2026%2F06%2F23%2Fkiedy-powinienes-zdecydowac-korzystasz-posiadanie-kasyno-hazardowe-posiadanie-wplata-blik-weryfikacja-tez-minimalna-i-bedziesz-maksymalna-wplate-daje-podazaniu-stronie-operatora%2F HTTP/2" 200 1246 "https://dealzandfreebies.com/2026/06/23/kiedy-powinienes-zdecydowac-korzystasz-posiadanie-kasyno-hazardowe-posiadanie-wplata-blik-weryfikacja-tez-minimalna-i-bedziesz-maksymalna-wplate-daje-podazaniu-stronie-operatora/" "Mozilla/5.0 AppleWebKit/537.36 (KHTML, like Gecko; compatible; GPTBot/1.4; +https://openai.com/gptbot)"
74.7.241.32 - - [23/Jun/2026:06:01:50 -0700] "GET /?p=165369 HTTP/2" 301 0 "https://dealzandfreebies.com/2026/06/23/liefste-online-casinos-nederlan-2025-speel-veilig-in-echt-geld/" "Mozilla/5.0 AppleWebKit/537.36 (KHTML, like Gecko; compatible; GPTBot/1.4; +https://openai.com/gptbot)"
74.7.241.32 - - [23/Jun/2026:06:01:50 -0700] "GET /2026/06/23/gioca-alle-slot-machine-a-titolo-di-favore-nel-casino-online/ HTTP/2" 200 29099 "https://dealzandfreebies.com/2026/06/23/liefste-online-casinos-nederlan-2025-speel-veilig-in-echt-geld/" "Mozilla/5.0 AppleWebKit/537.36 (KHTML, like Gecko; compatible; GPTBot/1.4; +https://openai.com/gptbot)"
74.7.241.32 - - [23/Jun/2026:06:01:51 -0700] "GET /wp-json/wp/v2/posts/165369 HTTP/2" 200 5112 "https://dealzandfreebies.com/2026/06/23/liefste-online-casinos-nederlan-2025-speel-veilig-in-echt-geld/" "Mozilla/5.0 AppleWebKit/537.36 (KHTML, like Gecko; compatible; GPTBot/1.4; +https://openai.com/gptbot)"
57.141.18.20 - - [23/Jun/2026:06:01:52 -0700] "GET /?p=154820 HTTP/2" 301 0 "-" "meta-externalagent/1.1 (+https://developers.facebook.com/docs/sharing/webmasters/crawler)"
74.7.241.32 - - [23/Jun/2026:06:01:52 -0700] "GET /?p=137279 HTTP/2" 301 0 "https://dealzandfreebies.com/2026/06/19/all-figures-is-actually-made-in-weight-sterling-according-to-the-casinos-run-uk-consumers/" "Mozilla/5.0 AppleWebKit/537.36 (KHTML, like Gecko; compatible; GPTBot/1.4; +https://openai.com/gptbot)"
85.208.96.212 - - [23/Jun/2026:06:01:52 -0700] "GET /2026/06/22/tasse-sul-scompiglio-online-al-di-dinnanzi-dellue/ HTTP/1.1" 200 32693 "-" "Mozilla/5.0 (compatible; SemrushBot/7~bl; +http://www.semrush.com/bot.html)"
128.14.102.150 - - [23/Jun/2026:06:01:52 -0700] "POST /xmlrpc.php HTTP/1.1" 200 12045 "-" "Mozilla/5.0 (Windows NT 10.0; Win64; x64) AppleWebKit/537.36 (KHTML, like Gecko) Chrome/114.0.0.0 Safari/537.36"
74.7.241.32 - - [23/Jun/2026:06:01:52 -0700] "GET /2026/06/23/poen-bingo-eigenlijk-uitbetalen-apps-appreciren-google-play/ HTTP/2" 200 29361 "https://dealzandfreebies.com/2026/06/19/all-figures-is-actually-made-in-weight-sterling-according-to-the-casinos-run-uk-consumers/" "Mozilla/5.0 AppleWebKit/537.36 (KHTML, like Gecko; compatible; GPTBot/1.4; +https://openai.com/gptbot)"
136.243.228.180 - - [23/Jun/2026:06:01:52 -0700] "GET /2026/06/17/inoffizieller-mitarbeiter-erreichbar-spielbank-per-handyrechnung-ich-liebe-diese-unter-anderem-kurznachricht-retournieren/ HTTP/1.1" 200 29125 "-" "Mozilla/5.0 (compatible; DataForSeoBot/1.0; +https://dataforseo.com/dataforseo-bot)"
74.7.241.32 - - [23/Jun/2026:06:01:53 -0700] "GET /2026/06/19/kak-ustroeny-sovremennye-brauzery-4/ HTTP/2" 200 32274 "https://dealzandfreebies.com/2026/06/19/all-figures-is-actually-made-in-weight-sterling-according-to-the-casinos-run-uk-consumers/" "Mozilla/5.0 AppleWebKit/537.36 (KHTML, like Gecko; compatible; GPTBot/1.4; +https://openai.com/gptbot)"
193.36.38.176 - - [23/Jun/2026:06:01:53 -0700] "POST /xmlrpc.php HTTP/1.1" 200 10344 "-" "Mozilla/5.0 (Windows NT 10.0; Win64; x64) AppleWebKit/537.36 (KHTML, like Gecko) Chrome/114.0.0.0 Safari/537.36"
74.7.241.32 - - [23/Jun/2026:06:01:54 -0700] "GET /wp-json/oembed/1.0/embed?url=https%3A%2F%2Fdealzandfreebies.com%2F2026%2F06%2F19%2Fall-figures-is-actually-made-in-weight-sterling-according-to-the-casinos-run-uk-consumers%2F HTTP/2" 200 1135 "https://dealzandfreebies.com/2026/06/19/all-figures-is-actually-made-in-weight-sterling-according-to-the-casinos-run-uk-consumers/" "Mozilla/5.0 AppleWebKit/537.36 (KHTML, like Gecko; compatible; GPTBot/1.4; +https://openai.com/gptbot)"
74.7.241.32 - - [23/Jun/2026:06:01:54 -0700] "GET /wp-json/wp/v2/posts/137279 HTTP/2" 200 3976 "https://dealzandfreebies.com/2026/06/19/all-figures-is-actually-made-in-weight-sterling-according-to-the-casinos-run-uk-consumers/" "Mozilla/5.0 AppleWebKit/537.36 (KHTML, like Gecko; compatible; GPTBot/1.4; +https://openai.com/gptbot)"
128.14.102.150 - - [23/Jun/2026:06:01:54 -0700] "GET /2026/06/23/poen-bingo-eigenlijk-uitbetalen-apps-appreciren-google-play/ HTTP/1.1" 200 144117 "-" "Mozilla/5.0 (Windows NT 10.0; Win64; x64) AppleWebKit/537.36 (KHTML, like Gecko) Chrome/124.0.0.0 Safari/537.36 Edg/124.0.0.0"
74.7.241.32 - - [23/Jun/2026:06:01:55 -0700] "GET /wp-json/oembed/1.0/embed?url=https%3A%2F%2Fdealzandfreebies.com%2F2026%2F06%2F23%2Fliefste-online-casinos-nederlan-2025-speel-veilig-in-echt-geld%2F HTTP/2" 200 1099 "https://dealzandfreebies.com/2026/06/23/liefste-online-casinos-nederlan-2025-speel-veilig-in-echt-geld/" "Mozilla/5.0 AppleWebKit/537.36 (KHTML, like Gecko; compatible; GPTBot/1.4; +https://openai.com/gptbot)"
193.36.38.176 - - [23/Jun/2026:06:01:54 -0700] "GET /2026/06/23/nachfolgende-fragestellung-aufwarts-unserem-erfolgreichsten-moglich-casino-ist-und-bleibt-auf-diese-weise-altbacken-wie-unser-glucksspiel-meinereiner/ HTTP/1.1" 200 141880 "-" "Mozilla/5.0 (Windows NT 10.0; Win64; x64) AppleWebKit/537.36 (KHTML, like Gecko) Chrome/122.0.0.0 Safari/537.36"
17.22.245.33 - - [23/Jun/2026:06:01:55 -0700] "GET /2026/06/13/uber-12-euro-ohne-einzahlung-uns/ HTTP/2" 200 35618 "-" "Mozilla/5.0 (Macintosh; Intel Mac OS X 10_15_7) AppleWebKit/605.1.15 (KHTML, like Gecko) Version/17.4 Safari/605.1.15 (Applebot/0.1; +http://www.apple.com/go/applebot)"
74.7.241.32 - - [23/Jun/2026:06:01:55 -0700] "GET /wp-json/oembed/1.0/embed?format=xml&url=https%3A%2F%2Fdealzandfreebies.com%2F2026%2F06%2F23%2Fthe-privacy-is-obviously-recognized-and-youve-got-power-over-and-that-texts-you-earn%2F HTTP/2" 200 1169 "https://dealzandfreebies.com/2026/06/23/the-privacy-is-obviously-recognized-and-youve-got-power-over-and-that-texts-you-earn/" "Mozilla/5.0 AppleWebKit/537.36 (KHTML, like Gecko; compatible; GPTBot/1.4; +https://openai.com/gptbot)"
74.7.241.32 - - [23/Jun/2026:06:01:56 -0700] "GET /wp-json/oembed/1.0/embed?format=xml&url=https%3A%2F%2Fdealzandfreebies.com%2F2026%2F06%2F19%2Fbei-bedarf-gibt-unsrige-bestenliste-diesseitigen-guten-zusammenfassung-z-hd-diesseitigen-spielsalon-ferner-angebotsvergleich%2F HTTP/2" 200 1182 "https://dealzandfreebies.com/2026/06/19/bei-bedarf-gibt-unsrige-bestenliste-diesseitigen-guten-zusammenfassung-z-hd-diesseitigen-spielsalon-ferner-angebotsvergleich/" "Mozilla/5.0 AppleWebKit/537.36 (KHTML, like Gecko; compatible; GPTBot/1.4; +https://openai.com/gptbot)"
136.243.228.180 - - [23/Jun/2026:06:01:56 -0700] "GET /2026/06/17/rejting-kazino-dlja-komfortnoj-i-bezopasnoj-igry-28/ HTTP/1.1" 200 31825 "-" "Mozilla/5.0 (compatible; DataForSeoBot/1.0; +https://dataforseo.com/dataforseo-bot)"
74.7.241.32 - - [23/Jun/2026:06:01:56 -0700] "GET /wp-json/oembed/1.0/embed?format=xml&url=https%3A%2F%2Fdealzandfreebies.com%2F2026%2F06%2F23%2Fdo-naszym-kraju-granie-oraz-przez-internet-sterowany-jest-zbytnio-pomoca-ustawe-na-temat-grach-losowych-ktorzy-przechodza-dzionka-dziewietnasty-listopada-2019%2F HTTP/2" 200 1231 "https://dealzandfreebies.com/2026/06/23/do-naszym-kraju-granie-oraz-przez-internet-sterowany-jest-zbytnio-pomoca-ustawe-na-temat-grach-losowych-ktorzy-przechodza-dzionka-dziewietnasty-listopada-2019/" "Mozilla/5.0 AppleWebKit/537.36 (KHTML, like Gecko; compatible; GPTBot/1.4; +https://openai.com/gptbot)"
74.7.241.32 - - [23/Jun/2026:06:01:57 -0700] "GET /?p=165371 HTTP/2" 301 0 "https://dealzandfreebies.com/2026/06/23/gioca-alle-slot-machine-a-titolo-di-favore-nel-casino-online/" "Mozilla/5.0 AppleWebKit/537.36 (KHTML, like Gecko; compatible; GPTBot/1.4; +https://openai.com/gptbot)"
74.7.241.32 - - [23/Jun/2026:06:01:58 -0700] "GET /2026/06/23/the-latest-thumbnails-of-the-very-most-common-online-game-dominate-the-main-monitor/ HTTP/2" 200 27815 "https://dealzandfreebies.com/2026/06/23/gioca-alle-slot-machine-a-titolo-di-favore-nel-casino-online/" "Mozilla/5.0 AppleWebKit/537.36 (KHTML, like Gecko; compatible; GPTBot/1.4; +https://openai.com/gptbot)"
74.7.241.32 - - [23/Jun/2026:06:01:58 -0700] "GET /2026/06/23/nachfolgende-fragestellung-aufwarts-unserem-erfolgreichsten-moglich-casino-ist-und-bleibt-auf-diese-weise-altbacken-wie-unser-glucksspiel-meinereiner/ HTTP/2" 200 28470 "https://dealzandfreebies.com/2026/06/23/gioca-alle-slot-machine-a-titolo-di-favore-nel-casino-online/" "Mozilla/5.0 AppleWebKit/537.36 (KHTML, like Gecko; compatible; GPTBot/1.4; +https://openai.com/gptbot)"
74.7.241.32 - - [23/Jun/2026:06:02:00 -0700] "GET /?p=165535 HTTP/2" 301 0 "https://dealzandfreebies.com/2026/06/23/poen-bingo-eigenlijk-uitbetalen-apps-appreciren-google-play/" "Mozilla/5.0 AppleWebKit/537.36 (KHTML, like Gecko; compatible; GPTBot/1.4; +https://openai.com/gptbot)"
43.172.195.144 - - [23/Jun/2026:06:02:00 -0700] "GET /2026/06/18/throughout-the-the-newest-southern-area-section-of-china-it%ef%bf%bds-entitled-punto-banco-player-banker HTTP/1.1" 403 0 "-" "Mozilla/5.0 (Windows NT 10.0; Win64; x64) AppleWebKit/537.36 (KHTML, like Gecko) Chrome/133.0.0.0 Safari/537.36"
74.7.241.32 - - [23/Jun/2026:06:02:01 -0700] "GET /?p=137281 HTTP/2" 301 0 "https://dealzandfreebies.com/2026/06/19/kak-ustroeny-sovremennye-brauzery-4/" "Mozilla/5.0 AppleWebKit/537.36 (KHTML, like Gecko; compatible; GPTBot/1.4; +https://openai.com/gptbot)"
43.172.194.215 - - [23/Jun/2026:06:02:01 -0700] "GET /2026/06/18/dos-appeal-las-vegas-%ef%bf%bd-250100000-impress-gold-coins-5-sc-invited-bonus HTTP/1.1" 403 0 "-" "Mozilla/5.0 (Windows NT 10.0; Win64; x64) AppleWebKit/537.36 (KHTML, like Gecko) Chrome/116.0.0.0 Safari/537.36"
136.243.228.180 - - [23/Jun/2026:06:02:01 -0700] "GET /2026/06/17/respons-kannst-einen-normalen-willkommensbonus-nutzlichkeit-das-je-neukunden-angeboten-wird/ HTTP/1.1" 200 29346 "-" "Mozilla/5.0 (compatible; DataForSeoBot/1.0; +https://dataforseo.com/dataforseo-bot)"
43.173.179.170 - - [23/Jun/2026:06:02:02 -0700] "GET /2026/06/18/throughout-the-the-newest-southern-area-section-of-china-it%ef%bf%bds-entitled-punto-banco-player-banker HTTP/1.1" 403 0 "-" "Mozilla/5.0 (Windows NT 10.0; Win64; x64) AppleWebKit/537.36 (KHTML, like Gecko) Chrome/110.0.0.0 Safari/537.36"
74.7.241.32 - - [23/Jun/2026:06:02:01 -0700] "GET /2026/06/19/kak-postroeny-nyneshnie-obozrevateli-66/ HTTP/2" 200 32530 "https://dealzandfreebies.com/2026/06/19/kak-ustroeny-sovremennye-brauzery-4/" "Mozilla/5.0 AppleWebKit/537.36 (KHTML, like Gecko; compatible; GPTBot/1.4; +https://openai.com/gptbot)"
43.173.173.81 - - [23/Jun/2026:06:02:02 -0700] "GET /2026/06/18/dos-appeal-las-vegas-%ef%bf%bd-250100000-impress-gold-coins-5-sc-invited-bonus HTTP/1.1" 403 0 "-" "Mozilla/5.0 (Windows NT 10.0; Win64; x64) AppleWebKit/537.36 (KHTML, like Gecko) Chrome/131.0.0.0 Safari/537.36"
74.7.241.32 - - [23/Jun/2026:06:02:02 -0700] "GET /wp-json/oembed/1.0/embed?url=https%3A%2F%2Fdealzandfreebies.com%2F2026%2F06%2F23%2Fgioca-alle-slot-machine-a-titolo-di-favore-nel-casino-online%2F HTTP/2" 200 1108 "https://dealzandfreebies.com/2026/06/23/gioca-alle-slot-machine-a-titolo-di-favore-nel-casino-online/" "Mozilla/5.0 AppleWebKit/537.36 (KHTML, like Gecko; compatible; GPTBot/1.4; +https://openai.com/gptbot)"
74.7.241.32 - - [23/Jun/2026:06:02:02 -0700] "GET /wp-json/oembed/1.0/embed?url=https%3A%2F%2Fdealzandfreebies.com%2F2026%2F06%2F23%2Fpoen-bingo-eigenlijk-uitbetalen-apps-appreciren-google-play%2F HTTP/2" 200 1104 "https://dealzandfreebies.com/2026/06/23/poen-bingo-eigenlijk-uitbetalen-apps-appreciren-google-play/" "Mozilla/5.0 AppleWebKit/537.36 (KHTML, like Gecko; compatible; GPTBot/1.4; +https://openai.com/gptbot)"
74.7.241.32 - - [23/Jun/2026:06:02:03 -0700] "GET /wp-json/wp/v2/posts/165535 HTTP/2" 200 4497 "https://dealzandfreebies.com/2026/06/23/poen-bingo-eigenlijk-uitbetalen-apps-appreciren-google-play/" "Mozilla/5.0 AppleWebKit/537.36 (KHTML, like Gecko; compatible; GPTBot/1.4; +https://openai.com/gptbot)"
74.7.241.32 - - [23/Jun/2026:06:02:03 -0700] "GET /wp-json/wp/v2/posts/137281 HTTP/2" 200 12370 "https://dealzandfreebies.com/2026/06/19/kak-ustroeny-sovremennye-brauzery-4/" "Mozilla/5.0 AppleWebKit/537.36 (KHTML, like Gecko; compatible; GPTBot/1.4; +https://openai.com/gptbot)"
116.87.81.231 - - [23/Jun/2026:06:02:04 -0700] "GET /2026/06/18/throughout-the-the-newest-southern-area-section-of-china-it%ef%bf%bds-entitled-punto-banco-player-banker HTTP/1.1" 403 0 "-" "Mozilla/5.0 (Windows NT 10.0; Win64; x64) AppleWebKit/537.36 (KHTML, like Gecko) Chrome/110.0.0.0 Safari/537.36"
74.7.241.32 - - [23/Jun/2026:06:02:04 -0700] "GET /wp-json/wp/v2/posts/165371 HTTP/2" 200 4285 "https://dealzandfreebies.com/2026/06/23/gioca-alle-slot-machine-a-titolo-di-favore-nel-casino-online/" "Mozilla/5.0 AppleWebKit/537.36 (KHTML, like Gecko; compatible; GPTBot/1.4; +https://openai.com/gptbot)"
136.243.228.180 - - [23/Jun/2026:06:02:04 -0700] "GET /2026/06/17/for-many-who-believe-skrill-paysafecard-try-work-of-the-exact-same-business-paysafe-restricted/ HTTP/1.1" 200 27721 "-" "Mozilla/5.0 (compatible; DataForSeoBot/1.0; +https://dataforseo.com/dataforseo-bot)"
185.111.108.154 - - [23/Jun/2026:06:02:02 -0700] "POST /xmlrpc.php HTTP/1.1" 200 1325833 "-" "Mozilla/5.0 (Windows NT 10.0; Win64; x64) AppleWebKit/537.36 (KHTML, like Gecko) Chrome/80.0.3987.132 Safari/537.36"
74.7.241.32 - - [23/Jun/2026:06:02:05 -0700] "GET /wp-json/oembed/1.0/embed?url=https%3A%2F%2Fdealzandfreebies.com%2F2026%2F06%2F19%2Fkak-ustroeny-sovremennye-brauzery-4%2F HTTP/2" 200 1135 "https://dealzandfreebies.com/2026/06/19/kak-ustroeny-sovremennye-brauzery-4/" "Mozilla/5.0 AppleWebKit/537.36 (KHTML, like Gecko; compatible; GPTBot/1.4; +https://openai.com/gptbot)"
151.226.170.9 - - [23/Jun/2026:06:02:05 -0700] "GET /2026/06/18/dos-appeal-las-vegas-%ef%bf%bd-250100000-impress-gold-coins-5-sc-invited-bonus HTTP/1.1" 403 0 "-" "Mozilla/5.0 (Windows NT 10.0; Win64; x64) AppleWebKit/537.36 (KHTML, like Gecko) Chrome/131.0.0.0 Safari/537.36"
74.7.241.32 - - [23/Jun/2026:06:02:05 -0700] "GET /?p=165367 HTTP/2" 301 0 "https://dealzandfreebies.com/2026/06/23/the-latest-thumbnails-of-the-very-most-common-online-game-dominate-the-main-monitor/" "Mozilla/5.0 AppleWebKit/537.36 (KHTML, like Gecko; compatible; GPTBot/1.4; +https://openai.com/gptbot)"
104.255.170.81 - - [23/Jun/2026:06:02:06 -0700] "POST /wp-cron.php?doing_wp_cron=1782219726.4048080444335937500000 HTTP/1.1" 200 0 "-" "WordPress/7.0; https://dealzandfreebies.com"
185.111.108.154 - - [23/Jun/2026:06:02:06 -0700] "POST /xmlrpc.php HTTP/1.1" 200 181 "-" "Mozilla/5.0 (Windows NT 10.0; Win64; x64) AppleWebKit/537.36 (KHTML, like Gecko) Chrome/80.0.3987.132 Safari/537.36"
74.7.241.32 - - [23/Jun/2026:06:02:06 -0700] "GET /2026/06/23/from-the-aboutslots-we-are-all-pros-with-real-go-out-skills-on-the-gambling-enterprise-and-you-can-gambling-world/ HTTP/2" 200 28603 "https://dealzandfreebies.com/2026/06/23/the-latest-thumbnails-of-the-very-most-common-online-game-dominate-the-main-monitor/" "Mozilla/5.0 AppleWebKit/537.36 (KHTML, like Gecko; compatible; GPTBot/1.4; +https://openai.com/gptbot)"
185.111.108.154 - - [23/Jun/2026:06:02:06 -0700] "POST /xmlrpc.php HTTP/1.1" 200 9151 "-" "Mozilla/5.0 (Windows NT 10.0; Win64; x64) AppleWebKit/537.36 (KHTML, like Gecko) Chrome/80.0.3987.132 Safari/537.36"
74.7.241.32 - - [23/Jun/2026:06:02:07 -0700] "GET /?p=165537 HTTP/2" 301 0 "https://dealzandfreebies.com/2026/06/23/nachfolgende-fragestellung-aufwarts-unserem-erfolgreichsten-moglich-casino-ist-und-bleibt-auf-diese-weise-altbacken-wie-unser-glucksspiel-meinereiner/" "Mozilla/5.0 AppleWebKit/537.36 (KHTML, like Gecko; compatible; GPTBot/1.4; +https://openai.com/gptbot)"
74.7.241.32 - - [23/Jun/2026:06:02:07 -0700] "GET /wp-json/oembed/1.0/embed?url=https%3A%2F%2Fdealzandfreebies.com%2F2026%2F06%2F23%2Fnachfolgende-fragestellung-aufwarts-unserem-erfolgreichsten-moglich-casino-ist-und-bleibt-auf-diese-weise-altbacken-wie-unser-glucksspiel-meinereiner%2F HTTP/2" 200 1204 "https://dealzandfreebies.com/2026/06/23/nachfolgende-fragestellung-aufwarts-unserem-erfolgreichsten-moglich-casino-ist-und-bleibt-auf-diese-weise-altbacken-wie-unser-glucksspiel-meinereiner/" "Mozilla/5.0 AppleWebKit/537.36 (KHTML, like Gecko; compatible; GPTBot/1.4; +https://openai.com/gptbot)"
74.7.241.32 - - [23/Jun/2026:06:02:08 -0700] "GET /?p=137547 HTTP/2" 301 0 "https://dealzandfreebies.com/2026/06/19/kak-postroeny-nyneshnie-obozrevateli-66/" "Mozilla/5.0 AppleWebKit/537.36 (KHTML, like Gecko; compatible; GPTBot/1.4; +https://openai.com/gptbot)"
216.73.217.103 - - [23/Jun/2026:06:02:08 -0700] "GET /?p=164134 HTTP/2" 301 0 "-" "Mozilla/5.0 AppleWebKit/537.36 (KHTML, like Gecko; compatible; ClaudeBot/1.0; +claudebot@anthropic.com)"
74.7.241.32 - - [23/Jun/2026:06:02:08 -0700] "GET /2026/06/19/so-lange-die-leser-wiederholend-spielen-werden-ebendiese-blutzoll-as-part-of-sehr-vielen-abholzen-akzentuiert-hoher-alabama-betroffene-schatzen-wurden/ HTTP/2" 200 29092 "https://dealzandfreebies.com/2026/06/19/kak-postroeny-nyneshnie-obozrevateli-66/" "Mozilla/5.0 AppleWebKit/537.36 (KHTML, like Gecko; compatible; GPTBot/1.4; +https://openai.com/gptbot)"
216.73.217.103 - - [23/Jun/2026:06:02:08 -0700] "GET /2026/06/23/ten-greatest-web-based-casinos-for-real-money-gaming-inside-the-nz-2026/ HTTP/2" 200 27738 "https://dealzandfreebies.com/?p=164134" "Mozilla/5.0 AppleWebKit/537.36 (KHTML, like Gecko; compatible; ClaudeBot/1.0; +claudebot@anthropic.com)"
74.7.241.32 - - [23/Jun/2026:06:02:09 -0700] "GET /wp-json/oembed/1.0/embed?url=https%3A%2F%2Fdealzandfreebies.com%2F2026%2F06%2F23%2Fthe-latest-thumbnails-of-the-very-most-common-online-game-dominate-the-main-monitor%2F HTTP/2" 200 1122 "https://dealzandfreebies.com/2026/06/23/the-latest-thumbnails-of-the-very-most-common-online-game-dominate-the-main-monitor/" "Mozilla/5.0 AppleWebKit/537.36 (KHTML, like Gecko; compatible; GPTBot/1.4; +https://openai.com/gptbot)"
136.243.228.180 - - [23/Jun/2026:06:02:09 -0700] "GET /2026/06/17/play-the-top-online-slots-to-your-market-within-this-spacecasino/ HTTP/1.1" 200 27661 "-" "Mozilla/5.0 (compatible; DataForSeoBot/1.0; +https://dataforseo.com/dataforseo-bot)"
74.7.241.32 - - [23/Jun/2026:06:02:09 -0700] "GET /wp-json/wp/v2/posts/165537 HTTP/2" 200 3787 "https://dealzandfreebies.com/2026/06/23/nachfolgende-fragestellung-aufwarts-unserem-erfolgreichsten-moglich-casino-ist-und-bleibt-auf-diese-weise-altbacken-wie-unser-glucksspiel-meinereiner/" "Mozilla/5.0 AppleWebKit/537.36 (KHTML, like Gecko; compatible; GPTBot/1.4; +https://openai.com/gptbot)"
74.7.241.32 - - [23/Jun/2026:06:02:10 -0700] "GET /wp-json/wp/v2/posts/165367 HTTP/2" 200 2945 "https://dealzandfreebies.com/2026/06/23/the-latest-thumbnails-of-the-very-most-common-online-game-dominate-the-main-monitor/" "Mozilla/5.0 AppleWebKit/537.36 (KHTML, like Gecko; compatible; GPTBot/1.4; +https://openai.com/gptbot)"
74.7.241.32 - - [23/Jun/2026:06:02:11 -0700] "GET /wp-json/wp/v2/posts/137547 HTTP/2" 200 12103 "https://dealzandfreebies.com/2026/06/19/kak-postroeny-nyneshnie-obozrevateli-66/" "Mozilla/5.0 AppleWebKit/537.36 (KHTML, like Gecko; compatible; GPTBot/1.4; +https://openai.com/gptbot)"
74.7.241.32 - - [23/Jun/2026:06:02:11 -0700] "GET /wp-json/oembed/1.0/embed?url=https%3A%2F%2Fdealzandfreebies.com%2F2026%2F06%2F19%2Fkak-postroeny-nyneshnie-obozrevateli-66%2F HTTP/2" 200 1144 "https://dealzandfreebies.com/2026/06/19/kak-postroeny-nyneshnie-obozrevateli-66/" "Mozilla/5.0 AppleWebKit/537.36 (KHTML, like Gecko; compatible; GPTBot/1.4; +https://openai.com/gptbot)"
104.255.170.81 - - [23/Jun/2026:06:02:12 -0700] "POST /wp-cron.php?doing_wp_cron=1782219732.1305871009826660156250 HTTP/1.1" 200 0 "-" "WordPress/7.0; https://dealzandfreebies.com"
193.36.38.13 - - [23/Jun/2026:06:02:11 -0700] "POST /xmlrpc.php HTTP/1.1" 200 181 "-" "Mozilla/5.0 (Windows NT 10.0; Win64; x64) AppleWebKit/537.36 (KHTML, like Gecko) Chrome/114.0.0.0 Safari/537.36"
74.7.241.32 - - [23/Jun/2026:06:02:12 -0700] "GET /wp-json/oembed/1.0/embed?format=xml&url=https%3A%2F%2Fdealzandfreebies.com%2F2026%2F06%2F23%2Fcome-registrarsi-al-scompiglio-betflag-per-la-cie%2F HTTP/2" 200 1119 "https://dealzandfreebies.com/2026/06/23/come-registrarsi-al-scompiglio-betflag-per-la-cie/" "Mozilla/5.0 AppleWebKit/537.36 (KHTML, like Gecko; compatible; GPTBot/1.4; +https://openai.com/gptbot)"
74.7.241.32 - - [23/Jun/2026:06:02:12 -0700] "GET /?p=165365 HTTP/2" 301 0 "https://dealzandfreebies.com/2026/06/23/from-the-aboutslots-we-are-all-pros-with-real-go-out-skills-on-the-gambling-enterprise-and-you-can-gambling-world/" "Mozilla/5.0 AppleWebKit/537.36 (KHTML, like Gecko; compatible; GPTBot/1.4; +https://openai.com/gptbot)"
136.243.228.180 - - [23/Jun/2026:06:02:12 -0700] "GET /2026/06/17/ebendiese-refundierung-war-einem-hauptguthaben-gutgeschrieben-so-lange-welches-durchgang-endet-%EF%BF%BD-ohne-rollover-und-blank-einschrankungen/ HTTP/1.1" 403 0 "-" "Mozilla/5.0 (compatible; DataForSeoBot/1.0; +https://dataforseo.com/dataforseo-bot)"
85.208.96.207 - - [23/Jun/2026:06:02:12 -0700] "GET /2026/06/21/n1-bet-casino-nz-real-success-stories-wins/ HTTP/1.1" 200 33933 "-" "Mozilla/5.0 (compatible; SemrushBot/7~bl; +http://www.semrush.com/bot.html)"
74.7.241.32 - - [23/Jun/2026:06:02:13 -0700] "GET /2026/06/23/so-far-weve-chatted-about-the-great-benefits-of-the-fresh-new-ethereum-gambling-enterprise-commission-procedures/ HTTP/2" 200 28140 "https://dealzandfreebies.com/2026/06/23/from-the-aboutslots-we-are-all-pros-with-real-go-out-skills-on-the-gambling-enterprise-and-you-can-gambling-world/" "Mozilla/5.0 AppleWebKit/537.36 (KHTML, like Gecko; compatible; GPTBot/1.4; +https://openai.com/gptbot)"
74.7.241.32 - - [23/Jun/2026:06:02:13 -0700] "GET /wp-json/oembed/1.0/embed?url=https%3A%2F%2Fdealzandfreebies.com%2F2026%2F06%2F23%2Ffrom-the-aboutslots-we-are-all-pros-with-real-go-out-skills-on-the-gambling-enterprise-and-you-can-gambling-world%2F HTTP/2" 200 1163 "https://dealzandfreebies.com/2026/06/23/from-the-aboutslots-we-are-all-pros-with-real-go-out-skills-on-the-gambling-enterprise-and-you-can-gambling-world/" "Mozilla/5.0 AppleWebKit/537.36 (KHTML, like Gecko; compatible; GPTBot/1.4; +https://openai.com/gptbot)"
74.7.241.32 - - [23/Jun/2026:06:02:14 -0700] "GET /wp-json/wp/v2/posts/165365 HTTP/2" 200 3677 "https://dealzandfreebies.com/2026/06/23/from-the-aboutslots-we-are-all-pros-with-real-go-out-skills-on-the-gambling-enterprise-and-you-can-gambling-world/" "Mozilla/5.0 AppleWebKit/537.36 (KHTML, like Gecko; compatible; GPTBot/1.4; +https://openai.com/gptbot)"
74.7.241.32 - - [23/Jun/2026:06:02:15 -0700] "GET /?p=137284 HTTP/2" 301 0 "https://dealzandfreebies.com/2026/06/19/so-lange-die-leser-wiederholend-spielen-werden-ebendiese-blutzoll-as-part-of-sehr-vielen-abholzen-akzentuiert-hoher-alabama-betroffene-schatzen-wurden/" "Mozilla/5.0 AppleWebKit/537.36 (KHTML, like Gecko; compatible; GPTBot/1.4; +https://openai.com/gptbot)"
74.7.241.32 - - [23/Jun/2026:06:02:15 -0700] "GET /2026/06/19/pin-up-casino-azrbaycanda-onlayn-kazino-pin-up-542/ HTTP/2" 200 27643 "https://dealzandfreebies.com/2026/06/19/so-lange-die-leser-wiederholend-spielen-werden-ebendiese-blutzoll-as-part-of-sehr-vielen-abholzen-akzentuiert-hoher-alabama-betroffene-schatzen-wurden/" "Mozilla/5.0 AppleWebKit/537.36 (KHTML, like Gecko; compatible; GPTBot/1.4; +https://openai.com/gptbot)"
74.7.241.32 - - [23/Jun/2026:06:02:16 -0700] "GET /wp-json/oembed/1.0/embed?url=https%3A%2F%2Fdealzandfreebies.com%2F2026%2F06%2F19%2Fso-lange-die-leser-wiederholend-spielen-werden-ebendiese-blutzoll-as-part-of-sehr-vielen-abholzen-akzentuiert-hoher-alabama-betroffene-schatzen-wurden%2F HTTP/2" 200 1211 "https://dealzandfreebies.com/2026/06/19/so-lange-die-leser-wiederholend-spielen-werden-ebendiese-blutzoll-as-part-of-sehr-vielen-abholzen-akzentuiert-hoher-alabama-betroffene-schatzen-wurden/" "Mozilla/5.0 AppleWebKit/537.36 (KHTML, like Gecko; compatible; GPTBot/1.4; +https://openai.com/gptbot)"
74.7.241.32 - - [23/Jun/2026:06:02:16 -0700] "GET /wp-json/wp/v2/posts/137284 HTTP/2" 200 4377 "https://dealzandfreebies.com/2026/06/19/so-lange-die-leser-wiederholend-spielen-werden-ebendiese-blutzoll-as-part-of-sehr-vielen-abholzen-akzentuiert-hoher-alabama-betroffene-schatzen-wurden/" "Mozilla/5.0 AppleWebKit/537.36 (KHTML, like Gecko; compatible; GPTBot/1.4; +https://openai.com/gptbot)"
74.7.241.32 - - [23/Jun/2026:06:02:17 -0700] "GET /wp-json/oembed/1.0/embed?format=xml&url=https%3A%2F%2Fdealzandfreebies.com%2F2026%2F06%2F19%2Fthat-it-diverse-online-game-alternatives-implies-that-often-there-is-something-new-and-you-can-enjoyable-to-understand-more-about%2F HTTP/2" 200 1194 "https://dealzandfreebies.com/2026/06/19/that-it-diverse-online-game-alternatives-implies-that-often-there-is-something-new-and-you-can-enjoyable-to-understand-more-about/" "Mozilla/5.0 AppleWebKit/537.36 (KHTML, like Gecko; compatible; GPTBot/1.4; +https://openai.com/gptbot)"
136.243.228.180 - - [23/Jun/2026:06:02:16 -0700] "GET /2026/06/17/rencard-salle-de-jeu-nez-intelligence-spectacles-il-existe-long-un-produit-a-faire/ HTTP/1.1" 200 29307 "-" "Mozilla/5.0 (compatible; DataForSeoBot/1.0; +https://dataforseo.com/dataforseo-bot)"
74.7.241.32 - - [23/Jun/2026:06:02:17 -0700] "GET /wp-json/oembed/1.0/embed?url=https%3A%2F%2Fdealzandfreebies.com%2F2026%2F06%2F19%2Ffile-7589%2F HTTP/2" 200 1046 "https://dealzandfreebies.com/2026/06/19/file-7589/" "Mozilla/5.0 AppleWebKit/537.36 (KHTML, like Gecko; compatible; GPTBot/1.4; +https://openai.com/gptbot)"
74.7.241.32 - - [23/Jun/2026:06:02:18 -0700] "GET /wp-json/oembed/1.0/embed?format=xml&url=https%3A%2F%2Fdealzandfreebies.com%2F2026%2F06%2F19%2Fproviding-the-thorough-experience-in-the-united-states-bling-webpages-that-have-a-great-cellular-gambling-establishment-app-to-complement%2F HTTP/2" 200 1195 "https://dealzandfreebies.com/2026/06/19/providing-the-thorough-experience-in-the-united-states-bling-webpages-that-have-a-great-cellular-gambling-establishment-app-to-complement/" "Mozilla/5.0 AppleWebKit/537.36 (KHTML, like Gecko; compatible; GPTBot/1.4; +https://openai.com/gptbot)"
104.255.170.81 - - [23/Jun/2026:06:02:18 -0700] "GET /wp-content/uploads/2026/06/guide-win-unique.jpg HTTP/1.1" 200 119299 "-" "-"
193.36.38.13 - - [23/Jun/2026:06:02:18 -0700] "POST /xmlrpc.php HTTP/1.1" 200 10011 "-" "Mozilla/5.0 (Windows NT 10.0; Win64; x64) AppleWebKit/537.36 (KHTML, like Gecko) Chrome/114.0.0.0 Safari/537.36"
74.7.241.32 - - [23/Jun/2026:06:02:18 -0700] "GET /2026/06/19/premier-les-options/ HTTP/2" 200 27618 "http://masterysuccess.win" "Mozilla/5.0 AppleWebKit/537.36 (KHTML, like Gecko; compatible; GPTBot/1.4; +https://openai.com/gptbot)"
74.7.241.32 - - [23/Jun/2026:06:02:19 -0700] "GET /?p=165363 HTTP/2" 301 0 "https://dealzandfreebies.com/2026/06/23/so-far-weve-chatted-about-the-great-benefits-of-the-fresh-new-ethereum-gambling-enterprise-commission-procedures/" "Mozilla/5.0 AppleWebKit/537.36 (KHTML, like Gecko; compatible; GPTBot/1.4; +https://openai.com/gptbot)"
193.36.38.13 - - [23/Jun/2026:06:02:19 -0700] "GET /2026/06/23/typically-you-will-find-four-variety-of-send-a-friend-local-casino-incentives/ HTTP/1.1" 200 140547 "-" "Mozilla/5.0 (Windows NT 10.0; Win64; x64) AppleWebKit/537.36 (KHTML, like Gecko) Chrome/123.0.0.0 Safari/537.36 OPR/109.0.0.0"
74.7.241.32 - - [23/Jun/2026:06:02:20 -0700] "GET /2026/06/23/che-tipo-di-registrarsi-al-bisca-betflag-verso-la-cie/ HTTP/2" 200 28191 "https://dealzandfreebies.com/2026/06/23/so-far-weve-chatted-about-the-great-benefits-of-the-fresh-new-ethereum-gambling-enterprise-commission-procedures/" "Mozilla/5.0 AppleWebKit/537.36 (KHTML, like Gecko; compatible; GPTBot/1.4; +https://openai.com/gptbot)"
136.243.228.180 - - [23/Jun/2026:06:02:20 -0700] "GET /2026/06/17/regulating-authorities-work-on-charities-and-you-will-teams-to-market-safer-gambling-behaviors-and-you-will-learn-world-fashion/ HTTP/1.1" 200 27831 "-" "Mozilla/5.0 (compatible; DataForSeoBot/1.0; +https://dataforseo.com/dataforseo-bot)"
85.208.96.198 - - [23/Jun/2026:06:02:20 -0700] "GET /2026/06/21/respin-joker-81-demo-enjoy-position-video-game-a-hundred-free/ HTTP/1.1" 200 32672 "-" "Mozilla/5.0 (compatible; SemrushBot/7~bl; +http://www.semrush.com/bot.html)"
74.7.241.32 - - [23/Jun/2026:06:02:21 -0700] "GET /2026/06/23/typically-you-will-find-four-variety-of-send-a-friend-local-casino-incentives/ HTTP/2" 200 28231 "https://dealzandfreebies.com/2026/06/23/so-far-weve-chatted-about-the-great-benefits-of-the-fresh-new-ethereum-gambling-enterprise-commission-procedures/" "Mozilla/5.0 AppleWebKit/537.36 (KHTML, like Gecko; compatible; GPTBot/1.4; +https://openai.com/gptbot)"
74.7.241.32 - - [23/Jun/2026:06:02:22 -0700] "GET /wp-json/oembed/1.0/embed?url=https%3A%2F%2Fdealzandfreebies.com%2F2026%2F06%2F23%2Fso-far-weve-chatted-about-the-great-benefits-of-the-fresh-new-ethereum-gambling-enterprise-commission-procedures%2F HTTP/2" 200 1156 "https://dealzandfreebies.com/2026/06/23/so-far-weve-chatted-about-the-great-benefits-of-the-fresh-new-ethereum-gambling-enterprise-commission-procedures/" "Mozilla/5.0 AppleWebKit/537.36 (KHTML, like Gecko; compatible; GPTBot/1.4; +https://openai.com/gptbot)"
74.7.241.32 - - [23/Jun/2026:06:02:22 -0700] "GET /?p=137286 HTTP/2" 301 0 "https://dealzandfreebies.com/2026/06/19/pin-up-casino-azrbaycanda-onlayn-kazino-pin-up-542/" "Mozilla/5.0 AppleWebKit/537.36 (KHTML, like Gecko; compatible; GPTBot/1.4; +https://openai.com/gptbot)"
74.7.241.32 - - [23/Jun/2026:06:02:23 -0700] "GET /2026/06/19/in-dem-angelegenheit-kannst-respons-diese-entsprechenden-spielautomaten-pluspunkt-ferner-uber-dusel-gewinnen/ HTTP/2" 200 29242 "https://dealzandfreebies.com/2026/06/19/pin-up-casino-azrbaycanda-onlayn-kazino-pin-up-542/" "Mozilla/5.0 AppleWebKit/537.36 (KHTML, like Gecko; compatible; GPTBot/1.4; +https://openai.com/gptbot)"
74.7.241.32 - - [23/Jun/2026:06:02:24 -0700] "GET /wp-json/wp/v2/posts/165363 HTTP/2" 200 3375 "https://dealzandfreebies.com/2026/06/23/so-far-weve-chatted-about-the-great-benefits-of-the-fresh-new-ethereum-gambling-enterprise-commission-procedures/" "Mozilla/5.0 AppleWebKit/537.36 (KHTML, like Gecko; compatible; GPTBot/1.4; +https://openai.com/gptbot)"
74.7.241.32 - - [23/Jun/2026:06:02:24 -0700] "GET /wp-json/wp/v2/posts/137286 HTTP/2" 200 2796 "https://dealzandfreebies.com/2026/06/19/pin-up-casino-azrbaycanda-onlayn-kazino-pin-up-542/" "Mozilla/5.0 AppleWebKit/537.36 (KHTML, like Gecko; compatible; GPTBot/1.4; +https://openai.com/gptbot)"
136.243.228.180 - - [23/Jun/2026:06:02:24 -0700] "GET /2026/06/17/nachfolgende-frage-unter-einem-erfolgreichsten-moglich-spielbank-ist-und-bleibt-sic-antiquarisch-prazis-sic-wie-dasjenige-spiel-ich/ HTTP/1.1" 200 28593 "-" "Mozilla/5.0 (compatible; DataForSeoBot/1.0; +https://dataforseo.com/dataforseo-bot)"
74.7.241.32 - - [23/Jun/2026:06:02:25 -0700] "GET /wp-json/oembed/1.0/embed?url=https%3A%2F%2Fdealzandfreebies.com%2F2026%2F06%2F19%2Fpin-up-casino-azrbaycanda-onlayn-kazino-pin-up-542%2F HTTP/2" 200 1117 "https://dealzandfreebies.com/2026/06/19/pin-up-casino-azrbaycanda-onlayn-kazino-pin-up-542/" "Mozilla/5.0 AppleWebKit/537.36 (KHTML, like Gecko; compatible; GPTBot/1.4; +https://openai.com/gptbot)"
74.7.241.32 - - [23/Jun/2026:06:02:26 -0700] "GET /wp-json/oembed/1.0/embed?format=xml&url=https%3A%2F%2Fdealzandfreebies.com%2F2026%2F06%2F23%2Fkonczy-sie-jednego-do-kasyno-trzymac-paysafecard-ma-absolutnie-wszystkie-kluczowych-korzysci-z-czy-czy-nie-tutaj-jak-mozesz-partnerow-potencjalnych-problemow%2F HTTP/2" 200 1229 "https://dealzandfreebies.com/2026/06/23/konczy-sie-jednego-do-kasyno-trzymac-paysafecard-ma-absolutnie-wszystkie-kluczowych-korzysci-z-czy-czy-nie-tutaj-jak-mozesz-partnerow-potencjalnych-problemow/" "Mozilla/5.0 AppleWebKit/537.36 (KHTML, like Gecko; compatible; GPTBot/1.4; +https://openai.com/gptbot)"
85.208.96.204 - - [23/Jun/2026:06:02:26 -0700] "GET /2026/06/22/come-ricevere-pagamenti-rapidi-dai-bisca-non-aams-su-farantube/ HTTP/1.1" 200 33521 "-" "Mozilla/5.0 (compatible; SemrushBot/7~bl; +http://www.semrush.com/bot.html)"
74.7.241.32 - - [23/Jun/2026:06:02:26 -0700] "GET /?p=139323 HTTP/2" 301 0 "https://dealzandfreebies.com/2026/06/19/premier-les-options/" "Mozilla/5.0 AppleWebKit/537.36 (KHTML, like Gecko; compatible; GPTBot/1.4; +https://openai.com/gptbot)"
74.7.241.32 - - [23/Jun/2026:06:02:27 -0700] "GET /wp-content/uploads/2026/06/guide-win-unique.jpg HTTP/2" 200 119299 "https://dealzandfreebies.com/2026/06/19/premier-les-options/" "Mozilla/5.0 AppleWebKit/537.36 (KHTML, like Gecko; compatible; GPTBot/1.4; +https://openai.com/gptbot)"
74.7.241.32 - - [23/Jun/2026:06:02:27 -0700] "GET /?p=165361 HTTP/2" 301 0 "https://dealzandfreebies.com/2026/06/23/che-tipo-di-registrarsi-al-bisca-betflag-verso-la-cie/" "Mozilla/5.0 AppleWebKit/537.36 (KHTML, like Gecko; compatible; GPTBot/1.4; +https://openai.com/gptbot)"
74.7.241.32 - - [23/Jun/2026:06:02:28 -0700] "GET /?p=165541 HTTP/2" 301 0 "https://dealzandfreebies.com/2026/06/23/typically-you-will-find-four-variety-of-send-a-friend-local-casino-incentives/" "Mozilla/5.0 AppleWebKit/537.36 (KHTML, like Gecko; compatible; GPTBot/1.4; +https://openai.com/gptbot)"
74.7.241.32 - - [23/Jun/2026:06:02:28 -0700] "GET /2026/06/23/bedrijfstop-offlin-casinos-behalve-cruks-2024-vinnig-beschermd-plu-geloofwaardig/ HTTP/2" 200 29012 "https://dealzandfreebies.com/2026/06/23/che-tipo-di-registrarsi-al-bisca-betflag-verso-la-cie/" "Mozilla/5.0 AppleWebKit/537.36 (KHTML, like Gecko; compatible; GPTBot/1.4; +https://openai.com/gptbot)"
74.7.241.32 - - [23/Jun/2026:06:02:29 -0700] "GET /wp-json/wp/v2/posts/165541 HTTP/2" 200 3508 "https://dealzandfreebies.com/2026/06/23/typically-you-will-find-four-variety-of-send-a-friend-local-casino-incentives/" "Mozilla/5.0 AppleWebKit/537.36 (KHTML, like Gecko; compatible; GPTBot/1.4; +https://openai.com/gptbot)"
136.243.228.180 - - [23/Jun/2026:06:02:29 -0700] "GET /2026/06/17/analysis-depend-on-condition-from-the-evaluation-table-otherwise-particular-formulas/ HTTP/1.1" 200 29219 "-" "Mozilla/5.0 (compatible; DataForSeoBot/1.0; +https://dataforseo.com/dataforseo-bot)"
74.7.241.32 - - [23/Jun/2026:06:02:30 -0700] "GET /?p=137292 HTTP/2" 301 0 "https://dealzandfreebies.com/2026/06/19/in-dem-angelegenheit-kannst-respons-diese-entsprechenden-spielautomaten-pluspunkt-ferner-uber-dusel-gewinnen/" "Mozilla/5.0 AppleWebKit/537.36 (KHTML, like Gecko; compatible; GPTBot/1.4; +https://openai.com/gptbot)"
74.7.241.32 - - [23/Jun/2026:06:02:30 -0700] "GET /2026/06/19/astute-players-discover-the-allure-of-spinmacho-3/ HTTP/2" 200 29724 "https://dealzandfreebies.com/2026/06/19/in-dem-angelegenheit-kannst-respons-diese-entsprechenden-spielautomaten-pluspunkt-ferner-uber-dusel-gewinnen/" "Mozilla/5.0 AppleWebKit/537.36 (KHTML, like Gecko; compatible; GPTBot/1.4; +https://openai.com/gptbot)"
74.7.241.32 - - [23/Jun/2026:06:02:31 -0700] "GET /category/win-unique-casino/ HTTP/2" 200 22807 "https://dealzandfreebies.com/2026/06/19/premier-les-options/" "Mozilla/5.0 AppleWebKit/537.36 (KHTML, like Gecko; compatible; GPTBot/1.4; +https://openai.com/gptbot)"
74.7.241.32 - - [23/Jun/2026:06:02:31 -0700] "GET /abundance/?redirect_to=https%3A%2F%2Fdealzandfreebies.com%2F2026%2F06%2F19%2Fpremier-les-options%2F HTTP/2" 200 2304 "https://dealzandfreebies.com/2026/06/19/premier-les-options/" "Mozilla/5.0 AppleWebKit/537.36 (KHTML, like Gecko; compatible; GPTBot/1.4; +https://openai.com/gptbot)"
74.7.241.32 - - [23/Jun/2026:06:02:32 -0700] "GET /wp-json/oembed/1.0/embed?url=https%3A%2F%2Fdealzandfreebies.com%2F2026%2F06%2F23%2Ftypically-you-will-find-four-variety-of-send-a-friend-local-casino-incentives%2F HTTP/2" 200 1130 "https://dealzandfreebies.com/2026/06/23/typically-you-will-find-four-variety-of-send-a-friend-local-casino-incentives/" "Mozilla/5.0 AppleWebKit/537.36 (KHTML, like Gecko; compatible; GPTBot/1.4; +https://openai.com/gptbot)"
74.7.241.32 - - [23/Jun/2026:06:02:32 -0700] "GET /wp-json/oembed/1.0/embed?url=https%3A%2F%2Fdealzandfreebies.com%2F2026%2F06%2F19%2Fin-dem-angelegenheit-kannst-respons-diese-entsprechenden-spielautomaten-pluspunkt-ferner-uber-dusel-gewinnen%2F HTTP/2" 200 1163 "https://dealzandfreebies.com/2026/06/19/in-dem-angelegenheit-kannst-respons-diese-entsprechenden-spielautomaten-pluspunkt-ferner-uber-dusel-gewinnen/" "Mozilla/5.0 AppleWebKit/537.36 (KHTML, like Gecko; compatible; GPTBot/1.4; +https://openai.com/gptbot)"
74.7.241.32 - - [23/Jun/2026:06:02:33 -0700] "GET /wp-json/wp/v2/posts/165361 HTTP/2" 200 3215 "https://dealzandfreebies.com/2026/06/23/che-tipo-di-registrarsi-al-bisca-betflag-verso-la-cie/" "Mozilla/5.0 AppleWebKit/537.36 (KHTML, like Gecko; compatible; GPTBot/1.4; +https://openai.com/gptbot)"
136.243.228.180 - - [23/Jun/2026:06:02:32 -0700] "GET /2026/06/17/gold-rush-position-review-2026-totally-free-enjoy-demonstration/ HTTP/1.1" 200 28689 "-" "Mozilla/5.0 (compatible; DataForSeoBot/1.0; +https://dataforseo.com/dataforseo-bot)"
74.7.241.32 - - [23/Jun/2026:06:02:33 -0700] "GET /wp-json/wp/v2/posts/137292 HTTP/2" 200 4312 "https://dealzandfreebies.com/2026/06/19/in-dem-angelegenheit-kannst-respons-diese-entsprechenden-spielautomaten-pluspunkt-ferner-uber-dusel-gewinnen/" "Mozilla/5.0 AppleWebKit/537.36 (KHTML, like Gecko; compatible; GPTBot/1.4; +https://openai.com/gptbot)"
74.7.241.32 - - [23/Jun/2026:06:02:34 -0700] "GET /wp-json/wp/v2/posts/139323 HTTP/2" 200 2627 "https://dealzandfreebies.com/2026/06/19/premier-les-options/" "Mozilla/5.0 AppleWebKit/537.36 (KHTML, like Gecko; compatible; GPTBot/1.4; +https://openai.com/gptbot)"
74.7.241.32 - - [23/Jun/2026:06:02:34 -0700] "GET /?p=165359 HTTP/2" 301 0 "https://dealzandfreebies.com/2026/06/23/bedrijfstop-offlin-casinos-behalve-cruks-2024-vinnig-beschermd-plu-geloofwaardig/" "Mozilla/5.0 AppleWebKit/537.36 (KHTML, like Gecko; compatible; GPTBot/1.4; +https://openai.com/gptbot)"
74.7.241.32 - - [23/Jun/2026:06:02:35 -0700] "GET /2026/06/23/get-your-bonus-and-now-have-usage-of-smart-casino-tips-procedures-and-you-will-understanding/ HTTP/2" 200 28653 "https://dealzandfreebies.com/2026/06/23/bedrijfstop-offlin-casinos-behalve-cruks-2024-vinnig-beschermd-plu-geloofwaardig/" "Mozilla/5.0 AppleWebKit/537.36 (KHTML, like Gecko; compatible; GPTBot/1.4; +https://openai.com/gptbot)"
74.7.241.32 - - [23/Jun/2026:06:02:36 -0700] "GET /wp-json/oembed/1.0/embed?url=https%3A%2F%2Fdealzandfreebies.com%2F2026%2F06%2F23%2Fbedrijfstop-offlin-casinos-behalve-cruks-2024-vinnig-beschermd-plu-geloofwaardig%2F HTTP/2" 200 1126 "https://dealzandfreebies.com/2026/06/23/bedrijfstop-offlin-casinos-behalve-cruks-2024-vinnig-beschermd-plu-geloofwaardig/" "Mozilla/5.0 AppleWebKit/537.36 (KHTML, like Gecko; compatible; GPTBot/1.4; +https://openai.com/gptbot)"
