74.7.241.32 - - [23/Jun/2026:05:57:25 -0700] "GET /wp-json/oembed/1.0/embed?url=https%3A%2F%2Fdealzandfreebies.com%2F2026%2F06%2F19%2Fthe-working-platform-welcomes-visa-bank-card-skrill-neteller-and-you-may-major-cryptocurrencies-making-certain-flexibility-per-player%2F HTTP/2" 200 1184 "https://dealzandfreebies.com/2026/06/19/the-working-platform-welcomes-visa-bank-card-skrill-neteller-and-you-may-major-cryptocurrencies-making-certain-flexibility-per-player/" "Mozilla/5.0 AppleWebKit/537.36 (KHTML, like Gecko; compatible; GPTBot/1.4; +https://openai.com/gptbot)"
74.7.241.32 - - [23/Jun/2026:05:57:25 -0700] "GET /wp-json/oembed/1.0/embed?url=https%3A%2F%2Fdealzandfreebies.com%2F2026%2F06%2F23%2Fil-blackjack-live-una-cambiamento-vicenda-di-imbroglio%2F HTTP/2" 200 1097 "https://dealzandfreebies.com/2026/06/23/il-blackjack-live-una-cambiamento-vicenda-di-imbroglio/" "Mozilla/5.0 AppleWebKit/537.36 (KHTML, like Gecko; compatible; GPTBot/1.4; +https://openai.com/gptbot)"
74.7.241.32 - - [23/Jun/2026:05:57:26 -0700] "GET /wp-json/oembed/1.0/embed?url=https%3A%2F%2Fdealzandfreebies.com%2F2026%2F06%2F19%2Fbetter-online-slots-gambling-enterprises-united-states-of-bonus-100-teambet-casino-america%2F HTTP/2" 200 1134 "https://dealzandfreebies.com/2026/06/19/better-online-slots-gambling-enterprises-united-states-of-bonus-100-teambet-casino-america/" "Mozilla/5.0 AppleWebKit/537.36 (KHTML, like Gecko; compatible; GPTBot/1.4; +https://openai.com/gptbot)"
74.7.241.32 - - [23/Jun/2026:05:57:26 -0700] "GET /wp-json/wp/v2/posts/137218 HTTP/2" 200 3072 "https://dealzandfreebies.com/2026/06/19/the-working-platform-welcomes-visa-bank-card-skrill-neteller-and-you-may-major-cryptocurrencies-making-certain-flexibility-per-player/" "Mozilla/5.0 AppleWebKit/537.36 (KHTML, like Gecko; compatible; GPTBot/1.4; +https://openai.com/gptbot)"
185.191.171.4 - - [23/Jun/2026:05:57:26 -0700] "GET /2026/06/21/ebendiese-inter-auftritt-verlauft-muhelos-in-allen-modernen-handys-eigenstandig-von-deren-betriebssystemen/ HTTP/1.1" 200 33272 "-" "Mozilla/5.0 (compatible; SemrushBot/7~bl; +http://www.semrush.com/bot.html)"
74.7.241.32 - - [23/Jun/2026:05:57:27 -0700] "GET /wp-json/wp/v2/posts/165433 HTTP/2" 200 3011 "https://dealzandfreebies.com/2026/06/23/il-blackjack-live-una-cambiamento-vicenda-di-imbroglio/" "Mozilla/5.0 AppleWebKit/537.36 (KHTML, like Gecko; compatible; GPTBot/1.4; +https://openai.com/gptbot)"
74.7.241.32 - - [23/Jun/2026:05:57:27 -0700] "GET /?p=137224 HTTP/2" 301 0 "https://dealzandfreebies.com/2026/06/19/big-places-can-also-be-possibly-subconsciously-build-participants-more-carefree-making-use-of-their-investing/" "Mozilla/5.0 AppleWebKit/537.36 (KHTML, like Gecko; compatible; GPTBot/1.4; +https://openai.com/gptbot)"
74.7.241.32 - - [23/Jun/2026:05:57:28 -0700] "GET /?p=165517 HTTP/2" 301 0 "https://dealzandfreebies.com/2026/06/23/prominent-slot-game-an-entire-help-guide-to-the-essential-starred-online-slots-for-the-2025/" "Mozilla/5.0 AppleWebKit/537.36 (KHTML, like Gecko; compatible; GPTBot/1.4; +https://openai.com/gptbot)"
74.7.241.32 - - [23/Jun/2026:05:57:28 -0700] "GET /?p=137096 HTTP/2" 301 0 "https://dealzandfreebies.com/2026/06/19/finest-online-slots-slingo-25-free-no-deposit-spins-games-the-real-deal-money-united-states/" "Mozilla/5.0 AppleWebKit/537.36 (KHTML, like Gecko; compatible; GPTBot/1.4; +https://openai.com/gptbot)"
136.243.228.180 - - [23/Jun/2026:05:57:28 -0700] "GET /2026/06/17/when-playing-a-strictly-application-based-on-the-web-roulette-you-cant-really-go-against-the-rules/ HTTP/1.1" 200 27780 "-" "Mozilla/5.0 (compatible; DataForSeoBot/1.0; +https://dataforseo.com/dataforseo-bot)"
74.7.241.32 - - [23/Jun/2026:05:57:29 -0700] "GET /2026/06/19/ask-yourself-woman-playtech-totally-free-queen-of-the-nile-cheats-online-slot-play/ HTTP/2" 200 28853 "https://dealzandfreebies.com/2026/06/19/finest-online-slots-slingo-25-free-no-deposit-spins-games-the-real-deal-money-united-states/" "Mozilla/5.0 AppleWebKit/537.36 (KHTML, like Gecko; compatible; GPTBot/1.4; +https://openai.com/gptbot)"
74.7.241.32 - - [23/Jun/2026:05:57:30 -0700] "GET /?p=165519 HTTP/2" 301 0 "https://dealzandfreebies.com/2026/06/23/w-tym-samym-czasie-optymalna-wyplata-z-bonusu-bez-depozytu-nie-powinien-przewyzszyc-125-zlotych/" "Mozilla/5.0 AppleWebKit/537.36 (KHTML, like Gecko; compatible; GPTBot/1.4; +https://openai.com/gptbot)"
74.7.241.32 - - [23/Jun/2026:05:57:30 -0700] "GET /?p=165431 HTTP/2" 301 0 "https://dealzandfreebies.com/2026/06/23/the-fresh-new-signup-processes-is-very-important-in-terms-of-ranking-united-kingdom-on-line-casino-internet/" "Mozilla/5.0 AppleWebKit/537.36 (KHTML, like Gecko; compatible; GPTBot/1.4; +https://openai.com/gptbot)"
179.6.100.201 - - [23/Jun/2026:05:57:30 -0700] "GET /2026/05/31/traktandum-10-slot-attila-bitcoin-casinos-2026-btc-casino-untersuchung/ HTTP/1.1" 200 29700 "-" "Mozilla/5.0 (iPod; U; CPU iPhone OS 4_2 like Mac OS X; vi-VN) AppleWebKit/532.9.4 (KHTML, like Gecko) Version/3.0.5 Mobile/8B116 Safari/6532.9.4"
74.7.241.32 - - [23/Jun/2026:05:57:31 -0700] "GET /2026/06/23/the-privacy-is-obviously-recognized-and-youve-got-power-over-and-that-texts-you-earn/ HTTP/2" 200 27782 "https://dealzandfreebies.com/2026/06/23/the-fresh-new-signup-processes-is-very-important-in-terms-of-ranking-united-kingdom-on-line-casino-internet/" "Mozilla/5.0 AppleWebKit/537.36 (KHTML, like Gecko; compatible; GPTBot/1.4; +https://openai.com/gptbot)"
74.7.241.32 - - [23/Jun/2026:05:57:32 -0700] "GET /2026/06/19/die-besten-zahlungsmethoden-fur-online-casinos-in/ HTTP/2" 200 28413 "https://dealzandfreebies.com/2026/06/19/big-places-can-also-be-possibly-subconsciously-build-participants-more-carefree-making-use-of-their-investing/" "Mozilla/5.0 AppleWebKit/537.36 (KHTML, like Gecko; compatible; GPTBot/1.4; +https://openai.com/gptbot)"
136.243.228.180 - - [23/Jun/2026:05:57:32 -0700] "GET /2026/06/17/vintage-ports-are-the-brand-new-online-games-you-to-put-simplicity-and-you-will-the-newest-game-play-above-everything-else/ HTTP/1.1" 200 27820 "-" "Mozilla/5.0 (compatible; DataForSeoBot/1.0; +https://dataforseo.com/dataforseo-bot)"
74.7.241.32 - - [23/Jun/2026:05:57:33 -0700] "GET /wp-json/oembed/1.0/embed?url=https%3A%2F%2Fdealzandfreebies.com%2F2026%2F06%2F19%2Fbig-places-can-also-be-possibly-subconsciously-build-participants-more-carefree-making-use-of-their-investing%2F HTTP/2" 200 1142 "https://dealzandfreebies.com/2026/06/19/big-places-can-also-be-possibly-subconsciously-build-participants-more-carefree-making-use-of-their-investing/" "Mozilla/5.0 AppleWebKit/537.36 (KHTML, like Gecko; compatible; GPTBot/1.4; +https://openai.com/gptbot)"
219.92.211.35 - - [23/Jun/2026:05:57:33 -0700] "GET /2026/06/02/bonusy-pokerdom-kazhdyj-den-3/%7B(%7Btcb_featured_image_url%20size=large%7D HTTP/1.1" 403 0 "-" "Opera/8.26.(Windows 98; Win 9x 4.90; hak-TW) Presto/2.9.165 Version/10.00"
74.7.241.32 - - [23/Jun/2026:05:57:33 -0700] "GET /wp-json/oembed/1.0/embed?url=https%3A%2F%2Fdealzandfreebies.com%2F2026%2F06%2F23%2Fw-tym-samym-czasie-optymalna-wyplata-z-bonusu-bez-depozytu-nie-powinien-przewyzszyc-125-zlotych%2F HTTP/2" 200 1162 "https://dealzandfreebies.com/2026/06/23/w-tym-samym-czasie-optymalna-wyplata-z-bonusu-bez-depozytu-nie-powinien-przewyzszyc-125-zlotych/" "Mozilla/5.0 AppleWebKit/537.36 (KHTML, like Gecko; compatible; GPTBot/1.4; +https://openai.com/gptbot)"
74.7.241.32 - - [23/Jun/2026:05:57:34 -0700] "GET /wp-json/oembed/1.0/embed?url=https%3A%2F%2Fdealzandfreebies.com%2F2026%2F06%2F19%2Ffinest-online-slots-slingo-25-free-no-deposit-spins-games-the-real-deal-money-united-states%2F HTTP/2" 200 1134 "https://dealzandfreebies.com/2026/06/19/finest-online-slots-slingo-25-free-no-deposit-spins-games-the-real-deal-money-united-states/" "Mozilla/5.0 AppleWebKit/537.36 (KHTML, like Gecko; compatible; GPTBot/1.4; +https://openai.com/gptbot)"
57.141.18.11 - - [23/Jun/2026:05:57:34 -0700] "GET /wp-json/oembed/1.0/embed?url=https%3A%2F%2Fdealzandfreebies.com%2F2026%2F06%2F21%2Famunra-casino-nz-navigating-tomorrow-s-gaming-horizons%2F HTTP/2" 200 2464 "-" "meta-externalagent/1.1 (+https://developers.facebook.com/docs/sharing/webmasters/crawler)"
74.7.241.32 - - [23/Jun/2026:05:57:34 -0700] "GET /wp-json/wp/v2/posts/165519 HTTP/2" 200 4718 "https://dealzandfreebies.com/2026/06/23/w-tym-samym-czasie-optymalna-wyplata-z-bonusu-bez-depozytu-nie-powinien-przewyzszyc-125-zlotych/" "Mozilla/5.0 AppleWebKit/537.36 (KHTML, like Gecko; compatible; GPTBot/1.4; +https://openai.com/gptbot)"
74.7.241.32 - - [23/Jun/2026:05:57:35 -0700] "GET /wp-json/wp/v2/posts/165517 HTTP/2" 200 2836 "https://dealzandfreebies.com/2026/06/23/prominent-slot-game-an-entire-help-guide-to-the-essential-starred-online-slots-for-the-2025/" "Mozilla/5.0 AppleWebKit/537.36 (KHTML, like Gecko; compatible; GPTBot/1.4; +https://openai.com/gptbot)"
74.7.241.32 - - [23/Jun/2026:05:57:35 -0700] "GET /wp-json/wp/v2/posts/137224 HTTP/2" 200 3087 "https://dealzandfreebies.com/2026/06/19/big-places-can-also-be-possibly-subconsciously-build-participants-more-carefree-making-use-of-their-investing/" "Mozilla/5.0 AppleWebKit/537.36 (KHTML, like Gecko; compatible; GPTBot/1.4; +https://openai.com/gptbot)"
136.243.228.180 - - [23/Jun/2026:05:57:35 -0700] "GET /2026/06/17/diese-identitatsprufung-sei-im-deutschen-glucksspielstaatsvertrag-unabdingbar-oder-soll-vorweg-ein-ersten-einzahlung-durchgefuhrt-werden/ HTTP/1.1" 200 28545 "-" "Mozilla/5.0 (compatible; DataForSeoBot/1.0; +https://dataforseo.com/dataforseo-bot)"
74.7.241.32 - - [23/Jun/2026:05:57:36 -0700] "GET /?p=137094 HTTP/2" 301 0 "https://dealzandfreebies.com/2026/06/19/ask-yourself-woman-playtech-totally-free-queen-of-the-nile-cheats-online-slot-play/" "Mozilla/5.0 AppleWebKit/537.36 (KHTML, like Gecko; compatible; GPTBot/1.4; +https://openai.com/gptbot)"
74.7.241.32 - - [23/Jun/2026:05:57:36 -0700] "GET /2026/06/19/a-familiar-range-would-be-anywhere-from-twenty-five-to-forty-times-the-benefit-amount/ HTTP/2" 200 27901 "https://dealzandfreebies.com/2026/06/19/ask-yourself-woman-playtech-totally-free-queen-of-the-nile-cheats-online-slot-play/" "Mozilla/5.0 AppleWebKit/537.36 (KHTML, like Gecko; compatible; GPTBot/1.4; +https://openai.com/gptbot)"
74.7.241.32 - - [23/Jun/2026:05:57:37 -0700] "GET /wp-json/oembed/1.0/embed?url=https%3A%2F%2Fdealzandfreebies.com%2F2026%2F06%2F19%2Fask-yourself-woman-playtech-totally-free-queen-of-the-nile-cheats-online-slot-play%2F HTTP/2" 200 1129 "https://dealzandfreebies.com/2026/06/19/ask-yourself-woman-playtech-totally-free-queen-of-the-nile-cheats-online-slot-play/" "Mozilla/5.0 AppleWebKit/537.36 (KHTML, like Gecko; compatible; GPTBot/1.4; +https://openai.com/gptbot)"
74.7.241.32 - - [23/Jun/2026:05:57:38 -0700] "GET /?p=165429 HTTP/2" 301 0 "https://dealzandfreebies.com/2026/06/23/the-privacy-is-obviously-recognized-and-youve-got-power-over-and-that-texts-you-earn/" "Mozilla/5.0 AppleWebKit/537.36 (KHTML, like Gecko; compatible; GPTBot/1.4; +https://openai.com/gptbot)"
104.255.170.81 - - [23/Jun/2026:05:57:38 -0700] "POST /wp-cron.php?doing_wp_cron=1782219458.6506989002227783203125 HTTP/1.1" 200 0 "-" "WordPress/7.0; https://dealzandfreebies.com"
98.98.148.151 - - [23/Jun/2026:05:57:37 -0700] "POST /xmlrpc.php HTTP/1.1" 200 181 "-" "Mozilla/5.0 (Windows NT 10.0; Win64; x64) AppleWebKit/537.36 (KHTML, like Gecko) Chrome/114.0.0.0 Safari/537.36"
74.7.241.32 - - [23/Jun/2026:05:57:38 -0700] "GET /?p=137254 HTTP/2" 301 0 "https://dealzandfreebies.com/2026/06/19/die-besten-zahlungsmethoden-fur-online-casinos-in/" "Mozilla/5.0 AppleWebKit/537.36 (KHTML, like Gecko; compatible; GPTBot/1.4; +https://openai.com/gptbot)"
74.7.241.32 - - [23/Jun/2026:05:57:39 -0700] "GET /2026/06/23/casinospiele-de-unter-einsatz-von-1-600-spielbank-spiele-gebuhrenfrei/ HTTP/2" 200 31523 "https://dealzandfreebies.com/2026/06/23/the-privacy-is-obviously-recognized-and-youve-got-power-over-and-that-texts-you-earn/" "Mozilla/5.0 AppleWebKit/537.36 (KHTML, like Gecko; compatible; GPTBot/1.4; +https://openai.com/gptbot)"
136.243.228.180 - - [23/Jun/2026:05:57:39 -0700] "GET /2026/06/17/no-password-is-necessary-and-you-have-a-month-so-you-can-allege-they-just-after-subscription/ HTTP/1.1" 200 27731 "-" "Mozilla/5.0 (compatible; DataForSeoBot/1.0; +https://dataforseo.com/dataforseo-bot)"
74.7.241.32 - - [23/Jun/2026:05:57:40 -0700] "GET /2026/06/19/five-hundred-100-percent-free-spins-no-deposit-casino-incentives-2022-free-1x2gaming-slot-games-for-android-five-hundred-spins-no-deposit-bonus-requirements/ HTTP/2" 200 29141 "https://dealzandfreebies.com/2026/06/19/die-besten-zahlungsmethoden-fur-online-casinos-in/" "Mozilla/5.0 AppleWebKit/537.36 (KHTML, like Gecko; compatible; GPTBot/1.4; +https://openai.com/gptbot)"
49.206.12.136 - - [23/Jun/2026:05:57:40 -0700] "GET /2026/06/21/most-of-the-online-game-gambling-enterprise-de-montreal-loto-quebec/ HTTP/1.1" 200 28569 "-" "Mozilla/5.0 (Macintosh; PPC Mac OS X 10_6_9 rv:2.0; gl-ES) AppleWebKit/533.11.5 (KHTML, like Gecko) Version/5.1 Safari/533.11.5"
74.7.241.32 - - [23/Jun/2026:05:57:41 -0700] "GET /wp-json/oembed/1.0/embed?url=https%3A%2F%2Fdealzandfreebies.com%2F2026%2F06%2F23%2Fthe-privacy-is-obviously-recognized-and-youve-got-power-over-and-that-texts-you-earn%2F HTTP/2" 200 1144 "https://dealzandfreebies.com/2026/06/23/the-privacy-is-obviously-recognized-and-youve-got-power-over-and-that-texts-you-earn/" "Mozilla/5.0 AppleWebKit/537.36 (KHTML, like Gecko; compatible; GPTBot/1.4; +https://openai.com/gptbot)"
74.7.241.32 - - [23/Jun/2026:05:57:42 -0700] "GET /wp-json/wp/v2/posts/137098 HTTP/2" 200 4223 "https://dealzandfreebies.com/2026/06/19/better-online-slots-gambling-enterprises-united-states-of-bonus-100-teambet-casino-america/" "Mozilla/5.0 AppleWebKit/537.36 (KHTML, like Gecko; compatible; GPTBot/1.4; +https://openai.com/gptbot)"
57.141.18.38 - - [23/Jun/2026:05:57:42 -0700] "GET /?p=155487 HTTP/2" 301 0 "-" "meta-externalagent/1.1 (+https://developers.facebook.com/docs/sharing/webmasters/crawler)"
74.7.241.32 - - [23/Jun/2026:05:57:42 -0700] "GET /wp-json/wp/v2/posts/137096 HTTP/2" 200 3868 "https://dealzandfreebies.com/2026/06/19/finest-online-slots-slingo-25-free-no-deposit-spins-games-the-real-deal-money-united-states/" "Mozilla/5.0 AppleWebKit/537.36 (KHTML, like Gecko; compatible; GPTBot/1.4; +https://openai.com/gptbot)"
17.246.23.8 - - [23/Jun/2026:05:57:43 -0700] "GET /2026/06/15/w-praktyce-kasyno-byli-w-stanie-pozwalaja-wybrac-graczom-oznacza-rozgrywki-mobilnej/ HTTP/2" 200 34687 "-" "Mozilla/5.0 (Macintosh; Intel Mac OS X 10_15_7) AppleWebKit/605.1.15 (KHTML, like Gecko) Version/17.4 Safari/605.1.15 (Applebot/0.1; +http://www.apple.com/go/applebot)"
74.7.241.32 - - [23/Jun/2026:05:57:43 -0700] "GET /wp-json/wp/v2/posts/137254 HTTP/2" 200 3478 "https://dealzandfreebies.com/2026/06/19/die-besten-zahlungsmethoden-fur-online-casinos-in/" "Mozilla/5.0 AppleWebKit/537.36 (KHTML, like Gecko; compatible; GPTBot/1.4; +https://openai.com/gptbot)"
74.7.241.32 - - [23/Jun/2026:05:57:43 -0700] "GET /wp-json/wp/v2/posts/165431 HTTP/2" 200 4061 "https://dealzandfreebies.com/2026/06/23/the-fresh-new-signup-processes-is-very-important-in-terms-of-ranking-united-kingdom-on-line-casino-internet/" "Mozilla/5.0 AppleWebKit/537.36 (KHTML, like Gecko; compatible; GPTBot/1.4; +https://openai.com/gptbot)"
136.243.228.180 - - [23/Jun/2026:05:57:43 -0700] "GET /2026/06/18/gamble-mobile-slots-oasis-casino-step-3-reel-harbors-games-online/ HTTP/1.1" 200 29152 "-" "Mozilla/5.0 (compatible; DataForSeoBot/1.0; +https://dataforseo.com/dataforseo-bot)"
74.7.241.32 - - [23/Jun/2026:05:57:44 -0700] "GET /?p=137090 HTTP/2" 301 0 "https://dealzandfreebies.com/2026/06/19/a-familiar-range-would-be-anywhere-from-twenty-five-to-forty-times-the-benefit-amount/" "Mozilla/5.0 AppleWebKit/537.36 (KHTML, like Gecko; compatible; GPTBot/1.4; +https://openai.com/gptbot)"
74.7.241.32 - - [23/Jun/2026:05:57:44 -0700] "GET /2026/06/19/so-lange-du-noch-keinen-eile-kannst-du-dich-freund-und-feind-storungsfrei-alabama-neukunde-vollstopfen/ HTTP/2" 200 30160 "https://dealzandfreebies.com/2026/06/19/a-familiar-range-would-be-anywhere-from-twenty-five-to-forty-times-the-benefit-amount/" "Mozilla/5.0 AppleWebKit/537.36 (KHTML, like Gecko; compatible; GPTBot/1.4; +https://openai.com/gptbot)"
98.98.148.151 - - [23/Jun/2026:05:57:45 -0700] "POST /xmlrpc.php HTTP/1.1" 200 11681 "-" "Mozilla/5.0 (Windows NT 10.0; Win64; x64) AppleWebKit/537.36 (KHTML, like Gecko) Chrome/114.0.0.0 Safari/537.36"
74.7.241.32 - - [23/Jun/2026:05:57:45 -0700] "GET /wp-json/oembed/1.0/embed?url=https%3A%2F%2Fdealzandfreebies.com%2F2026%2F06%2F19%2Fa-familiar-range-would-be-anywhere-from-twenty-five-to-forty-times-the-benefit-amount%2F HTTP/2" 200 1123 "https://dealzandfreebies.com/2026/06/19/a-familiar-range-would-be-anywhere-from-twenty-five-to-forty-times-the-benefit-amount/" "Mozilla/5.0 AppleWebKit/537.36 (KHTML, like Gecko; compatible; GPTBot/1.4; +https://openai.com/gptbot)"
170.106.190.130 - - [23/Jun/2026:05:57:45 -0700] "GET /2026/03/15/oficialnyj-sajt-v-kazahstane-olimp-casino-7560-3/ HTTP/2" 200 28401 "https://dealzandfreebies.com/2026/03/15/oficialnyj-sajt-v-kazahstane-olimp-casino-7560-3/" "Mozilla/5.0 (Macintosh; Intel Mac OS X 10_15_7) AppleWebKit/537.36 (KHTML, like Gecko) Chrome/120.0.0.0 Safari/537.36"
74.7.241.32 - - [23/Jun/2026:05:57:46 -0700] "GET /wp-json/wp/v2/posts/137090 HTTP/2" 200 3065 "https://dealzandfreebies.com/2026/06/19/a-familiar-range-would-be-anywhere-from-twenty-five-to-forty-times-the-benefit-amount/" "Mozilla/5.0 AppleWebKit/537.36 (KHTML, like Gecko; compatible; GPTBot/1.4; +https://openai.com/gptbot)"
74.7.241.32 - - [23/Jun/2026:05:57:46 -0700] "GET /?p=165427 HTTP/2" 301 0 "https://dealzandfreebies.com/2026/06/23/casinospiele-de-unter-einsatz-von-1-600-spielbank-spiele-gebuhrenfrei/" "Mozilla/5.0 AppleWebKit/537.36 (KHTML, like Gecko; compatible; GPTBot/1.4; +https://openai.com/gptbot)"
98.98.148.151 - - [23/Jun/2026:05:57:46 -0700] "GET /2026/06/23/obecny-znajdziecie-wiekszosc-z-prawdziwy-bardzo-wazne-wskazowki-dla-wydawania-jakiekolwiek-miec-kasyno-depozyt-20-zl/ HTTP/1.1" 200 142843 "-" "Mozilla/5.0 (Windows NT 10.0; Win64; x64) AppleWebKit/537.36 (KHTML, like Gecko) Chrome/122.0.0.0 Safari/537.36"
74.7.241.32 - - [23/Jun/2026:05:57:47 -0700] "GET /?p=137228 HTTP/2" 301 0 "https://dealzandfreebies.com/2026/06/19/five-hundred-100-percent-free-spins-no-deposit-casino-incentives-2022-free-1x2gaming-slot-games-for-android-five-hundred-spins-no-deposit-bonus-requirements/" "Mozilla/5.0 AppleWebKit/537.36 (KHTML, like Gecko; compatible; GPTBot/1.4; +https://openai.com/gptbot)"
104.255.170.81 - - [23/Jun/2026:05:57:47 -0700] "POST /wp-cron.php?doing_wp_cron=1782219467.6675550937652587890625 HTTP/1.1" 200 0 "-" "WordPress/7.0; https://dealzandfreebies.com"
185.153.199.239 - - [23/Jun/2026:05:57:46 -0700] "POST /xmlrpc.php HTTP/1.1" 200 181 "-" "Mozilla/5.0 (Windows NT 10.0; Win64; x64) AppleWebKit/537.36 (KHTML, like Gecko) Chrome/114.0.0.0 Safari/537.36"
136.243.228.180 - - [23/Jun/2026:05:57:47 -0700] "GET /2026/06/17/hes-simple-and-to-relax-and-play-and-offer-huge-potential-gains/ HTTP/1.1" 200 29342 "-" "Mozilla/5.0 (compatible; DataForSeoBot/1.0; +https://dataforseo.com/dataforseo-bot)"
74.7.241.32 - - [23/Jun/2026:05:57:47 -0700] "GET /2026/06/19/slots-shell-xon-bet-casino-bonuses-out-by-cellular-telephone-statement/ HTTP/2" 200 28854 "https://dealzandfreebies.com/2026/06/19/five-hundred-100-percent-free-spins-no-deposit-casino-incentives-2022-free-1x2gaming-slot-games-for-android-five-hundred-spins-no-deposit-bonus-requirements/" "Mozilla/5.0 AppleWebKit/537.36 (KHTML, like Gecko; compatible; GPTBot/1.4; +https://openai.com/gptbot)"
74.7.241.32 - - [23/Jun/2026:05:57:48 -0700] "GET /2026/06/23/wiele-kasyno-sa-mocniejsze-jesli-chodzi-o-moge-zapewniac-gier-doskonaly-dodatkowe-uwzgledniajac-dodatkowy-bonus-powitalny/ HTTP/2" 200 28932 "https://dealzandfreebies.com/2026/06/23/casinospiele-de-unter-einsatz-von-1-600-spielbank-spiele-gebuhrenfrei/" "Mozilla/5.0 AppleWebKit/537.36 (KHTML, like Gecko; compatible; GPTBot/1.4; +https://openai.com/gptbot)"
74.7.241.32 - - [23/Jun/2026:05:57:49 -0700] "GET /2026/06/23/obecny-znajdziecie-wiekszosc-z-prawdziwy-bardzo-wazne-wskazowki-dla-wydawania-jakiekolwiek-miec-kasyno-depozyt-20-zl/ HTTP/2" 200 29440 "https://dealzandfreebies.com/2026/06/23/casinospiele-de-unter-einsatz-von-1-600-spielbank-spiele-gebuhrenfrei/" "Mozilla/5.0 AppleWebKit/537.36 (KHTML, like Gecko; compatible; GPTBot/1.4; +https://openai.com/gptbot)"
57.141.18.27 - - [23/Jun/2026:05:57:50 -0700] "GET /wp-json/oembed/1.0/embed?url=https%3A%2F%2Fdealzandfreebies.com%2F2026%2F06%2F21%2Fhierbei-handelt-sera-einander-damit-angewandten-vermittlungsprovision-das-alleinig-spielern-mit-dem-btc-eth-bankverbindung-zur-verfugung-entwickelt%2F HTTP/2" 200 2914 "-" "meta-externalagent/1.1 (+https://developers.facebook.com/docs/sharing/webmasters/crawler)"
74.7.241.32 - - [23/Jun/2026:05:57:50 -0700] "GET /wp-json/wp/v2/posts/137228 HTTP/2" 200 4285 "https://dealzandfreebies.com/2026/06/19/five-hundred-100-percent-free-spins-no-deposit-casino-incentives-2022-free-1x2gaming-slot-games-for-android-five-hundred-spins-no-deposit-bonus-requirements/" "Mozilla/5.0 AppleWebKit/537.36 (KHTML, like Gecko; compatible; GPTBot/1.4; +https://openai.com/gptbot)"
74.7.241.32 - - [23/Jun/2026:05:57:51 -0700] "GET /wp-json/wp/v2/posts/165427 HTTP/2" 200 6532 "https://dealzandfreebies.com/2026/06/23/casinospiele-de-unter-einsatz-von-1-600-spielbank-spiele-gebuhrenfrei/" "Mozilla/5.0 AppleWebKit/537.36 (KHTML, like Gecko; compatible; GPTBot/1.4; +https://openai.com/gptbot)"
74.7.241.32 - - [23/Jun/2026:05:57:51 -0700] "GET /wp-json/wp/v2/posts/165429 HTTP/2" 200 2846 "https://dealzandfreebies.com/2026/06/23/the-privacy-is-obviously-recognized-and-youve-got-power-over-and-that-texts-you-earn/" "Mozilla/5.0 AppleWebKit/537.36 (KHTML, like Gecko; compatible; GPTBot/1.4; +https://openai.com/gptbot)"
136.243.228.180 - - [23/Jun/2026:05:57:51 -0700] "GET /2026/06/17/las-superiores-juegos-poki-garage-ranura-en-linea-con-el-fin-de-competir-en-internet-gratuito-y-no-ha-transpirado-sin-registrarnos-en-internet/ HTTP/1.1" 200 30973 "-" "Mozilla/5.0 (compatible; DataForSeoBot/1.0; +https://dataforseo.com/dataforseo-bot)"
74.7.241.32 - - [23/Jun/2026:05:57:52 -0700] "GET /?p=137088 HTTP/2" 301 0 "https://dealzandfreebies.com/2026/06/19/so-lange-du-noch-keinen-eile-kannst-du-dich-freund-und-feind-storungsfrei-alabama-neukunde-vollstopfen/" "Mozilla/5.0 AppleWebKit/537.36 (KHTML, like Gecko; compatible; GPTBot/1.4; +https://openai.com/gptbot)"
57.141.18.65 - - [23/Jun/2026:05:57:52 -0700] "GET /wp-json/oembed/1.0/embed?url=https%3A%2F%2Fdealzandfreebies.com%2F2026%2F06%2F22%2Fspadegaming-internet-casino-remark-harbors-strategies%2F HTTP/2" 200 2459 "-" "meta-externalagent/1.1 (+https://developers.facebook.com/docs/sharing/webmasters/crawler)"
185.153.199.239 - - [23/Jun/2026:05:57:52 -0700] "POST /xmlrpc.php HTTP/1.1" 403 181 "-" "Mozilla/5.0 (Windows NT 10.0; Win64; x64) AppleWebKit/537.36 (KHTML, like Gecko) Chrome/114.0.0.0 Safari/537.36"
74.7.241.32 - - [23/Jun/2026:05:57:52 -0700] "GET /2026/06/19/am-einfachsten-schaust-respons-freund-und-feind-herunten-unter-der-spielsalon-s-as-part-of-angewandten-footer/ HTTP/2" 200 29864 "https://dealzandfreebies.com/2026/06/19/so-lange-du-noch-keinen-eile-kannst-du-dich-freund-und-feind-storungsfrei-alabama-neukunde-vollstopfen/" "Mozilla/5.0 AppleWebKit/537.36 (KHTML, like Gecko; compatible; GPTBot/1.4; +https://openai.com/gptbot)"
104.194.132.199 - - [23/Jun/2026:05:57:53 -0700] "GET /2026/05/08/codigo-promocional-de-1xbet-bolivia-2026-1xwap200/ HTTP/1.1" 200 27308 "https://dealzandfreebies.com/" "Mozilla/5.0 (Macintosh; Intel Mac OS X 12_5) AppleWebKit/537.36 (KHTML, like Gecko) Chrome/114.0.0.0 Safari/537.36 Edg/114.0.1264.71"
74.7.241.32 - - [23/Jun/2026:05:57:53 -0700] "GET /wp-json/oembed/1.0/embed?url=https%3A%2F%2Fdealzandfreebies.com%2F2026%2F06%2F19%2Fso-lange-du-noch-keinen-eile-kannst-du-dich-freund-und-feind-storungsfrei-alabama-neukunde-vollstopfen%2F HTTP/2" 200 1160 "https://dealzandfreebies.com/2026/06/19/so-lange-du-noch-keinen-eile-kannst-du-dich-freund-und-feind-storungsfrei-alabama-neukunde-vollstopfen/" "Mozilla/5.0 AppleWebKit/537.36 (KHTML, like Gecko; compatible; GPTBot/1.4; +https://openai.com/gptbot)"
185.191.171.5 - - [23/Jun/2026:05:57:53 -0700] "GET /2026/06/23/therefore-weve-got-rated-the-big-50-online-casinos-united-kingdom-people-can-access-for-the-2026/ HTTP/1.1" 200 34278 "-" "Mozilla/5.0 (compatible; SemrushBot/7~bl; +http://www.semrush.com/bot.html)"
74.7.241.32 - - [23/Jun/2026:05:57:54 -0700] "GET /wp-json/wp/v2/posts/137088 HTTP/2" 200 5109 "https://dealzandfreebies.com/2026/06/19/so-lange-du-noch-keinen-eile-kannst-du-dich-freund-und-feind-storungsfrei-alabama-neukunde-vollstopfen/" "Mozilla/5.0 AppleWebKit/537.36 (KHTML, like Gecko; compatible; GPTBot/1.4; +https://openai.com/gptbot)"
104.194.132.199 - - [23/Jun/2026:05:57:54 -0700] "GET /wp-content/themes/thrive-theme/inc/assets/dist/theme.css?ver=10.6.2 HTTP/1.1" 200 6486 "https://dealzandfreebies.com/2026/05/08/codigo-promocional-de-1xbet-bolivia-2026-1xwap200/" "Mozilla/5.0 (Windows NT 10.0; Win64; x64) AppleWebKit/537.36 (KHTML, like Gecko) Chrome/143.0.0.0 Safari/537.36"
74.7.241.32 - - [23/Jun/2026:05:57:54 -0700] "GET /wp-json/wp/v2/posts/137094 HTTP/2" 200 4064 "https://dealzandfreebies.com/2026/06/19/ask-yourself-woman-playtech-totally-free-queen-of-the-nile-cheats-online-slot-play/" "Mozilla/5.0 AppleWebKit/537.36 (KHTML, like Gecko; compatible; GPTBot/1.4; +https://openai.com/gptbot)"
104.194.132.199 - - [23/Jun/2026:05:57:54 -0700] "GET /wp-content/themes/thrive-theme/style.css?ver=10.6.2 HTTP/1.1" 200 3881 "https://dealzandfreebies.com/2026/05/08/codigo-promocional-de-1xbet-bolivia-2026-1xwap200/" "Mozilla/5.0 (Windows NT 10.0; Win64; x64) AppleWebKit/537.36 (KHTML, like Gecko) Chrome/143.0.0.0 Safari/537.36"
74.7.241.32 - - [23/Jun/2026:05:57:55 -0700] "GET /?p=137232 HTTP/2" 301 0 "https://dealzandfreebies.com/2026/06/19/slots-shell-xon-bet-casino-bonuses-out-by-cellular-telephone-statement/" "Mozilla/5.0 AppleWebKit/537.36 (KHTML, like Gecko; compatible; GPTBot/1.4; +https://openai.com/gptbot)"
104.194.132.199 - - [23/Jun/2026:05:57:55 -0700] "GET /wp-content/plugins/thrive-visual-editor/editor/css/thrive_flat.css?ver=10.6.2 HTTP/1.1" 200 166083 "https://dealzandfreebies.com/2026/05/08/codigo-promocional-de-1xbet-bolivia-2026-1xwap200/" "Mozilla/5.0 (Windows NT 10.0; Win64; x64) AppleWebKit/537.36 (KHTML, like Gecko) Chrome/143.0.0.0 Safari/537.36"
74.7.241.32 - - [23/Jun/2026:05:57:55 -0700] "GET /?p=165425 HTTP/2" 301 0 "https://dealzandfreebies.com/2026/06/23/wiele-kasyno-sa-mocniejsze-jesli-chodzi-o-moge-zapewniac-gier-doskonaly-dodatkowe-uwzgledniajac-dodatkowy-bonus-powitalny/" "Mozilla/5.0 AppleWebKit/537.36 (KHTML, like Gecko; compatible; GPTBot/1.4; +https://openai.com/gptbot)"
136.243.228.180 - - [23/Jun/2026:05:57:55 -0700] "GET /2026/06/17/eye-keine-einzahlung-billionairespin-online-casinos-of-horus-7-freispiele-abzuglich-einzahlung/ HTTP/1.1" 200 29223 "-" "Mozilla/5.0 (compatible; DataForSeoBot/1.0; +https://dataforseo.com/dataforseo-bot)"
104.194.132.199 - - [23/Jun/2026:05:57:56 -0700] "GET /wp-content/uploads/thrive/theme-template-1739946060.css?ver=10.6.2 HTTP/1.1" 200 37834 "https://dealzandfreebies.com/2026/05/08/codigo-promocional-de-1xbet-bolivia-2026-1xwap200/" "Mozilla/5.0 (Windows NT 10.0; Win64; x64) AppleWebKit/537.36 (KHTML, like Gecko) Chrome/143.0.0.0 Safari/537.36"
74.7.241.32 - - [23/Jun/2026:05:57:56 -0700] "GET /?p=165521 HTTP/2" 301 0 "https://dealzandfreebies.com/2026/06/23/obecny-znajdziecie-wiekszosc-z-prawdziwy-bardzo-wazne-wskazowki-dla-wydawania-jakiekolwiek-miec-kasyno-depozyt-20-zl/" "Mozilla/5.0 AppleWebKit/537.36 (KHTML, like Gecko; compatible; GPTBot/1.4; +https://openai.com/gptbot)"
74.7.241.32 - - [23/Jun/2026:05:57:56 -0700] "GET /2026/06/19/welche-person-inside-moglich-casinos-erfolgreich-sein-mochte-vermag-diese-sichersten-spielbank-begriffe-weiters-bonusbedingungen-kontakt-haben/ HTTP/2" 200 28637 "https://dealzandfreebies.com/2026/06/19/slots-shell-xon-bet-casino-bonuses-out-by-cellular-telephone-statement/" "Mozilla/5.0 AppleWebKit/537.36 (KHTML, like Gecko; compatible; GPTBot/1.4; +https://openai.com/gptbot)"
104.194.132.199 - - [23/Jun/2026:05:57:57 -0700] "GET /2026/05/08/100-freispiele-abzuglich-einzahlung-sichere-dir-100-verde-casino-app-apk-herunterladen-liechtenstein-fs-in-2026/ HTTP/1.1" 200 29059 "https://dealzandfreebies.com/2026/05/08/100-freispiele-abzuglich-einzahlung-sichere-dir-100-verde-casino-app-apk-herunterladen-liechtenstein-fs-in-2026/" "Mozilla/5.0 (Macintosh; Intel Mac OS X 12_5) AppleWebKit/537.36 (KHTML, like Gecko) Chrome/114.0.0.0 Safari/537.36 Edg/114.0.1264.71"
185.191.171.14 - - [23/Jun/2026:05:57:56 -0700] "GET /2026/06/20/wolfy-local-casino-opinion-for-summer-2026-incentives-video-game-and-more/ HTTP/1.1" 200 33374 "-" "Mozilla/5.0 (compatible; SemrushBot/7~bl; +http://www.semrush.com/bot.html)"
74.7.241.32 - - [23/Jun/2026:05:57:57 -0700] "GET /2026/06/23/ktore-sa-dostepne-jest-ich-wiele-strategie-dla-zakupow-a-moze-kryptowalutowe-jak-i-mozesz-fiat/ HTTP/2" 200 29698 "https://dealzandfreebies.com/2026/06/23/wiele-kasyno-sa-mocniejsze-jesli-chodzi-o-moge-zapewniac-gier-doskonaly-dodatkowe-uwzgledniajac-dodatkowy-bonus-powitalny/" "Mozilla/5.0 AppleWebKit/537.36 (KHTML, like Gecko; compatible; GPTBot/1.4; +https://openai.com/gptbot)"
74.7.241.32 - - [23/Jun/2026:05:57:58 -0700] "GET /2026/06/23/ten-most-useful-real-money-online-slots-games-sites-of-2026/ HTTP/2" 200 28550 "https://dealzandfreebies.com/2026/06/19/slots-shell-xon-bet-casino-bonuses-out-by-cellular-telephone-statement/" "Mozilla/5.0 AppleWebKit/537.36 (KHTML, like Gecko; compatible; GPTBot/1.4; +https://openai.com/gptbot)"
74.7.241.32 - - [23/Jun/2026:05:57:59 -0700] "GET /wp-json/oembed/1.0/embed?url=https%3A%2F%2Fdealzandfreebies.com%2F2026%2F06%2F19%2Fslots-shell-xon-bet-casino-bonuses-out-by-cellular-telephone-statement%2F HTTP/2" 200 1123 "https://dealzandfreebies.com/2026/06/19/slots-shell-xon-bet-casino-bonuses-out-by-cellular-telephone-statement/" "Mozilla/5.0 AppleWebKit/537.36 (KHTML, like Gecko; compatible; GPTBot/1.4; +https://openai.com/gptbot)"
74.7.241.32 - - [23/Jun/2026:05:57:59 -0700] "GET /?p=137086 HTTP/2" 301 0 "https://dealzandfreebies.com/2026/06/19/am-einfachsten-schaust-respons-freund-und-feind-herunten-unter-der-spielsalon-s-as-part-of-angewandten-footer/" "Mozilla/5.0 AppleWebKit/537.36 (KHTML, like Gecko; compatible; GPTBot/1.4; +https://openai.com/gptbot)"
136.243.228.180 - - [23/Jun/2026:05:57:59 -0700] "GET /2026/06/17/la-norma-di-registrazione-e-invero-imprescindibile-in-quale-momento-decidi-di-toccare-tenta-modo-durante-contante-veri/ HTTP/1.1" 200 27831 "-" "Mozilla/5.0 (compatible; DataForSeoBot/1.0; +https://dataforseo.com/dataforseo-bot)"
74.7.241.32 - - [23/Jun/2026:05:58:00 -0700] "GET /2026/06/19/extremely-gambling-enterprises-deal-with-notes-for-example-visa-and-charge-card-with-lowest-dumps-off-5-or-ten/ HTTP/2" 200 29302 "https://dealzandfreebies.com/2026/06/19/am-einfachsten-schaust-respons-freund-und-feind-herunten-unter-der-spielsalon-s-as-part-of-angewandten-footer/" "Mozilla/5.0 AppleWebKit/537.36 (KHTML, like Gecko; compatible; GPTBot/1.4; +https://openai.com/gptbot)"
74.7.241.32 - - [23/Jun/2026:05:58:01 -0700] "GET /wp-json/oembed/1.0/embed?url=https%3A%2F%2Fdealzandfreebies.com%2F2026%2F06%2F19%2Fam-einfachsten-schaust-respons-freund-und-feind-herunten-unter-der-spielsalon-s-as-part-of-angewandten-footer%2F HTTP/2" 200 1163 "https://dealzandfreebies.com/2026/06/19/am-einfachsten-schaust-respons-freund-und-feind-herunten-unter-der-spielsalon-s-as-part-of-angewandten-footer/" "Mozilla/5.0 AppleWebKit/537.36 (KHTML, like Gecko; compatible; GPTBot/1.4; +https://openai.com/gptbot)"
74.7.241.32 - - [23/Jun/2026:05:58:01 -0700] "GET /wp-json/oembed/1.0/embed?url=https%3A%2F%2Fdealzandfreebies.com%2F2026%2F06%2F23%2Fobecny-znajdziecie-wiekszosc-z-prawdziwy-bardzo-wazne-wskazowki-dla-wydawania-jakiekolwiek-miec-kasyno-depozyt-20-zl%2F HTTP/2" 200 1167 "https://dealzandfreebies.com/2026/06/23/obecny-znajdziecie-wiekszosc-z-prawdziwy-bardzo-wazne-wskazowki-dla-wydawania-jakiekolwiek-miec-kasyno-depozyt-20-zl/" "Mozilla/5.0 AppleWebKit/537.36 (KHTML, like Gecko; compatible; GPTBot/1.4; +https://openai.com/gptbot)"
74.7.241.32 - - [23/Jun/2026:05:58:02 -0700] "GET /wp-json/oembed/1.0/embed?url=https%3A%2F%2Fdealzandfreebies.com%2F2026%2F06%2F23%2Fwiele-kasyno-sa-mocniejsze-jesli-chodzi-o-moge-zapewniac-gier-doskonaly-dodatkowe-uwzgledniajac-dodatkowy-bonus-powitalny%2F HTTP/2" 200 1187 "https://dealzandfreebies.com/2026/06/23/wiele-kasyno-sa-mocniejsze-jesli-chodzi-o-moge-zapewniac-gier-doskonaly-dodatkowe-uwzgledniajac-dodatkowy-bonus-powitalny/" "Mozilla/5.0 AppleWebKit/537.36 (KHTML, like Gecko; compatible; GPTBot/1.4; +https://openai.com/gptbot)"
104.255.170.81 - - [23/Jun/2026:05:58:02 -0700] "POST /wp-cron.php?doing_wp_cron=1782219482.9648849964141845703125 HTTP/1.1" 200 0 "-" "WordPress/7.0; https://dealzandfreebies.com"
98.98.148.151 - - [23/Jun/2026:05:58:02 -0700] "POST /xmlrpc.php HTTP/1.1" 200 181 "-" "Mozilla/5.0 (Windows NT 10.0; Win64; x64) AppleWebKit/537.36 (KHTML, like Gecko) Chrome/114.0.0.0 Safari/537.36"
74.7.241.32 - - [23/Jun/2026:05:58:02 -0700] "GET /wp-json/wp/v2/posts/165425 HTTP/2" 200 4034 "https://dealzandfreebies.com/2026/06/23/wiele-kasyno-sa-mocniejsze-jesli-chodzi-o-moge-zapewniac-gier-doskonaly-dodatkowe-uwzgledniajac-dodatkowy-bonus-powitalny/" "Mozilla/5.0 AppleWebKit/537.36 (KHTML, like Gecko; compatible; GPTBot/1.4; +https://openai.com/gptbot)"
74.7.241.32 - - [23/Jun/2026:05:58:03 -0700] "GET /wp-json/wp/v2/posts/137232 HTTP/2" 200 3973 "https://dealzandfreebies.com/2026/06/19/slots-shell-xon-bet-casino-bonuses-out-by-cellular-telephone-statement/" "Mozilla/5.0 AppleWebKit/537.36 (KHTML, like Gecko; compatible; GPTBot/1.4; +https://openai.com/gptbot)"
85.208.96.198 - - [23/Jun/2026:05:58:03 -0700] "GET /2026/06/22/enjoy-free-personal-casino-games-online/ HTTP/1.1" 200 33346 "-" "Mozilla/5.0 (compatible; SemrushBot/7~bl; +http://www.semrush.com/bot.html)"
74.7.241.32 - - [23/Jun/2026:05:58:04 -0700] "GET /wp-json/wp/v2/posts/165521 HTTP/2" 200 4535 "https://dealzandfreebies.com/2026/06/23/obecny-znajdziecie-wiekszosc-z-prawdziwy-bardzo-wazne-wskazowki-dla-wydawania-jakiekolwiek-miec-kasyno-depozyt-20-zl/" "Mozilla/5.0 AppleWebKit/537.36 (KHTML, like Gecko; compatible; GPTBot/1.4; +https://openai.com/gptbot)"
136.243.228.180 - - [23/Jun/2026:05:58:04 -0700] "GET /2026/06/17/analiza-meczow-piki-nonej-ai-trend-digest-przyszo-99/ HTTP/1.1" 200 27688 "-" "Mozilla/5.0 (compatible; DataForSeoBot/1.0; +https://dataforseo.com/dataforseo-bot)"
74.7.241.32 - - [23/Jun/2026:05:58:04 -0700] "GET /?p=165423 HTTP/2" 301 0 "https://dealzandfreebies.com/2026/06/23/ktore-sa-dostepne-jest-ich-wiele-strategie-dla-zakupow-a-moze-kryptowalutowe-jak-i-mozesz-fiat/" "Mozilla/5.0 AppleWebKit/537.36 (KHTML, like Gecko; compatible; GPTBot/1.4; +https://openai.com/gptbot)"
74.7.241.32 - - [23/Jun/2026:05:58:05 -0700] "GET /?p=165523 HTTP/2" 301 0 "https://dealzandfreebies.com/2026/06/23/ten-most-useful-real-money-online-slots-games-sites-of-2026/" "Mozilla/5.0 AppleWebKit/537.36 (KHTML, like Gecko; compatible; GPTBot/1.4; +https://openai.com/gptbot)"
74.7.241.32 - - [23/Jun/2026:05:58:05 -0700] "GET /2026/06/23/konczy-sie-jednego-do-kasyno-trzymac-paysafecard-ma-absolutnie-wszystkie-kluczowych-korzysci-z-czy-czy-nie-tutaj-jak-mozesz-partnerow-potencjalnych-problemow/ HTTP/2" 200 29360 "https://dealzandfreebies.com/2026/06/23/ktore-sa-dostepne-jest-ich-wiele-strategie-dla-zakupow-a-moze-kryptowalutowe-jak-i-mozesz-fiat/" "Mozilla/5.0 AppleWebKit/537.36 (KHTML, like Gecko; compatible; GPTBot/1.4; +https://openai.com/gptbot)"
74.7.241.32 - - [23/Jun/2026:05:58:06 -0700] "GET /wp-json/oembed/1.0/embed?url=https%3A%2F%2Fdealzandfreebies.com%2F2026%2F06%2F23%2Fktore-sa-dostepne-jest-ich-wiele-strategie-dla-zakupow-a-moze-kryptowalutowe-jak-i-mozesz-fiat%2F HTTP/2" 200 1169 "https://dealzandfreebies.com/2026/06/23/ktore-sa-dostepne-jest-ich-wiele-strategie-dla-zakupow-a-moze-kryptowalutowe-jak-i-mozesz-fiat/" "Mozilla/5.0 AppleWebKit/537.36 (KHTML, like Gecko; compatible; GPTBot/1.4; +https://openai.com/gptbot)"
74.7.241.32 - - [23/Jun/2026:05:58:06 -0700] "GET /?p=137082 HTTP/2" 301 0 "https://dealzandfreebies.com/2026/06/19/extremely-gambling-enterprises-deal-with-notes-for-example-visa-and-charge-card-with-lowest-dumps-off-5-or-ten/" "Mozilla/5.0 AppleWebKit/537.36 (KHTML, like Gecko; compatible; GPTBot/1.4; +https://openai.com/gptbot)"
74.7.241.32 - - [23/Jun/2026:05:58:07 -0700] "GET /2026/06/19/for-example-immortal-love-abrasion-thunderstruck-ii-scratch-and-you-will-fishin-frenzy-abrasion/ HTTP/2" 200 27749 "https://dealzandfreebies.com/2026/06/19/extremely-gambling-enterprises-deal-with-notes-for-example-visa-and-charge-card-with-lowest-dumps-off-5-or-ten/" "Mozilla/5.0 AppleWebKit/537.36 (KHTML, like Gecko; compatible; GPTBot/1.4; +https://openai.com/gptbot)"
136.243.228.180 - - [23/Jun/2026:05:58:07 -0700] "GET /2026/06/17/limitations-are-positioned-for-the-all-sorts-of-mobile-transactions/ HTTP/1.1" 200 28676 "-" "Mozilla/5.0 (compatible; DataForSeoBot/1.0; +https://dataforseo.com/dataforseo-bot)"
74.7.241.32 - - [23/Jun/2026:05:58:08 -0700] "GET /?p=137236 HTTP/2" 301 0 "https://dealzandfreebies.com/2026/06/19/welche-person-inside-moglich-casinos-erfolgreich-sein-mochte-vermag-diese-sichersten-spielbank-begriffe-weiters-bonusbedingungen-kontakt-haben/" "Mozilla/5.0 AppleWebKit/537.36 (KHTML, like Gecko; compatible; GPTBot/1.4; +https://openai.com/gptbot)"
74.7.241.32 - - [23/Jun/2026:05:58:08 -0700] "GET /2026/06/19/bei-bedarf-gibt-unsrige-bestenliste-diesseitigen-guten-zusammenfassung-z-hd-diesseitigen-spielsalon-ferner-angebotsvergleich/ HTTP/2" 200 30746 "https://dealzandfreebies.com/2026/06/19/welche-person-inside-moglich-casinos-erfolgreich-sein-mochte-vermag-diese-sichersten-spielbank-begriffe-weiters-bonusbedingungen-kontakt-haben/" "Mozilla/5.0 AppleWebKit/537.36 (KHTML, like Gecko; compatible; GPTBot/1.4; +https://openai.com/gptbot)"
98.98.148.151 - - [23/Jun/2026:05:58:08 -0700] "POST /xmlrpc.php HTTP/1.1" 200 10081 "-" "Mozilla/5.0 (Windows NT 10.0; Win64; x64) AppleWebKit/537.36 (KHTML, like Gecko) Chrome/114.0.0.0 Safari/537.36"
74.7.241.32 - - [23/Jun/2026:05:58:09 -0700] "GET /wp-json/oembed/1.0/embed?url=https%3A%2F%2Fdealzandfreebies.com%2F2026%2F06%2F19%2Fextremely-gambling-enterprises-deal-with-notes-for-example-visa-and-charge-card-with-lowest-dumps-off-5-or-ten%2F HTTP/2" 200 1157 "https://dealzandfreebies.com/2026/06/19/extremely-gambling-enterprises-deal-with-notes-for-example-visa-and-charge-card-with-lowest-dumps-off-5-or-ten/" "Mozilla/5.0 AppleWebKit/537.36 (KHTML, like Gecko; compatible; GPTBot/1.4; +https://openai.com/gptbot)"
74.7.241.32 - - [23/Jun/2026:05:58:10 -0700] "GET /wp-json/oembed/1.0/embed?url=https%3A%2F%2Fdealzandfreebies.com%2F2026%2F06%2F19%2Fwelche-person-inside-moglich-casinos-erfolgreich-sein-mochte-vermag-diese-sichersten-spielbank-begriffe-weiters-bonusbedingungen-kontakt-haben%2F HTTP/2" 200 1184 "https://dealzandfreebies.com/2026/06/19/welche-person-inside-moglich-casinos-erfolgreich-sein-mochte-vermag-diese-sichersten-spielbank-begriffe-weiters-bonusbedingungen-kontakt-haben/" "Mozilla/5.0 AppleWebKit/537.36 (KHTML, like Gecko; compatible; GPTBot/1.4; +https://openai.com/gptbot)"
185.191.171.1 - - [23/Jun/2026:05:58:10 -0700] "GET /2026/06/19/100-percent-free-online-casino-games-play-for-enjoyable-22900-demo-game/ HTTP/1.1" 200 32009 "-" "Mozilla/5.0 (compatible; SemrushBot/7~bl; +http://www.semrush.com/bot.html)"
74.7.241.32 - - [23/Jun/2026:05:58:10 -0700] "GET /wp-json/wp/v2/posts/137236 HTTP/2" 200 3655 "https://dealzandfreebies.com/2026/06/19/welche-person-inside-moglich-casinos-erfolgreich-sein-mochte-vermag-diese-sichersten-spielbank-begriffe-weiters-bonusbedingungen-kontakt-haben/" "Mozilla/5.0 AppleWebKit/537.36 (KHTML, like Gecko; compatible; GPTBot/1.4; +https://openai.com/gptbot)"
98.98.148.151 - - [23/Jun/2026:05:58:10 -0700] "GET /2026/06/23/rozkazujaca-zezwolenie-oznaczaloby-jednego-do-przedsiebiorstwa-hazardowe-przestrzega-ustalonych-wytycznych-i-mozesz-regulacji/ HTTP/1.1" 200 141252 "-" "Mozilla/5.0 (Windows NT 10.0; rv:109.0) Gecko/20100101 Firefox/115.0"
74.7.241.32 - - [23/Jun/2026:05:58:11 -0700] "GET /wp-json/wp/v2/posts/165523 HTTP/2" 200 3761 "https://dealzandfreebies.com/2026/06/23/ten-most-useful-real-money-online-slots-games-sites-of-2026/" "Mozilla/5.0 AppleWebKit/537.36 (KHTML, like Gecko; compatible; GPTBot/1.4; +https://openai.com/gptbot)"
74.7.241.32 - - [23/Jun/2026:05:58:11 -0700] "GET /wp-json/wp/v2/posts/137086 HTTP/2" 200 4763 "https://dealzandfreebies.com/2026/06/19/am-einfachsten-schaust-respons-freund-und-feind-herunten-unter-der-spielsalon-s-as-part-of-angewandten-footer/" "Mozilla/5.0 AppleWebKit/537.36 (KHTML, like Gecko; compatible; GPTBot/1.4; +https://openai.com/gptbot)"
136.243.228.180 - - [23/Jun/2026:05:58:12 -0700] "GET /2026/06/17/divertiti-nel-nostro-bisca-online-per-i-giochi-di-slot-machine-ancora-coinvolgenti/ HTTP/1.1" 200 28575 "-" "Mozilla/5.0 (compatible; DataForSeoBot/1.0; +https://dataforseo.com/dataforseo-bot)"
74.7.241.32 - - [23/Jun/2026:05:58:12 -0700] "GET /?p=165421 HTTP/2" 301 0 "https://dealzandfreebies.com/2026/06/23/konczy-sie-jednego-do-kasyno-trzymac-paysafecard-ma-absolutnie-wszystkie-kluczowych-korzysci-z-czy-czy-nie-tutaj-jak-mozesz-partnerow-potencjalnych-problemow/" "Mozilla/5.0 AppleWebKit/537.36 (KHTML, like Gecko; compatible; GPTBot/1.4; +https://openai.com/gptbot)"
35.222.130.11 - - [23/Jun/2026:05:58:12 -0700] "GET / HTTP/2" 200 14016 "http://dealzandfreebies.com" "Mozilla/5.0 (compatible; CMS-Checker/1.0; +https://example.com)"
74.7.241.32 - - [23/Jun/2026:05:58:13 -0700] "GET /2026/06/23/rozkazujaca-zezwolenie-oznaczaloby-jednego-do-przedsiebiorstwa-hazardowe-przestrzega-ustalonych-wytycznych-i-mozesz-regulacji/ HTTP/2" 200 28480 "https://dealzandfreebies.com/2026/06/23/konczy-sie-jednego-do-kasyno-trzymac-paysafecard-ma-absolutnie-wszystkie-kluczowych-korzysci-z-czy-czy-nie-tutaj-jak-mozesz-partnerow-potencjalnych-problemow/" "Mozilla/5.0 AppleWebKit/537.36 (KHTML, like Gecko; compatible; GPTBot/1.4; +https://openai.com/gptbot)"
74.7.241.32 - - [23/Jun/2026:05:58:13 -0700] "GET /2026/06/23/decydujac-o-miejsca-docelowego-gra-online-priorytetem-bedzie-bezpieczny-transakcji-oraz-transparentnosc-warunkow-korzystania/ HTTP/2" 200 28956 "https://dealzandfreebies.com/2026/06/23/konczy-sie-jednego-do-kasyno-trzymac-paysafecard-ma-absolutnie-wszystkie-kluczowych-korzysci-z-czy-czy-nie-tutaj-jak-mozesz-partnerow-potencjalnych-problemow/" "Mozilla/5.0 AppleWebKit/537.36 (KHTML, like Gecko; compatible; GPTBot/1.4; +https://openai.com/gptbot)"
74.7.241.32 - - [23/Jun/2026:05:58:14 -0700] "GET /?p=137080 HTTP/2" 301 0 "https://dealzandfreebies.com/2026/06/19/for-example-immortal-love-abrasion-thunderstruck-ii-scratch-and-you-will-fishin-frenzy-abrasion/" "Mozilla/5.0 AppleWebKit/537.36 (KHTML, like Gecko; compatible; GPTBot/1.4; +https://openai.com/gptbot)"
74.7.241.32 - - [23/Jun/2026:05:58:15 -0700] "GET /2026/06/19/that-it-diverse-online-game-alternatives-implies-that-often-there-is-something-new-and-you-can-enjoyable-to-understand-more-about/ HTTP/2" 200 27801 "https://dealzandfreebies.com/2026/06/19/for-example-immortal-love-abrasion-thunderstruck-ii-scratch-and-you-will-fishin-frenzy-abrasion/" "Mozilla/5.0 AppleWebKit/537.36 (KHTML, like Gecko; compatible; GPTBot/1.4; +https://openai.com/gptbot)"
74.7.241.32 - - [23/Jun/2026:05:58:16 -0700] "GET /?p=137240 HTTP/2" 301 0 "https://dealzandfreebies.com/2026/06/19/bei-bedarf-gibt-unsrige-bestenliste-diesseitigen-guten-zusammenfassung-z-hd-diesseitigen-spielsalon-ferner-angebotsvergleich/" "Mozilla/5.0 AppleWebKit/537.36 (KHTML, like Gecko; compatible; GPTBot/1.4; +https://openai.com/gptbot)"
136.243.228.180 - - [23/Jun/2026:05:58:16 -0700] "GET /2026/06/17/prive-casino-has-had-a-planned-web-browser-first-method-of-mobile-enjoy/ HTTP/1.1" 200 28033 "-" "Mozilla/5.0 (compatible; DataForSeoBot/1.0; +https://dataforseo.com/dataforseo-bot)"
74.7.241.32 - - [23/Jun/2026:05:58:16 -0700] "GET /2026/06/19/eres-gefordert-provably-lassig-gaming-bei-dem-ergebnisse-transaktionen-unabdingbar-weiters-nach-handen-glucksspieler-beobachtbar-eignen/ HTTP/2" 200 28794 "https://dealzandfreebies.com/2026/06/19/bei-bedarf-gibt-unsrige-bestenliste-diesseitigen-guten-zusammenfassung-z-hd-diesseitigen-spielsalon-ferner-angebotsvergleich/" "Mozilla/5.0 AppleWebKit/537.36 (KHTML, like Gecko; compatible; GPTBot/1.4; +https://openai.com/gptbot)"
74.7.241.32 - - [23/Jun/2026:05:58:17 -0700] "GET /wp-json/oembed/1.0/embed?url=https%3A%2F%2Fdealzandfreebies.com%2F2026%2F06%2F23%2Fkonczy-sie-jednego-do-kasyno-trzymac-paysafecard-ma-absolutnie-wszystkie-kluczowych-korzysci-z-czy-czy-nie-tutaj-jak-mozesz-partnerow-potencjalnych-problemow%2F HTTP/2" 200 1203 "https://dealzandfreebies.com/2026/06/23/konczy-sie-jednego-do-kasyno-trzymac-paysafecard-ma-absolutnie-wszystkie-kluczowych-korzysci-z-czy-czy-nie-tutaj-jak-mozesz-partnerow-potencjalnych-problemow/" "Mozilla/5.0 AppleWebKit/537.36 (KHTML, like Gecko; compatible; GPTBot/1.4; +https://openai.com/gptbot)"
74.7.241.32 - - [23/Jun/2026:05:58:18 -0700] "GET /wp-json/oembed/1.0/embed?url=https%3A%2F%2Fdealzandfreebies.com%2F2026%2F06%2F19%2Ffor-example-immortal-love-abrasion-thunderstruck-ii-scratch-and-you-will-fishin-frenzy-abrasion%2F HTTP/2" 200 1154 "https://dealzandfreebies.com/2026/06/19/for-example-immortal-love-abrasion-thunderstruck-ii-scratch-and-you-will-fishin-frenzy-abrasion/" "Mozilla/5.0 AppleWebKit/537.36 (KHTML, like Gecko; compatible; GPTBot/1.4; +https://openai.com/gptbot)"
74.7.241.32 - - [23/Jun/2026:05:58:18 -0700] "GET /wp-json/wp/v2/posts/165421 HTTP/2" 200 4376 "https://dealzandfreebies.com/2026/06/23/konczy-sie-jednego-do-kasyno-trzymac-paysafecard-ma-absolutnie-wszystkie-kluczowych-korzysci-z-czy-czy-nie-tutaj-jak-mozesz-partnerow-potencjalnych-problemow/" "Mozilla/5.0 AppleWebKit/537.36 (KHTML, like Gecko; compatible; GPTBot/1.4; +https://openai.com/gptbot)"
74.7.241.32 - - [23/Jun/2026:05:58:19 -0700] "GET /wp-json/wp/v2/posts/137082 HTTP/2" 200 4313 "https://dealzandfreebies.com/2026/06/19/extremely-gambling-enterprises-deal-with-notes-for-example-visa-and-charge-card-with-lowest-dumps-off-5-or-ten/" "Mozilla/5.0 AppleWebKit/537.36 (KHTML, like Gecko; compatible; GPTBot/1.4; +https://openai.com/gptbot)"
98.98.148.151 - - [23/Jun/2026:05:58:19 -0700] "POST /xmlrpc.php HTTP/1.1" 403 0 "-" "Mozilla/5.0 (Windows NT 10.0; Win64; x64) AppleWebKit/537.36 (KHTML, like Gecko) Chrome/114.0.0.0 Safari/537.36"
74.7.241.32 - - [23/Jun/2026:05:58:20 -0700] "GET /wp-json/wp/v2/posts/137240 HTTP/2" 200 5437 "https://dealzandfreebies.com/2026/06/19/bei-bedarf-gibt-unsrige-bestenliste-diesseitigen-guten-zusammenfassung-z-hd-diesseitigen-spielsalon-ferner-angebotsvergleich/" "Mozilla/5.0 AppleWebKit/537.36 (KHTML, like Gecko; compatible; GPTBot/1.4; +https://openai.com/gptbot)"
136.243.228.180 - - [23/Jun/2026:05:58:19 -0700] "GET /2026/06/18/capitale-oltre-a-cio-linvio-di-excretion-rapporto-didentita-con-viavai-di-principio/ HTTP/1.1" 200 27958 "-" "Mozilla/5.0 (compatible; DataForSeoBot/1.0; +https://dataforseo.com/dataforseo-bot)"
74.7.241.32 - - [23/Jun/2026:05:58:20 -0700] "GET /?p=165525 HTTP/2" 301 0 "https://dealzandfreebies.com/2026/06/23/rozkazujaca-zezwolenie-oznaczaloby-jednego-do-przedsiebiorstwa-hazardowe-przestrzega-ustalonych-wytycznych-i-mozesz-regulacji/" "Mozilla/5.0 AppleWebKit/537.36 (KHTML, like Gecko; compatible; GPTBot/1.4; +https://openai.com/gptbot)"
74.7.241.32 - - [23/Jun/2026:05:58:21 -0700] "GET /?p=165418 HTTP/2" 301 0 "https://dealzandfreebies.com/2026/06/23/decydujac-o-miejsca-docelowego-gra-online-priorytetem-bedzie-bezpieczny-transakcji-oraz-transparentnosc-warunkow-korzystania/" "Mozilla/5.0 AppleWebKit/537.36 (KHTML, like Gecko; compatible; GPTBot/1.4; +https://openai.com/gptbot)"
74.7.241.32 - - [23/Jun/2026:05:58:21 -0700] "GET /2026/06/23/worauf-will-adult-male-bei-das-wahl-hinein-unserem-alive-spielsaal-achten/ HTTP/2" 200 30532 "https://dealzandfreebies.com/2026/06/23/decydujac-o-miejsca-docelowego-gra-online-priorytetem-bedzie-bezpieczny-transakcji-oraz-transparentnosc-warunkow-korzystania/" "Mozilla/5.0 AppleWebKit/537.36 (KHTML, like Gecko; compatible; GPTBot/1.4; +https://openai.com/gptbot)"
74.7.241.32 - - [23/Jun/2026:05:58:22 -0700] "GET /wp-json/oembed/1.0/embed?url=https%3A%2F%2Fdealzandfreebies.com%2F2026%2F06%2F23%2Fdecydujac-o-miejsca-docelowego-gra-online-priorytetem-bedzie-bezpieczny-transakcji-oraz-transparentnosc-warunkow-korzystania%2F HTTP/2" 200 1156 "https://dealzandfreebies.com/2026/06/23/decydujac-o-miejsca-docelowego-gra-online-priorytetem-bedzie-bezpieczny-transakcji-oraz-transparentnosc-warunkow-korzystania/" "Mozilla/5.0 AppleWebKit/537.36 (KHTML, like Gecko; compatible; GPTBot/1.4; +https://openai.com/gptbot)"
74.7.241.32 - - [23/Jun/2026:05:58:23 -0700] "GET /?p=137076 HTTP/2" 301 0 "https://dealzandfreebies.com/2026/06/19/that-it-diverse-online-game-alternatives-implies-that-often-there-is-something-new-and-you-can-enjoyable-to-understand-more-about/" "Mozilla/5.0 AppleWebKit/537.36 (KHTML, like Gecko; compatible; GPTBot/1.4; +https://openai.com/gptbot)"
