136.243.228.180 - - [23/Jun/2026:06:05:30 -0700] "GET /2026/06/17/freispiele-blos-einzahlung-die-bikers-gang-slot-maschine-beste-versorger-boni-2026/ HTTP/1.1" 200 31230 "-" "Mozilla/5.0 (compatible; DataForSeoBot/1.0; +https://dataforseo.com/dataforseo-bot)"
74.7.241.32 - - [23/Jun/2026:06:05:30 -0700] "GET /2026/06/23/selbige-besten-9-echtgeld-casinos-2025-selbige-umfassender-expertentest/ HTTP/2" 200 28818 "https://dealzandfreebies.com/2026/06/23/bank-zonder-cruks-2026-gokken-buiten-cruks-top-10/" "Mozilla/5.0 AppleWebKit/537.36 (KHTML, like Gecko; compatible; GPTBot/1.4; +https://openai.com/gptbot)"
216.73.217.103 - - [23/Jun/2026:06:05:30 -0700] "GET /2026/06/23/24-hours-live-silver-cost/ HTTP/2" 200 28680 "https://dealzandfreebies.com/?p=163536" "Mozilla/5.0 AppleWebKit/537.36 (KHTML, like Gecko; compatible; ClaudeBot/1.0; +claudebot@anthropic.com)"
74.7.241.32 - - [23/Jun/2026:06:05:31 -0700] "GET /wp-json/wp/v2/posts/165313 HTTP/2" 200 4775 "https://dealzandfreebies.com/2026/06/23/bank-zonder-cruks-2026-gokken-buiten-cruks-top-10/" "Mozilla/5.0 AppleWebKit/537.36 (KHTML, like Gecko; compatible; GPTBot/1.4; +https://openai.com/gptbot)"
216.73.217.103 - - [23/Jun/2026:06:05:31 -0700] "GET /?p=164066 HTTP/2" 301 0 "-" "Mozilla/5.0 AppleWebKit/537.36 (KHTML, like Gecko; compatible; ClaudeBot/1.0; +claudebot@anthropic.com)"
185.191.171.14 - - [23/Jun/2026:06:05:31 -0700] "GET /2026/06/23/we-now-have-read-at-this-point-on-reload-bonuses-and-you-will-free-spins/ HTTP/1.1" 200 32876 "-" "Mozilla/5.0 (compatible; SemrushBot/7~bl; +http://www.semrush.com/bot.html)"
216.73.217.103 - - [23/Jun/2026:06:05:32 -0700] "GET /?p=164128 HTTP/2" 301 0 "-" "Mozilla/5.0 AppleWebKit/537.36 (KHTML, like Gecko; compatible; ClaudeBot/1.0; +claudebot@anthropic.com)"
74.7.241.32 - - [23/Jun/2026:06:05:32 -0700] "GET /wp-json/oembed/1.0/embed?url=https%3A%2F%2Fdealzandfreebies.com%2F2026%2F06%2F23%2Fbank-zonder-cruks-2026-gokken-buiten-cruks-top-10%2F HTTP/2" 200 1097 "https://dealzandfreebies.com/2026/06/23/bank-zonder-cruks-2026-gokken-buiten-cruks-top-10/" "Mozilla/5.0 AppleWebKit/537.36 (KHTML, like Gecko; compatible; GPTBot/1.4; +https://openai.com/gptbot)"
216.73.217.103 - - [23/Jun/2026:06:05:31 -0700] "GET /2026/06/23/spielautomaten-empfehlung-einen-nutzern-die-eine-insbesondere-spannende-organisation-des-zeitvertreibs/ HTTP/2" 200 28523 "https://dealzandfreebies.com/?p=164066" "Mozilla/5.0 AppleWebKit/537.36 (KHTML, like Gecko; compatible; ClaudeBot/1.0; +claudebot@anthropic.com)"
74.7.241.32 - - [23/Jun/2026:06:05:32 -0700] "GET /wp-json/oembed/1.0/embed?format=xml&url=https%3A%2F%2Fdealzandfreebies.com%2F2026%2F06%2F19%2Freal-money-spinfest-harbors-against-on-the-web-slot-games%2F HTTP/2" 200 1135 "https://dealzandfreebies.com/2026/06/19/real-money-spinfest-harbors-against-on-the-web-slot-games/" "Mozilla/5.0 AppleWebKit/537.36 (KHTML, like Gecko; compatible; GPTBot/1.4; +https://openai.com/gptbot)"
216.73.217.103 - - [23/Jun/2026:06:05:32 -0700] "GET /2026/06/23/dragon-money-the-ultimate-online-casino-experience/ HTTP/2" 200 26402 "https://dealzandfreebies.com/?p=164128" "Mozilla/5.0 AppleWebKit/537.36 (KHTML, like Gecko; compatible; ClaudeBot/1.0; +claudebot@anthropic.com)"
74.7.241.32 - - [23/Jun/2026:06:05:33 -0700] "GET /wp-json/oembed/1.0/embed?format=xml&url=https%3A%2F%2Fdealzandfreebies.com%2F2026%2F06%2F23%2Fche-ammettere-il-somma-riguardo-dei-agitazione-online%2F HTTP/2" 200 1121 "https://dealzandfreebies.com/2026/06/23/che-ammettere-il-somma-riguardo-dei-agitazione-online/" "Mozilla/5.0 AppleWebKit/537.36 (KHTML, like Gecko; compatible; GPTBot/1.4; +https://openai.com/gptbot)"
74.7.241.32 - - [23/Jun/2026:06:05:33 -0700] "GET /wp-json/oembed/1.0/embed?format=xml&url=https%3A%2F%2Fdealzandfreebies.com%2F2026%2F06%2F19%2Fdie-besten-zahlungsmethoden-fur-online-casinos-in%2F HTTP/2" 200 1136 "https://dealzandfreebies.com/2026/06/19/die-besten-zahlungsmethoden-fur-online-casinos-in/" "Mozilla/5.0 AppleWebKit/537.36 (KHTML, like Gecko; compatible; GPTBot/1.4; +https://openai.com/gptbot)"
74.7.241.32 - - [23/Jun/2026:06:05:34 -0700] "GET /wp-json/oembed/1.0/embed?format=xml&url=https%3A%2F%2Fdealzandfreebies.com%2F2026%2F06%2F23%2Fsuccess-stories-at-lottogo-casino-uk-triumphs-of-players%2F HTTP/2" 200 1126 "https://dealzandfreebies.com/2026/06/23/success-stories-at-lottogo-casino-uk-triumphs-of-players/" "Mozilla/5.0 AppleWebKit/537.36 (KHTML, like Gecko; compatible; GPTBot/1.4; +https://openai.com/gptbot)"
85.208.96.206 - - [23/Jun/2026:06:05:33 -0700] "GET /2026/06/22/unplanmaig-solltest-respons-nachher-abwagen-ob-mogliche-angebracht-sein-erhoben-werden/ HTTP/1.1" 200 34544 "-" "Mozilla/5.0 (compatible; SemrushBot/7~bl; +http://www.semrush.com/bot.html)"
104.255.170.81 - - [23/Jun/2026:06:05:34 -0700] "POST /wp-cron.php?doing_wp_cron=1782219934.7050039768218994140625 HTTP/1.1" 200 0 "-" "WordPress/7.0; https://dealzandfreebies.com"
193.36.38.176 - - [23/Jun/2026:06:05:33 -0700] "POST /xmlrpc.php HTTP/1.1" 200 181 "-" "Mozilla/5.0 (Windows NT 10.0; Win64; x64) AppleWebKit/537.36 (KHTML, like Gecko) Chrome/114.0.0.0 Safari/537.36"
74.7.241.32 - - [23/Jun/2026:06:05:34 -0700] "GET /wp-json/oembed/1.0/embed?format=xml&url=https%3A%2F%2Fdealzandfreebies.com%2F2026%2F06%2F19%2Fdazard-casino-felulete-es-szoftveres-tesztje-reszletekkel%2F HTTP/2" 200 1121 "https://dealzandfreebies.com/2026/06/19/dazard-casino-felulete-es-szoftveres-tesztje-reszletekkel/" "Mozilla/5.0 AppleWebKit/537.36 (KHTML, like Gecko; compatible; GPTBot/1.4; +https://openai.com/gptbot)"
136.243.228.180 - - [23/Jun/2026:06:05:34 -0700] "GET /2026/06/17/bukmekerskaja-kontora-mostbet-3599/ HTTP/1.1" 200 28693 "-" "Mozilla/5.0 (compatible; DataForSeoBot/1.0; +https://dataforseo.com/dataforseo-bot)"
74.7.241.32 - - [23/Jun/2026:06:05:35 -0700] "GET /wp-json/oembed/1.0/embed?format=xml&url=https%3A%2F%2Fdealzandfreebies.com%2F2026%2F06%2F23%2Fauthentiek-klaverjasse-apps-waarderen-google-play%2F HTTP/2" 200 1118 "https://dealzandfreebies.com/2026/06/23/authentiek-klaverjasse-apps-waarderen-google-play/" "Mozilla/5.0 AppleWebKit/537.36 (KHTML, like Gecko; compatible; GPTBot/1.4; +https://openai.com/gptbot)"
74.7.241.32 - - [23/Jun/2026:06:05:35 -0700] "GET /wp-json/oembed/1.0/embed?format=xml&url=https%3A%2F%2Fdealzandfreebies.com%2F2026%2F06%2F19%2Fspend-by-the-cellular-phone-lord-of-the-ocean-888-no-deposit-expenses-gambling-enterprises%2F HTTP/2" 200 1171 "https://dealzandfreebies.com/2026/06/19/spend-by-the-cellular-phone-lord-of-the-ocean-888-no-deposit-expenses-gambling-enterprises/" "Mozilla/5.0 AppleWebKit/537.36 (KHTML, like Gecko; compatible; GPTBot/1.4; +https://openai.com/gptbot)"
74.7.241.32 - - [23/Jun/2026:06:05:36 -0700] "GET /wp-json/oembed/1.0/embed?format=xml&url=https%3A%2F%2Fdealzandfreebies.com%2F2026%2F06%2F23%2Fmost-useful-one-hundred-ports-on-line-most-readily-useful-online-game-get-predicated-on-genuine-gambling-establishment-data%2F HTTP/2" 200 1193 "https://dealzandfreebies.com/2026/06/23/most-useful-one-hundred-ports-on-line-most-readily-useful-online-game-get-predicated-on-genuine-gambling-establishment-data/" "Mozilla/5.0 AppleWebKit/537.36 (KHTML, like Gecko; compatible; GPTBot/1.4; +https://openai.com/gptbot)"
74.7.241.32 - - [23/Jun/2026:06:05:36 -0700] "GET /?p=165311 HTTP/2" 301 0 "https://dealzandfreebies.com/2026/06/23/selbige-besten-9-echtgeld-casinos-2025-selbige-umfassender-expertentest/" "Mozilla/5.0 AppleWebKit/537.36 (KHTML, like Gecko; compatible; GPTBot/1.4; +https://openai.com/gptbot)"
57.141.18.15 - - [23/Jun/2026:06:05:37 -0700] "GET /wp-json/wp/v2/posts/153851 HTTP/2" 200 8778 "-" "meta-externalagent/1.1 (+https://developers.facebook.com/docs/sharing/webmasters/crawler)"
74.7.241.32 - - [23/Jun/2026:06:05:37 -0700] "GET /2026/06/23/bonus-terminator-2-simboluri-de-ziua-lot-lista-bonusuri-sarbatorire-2026/ HTTP/2" 200 30862 "https://dealzandfreebies.com/2026/06/23/selbige-besten-9-echtgeld-casinos-2025-selbige-umfassender-expertentest/" "Mozilla/5.0 AppleWebKit/537.36 (KHTML, like Gecko; compatible; GPTBot/1.4; +https://openai.com/gptbot)"
74.7.241.32 - - [23/Jun/2026:06:05:38 -0700] "GET /wp-json/wp/v2/posts/165311 HTTP/2" 200 3908 "https://dealzandfreebies.com/2026/06/23/selbige-besten-9-echtgeld-casinos-2025-selbige-umfassender-expertentest/" "Mozilla/5.0 AppleWebKit/537.36 (KHTML, like Gecko; compatible; GPTBot/1.4; +https://openai.com/gptbot)"
74.7.241.32 - - [23/Jun/2026:06:05:38 -0700] "GET /wp-json/oembed/1.0/embed?url=https%3A%2F%2Fdealzandfreebies.com%2F2026%2F06%2F23%2Fselbige-besten-9-echtgeld-casinos-2025-selbige-umfassender-expertentest%2F HTTP/2" 200 1114 "https://dealzandfreebies.com/2026/06/23/selbige-besten-9-echtgeld-casinos-2025-selbige-umfassender-expertentest/" "Mozilla/5.0 AppleWebKit/537.36 (KHTML, like Gecko; compatible; GPTBot/1.4; +https://openai.com/gptbot)"
74.7.241.32 - - [23/Jun/2026:06:05:39 -0700] "GET /wp-json/oembed/1.0/embed?format=xml&url=https%3A%2F%2Fdealzandfreebies.com%2F2026%2F06%2F19%2Fkjendiser-som-gambler-hvem-er-de-mest%2F HTTP/2" 200 1117 "https://dealzandfreebies.com/2026/06/19/kjendiser-som-gambler-hvem-er-de-mest/" "Mozilla/5.0 AppleWebKit/537.36 (KHTML, like Gecko; compatible; GPTBot/1.4; +https://openai.com/gptbot)"
136.243.228.180 - - [23/Jun/2026:06:05:38 -0700] "GET /2026/06/17/exactly-what-shines-is-where-initial-he-or-she-is-regarding-laws-and-regulations/ HTTP/1.1" 200 29672 "-" "Mozilla/5.0 (compatible; DataForSeoBot/1.0; +https://dataforseo.com/dataforseo-bot)"
74.7.241.32 - - [23/Jun/2026:06:05:39 -0700] "GET /wp-json/oembed/1.0/embed?format=xml&url=https%3A%2F%2Fdealzandfreebies.com%2F2026%2F06%2F19%2Fsravnenie-bonusov-kazino-s-vyvodom-kakie-luchshie%2F HTTP/2" 200 1231 "https://dealzandfreebies.com/2026/06/19/sravnenie-bonusov-kazino-s-vyvodom-kakie-luchshie/" "Mozilla/5.0 AppleWebKit/537.36 (KHTML, like Gecko; compatible; GPTBot/1.4; +https://openai.com/gptbot)"
74.7.241.32 - - [23/Jun/2026:06:05:40 -0700] "GET /wp-json/oembed/1.0/embed?format=xml&url=https%3A%2F%2Fdealzandfreebies.com%2F2026%2F06%2F23%2Fi-migliori-saio-online-che-li-abbiamo-scelti%2F HTTP/2" 200 1111 "https://dealzandfreebies.com/2026/06/23/i-migliori-saio-online-che-li-abbiamo-scelti/" "Mozilla/5.0 AppleWebKit/537.36 (KHTML, like Gecko; compatible; GPTBot/1.4; +https://openai.com/gptbot)"
193.36.38.176 - - [23/Jun/2026:06:05:40 -0700] "POST /xmlrpc.php HTTP/1.1" 200 9566 "-" "Mozilla/5.0 (Windows NT 10.0; Win64; x64) AppleWebKit/537.36 (KHTML, like Gecko) Chrome/114.0.0.0 Safari/537.36"
74.7.241.32 - - [23/Jun/2026:06:05:40 -0700] "GET /wp-json/oembed/1.0/embed?format=xml&url=https%3A%2F%2Fdealzandfreebies.com%2F2026%2F06%2F23%2Fbeneficiezi-din-cauza-atat-din-mult-posibilitai-de-a-a-gasi-bonus-adaugat-in-locul-depunere-2026%2F HTTP/2" 200 1182 "https://dealzandfreebies.com/2026/06/23/beneficiezi-din-cauza-atat-din-mult-posibilitai-de-a-a-gasi-bonus-adaugat-in-locul-depunere-2026/" "Mozilla/5.0 AppleWebKit/537.36 (KHTML, like Gecko; compatible; GPTBot/1.4; +https://openai.com/gptbot)"
74.7.241.32 - - [23/Jun/2026:06:05:41 -0700] "GET /wp-json/oembed/1.0/embed?format=xml&url=https%3A%2F%2Fdealzandfreebies.com%2F2026%2F06%2F23%2Fche-registrarsi-al-casa-da-imbroglio-betflag-in-la-cie%2F HTTP/2" 200 1131 "https://dealzandfreebies.com/2026/06/23/che-registrarsi-al-casa-da-imbroglio-betflag-in-la-cie/" "Mozilla/5.0 AppleWebKit/537.36 (KHTML, like Gecko; compatible; GPTBot/1.4; +https://openai.com/gptbot)"
74.7.241.32 - - [23/Jun/2026:06:05:41 -0700] "GET /wp-json/oembed/1.0/embed?format=xml&url=https%3A%2F%2Fdealzandfreebies.com%2F2026%2F06%2F19%2Fspel-trendy-fruit-ranch-spelautomat%2F HTTP/2" 200 1105 "https://dealzandfreebies.com/2026/06/19/spel-trendy-fruit-ranch-spelautomat/" "Mozilla/5.0 AppleWebKit/537.36 (KHTML, like Gecko; compatible; GPTBot/1.4; +https://openai.com/gptbot)"
74.7.241.32 - - [23/Jun/2026:06:05:42 -0700] "GET /wp-json/oembed/1.0/embed?format=xml&url=https%3A%2F%2Fdealzandfreebies.com%2F2026%2F06%2F19%2Fbetter-20-100-percent-free-spins-no-deposit-required-offers-inside-summer-2022%2F HTTP/2" 200 1157 "https://dealzandfreebies.com/2026/06/19/better-20-100-percent-free-spins-no-deposit-required-offers-inside-summer-2022/" "Mozilla/5.0 AppleWebKit/537.36 (KHTML, like Gecko; compatible; GPTBot/1.4; +https://openai.com/gptbot)"
193.36.38.176 - - [23/Jun/2026:06:05:41 -0700] "GET /2026/06/23/glucksspiele-within-der-spielholle-sie-sind-hinter-handen-arg-volk-der-beliebter-vergnugen/ HTTP/1.1" 200 140436 "-" "Mozilla/5.0 (Windows NT 10.0; Win64; x64; rv:125.0) Gecko/20100101 Firefox/125.0"
74.7.241.32 - - [23/Jun/2026:06:05:42 -0700] "GET /wp-json/oembed/1.0/embed?format=xml&url=https%3A%2F%2Fdealzandfreebies.com%2F2026%2F06%2F19%2Fthe-technology-and-evolution-of-casinos-in-the%2F HTTP/2" 200 1111 "https://dealzandfreebies.com/2026/06/19/the-technology-and-evolution-of-casinos-in-the/" "Mozilla/5.0 AppleWebKit/537.36 (KHTML, like Gecko; compatible; GPTBot/1.4; +https://openai.com/gptbot)"
74.7.241.32 - - [23/Jun/2026:06:05:43 -0700] "GET /?p=165307 HTTP/2" 301 0 "https://dealzandfreebies.com/2026/06/23/bonus-terminator-2-simboluri-de-ziua-lot-lista-bonusuri-sarbatorire-2026/" "Mozilla/5.0 AppleWebKit/537.36 (KHTML, like Gecko; compatible; GPTBot/1.4; +https://openai.com/gptbot)"
57.141.18.56 - - [23/Jun/2026:06:05:43 -0700] "GET /wp-json/oembed/1.0/embed?url=https%3A%2F%2Fdealzandfreebies.com%2F2026%2F06%2F22%2Fthe-newest-cashback-is-during-real-cash-to-withdraw-with-straightaway-if-you-would-like%2F HTTP/2" 200 2611 "-" "meta-externalagent/1.1 (+https://developers.facebook.com/docs/sharing/webmasters/crawler)"
136.243.228.180 - - [23/Jun/2026:06:05:43 -0700] "GET /2026/06/17/how-to-decide-on-a-knowledgeable-video-slot-on-the-web-for-your-requirements/ HTTP/1.1" 200 27748 "-" "Mozilla/5.0 (compatible; DataForSeoBot/1.0; +https://dataforseo.com/dataforseo-bot)"
74.7.241.32 - - [23/Jun/2026:06:05:43 -0700] "GET /2026/06/23/glucksspiele-within-der-spielholle-sie-sind-hinter-handen-arg-volk-der-beliebter-vergnugen/ HTTP/2" 200 28247 "https://dealzandfreebies.com/2026/06/23/bonus-terminator-2-simboluri-de-ziua-lot-lista-bonusuri-sarbatorire-2026/" "Mozilla/5.0 AppleWebKit/537.36 (KHTML, like Gecko; compatible; GPTBot/1.4; +https://openai.com/gptbot)"
57.141.18.87 - - [23/Jun/2026:06:05:43 -0700] "GET /2026/06/23/better-cellular-pokies-wintingo-online-casino-australian-continent-2026-wager-real-money/ HTTP/2" 200 144732 "-" "meta-externalagent/1.1 (+https://developers.facebook.com/docs/sharing/webmasters/crawler)"
57.141.18.31 - - [23/Jun/2026:06:05:44 -0700] "GET /?p=152953 HTTP/2" 301 0 "-" "meta-externalagent/1.1 (+https://developers.facebook.com/docs/sharing/webmasters/crawler)"
57.141.18.119 - - [23/Jun/2026:06:05:44 -0700] "GET /wp-json/wp/v2/posts/152953 HTTP/2" 200 10365 "-" "meta-externalagent/1.1 (+https://developers.facebook.com/docs/sharing/webmasters/crawler)"
74.7.241.32 - - [23/Jun/2026:06:05:44 -0700] "GET /2026/06/23/100-percent-free-harbors-on-the-web-social-gambling-enterprise/ HTTP/2" 200 27091 "https://dealzandfreebies.com/2026/06/23/bonus-terminator-2-simboluri-de-ziua-lot-lista-bonusuri-sarbatorire-2026/" "Mozilla/5.0 AppleWebKit/537.36 (KHTML, like Gecko; compatible; GPTBot/1.4; +https://openai.com/gptbot)"
216.73.217.103 - - [23/Jun/2026:06:05:45 -0700] "GET /?p=164138 HTTP/2" 301 0 "-" "Mozilla/5.0 AppleWebKit/537.36 (KHTML, like Gecko; compatible; ClaudeBot/1.0; +claudebot@anthropic.com)"
74.7.241.32 - - [23/Jun/2026:06:05:45 -0700] "GET /wp-json/wp/v2/posts/165307 HTTP/2" 200 5832 "https://dealzandfreebies.com/2026/06/23/bonus-terminator-2-simboluri-de-ziua-lot-lista-bonusuri-sarbatorire-2026/" "Mozilla/5.0 AppleWebKit/537.36 (KHTML, like Gecko; compatible; GPTBot/1.4; +https://openai.com/gptbot)"
216.73.217.103 - - [23/Jun/2026:06:05:45 -0700] "GET /?p=164290 HTTP/2" 301 0 "-" "Mozilla/5.0 AppleWebKit/537.36 (KHTML, like Gecko; compatible; ClaudeBot/1.0; +claudebot@anthropic.com)"
74.7.241.32 - - [23/Jun/2026:06:05:46 -0700] "GET /wp-json/oembed/1.0/embed?url=https%3A%2F%2Fdealzandfreebies.com%2F2026%2F06%2F23%2Fbonus-terminator-2-simboluri-de-ziua-lot-lista-bonusuri-sarbatorire-2026%2F HTTP/2" 200 1133 "https://dealzandfreebies.com/2026/06/23/bonus-terminator-2-simboluri-de-ziua-lot-lista-bonusuri-sarbatorire-2026/" "Mozilla/5.0 AppleWebKit/537.36 (KHTML, like Gecko; compatible; GPTBot/1.4; +https://openai.com/gptbot)"
216.73.217.103 - - [23/Jun/2026:06:05:45 -0700] "GET /2026/06/23/che-tipo-di-registrarsi-al-citta-da-bazzecola-betflag-in-la-cie/ HTTP/2" 200 28153 "https://dealzandfreebies.com/?p=164138" "Mozilla/5.0 AppleWebKit/537.36 (KHTML, like Gecko; compatible; ClaudeBot/1.0; +claudebot@anthropic.com)"
216.73.217.103 - - [23/Jun/2026:06:05:46 -0700] "GET /2026/06/23/che-registrarsi-al-bisca-betflag-con-la-cie/ HTTP/2" 200 28098 "https://dealzandfreebies.com/?p=164290" "Mozilla/5.0 AppleWebKit/537.36 (KHTML, like Gecko; compatible; ClaudeBot/1.0; +claudebot@anthropic.com)"
74.7.241.32 - - [23/Jun/2026:06:05:46 -0700] "GET /wp-json/oembed/1.0/embed?format=xml&url=https%3A%2F%2Fdealzandfreebies.com%2F2026%2F06%2F19%2Fspend-starburst-win-letter-enjoy-local-casino%2F HTTP/2" 200 1112 "https://dealzandfreebies.com/2026/06/19/spend-starburst-win-letter-enjoy-local-casino/" "Mozilla/5.0 AppleWebKit/537.36 (KHTML, like Gecko; compatible; GPTBot/1.4; +https://openai.com/gptbot)"
216.73.217.103 - - [23/Jun/2026:06:05:46 -0700] "GET /?p=164168 HTTP/2" 301 0 "-" "Mozilla/5.0 AppleWebKit/537.36 (KHTML, like Gecko; compatible; ClaudeBot/1.0; +claudebot@anthropic.com)"
74.7.241.32 - - [23/Jun/2026:06:05:47 -0700] "GET /wp-json/oembed/1.0/embed?format=xml&url=https%3A%2F%2Fdealzandfreebies.com%2F2026%2F06%2F23%2Fil-blackjack-live-una-cambiamento-vicenda-di-imbroglio%2F HTTP/2" 200 1119 "https://dealzandfreebies.com/2026/06/23/il-blackjack-live-una-cambiamento-vicenda-di-imbroglio/" "Mozilla/5.0 AppleWebKit/537.36 (KHTML, like Gecko; compatible; GPTBot/1.4; +https://openai.com/gptbot)"
216.73.217.103 - - [23/Jun/2026:06:05:47 -0700] "GET /?p=163560 HTTP/2" 301 0 "-" "Mozilla/5.0 AppleWebKit/537.36 (KHTML, like Gecko; compatible; ClaudeBot/1.0; +claudebot@anthropic.com)"
74.7.241.32 - - [23/Jun/2026:06:05:47 -0700] "GET /wp-json/oembed/1.0/embed?format=xml&url=https%3A%2F%2Fdealzandfreebies.com%2F2026%2F06%2F19%2Ffor-example-immortal-love-abrasion-thunderstruck-ii-scratch-and-you-will-fishin-frenzy-abrasion%2F HTTP/2" 200 1179 "https://dealzandfreebies.com/2026/06/19/for-example-immortal-love-abrasion-thunderstruck-ii-scratch-and-you-will-fishin-frenzy-abrasion/" "Mozilla/5.0 AppleWebKit/537.36 (KHTML, like Gecko; compatible; GPTBot/1.4; +https://openai.com/gptbot)"
136.243.228.180 - - [23/Jun/2026:06:05:47 -0700] "GET /2026/06/17/ciononostante-certi-casino-offrono-bonus-privo-di-intricato-e-ai-giocatori-appunto-esistenti-che-razza-di-riconoscimento-fedelta/ HTTP/1.1" 200 28058 "-" "Mozilla/5.0 (compatible; DataForSeoBot/1.0; +https://dataforseo.com/dataforseo-bot)"
216.73.217.103 - - [23/Jun/2026:06:05:47 -0700] "GET /2026/06/23/gioca-alle-slot-machine-verso-attestato-di-garbare-nel-casa-da-gioco-online/ HTTP/2" 200 29081 "https://dealzandfreebies.com/?p=164168" "Mozilla/5.0 AppleWebKit/537.36 (KHTML, like Gecko; compatible; ClaudeBot/1.0; +claudebot@anthropic.com)"
216.73.217.103 - - [23/Jun/2026:06:05:47 -0700] "GET /2026/06/23/gold-rush-slot-gameplay-for-real-money-or-trial/ HTTP/2" 200 28729 "https://dealzandfreebies.com/?p=163560" "Mozilla/5.0 AppleWebKit/537.36 (KHTML, like Gecko; compatible; ClaudeBot/1.0; +claudebot@anthropic.com)"
74.7.241.32 - - [23/Jun/2026:06:05:48 -0700] "GET /wp-json/oembed/1.0/embed?format=xml&url=https%3A%2F%2Fdealzandfreebies.com%2F2026%2F06%2F23%2Four-local-casino-stands-out-by-providing-instant-distributions-guaranteeing-your-winnings-for-the-come-to-your-without-delay%2F HTTP/2" 200 1173 "https://dealzandfreebies.com/2026/06/23/our-local-casino-stands-out-by-providing-instant-distributions-guaranteeing-your-winnings-for-the-come-to-your-without-delay/" "Mozilla/5.0 AppleWebKit/537.36 (KHTML, like Gecko; compatible; GPTBot/1.4; +https://openai.com/gptbot)"
74.7.241.32 - - [23/Jun/2026:06:05:48 -0700] "GET /wp-json/oembed/1.0/embed?format=xml&url=https%3A%2F%2Fdealzandfreebies.com%2F2026%2F06%2F19%2Ffree-revolves-no-deposit-best-uk-harbors-offers-summer-2022%2F HTTP/2" 200 1132 "https://dealzandfreebies.com/2026/06/19/free-revolves-no-deposit-best-uk-harbors-offers-summer-2022/" "Mozilla/5.0 AppleWebKit/537.36 (KHTML, like Gecko; compatible; GPTBot/1.4; +https://openai.com/gptbot)"
74.7.241.32 - - [23/Jun/2026:06:05:49 -0700] "GET /wp-json/oembed/1.0/embed?format=xml&url=https%3A%2F%2Fdealzandfreebies.com%2F2026%2F06%2F19%2Fyard-casino-mobilnaja-versija-platformy-i-igra-so-687%2F HTTP/2" 200 1203 "https://dealzandfreebies.com/2026/06/19/yard-casino-mobilnaja-versija-platformy-i-igra-so-687/" "Mozilla/5.0 AppleWebKit/537.36 (KHTML, like Gecko; compatible; GPTBot/1.4; +https://openai.com/gptbot)"
74.7.241.32 - - [23/Jun/2026:06:05:49 -0700] "GET /wp-json/oembed/1.0/embed?format=xml&url=https%3A%2F%2Fdealzandfreebies.com%2F2026%2F06%2F19%2F100-percent-free-spins-no-deposit-for-the-registration%2F HTTP/2" 200 1124 "https://dealzandfreebies.com/2026/06/19/100-percent-free-spins-no-deposit-for-the-registration/" "Mozilla/5.0 AppleWebKit/537.36 (KHTML, like Gecko; compatible; GPTBot/1.4; +https://openai.com/gptbot)"
74.7.241.32 - - [23/Jun/2026:06:05:50 -0700] "GET /?p=165557 HTTP/2" 301 0 "https://dealzandfreebies.com/2026/06/23/glucksspiele-within-der-spielholle-sie-sind-hinter-handen-arg-volk-der-beliebter-vergnugen/" "Mozilla/5.0 AppleWebKit/537.36 (KHTML, like Gecko; compatible; GPTBot/1.4; +https://openai.com/gptbot)"
102.64.47.162 - - [23/Jun/2026:06:05:50 -0700] "GET /2026/06/21/ganz-erreichbar-casinos-sollen-inzwischen-unter-einsatz-von-angewandten-reside-communicate-verfugen/ HTTP/1.1" 200 28622 "-" "Mozilla/5.0 (Windows; U; Windows NT 6.0) AppleWebKit/531.27.6 (KHTML, like Gecko) Version/5.1 Safari/531.27.6"
74.7.241.32 - - [23/Jun/2026:06:05:50 -0700] "GET /?p=165309 HTTP/2" 301 0 "https://dealzandfreebies.com/2026/06/23/100-percent-free-harbors-on-the-web-social-gambling-enterprise/" "Mozilla/5.0 AppleWebKit/537.36 (KHTML, like Gecko; compatible; GPTBot/1.4; +https://openai.com/gptbot)"
136.243.228.180 - - [23/Jun/2026:06:05:50 -0700] "GET /2026/06/17/nella-maggioranza-dei-casi-sinon-consiglia-di-gareggiare-alle-slot-sopra-92-rtp-ovvero-preferibile/ HTTP/1.1" 200 27857 "-" "Mozilla/5.0 (compatible; DataForSeoBot/1.0; +https://dataforseo.com/dataforseo-bot)"
74.7.241.32 - - [23/Jun/2026:06:05:51 -0700] "GET /2026/06/23/zagraniczne-kasyna-online-dadza-ci-swietne-oferty-wszystko-to-samo-diabel-tkwi-z-informacje-o/ HTTP/2" 200 29660 "https://dealzandfreebies.com/2026/06/23/100-percent-free-harbors-on-the-web-social-gambling-enterprise/" "Mozilla/5.0 AppleWebKit/537.36 (KHTML, like Gecko; compatible; GPTBot/1.4; +https://openai.com/gptbot)"
74.7.241.32 - - [23/Jun/2026:06:05:52 -0700] "GET /wp-json/oembed/1.0/embed?url=https%3A%2F%2Fdealzandfreebies.com%2F2026%2F06%2F23%2Fglucksspiele-within-der-spielholle-sie-sind-hinter-handen-arg-volk-der-beliebter-vergnugen%2F HTTP/2" 200 1139 "https://dealzandfreebies.com/2026/06/23/glucksspiele-within-der-spielholle-sie-sind-hinter-handen-arg-volk-der-beliebter-vergnugen/" "Mozilla/5.0 AppleWebKit/537.36 (KHTML, like Gecko; compatible; GPTBot/1.4; +https://openai.com/gptbot)"
74.7.241.32 - - [23/Jun/2026:06:05:52 -0700] "GET /wp-json/wp/v2/posts/165557 HTTP/2" 200 3528 "https://dealzandfreebies.com/2026/06/23/glucksspiele-within-der-spielholle-sie-sind-hinter-handen-arg-volk-der-beliebter-vergnugen/" "Mozilla/5.0 AppleWebKit/537.36 (KHTML, like Gecko; compatible; GPTBot/1.4; +https://openai.com/gptbot)"
74.7.241.32 - - [23/Jun/2026:06:05:53 -0700] "GET /wp-json/wp/v2/posts/165309 HTTP/2" 200 2207 "https://dealzandfreebies.com/2026/06/23/100-percent-free-harbors-on-the-web-social-gambling-enterprise/" "Mozilla/5.0 AppleWebKit/537.36 (KHTML, like Gecko; compatible; GPTBot/1.4; +https://openai.com/gptbot)"
74.7.241.32 - - [23/Jun/2026:06:05:53 -0700] "GET /wp-json/oembed/1.0/embed?url=https%3A%2F%2Fdealzandfreebies.com%2F2026%2F06%2F23%2F100-percent-free-harbors-on-the-web-social-gambling-enterprise%2F HTTP/2" 200 1115 "https://dealzandfreebies.com/2026/06/23/100-percent-free-harbors-on-the-web-social-gambling-enterprise/" "Mozilla/5.0 AppleWebKit/537.36 (KHTML, like Gecko; compatible; GPTBot/1.4; +https://openai.com/gptbot)"
74.7.241.32 - - [23/Jun/2026:06:05:54 -0700] "GET /wp-json/oembed/1.0/embed?format=xml&url=https%3A%2F%2Fdealzandfreebies.com%2F2026%2F06%2F23%2Fglucksspiele-within-der-spielholle-sie-sind-hinter-handen-arg-volk-der-beliebter-vergnugen%2F HTTP/2" 200 1162 "https://dealzandfreebies.com/2026/06/23/glucksspiele-within-der-spielholle-sie-sind-hinter-handen-arg-volk-der-beliebter-vergnugen/" "Mozilla/5.0 AppleWebKit/537.36 (KHTML, like Gecko; compatible; GPTBot/1.4; +https://openai.com/gptbot)"
185.191.171.6 - - [23/Jun/2026:06:05:54 -0700] "GET /2026/06/22/to-play-harbors-online-whats-judge-in-just-about-any-you-condition/ HTTP/1.1" 200 35471 "-" "Mozilla/5.0 (compatible; SemrushBot/7~bl; +http://www.semrush.com/bot.html)"
74.7.241.32 - - [23/Jun/2026:06:05:54 -0700] "GET /wp-json/oembed/1.0/embed?format=xml&url=https%3A%2F%2Fdealzandfreebies.com%2F2026%2F06%2F19%2Ffive-hundred-very-free-goslotty-spins-no-deposit-2023-first-put-extra%2F HTTP/2" 200 1146 "https://dealzandfreebies.com/2026/06/19/five-hundred-very-free-goslotty-spins-no-deposit-2023-first-put-extra/" "Mozilla/5.0 AppleWebKit/537.36 (KHTML, like Gecko; compatible; GPTBot/1.4; +https://openai.com/gptbot)"
136.243.228.180 - - [23/Jun/2026:06:05:54 -0700] "GET /2026/06/17/draftkings-will-bring-good-in-control-betting-cardio-loss-to-possess-users-to-their-profile-pages/ HTTP/1.1" 200 28752 "-" "Mozilla/5.0 (compatible; DataForSeoBot/1.0; +https://dataforseo.com/dataforseo-bot)"
74.7.241.32 - - [23/Jun/2026:06:05:55 -0700] "GET /wp-json/oembed/1.0/embed?format=xml&url=https%3A%2F%2Fdealzandfreebies.com%2F2026%2F06%2F19%2Fchto-takoe-sinteticheskie-dannye-i-zachem-oni-66%2F HTTP/2" 200 1200 "https://dealzandfreebies.com/2026/06/19/chto-takoe-sinteticheskie-dannye-i-zachem-oni-66/" "Mozilla/5.0 AppleWebKit/537.36 (KHTML, like Gecko; compatible; GPTBot/1.4; +https://openai.com/gptbot)"
74.7.241.32 - - [23/Jun/2026:06:05:56 -0700] "GET /wp-json/oembed/1.0/embed?format=xml&url=https%3A%2F%2Fdealzandfreebies.com%2F2026%2F06%2F19%2Fastute-players-discover-the-allure-of-spinmacho-3%2F HTTP/2" 200 1135 "https://dealzandfreebies.com/2026/06/19/astute-players-discover-the-allure-of-spinmacho-3/" "Mozilla/5.0 AppleWebKit/537.36 (KHTML, like Gecko; compatible; GPTBot/1.4; +https://openai.com/gptbot)"
74.7.241.32 - - [23/Jun/2026:06:05:56 -0700] "GET /wp-json/oembed/1.0/embed?format=xml&url=https%3A%2F%2Fdealzandfreebies.com%2F2026%2F06%2F19%2Fsportovni-coworking-prostory-praha-field-memo-a-36%2F HTTP/2" 200 1154 "https://dealzandfreebies.com/2026/06/19/sportovni-coworking-prostory-praha-field-memo-a-36/" "Mozilla/5.0 AppleWebKit/537.36 (KHTML, like Gecko; compatible; GPTBot/1.4; +https://openai.com/gptbot)"
185.191.171.1 - - [23/Jun/2026:06:05:56 -0700] "GET /2026/06/22/lalternative-en-compagnie-de-archive-de-quartier-favorise-jusqua-et-300-tours-sans-frais/ HTTP/1.1" 200 33671 "-" "Mozilla/5.0 (compatible; SemrushBot/7~bl; +http://www.semrush.com/bot.html)"
74.7.241.32 - - [23/Jun/2026:06:05:57 -0700] "GET /wp-json/oembed/1.0/embed?format=xml&url=https%3A%2F%2Fdealzandfreebies.com%2F2026%2F06%2F23%2F100-percent-free-harbors-on-the-web-social-gambling-enterprise%2F HTTP/2" 200 1140 "https://dealzandfreebies.com/2026/06/23/100-percent-free-harbors-on-the-web-social-gambling-enterprise/" "Mozilla/5.0 AppleWebKit/537.36 (KHTML, like Gecko; compatible; GPTBot/1.4; +https://openai.com/gptbot)"
74.7.241.32 - - [23/Jun/2026:06:05:57 -0700] "GET /wp-json/oembed/1.0/embed?format=xml&url=https%3A%2F%2Fdealzandfreebies.com%2F2026%2F06%2F19%2Fsportovni-coworking-prostory-praha-field-memo-a-159%2F HTTP/2" 200 1158 "https://dealzandfreebies.com/2026/06/19/sportovni-coworking-prostory-praha-field-memo-a-159/" "Mozilla/5.0 AppleWebKit/537.36 (KHTML, like Gecko; compatible; GPTBot/1.4; +https://openai.com/gptbot)"
74.7.241.32 - - [23/Jun/2026:06:05:58 -0700] "GET /?p=165305 HTTP/2" 301 0 "https://dealzandfreebies.com/2026/06/23/zagraniczne-kasyna-online-dadza-ci-swietne-oferty-wszystko-to-samo-diabel-tkwi-z-informacje-o/" "Mozilla/5.0 AppleWebKit/537.36 (KHTML, like Gecko; compatible; GPTBot/1.4; +https://openai.com/gptbot)"
136.243.228.180 - - [23/Jun/2026:06:05:58 -0700] "GET /2026/06/17/die-hot-cross-bunnies-game-changer-spielautomat-besten-erreichbar-casinos-in-teutonia-inoffizieller-mitarbeiter-vergleich-2026/ HTTP/1.1" 200 28978 "-" "Mozilla/5.0 (compatible; DataForSeoBot/1.0; +https://dataforseo.com/dataforseo-bot)"
74.7.241.32 - - [23/Jun/2026:06:05:58 -0700] "GET /2026/06/23/das-deutsche-glucksspielmarkt-ist-inside-etablierten-giganten-wie-netent-playtech-und-microgaming-gleichmutig/ HTTP/2" 200 29023 "https://dealzandfreebies.com/2026/06/23/zagraniczne-kasyna-online-dadza-ci-swietne-oferty-wszystko-to-samo-diabel-tkwi-z-informacje-o/" "Mozilla/5.0 AppleWebKit/537.36 (KHTML, like Gecko; compatible; GPTBot/1.4; +https://openai.com/gptbot)"
57.141.18.70 - - [23/Jun/2026:06:05:59 -0700] "GET /?p=155201 HTTP/2" 301 0 "-" "meta-externalagent/1.1 (+https://developers.facebook.com/docs/sharing/webmasters/crawler)"
74.7.241.32 - - [23/Jun/2026:06:05:59 -0700] "GET /wp-json/oembed/1.0/embed?url=https%3A%2F%2Fdealzandfreebies.com%2F2026%2F06%2F23%2Fzagraniczne-kasyna-online-dadza-ci-swietne-oferty-wszystko-to-samo-diabel-tkwi-z-informacje-o%2F HTTP/2" 200 1137 "https://dealzandfreebies.com/2026/06/23/zagraniczne-kasyna-online-dadza-ci-swietne-oferty-wszystko-to-samo-diabel-tkwi-z-informacje-o/" "Mozilla/5.0 AppleWebKit/537.36 (KHTML, like Gecko; compatible; GPTBot/1.4; +https://openai.com/gptbot)"
74.7.241.32 - - [23/Jun/2026:06:06:00 -0700] "GET /wp-json/wp/v2/posts/165305 HTTP/2" 200 4649 "https://dealzandfreebies.com/2026/06/23/zagraniczne-kasyna-online-dadza-ci-swietne-oferty-wszystko-to-samo-diabel-tkwi-z-informacje-o/" "Mozilla/5.0 AppleWebKit/537.36 (KHTML, like Gecko; compatible; GPTBot/1.4; +https://openai.com/gptbot)"
74.7.241.32 - - [23/Jun/2026:06:06:00 -0700] "GET /wp-json/oembed/1.0/embed?format=xml&url=https%3A%2F%2Fdealzandfreebies.com%2F2026%2F06%2F23%2Fzagraniczne-kasyna-online-dadza-ci-swietne-oferty-wszystko-to-samo-diabel-tkwi-z-informacje-o%2F HTTP/2" 200 1165 "https://dealzandfreebies.com/2026/06/23/zagraniczne-kasyna-online-dadza-ci-swietne-oferty-wszystko-to-samo-diabel-tkwi-z-informacje-o/" "Mozilla/5.0 AppleWebKit/537.36 (KHTML, like Gecko; compatible; GPTBot/1.4; +https://openai.com/gptbot)"
74.7.241.32 - - [23/Jun/2026:06:06:01 -0700] "GET /wp-json/oembed/1.0/embed?format=xml&url=https%3A%2F%2Fdealzandfreebies.com%2F2026%2F06%2F23%2Fliefste-online-casinos-nederlan-2025-speel-veilig-in-echt-geld%2F HTTP/2" 200 1126 "https://dealzandfreebies.com/2026/06/23/liefste-online-casinos-nederlan-2025-speel-veilig-in-echt-geld/" "Mozilla/5.0 AppleWebKit/537.36 (KHTML, like Gecko; compatible; GPTBot/1.4; +https://openai.com/gptbot)"
74.7.241.32 - - [23/Jun/2026:06:06:01 -0700] "GET /wp-json/oembed/1.0/embed?format=xml&url=https%3A%2F%2Fdealzandfreebies.com%2F2026%2F06%2F19%2Fsportovni-coworking-prostory-praha-trend-digest-105%2F HTTP/2" 200 1152 "https://dealzandfreebies.com/2026/06/19/sportovni-coworking-prostory-praha-trend-digest-105/" "Mozilla/5.0 AppleWebKit/537.36 (KHTML, like Gecko; compatible; GPTBot/1.4; +https://openai.com/gptbot)"
74.7.241.32 - - [23/Jun/2026:06:06:02 -0700] "GET /wp-json/oembed/1.0/embed?format=xml&url=https%3A%2F%2Fdealzandfreebies.com%2F2026%2F06%2F23%2Ffrom-the-aboutslots-we-are-all-pros-with-real-go-out-skills-on-the-gambling-enterprise-and-you-can-gambling-world%2F HTTP/2" 200 1189 "https://dealzandfreebies.com/2026/06/23/from-the-aboutslots-we-are-all-pros-with-real-go-out-skills-on-the-gambling-enterprise-and-you-can-gambling-world/" "Mozilla/5.0 AppleWebKit/537.36 (KHTML, like Gecko; compatible; GPTBot/1.4; +https://openai.com/gptbot)"
74.7.241.32 - - [23/Jun/2026:06:06:02 -0700] "GET /wp-json/oembed/1.0/embed?format=xml&url=https%3A%2F%2Fdealzandfreebies.com%2F2026%2F06%2F19%2Fkak-dejstvujut-onlajn-marketplejsy-ustrojstvo-i-48%2F HTTP/2" 200 1221 "https://dealzandfreebies.com/2026/06/19/kak-dejstvujut-onlajn-marketplejsy-ustrojstvo-i-48/" "Mozilla/5.0 AppleWebKit/537.36 (KHTML, like Gecko; compatible; GPTBot/1.4; +https://openai.com/gptbot)"
136.243.228.180 - - [23/Jun/2026:06:06:02 -0700] "GET /2026/06/17/volte-giri-gratuitamente-senza-fondo-permettono-di-controllare-le-slot-piu-famose-in-assenza-di-danneggiare-ricchezza/ HTTP/1.1" 200 28746 "-" "Mozilla/5.0 (compatible; DataForSeoBot/1.0; +https://dataforseo.com/dataforseo-bot)"
85.208.96.201 - - [23/Jun/2026:06:06:02 -0700] "GET /2026/06/22/seamless-login-within-soaring-eagle-gambling-establishment-appreciate-incentives-harbors/ HTTP/1.1" 200 35247 "-" "Mozilla/5.0 (compatible; SemrushBot/7~bl; +http://www.semrush.com/bot.html)"
74.7.241.32 - - [23/Jun/2026:06:06:03 -0700] "GET /wp-json/oembed/1.0/embed?format=xml&url=https%3A%2F%2Fdealzandfreebies.com%2F2026%2F06%2F19%2Fsportovni-coworking-prostory-praha-moderni-eeni-12%2F HTTP/2" 200 1156 "https://dealzandfreebies.com/2026/06/19/sportovni-coworking-prostory-praha-moderni-eeni-12/" "Mozilla/5.0 AppleWebKit/537.36 (KHTML, like Gecko; compatible; GPTBot/1.4; +https://openai.com/gptbot)"
74.7.241.32 - - [23/Jun/2026:06:06:03 -0700] "GET /wp-json/oembed/1.0/embed?format=xml&url=https%3A%2F%2Fdealzandfreebies.com%2F2026%2F06%2F23%2Fbeneficiezi-de-atat-de-mult-anse-de-a-obine-bonus-in-schimb-depunere-2026%2F HTTP/2" 200 1155 "https://dealzandfreebies.com/2026/06/23/beneficiezi-de-atat-de-mult-anse-de-a-obine-bonus-in-schimb-depunere-2026/" "Mozilla/5.0 AppleWebKit/537.36 (KHTML, like Gecko; compatible; GPTBot/1.4; +https://openai.com/gptbot)"
74.7.241.32 - - [23/Jun/2026:06:06:04 -0700] "GET /wp-json/oembed/1.0/embed?format=xml&url=https%3A%2F%2Fdealzandfreebies.com%2F2026%2F06%2F23%2Fdisclaimer-przez-internet-gambling-laws-and-regulations-disagree-all-over-nations-and-you-can-countries%2F HTTP/2" 200 1162 "https://dealzandfreebies.com/2026/06/23/disclaimer-przez-internet-gambling-laws-and-regulations-disagree-all-over-nations-and-you-can-countries/" "Mozilla/5.0 AppleWebKit/537.36 (KHTML, like Gecko; compatible; GPTBot/1.4; +https://openai.com/gptbot)"
74.7.241.32 - - [23/Jun/2026:06:06:04 -0700] "GET /?p=165303 HTTP/2" 301 0 "https://dealzandfreebies.com/2026/06/23/das-deutsche-glucksspielmarkt-ist-inside-etablierten-giganten-wie-netent-playtech-und-microgaming-gleichmutig/" "Mozilla/5.0 AppleWebKit/537.36 (KHTML, like Gecko; compatible; GPTBot/1.4; +https://openai.com/gptbot)"
85.208.96.197 - - [23/Jun/2026:06:06:04 -0700] "GET /2026/06/16/ai-vrea-sa-sumai-va-temporar-tc-al-unor-bonus-in-locul-depunere-in-bullet-points/ HTTP/1.1" 200 32578 "-" "Mozilla/5.0 (compatible; SemrushBot/7~bl; +http://www.semrush.com/bot.html)"
178.159.37.49 - - [23/Jun/2026:06:06:05 -0700] "GET /2026/06/20/top-rejting-onlajn-kazino-s-licenziej-i-bonusami-25-4/ HTTP/1.1" 200 38869 "-" "Screaming Frog SEO Spider/19.8"
57.141.18.81 - - [23/Jun/2026:06:06:05 -0700] "GET /wp-json/wp/v2/posts/153105 HTTP/2" 200 12926 "-" "meta-externalagent/1.1 (+https://developers.facebook.com/docs/sharing/webmasters/crawler)"
104.255.170.81 - - [23/Jun/2026:06:06:05 -0700] "POST /wp-cron.php?doing_wp_cron=1782219965.9737119674682617187500 HTTP/1.1" 200 0 "-" "WordPress/7.0; https://dealzandfreebies.com"
146.70.99.148 - - [23/Jun/2026:06:06:05 -0700] "POST /xmlrpc.php HTTP/1.1" 200 181 "-" "Mozilla/5.0 (Windows NT 10.0; Win64; x64) AppleWebKit/537.36 (KHTML, like Gecko) Chrome/114.0.0.0 Safari/537.36"
74.7.241.32 - - [23/Jun/2026:06:06:05 -0700] "GET /2026/06/23/do-casino-zawsze-monitorujemy-biznes-produkowac-dawac-wam-calkowicie-dokladnie-przetestowane-i-mozesz-wyplacalne-propozycje/ HTTP/2" 200 29559 "https://dealzandfreebies.com/2026/06/23/das-deutsche-glucksspielmarkt-ist-inside-etablierten-giganten-wie-netent-playtech-und-microgaming-gleichmutig/" "Mozilla/5.0 AppleWebKit/537.36 (KHTML, like Gecko; compatible; GPTBot/1.4; +https://openai.com/gptbot)"
43.173.181.53 - - [23/Jun/2026:06:06:06 -0700] "GET /2026/06/12/advanced-insights-into-digital-gaming-platforms-47 HTTP/1.1" 301 0 "-" "Mozilla/5.0 (Windows NT 10.0; Win64; x64) AppleWebKit/537.36 (KHTML, like Gecko) Chrome/103.0.0.0 Safari/537.36"
74.7.241.32 - - [23/Jun/2026:06:06:06 -0700] "GET /wp-json/oembed/1.0/embed?url=https%3A%2F%2Fdealzandfreebies.com%2F2026%2F06%2F23%2Fdas-deutsche-glucksspielmarkt-ist-inside-etablierten-giganten-wie-netent-playtech-und-microgaming-gleichmutig%2F HTTP/2" 200 1166 "https://dealzandfreebies.com/2026/06/23/das-deutsche-glucksspielmarkt-ist-inside-etablierten-giganten-wie-netent-playtech-und-microgaming-gleichmutig/" "Mozilla/5.0 AppleWebKit/537.36 (KHTML, like Gecko; compatible; GPTBot/1.4; +https://openai.com/gptbot)"
43.173.177.244 - - [23/Jun/2026:06:06:06 -0700] "GET /2026/06/08/2-231-casino-spiele-gebuhrenfrei-vortragen-bedeutender-link-ohne-registrierung HTTP/1.1" 301 0 "-" "Mozilla/5.0 (Windows NT 10.0; Win64; x64) AppleWebKit/537.36 (KHTML, like Gecko) Chrome/104.0.5112.81 Safari/537.36"
43.172.194.253 - - [23/Jun/2026:06:06:06 -0700] "GET /wp-json/wp/v2/posts/105118 HTTP/1.1" 200 5266 "-" "Mozilla/5.0 (Windows NT 10.0; Win64; x64) AppleWebKit/537.36 (KHTML, like Gecko) Chrome/133.0.0.0 Safari/537.36"
43.173.180.191 - - [23/Jun/2026:06:06:06 -0700] "GET /2026/06/09/roulette-online-australia-high-rtp-a-complete-guide/ HTTP/1.1" 200 31318 "-" "Mozilla/5.0 (Windows NT 10.0; Win64; x64) AppleWebKit/537.36 (KHTML, like Gecko) Chrome/108.0.0.0 Safari/537.36"
74.7.241.32 - - [23/Jun/2026:06:06:06 -0700] "GET /wp-json/wp/v2/posts/165303 HTTP/2" 200 4036 "https://dealzandfreebies.com/2026/06/23/das-deutsche-glucksspielmarkt-ist-inside-etablierten-giganten-wie-netent-playtech-und-microgaming-gleichmutig/" "Mozilla/5.0 AppleWebKit/537.36 (KHTML, like Gecko; compatible; GPTBot/1.4; +https://openai.com/gptbot)"
136.243.228.180 - - [23/Jun/2026:06:06:06 -0700] "GET /2026/06/17/how-to-pick-the-best-video-slot-online-to-have-your-requirements/ HTTP/1.1" 200 27729 "-" "Mozilla/5.0 (compatible; DataForSeoBot/1.0; +https://dataforseo.com/dataforseo-bot)"
185.191.171.11 - - [23/Jun/2026:06:06:06 -0700] "GET /2026/06/21/migliori-casino-online-analisi-2022/ HTTP/1.1" 200 34939 "-" "Mozilla/5.0 (compatible; SemrushBot/7~bl; +http://www.semrush.com/bot.html)"
74.7.241.32 - - [23/Jun/2026:06:06:07 -0700] "GET /wp-json/oembed/1.0/embed?format=xml&url=https%3A%2F%2Fdealzandfreebies.com%2F2026%2F06%2F23%2Fdas-deutsche-glucksspielmarkt-ist-inside-etablierten-giganten-wie-netent-playtech-und-microgaming-gleichmutig%2F HTTP/2" 200 1198 "https://dealzandfreebies.com/2026/06/23/das-deutsche-glucksspielmarkt-ist-inside-etablierten-giganten-wie-netent-playtech-und-microgaming-gleichmutig/" "Mozilla/5.0 AppleWebKit/537.36 (KHTML, like Gecko; compatible; GPTBot/1.4; +https://openai.com/gptbot)"
43.173.177.148 - - [23/Jun/2026:06:06:07 -0700] "GET /2026/06/12/advanced-insights-into-digital-gaming-platforms-47/ HTTP/1.1" 200 31064 "-" "Mozilla/5.0 (Windows NT 10.0; Win64; x64) AppleWebKit/537.36 (KHTML, like Gecko) Chrome/103.0.0.0 Safari/537.36"
43.173.177.29 - - [23/Jun/2026:06:06:07 -0700] "GET /2026/06/08/2-231-casino-spiele-gebuhrenfrei-vortragen-bedeutender-link-ohne-registrierung/ HTTP/1.1" 200 33677 "-" "Mozilla/5.0 (Windows NT 10.0; Win64; x64) AppleWebKit/537.36 (KHTML, like Gecko) Chrome/104.0.5112.81 Safari/537.36"
74.7.241.32 - - [23/Jun/2026:06:06:07 -0700] "GET /wp-json/oembed/1.0/embed?format=xml&url=https%3A%2F%2Fdealzandfreebies.com%2F2026%2F06%2F23%2Fevoplay-to-dystrybutor-w-calej-srodek-robic-wciagajacych-jak-i-rowniez-mozesz-przyjaznych-w-calej-uzytkownika-konsol%2F HTTP/2" 200 1219 "https://dealzandfreebies.com/2026/06/23/evoplay-to-dystrybutor-w-calej-srodek-robic-wciagajacych-jak-i-rowniez-mozesz-przyjaznych-w-calej-uzytkownika-konsol/" "Mozilla/5.0 AppleWebKit/537.36 (KHTML, like Gecko; compatible; GPTBot/1.4; +https://openai.com/gptbot)"
74.7.241.32 - - [23/Jun/2026:06:06:08 -0700] "GET /wp-json/oembed/1.0/embed?format=xml&url=https%3A%2F%2Fdealzandfreebies.com%2F2026%2F06%2F19%2Fbetter-on-line-casino-sites-united-states-of-lord-of-the-ocean-casino-promo-code-play-slot-america-greatest-you-online-casinos-to-own-06%2F HTTP/2" 200 1223 "https://dealzandfreebies.com/2026/06/19/better-on-line-casino-sites-united-states-of-lord-of-the-ocean-casino-promo-code-play-slot-america-greatest-you-online-casinos-to-own-06/" "Mozilla/5.0 AppleWebKit/537.36 (KHTML, like Gecko; compatible; GPTBot/1.4; +https://openai.com/gptbot)"
74.7.241.32 - - [23/Jun/2026:06:06:08 -0700] "GET /wp-json/oembed/1.0/embed?format=xml&url=https%3A%2F%2Fdealzandfreebies.com%2F2026%2F06%2F19%2Fjak-gra-w-mostbet-kasyno-online-krok-po-kroku-2%2F HTTP/2" 200 1126 "https://dealzandfreebies.com/2026/06/19/jak-gra-w-mostbet-kasyno-online-krok-po-kroku-2/" "Mozilla/5.0 AppleWebKit/537.36 (KHTML, like Gecko; compatible; GPTBot/1.4; +https://openai.com/gptbot)"
43.173.182.104 - - [23/Jun/2026:06:06:09 -0700] "POST /wp-admin/admin-ajax.php HTTP/1.1" 200 22 "https://dealzandfreebies.com/2026/06/09/roulette-online-australia-high-rtp-a-complete-guide/" "Mozilla/5.0 (Windows NT 10.0; Win64; x64) AppleWebKit/537.36 (KHTML, like Gecko) Chrome/108.0.0.0 Safari/537.36"
74.7.241.32 - - [23/Jun/2026:06:06:09 -0700] "GET /wp-json/oembed/1.0/embed?format=xml&url=https%3A%2F%2Fdealzandfreebies.com%2F2026%2F06%2F19%2Fbest-online-casinos-for-real-money-bally-slot-machines-games-2022%2F HTTP/2" 200 1134 "https://dealzandfreebies.com/2026/06/19/best-online-casinos-for-real-money-bally-slot-machines-games-2022/" "Mozilla/5.0 AppleWebKit/537.36 (KHTML, like Gecko; compatible; GPTBot/1.4; +https://openai.com/gptbot)"
17.22.253.171 - - [23/Jun/2026:06:06:10 -0700] "GET /2026/06/09/a-la-benit-i%ef%bf%bd-les-angelot-les-ecellents-recompense-de-juste-a-legard-de-espagne-en-compagnie-de-2025/ HTTP/2" 403 0 "-" "Mozilla/5.0 (Macintosh; Intel Mac OS X 10_15_7) AppleWebKit/605.1.15 (KHTML, like Gecko) Version/17.4 Safari/605.1.15 (Applebot/0.1; +http://www.apple.com/go/applebot)"
74.7.241.32 - - [23/Jun/2026:06:06:10 -0700] "GET /wp-json/oembed/1.0/embed?format=xml&url=https%3A%2F%2Fdealzandfreebies.com%2F2026%2F06%2F19%2Fmandela-impression-time-76-bad-and-you-may-trendy-overripe-warm-fresh-fruit%2F HTTP/2" 200 1164 "https://dealzandfreebies.com/2026/06/19/mandela-impression-time-76-bad-and-you-may-trendy-overripe-warm-fresh-fruit/" "Mozilla/5.0 AppleWebKit/537.36 (KHTML, like Gecko; compatible; GPTBot/1.4; +https://openai.com/gptbot)"
74.7.241.32 - - [23/Jun/2026:06:06:10 -0700] "GET /wp-json/oembed/1.0/embed?format=xml&url=https%3A%2F%2Fdealzandfreebies.com%2F2026%2F06%2F23%2Fmost-useful-online-slots-2026-finest-real-cash-slots%2F HTTP/2" 200 1119 "https://dealzandfreebies.com/2026/06/23/most-useful-online-slots-2026-finest-real-cash-slots/" "Mozilla/5.0 AppleWebKit/537.36 (KHTML, like Gecko; compatible; GPTBot/1.4; +https://openai.com/gptbot)"
74.7.241.32 - - [23/Jun/2026:06:06:11 -0700] "GET /wp-json/oembed/1.0/embed?format=xml&url=https%3A%2F%2Fdealzandfreebies.com%2F2026%2F06%2F19%2Foficialnyj-sajt-pinco-casino-vhod-na-zerkalo-4149%2F HTTP/2" 200 1206 "https://dealzandfreebies.com/2026/06/19/oficialnyj-sajt-pinco-casino-vhod-na-zerkalo-4149/" "Mozilla/5.0 AppleWebKit/537.36 (KHTML, like Gecko; compatible; GPTBot/1.4; +https://openai.com/gptbot)"
57.141.18.26 - - [23/Jun/2026:06:06:10 -0700] "GET /2026/06/22/due-to-this-fact-so-it-casino-continues-to-be-one-of-the-best-options-within-this-class/ HTTP/2" 200 142313 "-" "meta-externalagent/1.1 (+https://developers.facebook.com/docs/sharing/webmasters/crawler)"
74.7.241.32 - - [23/Jun/2026:06:06:12 -0700] "GET /?p=165301 HTTP/2" 301 0 "https://dealzandfreebies.com/2026/06/23/do-casino-zawsze-monitorujemy-biznes-produkowac-dawac-wam-calkowicie-dokladnie-przetestowane-i-mozesz-wyplacalne-propozycje/" "Mozilla/5.0 AppleWebKit/537.36 (KHTML, like Gecko; compatible; GPTBot/1.4; +https://openai.com/gptbot)"
136.243.228.180 - - [23/Jun/2026:06:06:10 -0700] "GET /2026/06/17/start-with-likely-to-the-curated-listing-and-you-will-searching-for-a-deal-one-caters-to-your-personal-style/ HTTP/1.1" 200 28466 "-" "Mozilla/5.0 (compatible; DataForSeoBot/1.0; +https://dataforseo.com/dataforseo-bot)"
146.70.99.148 - - [23/Jun/2026:06:06:12 -0700] "POST /xmlrpc.php HTTP/1.1" 200 10255 "-" "Mozilla/5.0 (Windows NT 10.0; Win64; x64) AppleWebKit/537.36 (KHTML, like Gecko) Chrome/114.0.0.0 Safari/537.36"
43.173.174.102 - - [23/Jun/2026:06:06:12 -0700] "POST /wp-admin/admin-ajax.php HTTP/1.1" 200 22 "https://dealzandfreebies.com/2026/06/08/2-231-casino-spiele-gebuhrenfrei-vortragen-bedeutender-link-ohne-registrierung/" "Mozilla/5.0 (Windows NT 10.0; Win64; x64) AppleWebKit/537.36 (KHTML, like Gecko) Chrome/104.0.5112.81 Safari/537.36"
43.173.173.44 - - [23/Jun/2026:06:06:13 -0700] "POST /wp-admin/admin-ajax.php HTTP/1.1" 200 22 "https://dealzandfreebies.com/2026/06/12/advanced-insights-into-digital-gaming-platforms-47/" "Mozilla/5.0 (Windows NT 10.0; Win64; x64) AppleWebKit/537.36 (KHTML, like Gecko) Chrome/103.0.0.0 Safari/537.36"
74.7.241.32 - - [23/Jun/2026:06:06:12 -0700] "GET /2026/06/23/be-sure-that-you-learn-how-to-comply-with-the-newest-terms-and-conditions-and-you-may-requirements-regarding-a-deal/ HTTP/2" 200 27889 "https://dealzandfreebies.com/2026/06/23/do-casino-zawsze-monitorujemy-biznes-produkowac-dawac-wam-calkowicie-dokladnie-przetestowane-i-mozesz-wyplacalne-propozycje/" "Mozilla/5.0 AppleWebKit/537.36 (KHTML, like Gecko; compatible; GPTBot/1.4; +https://openai.com/gptbot)"
57.128.22.95 - - [23/Jun/2026:06:06:14 -0700] "GET /2026/06/12/casinoly-casino-738/ HTTP/1.1" 200 27937 "https://dealzandfreebies.com/" "Mozilla/5.0 (Windows NT 10.0; Win64; x64) AppleWebKit/537.36 (KHTML, like Gecko) Chrome/144.0.0.0 YaBrowser/26.3.0.0 Safari/537.36"
17.246.19.46 - - [23/Jun/2026:06:06:14 -0700] "GET /2026/06/19/richard-casino-mobile-app-future-trends-in-mobile-gaming/ HTTP/2" 200 33914 "-" "Mozilla/5.0 (Macintosh; Intel Mac OS X 10_15_7) AppleWebKit/605.1.15 (KHTML, like Gecko) Version/17.4 Safari/605.1.15 (Applebot/0.1; +http://www.apple.com/go/applebot)"
136.243.228.180 - - [23/Jun/2026:06:06:14 -0700] "GET /2026/06/17/i-lover-that-have-centered-studios-and-you-may-put-the-brand-new-headings-will-to-help-you-contain-the-reception-current/ HTTP/1.1" 200 29440 "-" "Mozilla/5.0 (compatible; DataForSeoBot/1.0; +https://dataforseo.com/dataforseo-bot)"
74.7.241.32 - - [23/Jun/2026:06:06:14 -0700] "GET /2026/06/23/wer-spielt-wird-doch-bares-einsetzen-dessen-verlust-verschmerzbar-sei-und-bollwerk-saumen-ziehen/ HTTP/2" 200 28717 "https://dealzandfreebies.com/2026/06/23/do-casino-zawsze-monitorujemy-biznes-produkowac-dawac-wam-calkowicie-dokladnie-przetestowane-i-mozesz-wyplacalne-propozycje/" "Mozilla/5.0 AppleWebKit/537.36 (KHTML, like Gecko; compatible; GPTBot/1.4; +https://openai.com/gptbot)"
146.70.99.148 - - [23/Jun/2026:06:06:15 -0700] "GET /2026/06/23/wer-spielt-wird-doch-bares-einsetzen-dessen-verlust-verschmerzbar-sei-und-bollwerk-saumen-ziehen/ HTTP/1.1" 200 141647 "-" "Mozilla/5.0 (Windows NT 10.0; Win64; x64) AppleWebKit/537.36 (KHTML, like Gecko) Chrome/122.0.0.0 Safari/537.36"
74.7.241.32 - - [23/Jun/2026:06:06:16 -0700] "GET /wp-json/oembed/1.0/embed?url=https%3A%2F%2Fdealzandfreebies.com%2F2026%2F06%2F23%2Fdo-casino-zawsze-monitorujemy-biznes-produkowac-dawac-wam-calkowicie-dokladnie-przetestowane-i-mozesz-wyplacalne-propozycje%2F HTTP/2" 200 1164 "https://dealzandfreebies.com/2026/06/23/do-casino-zawsze-monitorujemy-biznes-produkowac-dawac-wam-calkowicie-dokladnie-przetestowane-i-mozesz-wyplacalne-propozycje/" "Mozilla/5.0 AppleWebKit/537.36 (KHTML, like Gecko; compatible; GPTBot/1.4; +https://openai.com/gptbot)"
74.7.241.32 - - [23/Jun/2026:06:06:17 -0700] "GET /wp-json/wp/v2/posts/165301 HTTP/2" 200 4513 "https://dealzandfreebies.com/2026/06/23/do-casino-zawsze-monitorujemy-biznes-produkowac-dawac-wam-calkowicie-dokladnie-przetestowane-i-mozesz-wyplacalne-propozycje/" "Mozilla/5.0 AppleWebKit/537.36 (KHTML, like Gecko; compatible; GPTBot/1.4; +https://openai.com/gptbot)"
74.7.241.32 - - [23/Jun/2026:06:06:17 -0700] "GET /wp-json/oembed/1.0/embed?format=xml&url=https%3A%2F%2Fdealzandfreebies.com%2F2026%2F06%2F23%2Fdo-casino-zawsze-monitorujemy-biznes-produkowac-dawac-wam-calkowicie-dokladnie-przetestowane-i-mozesz-wyplacalne-propozycje%2F HTTP/2" 200 1204 "https://dealzandfreebies.com/2026/06/23/do-casino-zawsze-monitorujemy-biznes-produkowac-dawac-wam-calkowicie-dokladnie-przetestowane-i-mozesz-wyplacalne-propozycje/" "Mozilla/5.0 AppleWebKit/537.36 (KHTML, like Gecko; compatible; GPTBot/1.4; +https://openai.com/gptbot)"
57.128.22.95 - - [23/Jun/2026:06:06:17 -0700] "GET /2026/06/12/casinoly-casino-3/ HTTP/1.1" 200 28531 "https://dealzandfreebies.com/2026/06/12/casinoly-casino-3/" "Mozilla/5.0 (Windows NT 10.0; Win64; x64) AppleWebKit/537.36 (KHTML, like Gecko) Chrome/144.0.0.0 YaBrowser/26.3.0.0 Safari/537.36"
74.7.241.32 - - [23/Jun/2026:06:06:18 -0700] "GET /wp-json/oembed/1.0/embed?format=xml&url=https%3A%2F%2Fdealzandfreebies.com%2F2026%2F06%2F19%2Fgreatest-online-casino-games-for-casino-wannabet-casino-united-states-of-america-professionals%2F HTTP/2" 200 1150 "https://dealzandfreebies.com/2026/06/19/greatest-online-casino-games-for-casino-wannabet-casino-united-states-of-america-professionals/" "Mozilla/5.0 AppleWebKit/537.36 (KHTML, like Gecko; compatible; GPTBot/1.4; +https://openai.com/gptbot)"
