74.7.241.32 - - [23/Jun/2026:05:56:17 -0700] "GET /?p=137196 HTTP/2" 301 0 "https://dealzandfreebies.com/2026/06/19/ihr-anmeldeprozess-sei-bei-dem-groteil-ein-versorger-im-netzwerk-ausgesprochen-wie-geschmiert-konzipiert/" "Mozilla/5.0 AppleWebKit/537.36 (KHTML, like Gecko; compatible; GPTBot/1.4; +https://openai.com/gptbot)"
17.22.245.4 - - [23/Jun/2026:05:56:16 -0700] "GET /2026/06/20/sie-vermogen-auch-eulersche-zahl-wallet-gateways-entsprechend-neteller-skrill-oder-ecopayz-einsetzen/ HTTP/2" 200 33376 "-" "Mozilla/5.0 (Macintosh; Intel Mac OS X 10_15_7) AppleWebKit/605.1.15 (KHTML, like Gecko) Version/17.4 Safari/605.1.15 (Applebot/0.1; +http://www.apple.com/go/applebot)"
74.7.241.32 - - [23/Jun/2026:05:56:17 -0700] "GET /?p=165449 HTTP/2" 301 0 "https://dealzandfreebies.com/2026/06/23/in-diesem-musizieren-beherrschen-sie-ihre-gewinne-unter-zuhilfenahme-von-diverse-perfekte-zahlungsmethoden-lohnen-lizenzieren/" "Mozilla/5.0 AppleWebKit/537.36 (KHTML, like Gecko; compatible; GPTBot/1.4; +https://openai.com/gptbot)"
136.243.228.180 - - [23/Jun/2026:05:56:18 -0700] "GET /2026/06/17/acerca-de-casino-guru-deseamos-invariablemente-nuevas-publicaciones-de-bonos-carente-tanque/ HTTP/1.1" 200 28340 "-" "Mozilla/5.0 (compatible; DataForSeoBot/1.0; +https://dataforseo.com/dataforseo-bot)"
74.7.241.32 - - [23/Jun/2026:05:56:18 -0700] "GET /2026/06/23/rso-turbamento-online-svizzeri-dovranno-assicurare-pagamenti-subitanei-come-ogni-gli-gente/ HTTP/2" 200 28007 "https://dealzandfreebies.com/2026/06/23/in-diesem-musizieren-beherrschen-sie-ihre-gewinne-unter-zuhilfenahme-von-diverse-perfekte-zahlungsmethoden-lohnen-lizenzieren/" "Mozilla/5.0 AppleWebKit/537.36 (KHTML, like Gecko; compatible; GPTBot/1.4; +https://openai.com/gptbot)"
57.141.18.21 - - [23/Jun/2026:05:56:19 -0700] "GET /?p=152590 HTTP/2" 301 0 "-" "meta-externalagent/1.1 (+https://developers.facebook.com/docs/sharing/webmasters/crawler)"
74.7.241.32 - - [23/Jun/2026:05:56:19 -0700] "GET /2026/06/19/registracija-akkaunta-i-nachalo-igry-v-onlajn-277/ HTTP/2" 200 28228 "https://dealzandfreebies.com/2026/06/19/ihr-anmeldeprozess-sei-bei-dem-groteil-ein-versorger-im-netzwerk-ausgesprochen-wie-geschmiert-konzipiert/" "Mozilla/5.0 AppleWebKit/537.36 (KHTML, like Gecko; compatible; GPTBot/1.4; +https://openai.com/gptbot)"
74.7.241.32 - - [23/Jun/2026:05:56:20 -0700] "GET /wp-json/oembed/1.0/embed?url=https%3A%2F%2Fdealzandfreebies.com%2F2026%2F06%2F19%2Fihr-anmeldeprozess-sei-bei-dem-groteil-ein-versorger-im-netzwerk-ausgesprochen-wie-geschmiert-konzipiert%2F HTTP/2" 200 1172 "https://dealzandfreebies.com/2026/06/19/ihr-anmeldeprozess-sei-bei-dem-groteil-ein-versorger-im-netzwerk-ausgesprochen-wie-geschmiert-konzipiert/" "Mozilla/5.0 AppleWebKit/537.36 (KHTML, like Gecko; compatible; GPTBot/1.4; +https://openai.com/gptbot)"
74.7.241.32 - - [23/Jun/2026:05:56:21 -0700] "GET /?p=137114 HTTP/2" 301 0 "https://dealzandfreebies.com/2026/06/19/free-revolves-no-deposit-best-uk-harbors-offers-summer-2022/" "Mozilla/5.0 AppleWebKit/537.36 (KHTML, like Gecko; compatible; GPTBot/1.4; +https://openai.com/gptbot)"
104.255.170.81 - - [23/Jun/2026:05:56:22 -0700] "POST /wp-cron.php?doing_wp_cron=1782219382.4312460422515869140625 HTTP/1.1" 200 0 "-" "WordPress/7.0; https://dealzandfreebies.com"
185.153.199.239 - - [23/Jun/2026:05:56:21 -0700] "POST /xmlrpc.php HTTP/1.1" 200 181 "-" "Mozilla/5.0 (Windows NT 10.0; Win64; x64) AppleWebKit/537.36 (KHTML, like Gecko) Chrome/114.0.0.0 Safari/537.36"
74.7.241.32 - - [23/Jun/2026:05:56:22 -0700] "GET /2026/06/19/better-online-casinos-us-gamesos-slots-mobile-2022/ HTTP/2" 200 28986 "https://dealzandfreebies.com/2026/06/19/free-revolves-no-deposit-best-uk-harbors-offers-summer-2022/" "Mozilla/5.0 AppleWebKit/537.36 (KHTML, like Gecko; compatible; GPTBot/1.4; +https://openai.com/gptbot)"
74.7.241.32 - - [23/Jun/2026:05:56:22 -0700] "GET /wp-json/oembed/1.0/embed?url=https%3A%2F%2Fdealzandfreebies.com%2F2026%2F06%2F23%2Fin-diesem-musizieren-beherrschen-sie-ihre-gewinne-unter-zuhilfenahme-von-diverse-perfekte-zahlungsmethoden-lohnen-lizenzieren%2F HTTP/2" 200 1165 "https://dealzandfreebies.com/2026/06/23/in-diesem-musizieren-beherrschen-sie-ihre-gewinne-unter-zuhilfenahme-von-diverse-perfekte-zahlungsmethoden-lohnen-lizenzieren/" "Mozilla/5.0 AppleWebKit/537.36 (KHTML, like Gecko; compatible; GPTBot/1.4; +https://openai.com/gptbot)"
136.243.228.180 - - [23/Jun/2026:05:56:22 -0700] "GET /2026/06/17/betway-incorporates-book-has-that-make-gambling-more-interactive-and-you-can-engaging/ HTTP/1.1" 200 29604 "-" "Mozilla/5.0 (compatible; DataForSeoBot/1.0; +https://dataforseo.com/dataforseo-bot)"
57.141.18.25 - - [23/Jun/2026:05:56:23 -0700] "GET /wp-json/oembed/1.0/embed?url=https%3A%2F%2Fdealzandfreebies.com%2F2026%2F06%2F23%2Fmost-useful-online-slots-games-having-2024-2025-the-ideal-20-need-play-selections%2F HTTP/2" 200 2578 "-" "meta-externalagent/1.1 (+https://developers.facebook.com/docs/sharing/webmasters/crawler)"
74.7.241.32 - - [23/Jun/2026:05:56:23 -0700] "GET /wp-json/wp/v2/posts/137114 HTTP/2" 200 3238 "https://dealzandfreebies.com/2026/06/19/free-revolves-no-deposit-best-uk-harbors-offers-summer-2022/" "Mozilla/5.0 AppleWebKit/537.36 (KHTML, like Gecko; compatible; GPTBot/1.4; +https://openai.com/gptbot)"
74.7.241.32 - - [23/Jun/2026:05:56:23 -0700] "GET /wp-json/wp/v2/posts/137196 HTTP/2" 200 3720 "https://dealzandfreebies.com/2026/06/19/ihr-anmeldeprozess-sei-bei-dem-groteil-ein-versorger-im-netzwerk-ausgesprochen-wie-geschmiert-konzipiert/" "Mozilla/5.0 AppleWebKit/537.36 (KHTML, like Gecko; compatible; GPTBot/1.4; +https://openai.com/gptbot)"
85.208.96.202 - - [23/Jun/2026:05:56:23 -0700] "GET /2026/06/22/pribet-mucchio-pribet-posto-autorizzato-per-italia/ HTTP/1.1" 200 33452 "-" "Mozilla/5.0 (compatible; SemrushBot/7~bl; +http://www.semrush.com/bot.html)"
74.7.241.32 - - [23/Jun/2026:05:56:24 -0700] "GET /wp-json/wp/v2/posts/165449 HTTP/2" 200 5130 "https://dealzandfreebies.com/2026/06/23/in-diesem-musizieren-beherrschen-sie-ihre-gewinne-unter-zuhilfenahme-von-diverse-perfekte-zahlungsmethoden-lohnen-lizenzieren/" "Mozilla/5.0 AppleWebKit/537.36 (KHTML, like Gecko; compatible; GPTBot/1.4; +https://openai.com/gptbot)"
74.7.241.32 - - [23/Jun/2026:05:56:25 -0700] "GET /wp-json/wp/v2/posts/3017 HTTP/2" 200 4339 "https://dealzandfreebies.com/2026/06/23/casinos-online-em-portugal-os-melhores-em-casinos-11/" "Mozilla/5.0 AppleWebKit/537.36 (KHTML, like Gecko; compatible; GPTBot/1.4; +https://openai.com/gptbot)"
74.7.241.32 - - [23/Jun/2026:05:56:25 -0700] "GET /wp-json/oembed/1.0/embed?url=https%3A%2F%2Fdealzandfreebies.com%2F2026%2F06%2F19%2Foficialnyj-sajt-pinco-casino-vhod-na-zerkalo-4149%2F HTTP/2" 200 1168 "https://dealzandfreebies.com/2026/06/19/oficialnyj-sajt-pinco-casino-vhod-na-zerkalo-4149/" "Mozilla/5.0 AppleWebKit/537.36 (KHTML, like Gecko; compatible; GPTBot/1.4; +https://openai.com/gptbot)"
74.7.241.32 - - [23/Jun/2026:05:56:26 -0700] "GET /?p=165447 HTTP/2" 301 0 "https://dealzandfreebies.com/2026/06/23/rso-turbamento-online-svizzeri-dovranno-assicurare-pagamenti-subitanei-come-ogni-gli-gente/" "Mozilla/5.0 AppleWebKit/537.36 (KHTML, like Gecko; compatible; GPTBot/1.4; +https://openai.com/gptbot)"
185.191.171.12 - - [23/Jun/2026:05:56:25 -0700] "GET /2026/06/21/shark-local-casino-review-games-bonuses-totally-free-revolves/ HTTP/1.1" 200 32437 "-" "Mozilla/5.0 (compatible; SemrushBot/7~bl; +http://www.semrush.com/bot.html)"
74.7.241.32 - - [23/Jun/2026:05:56:26 -0700] "GET /?p=137206 HTTP/2" 301 0 "https://dealzandfreebies.com/2026/06/19/registracija-akkaunta-i-nachalo-igry-v-onlajn-277/" "Mozilla/5.0 AppleWebKit/537.36 (KHTML, like Gecko; compatible; GPTBot/1.4; +https://openai.com/gptbot)"
136.243.228.180 - - [23/Jun/2026:05:56:26 -0700] "GET /2026/06/17/concurrently-you-happen-to-be-over-thank-you-for-visiting-learn-about-the-group-and-our-vision/ HTTP/1.1" 200 28110 "-" "Mozilla/5.0 (compatible; DataForSeoBot/1.0; +https://dataforseo.com/dataforseo-bot)"
185.153.199.239 - - [23/Jun/2026:05:56:27 -0700] "POST /xmlrpc.php HTTP/1.1" 200 7861 "-" "Mozilla/5.0 (Windows NT 10.0; Win64; x64) AppleWebKit/537.36 (KHTML, like Gecko) Chrome/114.0.0.0 Safari/537.36"
74.7.241.32 - - [23/Jun/2026:05:56:27 -0700] "GET /2026/06/23/to-try-out-approaches-for-pub-las-vegas-ports-casino-games-mod/ HTTP/2" 200 28322 "https://dealzandfreebies.com/2026/06/23/rso-turbamento-online-svizzeri-dovranno-assicurare-pagamenti-subitanei-come-ogni-gli-gente/" "Mozilla/5.0 AppleWebKit/537.36 (KHTML, like Gecko; compatible; GPTBot/1.4; +https://openai.com/gptbot)"
185.153.199.239 - - [23/Jun/2026:05:56:28 -0700] "GET /2026/06/23/most-useful-one-hundred-ports-on-line-most-readily-useful-online-game-get-predicated-on-genuine-gambling-establishment-data/ HTTP/1.1" 200 138946 "-" "Mozilla/5.0 (Windows NT 10.0; Win64; x64) AppleWebKit/537.36 (KHTML, like Gecko) Chrome/124.0.0.0 Safari/537.36 Edg/124.0.0.0"
74.7.241.32 - - [23/Jun/2026:05:56:28 -0700] "GET /2026/06/19/the-fresh-new-ukgc-audits-operators-continuously-to-confirm-compliance-that-have-reasonable-enjoy-conditions/ HTTP/2" 200 29026 "https://dealzandfreebies.com/2026/06/19/registracija-akkaunta-i-nachalo-igry-v-onlajn-277/" "Mozilla/5.0 AppleWebKit/537.36 (KHTML, like Gecko; compatible; GPTBot/1.4; +https://openai.com/gptbot)"
74.7.241.32 - - [23/Jun/2026:05:56:29 -0700] "GET /?p=137110 HTTP/2" 301 0 "https://dealzandfreebies.com/2026/06/19/better-online-casinos-us-gamesos-slots-mobile-2022/" "Mozilla/5.0 AppleWebKit/537.36 (KHTML, like Gecko; compatible; GPTBot/1.4; +https://openai.com/gptbot)"
136.243.228.180 - - [23/Jun/2026:05:56:30 -0700] "GET /2026/06/17/when-you-do-choose-one-dont-waste-time-%EF%BF%BD-apply-straight-away/ HTTP/1.1" 403 0 "-" "Mozilla/5.0 (compatible; DataForSeoBot/1.0; +https://dataforseo.com/dataforseo-bot)"
74.7.241.32 - - [23/Jun/2026:05:56:30 -0700] "GET /2026/06/23/most-useful-one-hundred-ports-on-line-most-readily-useful-online-game-get-predicated-on-genuine-gambling-establishment-data/ HTTP/2" 200 27428 "https://dealzandfreebies.com/2026/06/19/better-online-casinos-us-gamesos-slots-mobile-2022/" "Mozilla/5.0 AppleWebKit/537.36 (KHTML, like Gecko; compatible; GPTBot/1.4; +https://openai.com/gptbot)"
74.7.241.32 - - [23/Jun/2026:05:56:31 -0700] "GET /2026/06/19/es-handelt-sich-hierbei-um-12-for-free-spins-nachfolgende-ihr-je-ebendiese-verifizierung-eurer-mobilnummer-erhaltet/ HTTP/2" 200 29578 "https://dealzandfreebies.com/2026/06/19/better-online-casinos-us-gamesos-slots-mobile-2022/" "Mozilla/5.0 AppleWebKit/537.36 (KHTML, like Gecko; compatible; GPTBot/1.4; +https://openai.com/gptbot)"
74.7.241.32 - - [23/Jun/2026:05:56:31 -0700] "GET /wp-json/oembed/1.0/embed?url=https%3A%2F%2Fdealzandfreebies.com%2F2026%2F06%2F23%2Frso-turbamento-online-svizzeri-dovranno-assicurare-pagamenti-subitanei-come-ogni-gli-gente%2F HTTP/2" 200 1134 "https://dealzandfreebies.com/2026/06/23/rso-turbamento-online-svizzeri-dovranno-assicurare-pagamenti-subitanei-come-ogni-gli-gente/" "Mozilla/5.0 AppleWebKit/537.36 (KHTML, like Gecko; compatible; GPTBot/1.4; +https://openai.com/gptbot)"
74.7.241.32 - - [23/Jun/2026:05:56:32 -0700] "GET /wp-json/wp/v2/posts/137110 HTTP/2" 200 4246 "https://dealzandfreebies.com/2026/06/19/better-online-casinos-us-gamesos-slots-mobile-2022/" "Mozilla/5.0 AppleWebKit/537.36 (KHTML, like Gecko; compatible; GPTBot/1.4; +https://openai.com/gptbot)"
74.7.241.32 - - [23/Jun/2026:05:56:33 -0700] "GET /wp-json/wp/v2/posts/165447 HTTP/2" 200 3079 "https://dealzandfreebies.com/2026/06/23/rso-turbamento-online-svizzeri-dovranno-assicurare-pagamenti-subitanei-come-ogni-gli-gente/" "Mozilla/5.0 AppleWebKit/537.36 (KHTML, like Gecko; compatible; GPTBot/1.4; +https://openai.com/gptbot)"
74.7.241.32 - - [23/Jun/2026:05:56:33 -0700] "GET /wp-json/wp/v2/posts/137206 HTTP/2" 200 4770 "https://dealzandfreebies.com/2026/06/19/registracija-akkaunta-i-nachalo-igry-v-onlajn-277/" "Mozilla/5.0 AppleWebKit/537.36 (KHTML, like Gecko; compatible; GPTBot/1.4; +https://openai.com/gptbot)"
74.7.241.32 - - [23/Jun/2026:05:56:34 -0700] "GET /wp-json/oembed/1.0/embed?url=https%3A%2F%2Fdealzandfreebies.com%2F2026%2F06%2F19%2Fwinning-at-casinos-essential-strategies-for%2F HTTP/2" 200 1081 "https://dealzandfreebies.com/2026/06/19/winning-at-casinos-essential-strategies-for/" "Mozilla/5.0 AppleWebKit/537.36 (KHTML, like Gecko; compatible; GPTBot/1.4; +https://openai.com/gptbot)"
74.7.241.32 - - [23/Jun/2026:05:56:34 -0700] "GET /wp-json/oembed/1.0/embed?url=https%3A%2F%2Fdealzandfreebies.com%2F2026%2F06%2F19%2Ffive-hundred-very-free-goslotty-spins-no-deposit-2023-first-put-extra%2F HTTP/2" 200 1132 "https://dealzandfreebies.com/2026/06/19/five-hundred-very-free-goslotty-spins-no-deposit-2023-first-put-extra/" "Mozilla/5.0 AppleWebKit/537.36 (KHTML, like Gecko; compatible; GPTBot/1.4; +https://openai.com/gptbot)"
74.7.241.32 - - [23/Jun/2026:05:56:35 -0700] "GET /?p=165445 HTTP/2" 301 0 "https://dealzandfreebies.com/2026/06/23/to-try-out-approaches-for-pub-las-vegas-ports-casino-games-mod/" "Mozilla/5.0 AppleWebKit/537.36 (KHTML, like Gecko; compatible; GPTBot/1.4; +https://openai.com/gptbot)"
74.7.241.32 - - [23/Jun/2026:05:56:35 -0700] "GET /?p=137208 HTTP/2" 301 0 "https://dealzandfreebies.com/2026/06/19/the-fresh-new-ukgc-audits-operators-continuously-to-confirm-compliance-that-have-reasonable-enjoy-conditions/" "Mozilla/5.0 AppleWebKit/537.36 (KHTML, like Gecko; compatible; GPTBot/1.4; +https://openai.com/gptbot)"
136.243.228.180 - - [23/Jun/2026:05:56:35 -0700] "GET /2026/06/17/each-month-i-test-each-contract-to-be-sure-you-have-made-precisely-the-top-solutions/ HTTP/1.1" 200 28682 "-" "Mozilla/5.0 (compatible; DataForSeoBot/1.0; +https://dataforseo.com/dataforseo-bot)"
74.7.241.32 - - [23/Jun/2026:05:56:36 -0700] "GET /2026/06/23/for-each-and-every-gambling-establishment-sets-its-own-gambling-constraints-considering-business-method-and-you-can-pro-demographics/ HTTP/2" 200 27874 "https://dealzandfreebies.com/2026/06/23/to-try-out-approaches-for-pub-las-vegas-ports-casino-games-mod/" "Mozilla/5.0 AppleWebKit/537.36 (KHTML, like Gecko; compatible; GPTBot/1.4; +https://openai.com/gptbot)"
74.7.241.32 - - [23/Jun/2026:05:56:36 -0700] "GET /?p=165515 HTTP/2" 301 0 "https://dealzandfreebies.com/2026/06/23/most-useful-one-hundred-ports-on-line-most-readily-useful-online-game-get-predicated-on-genuine-gambling-establishment-data/" "Mozilla/5.0 AppleWebKit/537.36 (KHTML, like Gecko; compatible; GPTBot/1.4; +https://openai.com/gptbot)"
74.7.241.32 - - [23/Jun/2026:05:56:38 -0700] "GET /?p=137111 HTTP/2" 301 0 "https://dealzandfreebies.com/2026/06/19/es-handelt-sich-hierbei-um-12-for-free-spins-nachfolgende-ihr-je-ebendiese-verifizierung-eurer-mobilnummer-erhaltet/" "Mozilla/5.0 AppleWebKit/537.36 (KHTML, like Gecko; compatible; GPTBot/1.4; +https://openai.com/gptbot)"
74.7.241.32 - - [23/Jun/2026:05:56:38 -0700] "GET /2026/06/19/on-the-onlinecasinos-i24slot-app-apk-download-com/ HTTP/2" 200 28935 "https://dealzandfreebies.com/2026/06/19/es-handelt-sich-hierbei-um-12-for-free-spins-nachfolgende-ihr-je-ebendiese-verifizierung-eurer-mobilnummer-erhaltet/" "Mozilla/5.0 AppleWebKit/537.36 (KHTML, like Gecko; compatible; GPTBot/1.4; +https://openai.com/gptbot)"
74.7.241.32 - - [23/Jun/2026:05:56:39 -0700] "GET /2026/06/19/oficialnyi-sait-igrat-v-onlain-kazino-pinco4254/ HTTP/2" 200 28995 "https://dealzandfreebies.com/2026/06/19/the-fresh-new-ukgc-audits-operators-continuously-to-confirm-compliance-that-have-reasonable-enjoy-conditions/" "Mozilla/5.0 AppleWebKit/537.36 (KHTML, like Gecko; compatible; GPTBot/1.4; +https://openai.com/gptbot)"
74.7.241.32 - - [23/Jun/2026:05:56:40 -0700] "GET /wp-json/oembed/1.0/embed?url=https%3A%2F%2Fdealzandfreebies.com%2F2026%2F06%2F19%2Fthe-fresh-new-ukgc-audits-operators-continuously-to-confirm-compliance-that-have-reasonable-enjoy-conditions%2F HTTP/2" 200 1141 "https://dealzandfreebies.com/2026/06/19/the-fresh-new-ukgc-audits-operators-continuously-to-confirm-compliance-that-have-reasonable-enjoy-conditions/" "Mozilla/5.0 AppleWebKit/537.36 (KHTML, like Gecko; compatible; GPTBot/1.4; +https://openai.com/gptbot)"
136.243.228.180 - - [23/Jun/2026:05:56:40 -0700] "GET /2026/06/17/exploring-real-life-use-cases-of-ethereum/ HTTP/1.1" 200 27703 "-" "Mozilla/5.0 (compatible; DataForSeoBot/1.0; +https://dataforseo.com/dataforseo-bot)"
74.7.241.32 - - [23/Jun/2026:05:56:41 -0700] "GET /wp-json/oembed/1.0/embed?url=https%3A%2F%2Fdealzandfreebies.com%2F2026%2F06%2F23%2Fto-try-out-approaches-for-pub-las-vegas-ports-casino-games-mod%2F HTTP/2" 200 1115 "https://dealzandfreebies.com/2026/06/23/to-try-out-approaches-for-pub-las-vegas-ports-casino-games-mod/" "Mozilla/5.0 AppleWebKit/537.36 (KHTML, like Gecko; compatible; GPTBot/1.4; +https://openai.com/gptbot)"
74.7.241.32 - - [23/Jun/2026:05:56:41 -0700] "GET /wp-json/oembed/1.0/embed?url=https%3A%2F%2Fdealzandfreebies.com%2F2026%2F06%2F19%2Fes-handelt-sich-hierbei-um-12-for-free-spins-nachfolgende-ihr-je-ebendiese-verifizierung-eurer-mobilnummer-erhaltet%2F HTTP/2" 200 1164 "https://dealzandfreebies.com/2026/06/19/es-handelt-sich-hierbei-um-12-for-free-spins-nachfolgende-ihr-je-ebendiese-verifizierung-eurer-mobilnummer-erhaltet/" "Mozilla/5.0 AppleWebKit/537.36 (KHTML, like Gecko; compatible; GPTBot/1.4; +https://openai.com/gptbot)"
74.7.241.32 - - [23/Jun/2026:05:56:42 -0700] "GET /wp-json/oembed/1.0/embed?url=https%3A%2F%2Fdealzandfreebies.com%2F2026%2F06%2F23%2Fmost-useful-one-hundred-ports-on-line-most-readily-useful-online-game-get-predicated-on-genuine-gambling-establishment-data%2F HTTP/2" 200 1168 "https://dealzandfreebies.com/2026/06/23/most-useful-one-hundred-ports-on-line-most-readily-useful-online-game-get-predicated-on-genuine-gambling-establishment-data/" "Mozilla/5.0 AppleWebKit/537.36 (KHTML, like Gecko; compatible; GPTBot/1.4; +https://openai.com/gptbot)"
74.7.241.32 - - [23/Jun/2026:05:56:42 -0700] "GET /wp-json/wp/v2/posts/165515 HTTP/2" 200 2765 "https://dealzandfreebies.com/2026/06/23/most-useful-one-hundred-ports-on-line-most-readily-useful-online-game-get-predicated-on-genuine-gambling-establishment-data/" "Mozilla/5.0 AppleWebKit/537.36 (KHTML, like Gecko; compatible; GPTBot/1.4; +https://openai.com/gptbot)"
74.7.241.32 - - [23/Jun/2026:05:56:43 -0700] "GET /wp-json/wp/v2/posts/165445 HTTP/2" 200 3370 "https://dealzandfreebies.com/2026/06/23/to-try-out-approaches-for-pub-las-vegas-ports-casino-games-mod/" "Mozilla/5.0 AppleWebKit/537.36 (KHTML, like Gecko; compatible; GPTBot/1.4; +https://openai.com/gptbot)"
74.7.241.32 - - [23/Jun/2026:05:56:43 -0700] "GET /?p=165443 HTTP/2" 301 0 "https://dealzandfreebies.com/2026/06/23/for-each-and-every-gambling-establishment-sets-its-own-gambling-constraints-considering-business-method-and-you-can-pro-demographics/" "Mozilla/5.0 AppleWebKit/537.36 (KHTML, like Gecko; compatible; GPTBot/1.4; +https://openai.com/gptbot)"
136.243.228.180 - - [23/Jun/2026:05:56:43 -0700] "GET /2026/06/17/yard-casino-otzyvy-polzovatelej-i-vpechatlenija-ot-398/ HTTP/1.1" 200 28724 "-" "Mozilla/5.0 (compatible; DataForSeoBot/1.0; +https://dataforseo.com/dataforseo-bot)"
74.7.241.32 - - [23/Jun/2026:05:56:44 -0700] "GET /2026/06/23/come-registrarsi-al-scompiglio-betflag-per-la-cie/ HTTP/2" 200 28230 "https://dealzandfreebies.com/2026/06/23/for-each-and-every-gambling-establishment-sets-its-own-gambling-constraints-considering-business-method-and-you-can-pro-demographics/" "Mozilla/5.0 AppleWebKit/537.36 (KHTML, like Gecko; compatible; GPTBot/1.4; +https://openai.com/gptbot)"
74.7.241.32 - - [23/Jun/2026:05:56:45 -0700] "GET /wp-json/oembed/1.0/embed?url=https%3A%2F%2Fdealzandfreebies.com%2F2026%2F06%2F23%2Ffor-each-and-every-gambling-establishment-sets-its-own-gambling-constraints-considering-business-method-and-you-can-pro-demographics%2F HTTP/2" 200 1155 "https://dealzandfreebies.com/2026/06/23/for-each-and-every-gambling-establishment-sets-its-own-gambling-constraints-considering-business-method-and-you-can-pro-demographics/" "Mozilla/5.0 AppleWebKit/537.36 (KHTML, like Gecko; compatible; GPTBot/1.4; +https://openai.com/gptbot)"
74.7.241.32 - - [23/Jun/2026:05:56:45 -0700] "GET /?p=137108 HTTP/2" 301 0 "https://dealzandfreebies.com/2026/06/19/on-the-onlinecasinos-i24slot-app-apk-download-com/" "Mozilla/5.0 AppleWebKit/537.36 (KHTML, like Gecko; compatible; GPTBot/1.4; +https://openai.com/gptbot)"
74.7.241.32 - - [23/Jun/2026:05:56:46 -0700] "GET /?p=137210 HTTP/2" 301 0 "https://dealzandfreebies.com/2026/06/19/oficialnyi-sait-igrat-v-onlain-kazino-pinco4254/" "Mozilla/5.0 AppleWebKit/537.36 (KHTML, like Gecko; compatible; GPTBot/1.4; +https://openai.com/gptbot)"
74.7.241.32 - - [23/Jun/2026:05:56:46 -0700] "GET /2026/06/19/slots-casino-dolphins-pearl-deluxe-slot-for-cash-united-states-of-america/ HTTP/2" 200 29004 "https://dealzandfreebies.com/2026/06/19/on-the-onlinecasinos-i24slot-app-apk-download-com/" "Mozilla/5.0 AppleWebKit/537.36 (KHTML, like Gecko; compatible; GPTBot/1.4; +https://openai.com/gptbot)"
185.191.171.8 - - [23/Jun/2026:05:56:46 -0700] "GET /2026/06/22/paysafecard-war-ne-einfache-richtige-opportunitat-inside-gangbar-casinos-bares-einzuzahlen/ HTTP/1.1" 200 34359 "-" "Mozilla/5.0 (compatible; SemrushBot/7~bl; +http://www.semrush.com/bot.html)"
74.7.241.32 - - [23/Jun/2026:05:56:47 -0700] "GET /2026/06/19/bettiloginuk-casino-review-the-ultimate-online-casino-experience-for-uk-players/ HTTP/2" 200 28196 "https://dealzandfreebies.com/2026/06/19/oficialnyi-sait-igrat-v-onlain-kazino-pinco4254/" "Mozilla/5.0 AppleWebKit/537.36 (KHTML, like Gecko; compatible; GPTBot/1.4; +https://openai.com/gptbot)"
74.7.241.32 - - [23/Jun/2026:05:56:48 -0700] "GET /wp-json/wp/v2/posts/137210 HTTP/2" 200 5385 "https://dealzandfreebies.com/2026/06/19/oficialnyi-sait-igrat-v-onlain-kazino-pinco4254/" "Mozilla/5.0 AppleWebKit/537.36 (KHTML, like Gecko; compatible; GPTBot/1.4; +https://openai.com/gptbot)"
74.7.241.32 - - [23/Jun/2026:05:56:48 -0700] "GET /wp-json/wp/v2/posts/137111 HTTP/2" 200 4668 "https://dealzandfreebies.com/2026/06/19/es-handelt-sich-hierbei-um-12-for-free-spins-nachfolgende-ihr-je-ebendiese-verifizierung-eurer-mobilnummer-erhaltet/" "Mozilla/5.0 AppleWebKit/537.36 (KHTML, like Gecko; compatible; GPTBot/1.4; +https://openai.com/gptbot)"
74.7.241.32 - - [23/Jun/2026:05:56:49 -0700] "GET /wp-json/wp/v2/posts/137208 HTTP/2" 200 4167 "https://dealzandfreebies.com/2026/06/19/the-fresh-new-ukgc-audits-operators-continuously-to-confirm-compliance-that-have-reasonable-enjoy-conditions/" "Mozilla/5.0 AppleWebKit/537.36 (KHTML, like Gecko; compatible; GPTBot/1.4; +https://openai.com/gptbot)"
74.7.241.32 - - [23/Jun/2026:05:56:49 -0700] "GET /wp-json/wp/v2/posts/165443 HTTP/2" 200 3087 "https://dealzandfreebies.com/2026/06/23/for-each-and-every-gambling-establishment-sets-its-own-gambling-constraints-considering-business-method-and-you-can-pro-demographics/" "Mozilla/5.0 AppleWebKit/537.36 (KHTML, like Gecko; compatible; GPTBot/1.4; +https://openai.com/gptbot)"
136.243.228.180 - - [23/Jun/2026:05:56:47 -0700] "GET /2026/06/17/top-online-slots-viziteaz-azi-23/ HTTP/1.1" 200 280191 "-" "Mozilla/5.0 (compatible; DataForSeoBot/1.0; +https://dataforseo.com/dataforseo-bot)"
91.243.101.178 - - [23/Jun/2026:05:56:49 -0700] "GET /2026/06/11/best-play-to-earn-games-uk-field-memo-your-51/ HTTP/1.1" 200 28505 "-" "Mozilla/5.0 (iPhone; CPU iPhone OS 13_7 like Mac OS X) AppleWebKit/536.1 (KHTML, like Gecko) CriOS/52.0.821.0 Mobile/02O477 Safari/536.1"
74.7.241.32 - - [23/Jun/2026:05:56:50 -0700] "GET /wp-json/wp/v2/posts/137108 HTTP/2" 200 4065 "https://dealzandfreebies.com/2026/06/19/on-the-onlinecasinos-i24slot-app-apk-download-com/" "Mozilla/5.0 AppleWebKit/537.36 (KHTML, like Gecko; compatible; GPTBot/1.4; +https://openai.com/gptbot)"
74.7.241.32 - - [23/Jun/2026:05:56:50 -0700] "GET /?p=165440 HTTP/2" 301 0 "https://dealzandfreebies.com/2026/06/23/come-registrarsi-al-scompiglio-betflag-per-la-cie/" "Mozilla/5.0 AppleWebKit/537.36 (KHTML, like Gecko; compatible; GPTBot/1.4; +https://openai.com/gptbot)"
185.191.171.16 - - [23/Jun/2026:05:56:51 -0700] "GET /2026/06/22/mr-green-casino-egyptian-rebirth-paypal-comment-2026-bonuses-online-game-protection/ HTTP/1.1" 200 35095 "-" "Mozilla/5.0 (compatible; SemrushBot/7~bl; +http://www.semrush.com/bot.html)"
74.7.241.32 - - [23/Jun/2026:05:56:51 -0700] "GET /2026/06/23/hellspin-holds-lucrurile-simple-oferind-doar-visa-de-asemenea-i-mastercard-pentru-ca-metode-din-plata/ HTTP/2" 200 28113 "https://dealzandfreebies.com/2026/06/23/come-registrarsi-al-scompiglio-betflag-per-la-cie/" "Mozilla/5.0 AppleWebKit/537.36 (KHTML, like Gecko; compatible; GPTBot/1.4; +https://openai.com/gptbot)"
136.243.228.180 - - [23/Jun/2026:05:56:51 -0700] "GET /2026/06/17/successful-was-lower-than-ever-with-las-vegas-only-a-faucet-out/ HTTP/1.1" 200 27808 "-" "Mozilla/5.0 (compatible; DataForSeoBot/1.0; +https://dataforseo.com/dataforseo-bot)"
74.7.241.32 - - [23/Jun/2026:05:56:52 -0700] "GET /wp-json/wp/v2/posts/165440 HTTP/2" 200 3215 "https://dealzandfreebies.com/2026/06/23/come-registrarsi-al-scompiglio-betflag-per-la-cie/" "Mozilla/5.0 AppleWebKit/537.36 (KHTML, like Gecko; compatible; GPTBot/1.4; +https://openai.com/gptbot)"
74.7.241.32 - - [23/Jun/2026:05:56:53 -0700] "GET /wp-json/oembed/1.0/embed?url=https%3A%2F%2Fdealzandfreebies.com%2F2026%2F06%2F19%2Ffree-revolves-no-deposit-best-uk-harbors-offers-summer-2022%2F HTTP/2" 200 1104 "https://dealzandfreebies.com/2026/06/19/free-revolves-no-deposit-best-uk-harbors-offers-summer-2022/" "Mozilla/5.0 AppleWebKit/537.36 (KHTML, like Gecko; compatible; GPTBot/1.4; +https://openai.com/gptbot)"
74.7.241.32 - - [23/Jun/2026:05:56:53 -0700] "GET /?p=137104 HTTP/2" 301 0 "https://dealzandfreebies.com/2026/06/19/slots-casino-dolphins-pearl-deluxe-slot-for-cash-united-states-of-america/" "Mozilla/5.0 AppleWebKit/537.36 (KHTML, like Gecko; compatible; GPTBot/1.4; +https://openai.com/gptbot)"
74.7.241.32 - - [23/Jun/2026:05:56:54 -0700] "GET /?p=137212 HTTP/2" 301 0 "https://dealzandfreebies.com/2026/06/19/bettiloginuk-casino-review-the-ultimate-online-casino-experience-for-uk-players/" "Mozilla/5.0 AppleWebKit/537.36 (KHTML, like Gecko; compatible; GPTBot/1.4; +https://openai.com/gptbot)"
74.7.241.32 - - [23/Jun/2026:05:56:54 -0700] "GET /2026/06/19/feuern-sie-diesseitigen-anblick-in-diese-nachfolgende-skizze-damit-mehr-angaben-hinten-beibehalten/ HTTP/2" 200 30416 "https://dealzandfreebies.com/2026/06/19/slots-casino-dolphins-pearl-deluxe-slot-for-cash-united-states-of-america/" "Mozilla/5.0 AppleWebKit/537.36 (KHTML, like Gecko; compatible; GPTBot/1.4; +https://openai.com/gptbot)"
74.7.241.32 - - [23/Jun/2026:05:56:55 -0700] "GET /2026/06/19/pin-up-azrbaycann-n-yax-kazinosu-rsmi-sayt-3113/ HTTP/2" 200 26848 "https://dealzandfreebies.com/2026/06/19/bettiloginuk-casino-review-the-ultimate-online-casino-experience-for-uk-players/" "Mozilla/5.0 AppleWebKit/537.36 (KHTML, like Gecko; compatible; GPTBot/1.4; +https://openai.com/gptbot)"
74.7.241.32 - - [23/Jun/2026:05:56:56 -0700] "GET /wp-json/oembed/1.0/embed?url=https%3A%2F%2Fdealzandfreebies.com%2F2026%2F06%2F19%2Fslots-casino-dolphins-pearl-deluxe-slot-for-cash-united-states-of-america%2F HTTP/2" 200 1124 "https://dealzandfreebies.com/2026/06/19/slots-casino-dolphins-pearl-deluxe-slot-for-cash-united-states-of-america/" "Mozilla/5.0 AppleWebKit/537.36 (KHTML, like Gecko; compatible; GPTBot/1.4; +https://openai.com/gptbot)"
136.243.228.180 - - [23/Jun/2026:05:56:56 -0700] "GET /2026/06/17/spruche-zum-70-wiegenfest-kurze-gold-rally-online-slot-ferner-lustige-gluckwunsche/ HTTP/1.1" 200 30307 "-" "Mozilla/5.0 (compatible; DataForSeoBot/1.0; +https://dataforseo.com/dataforseo-bot)"
74.7.241.32 - - [23/Jun/2026:05:56:56 -0700] "GET /wp-json/oembed/1.0/embed?url=https%3A%2F%2Fdealzandfreebies.com%2F2026%2F06%2F19%2Fbettiloginuk-casino-review-the-ultimate-online-casino-experience-for-uk-players%2F HTTP/2" 200 1132 "https://dealzandfreebies.com/2026/06/19/bettiloginuk-casino-review-the-ultimate-online-casino-experience-for-uk-players/" "Mozilla/5.0 AppleWebKit/537.36 (KHTML, like Gecko; compatible; GPTBot/1.4; +https://openai.com/gptbot)"
74.7.241.32 - - [23/Jun/2026:05:56:57 -0700] "GET /wp-json/wp/v2/posts/137212 HTTP/2" 200 3431 "https://dealzandfreebies.com/2026/06/19/bettiloginuk-casino-review-the-ultimate-online-casino-experience-for-uk-players/" "Mozilla/5.0 AppleWebKit/537.36 (KHTML, like Gecko; compatible; GPTBot/1.4; +https://openai.com/gptbot)"
74.7.241.32 - - [23/Jun/2026:05:56:57 -0700] "GET /wp-json/wp/v2/posts/137104 HTTP/2" 200 4169 "https://dealzandfreebies.com/2026/06/19/slots-casino-dolphins-pearl-deluxe-slot-for-cash-united-states-of-america/" "Mozilla/5.0 AppleWebKit/537.36 (KHTML, like Gecko; compatible; GPTBot/1.4; +https://openai.com/gptbot)"
74.7.241.32 - - [23/Jun/2026:05:56:58 -0700] "GET /?p=165439 HTTP/2" 301 0 "https://dealzandfreebies.com/2026/06/23/hellspin-holds-lucrurile-simple-oferind-doar-visa-de-asemenea-i-mastercard-pentru-ca-metode-din-plata/" "Mozilla/5.0 AppleWebKit/537.36 (KHTML, like Gecko; compatible; GPTBot/1.4; +https://openai.com/gptbot)"
216.73.217.103 - - [23/Jun/2026:05:56:58 -0700] "GET /2026/06/23/b-gamings-fruit-mil-also-offers-a-comparable-gameplay-to-that-slot/ HTTP/2" 200 27681 "-" "Mozilla/5.0 AppleWebKit/537.36 (KHTML, like Gecko; compatible; ClaudeBot/1.0; +claudebot@anthropic.com)"
74.7.241.32 - - [23/Jun/2026:05:56:59 -0700] "GET /2026/06/23/avalon-slot-allege-an-excellent-40000x-legendary-appreciate/ HTTP/2" 200 30678 "https://dealzandfreebies.com/2026/06/23/hellspin-holds-lucrurile-simple-oferind-doar-visa-de-asemenea-i-mastercard-pentru-ca-metode-din-plata/" "Mozilla/5.0 AppleWebKit/537.36 (KHTML, like Gecko; compatible; GPTBot/1.4; +https://openai.com/gptbot)"
74.7.241.32 - - [23/Jun/2026:05:56:59 -0700] "GET /wp-json/oembed/1.0/embed?url=https%3A%2F%2Fdealzandfreebies.com%2F2026%2F06%2F23%2Fhellspin-holds-lucrurile-simple-oferind-doar-visa-de-asemenea-i-mastercard-pentru-ca-metode-din-plata%2F HTTP/2" 200 1169 "https://dealzandfreebies.com/2026/06/23/hellspin-holds-lucrurile-simple-oferind-doar-visa-de-asemenea-i-mastercard-pentru-ca-metode-din-plata/" "Mozilla/5.0 AppleWebKit/537.36 (KHTML, like Gecko; compatible; GPTBot/1.4; +https://openai.com/gptbot)"
74.7.241.32 - - [23/Jun/2026:05:57:00 -0700] "GET /wp-json/wp/v2/posts/165439 HTTP/2" 200 3123 "https://dealzandfreebies.com/2026/06/23/hellspin-holds-lucrurile-simple-oferind-doar-visa-de-asemenea-i-mastercard-pentru-ca-metode-din-plata/" "Mozilla/5.0 AppleWebKit/537.36 (KHTML, like Gecko; compatible; GPTBot/1.4; +https://openai.com/gptbot)"
136.243.228.180 - - [23/Jun/2026:05:57:00 -0700] "GET /2026/06/17/le-nostre-slot-online-in-regalo-non-richiedono-download-addirittura-presentano-una-vasta-tipo-di-temi/ HTTP/1.1" 200 28087 "-" "Mozilla/5.0 (compatible; DataForSeoBot/1.0; +https://dataforseo.com/dataforseo-bot)"
74.7.241.32 - - [23/Jun/2026:05:57:00 -0700] "GET /wp-json/oembed/1.0/embed?url=https%3A%2F%2Fdealzandfreebies.com%2F2026%2F06%2F19%2F700-no-deposit-slots-2022-score-20-30-fifty-100-100-percent-free-spins%2F HTTP/2" 200 1123 "https://dealzandfreebies.com/2026/06/19/700-no-deposit-slots-2022-score-20-30-fifty-100-100-percent-free-spins/" "Mozilla/5.0 AppleWebKit/537.36 (KHTML, like Gecko; compatible; GPTBot/1.4; +https://openai.com/gptbot)"
74.7.241.32 - - [23/Jun/2026:05:57:01 -0700] "GET /?p=137102 HTTP/2" 301 0 "https://dealzandfreebies.com/2026/06/19/feuern-sie-diesseitigen-anblick-in-diese-nachfolgende-skizze-damit-mehr-angaben-hinten-beibehalten/" "Mozilla/5.0 AppleWebKit/537.36 (KHTML, like Gecko; compatible; GPTBot/1.4; +https://openai.com/gptbot)"
74.7.241.32 - - [23/Jun/2026:05:57:02 -0700] "GET /?p=137214 HTTP/2" 301 0 "https://dealzandfreebies.com/2026/06/19/pin-up-azrbaycann-n-yax-kazinosu-rsmi-sayt-3113/" "Mozilla/5.0 AppleWebKit/537.36 (KHTML, like Gecko; compatible; GPTBot/1.4; +https://openai.com/gptbot)"
74.7.241.32 - - [23/Jun/2026:05:57:02 -0700] "GET /2026/06/19/providing-the-thorough-experience-in-the-united-states-bling-webpages-that-have-a-great-cellular-gambling-establishment-app-to-complement/ HTTP/2" 200 27782 "https://dealzandfreebies.com/2026/06/19/pin-up-azrbaycann-n-yax-kazinosu-rsmi-sayt-3113/" "Mozilla/5.0 AppleWebKit/537.36 (KHTML, like Gecko; compatible; GPTBot/1.4; +https://openai.com/gptbot)"
74.7.241.32 - - [23/Jun/2026:05:57:03 -0700] "GET /2026/06/19/real-money-spinfest-harbors-against-on-the-web-slot-games/ HTTP/2" 200 29017 "https://dealzandfreebies.com/2026/06/19/feuern-sie-diesseitigen-anblick-in-diese-nachfolgende-skizze-damit-mehr-angaben-hinten-beibehalten/" "Mozilla/5.0 AppleWebKit/537.36 (KHTML, like Gecko; compatible; GPTBot/1.4; +https://openai.com/gptbot)"
14.188.52.201 - - [23/Jun/2026:05:57:04 -0700] "GET /2026/06/06/guess-swagger-casino-reputation-among-gamers-and-industry-consultants-especialistas-en-crear-sonrisas/%7B(%7Btcb_featured_image_url%20size=large%7D HTTP/1.1" 403 0 "-" "Mozilla/5.0 (compatible; MSIE 8.0; Windows 95; Trident/4.0)"
136.243.228.180 - - [23/Jun/2026:05:57:04 -0700] "GET /2026/06/17/spin-date-local-casino-promotion-password-sales-sometimes-is-free-keno-records-including-throughout-promotion-window/ HTTP/1.1" 200 28826 "-" "Mozilla/5.0 (compatible; DataForSeoBot/1.0; +https://dataforseo.com/dataforseo-bot)"
57.141.18.38 - - [23/Jun/2026:05:57:04 -0700] "GET /2026/06/21/migliori-crypto-confusione-del-2026-siti-scompiglio-sopra-bitcoin/ HTTP/2" 200 138815 "-" "meta-externalagent/1.1 (+https://developers.facebook.com/docs/sharing/webmasters/crawler)"
74.7.241.32 - - [23/Jun/2026:05:57:04 -0700] "GET /wp-json/oembed/1.0/embed?url=https%3A%2F%2Fdealzandfreebies.com%2F2026%2F06%2F19%2Ffeuern-sie-diesseitigen-anblick-in-diese-nachfolgende-skizze-damit-mehr-angaben-hinten-beibehalten%2F HTTP/2" 200 1149 "https://dealzandfreebies.com/2026/06/19/feuern-sie-diesseitigen-anblick-in-diese-nachfolgende-skizze-damit-mehr-angaben-hinten-beibehalten/" "Mozilla/5.0 AppleWebKit/537.36 (KHTML, like Gecko; compatible; GPTBot/1.4; +https://openai.com/gptbot)"
57.141.18.108 - - [23/Jun/2026:05:57:04 -0700] "GET /wp-json/wp/v2/posts/157845 HTTP/2" 200 12991 "-" "meta-externalagent/1.1 (+https://developers.facebook.com/docs/sharing/webmasters/crawler)"
74.7.241.32 - - [23/Jun/2026:05:57:05 -0700] "GET /wp-json/wp/v2/posts/137102 HTTP/2" 200 5312 "https://dealzandfreebies.com/2026/06/19/feuern-sie-diesseitigen-anblick-in-diese-nachfolgende-skizze-damit-mehr-angaben-hinten-beibehalten/" "Mozilla/5.0 AppleWebKit/537.36 (KHTML, like Gecko; compatible; GPTBot/1.4; +https://openai.com/gptbot)"
74.7.241.32 - - [23/Jun/2026:05:57:05 -0700] "GET /wp-json/wp/v2/posts/137214 HTTP/2" 200 1988 "https://dealzandfreebies.com/2026/06/19/pin-up-azrbaycann-n-yax-kazinosu-rsmi-sayt-3113/" "Mozilla/5.0 AppleWebKit/537.36 (KHTML, like Gecko; compatible; GPTBot/1.4; +https://openai.com/gptbot)"
74.7.241.32 - - [23/Jun/2026:05:57:06 -0700] "GET /?p=165437 HTTP/2" 301 0 "https://dealzandfreebies.com/2026/06/23/avalon-slot-allege-an-excellent-40000x-legendary-appreciate/" "Mozilla/5.0 AppleWebKit/537.36 (KHTML, like Gecko; compatible; GPTBot/1.4; +https://openai.com/gptbot)"
74.7.241.32 - - [23/Jun/2026:05:57:06 -0700] "GET /2026/06/23/disclaimer-przez-internet-gambling-laws-and-regulations-disagree-all-over-nations-and-you-can-countries/ HTTP/2" 200 28000 "https://dealzandfreebies.com/2026/06/23/avalon-slot-allege-an-excellent-40000x-legendary-appreciate/" "Mozilla/5.0 AppleWebKit/537.36 (KHTML, like Gecko; compatible; GPTBot/1.4; +https://openai.com/gptbot)"
74.7.241.32 - - [23/Jun/2026:05:57:07 -0700] "GET /wp-json/wp/v2/posts/165437 HTTP/2" 200 5825 "https://dealzandfreebies.com/2026/06/23/avalon-slot-allege-an-excellent-40000x-legendary-appreciate/" "Mozilla/5.0 AppleWebKit/537.36 (KHTML, like Gecko; compatible; GPTBot/1.4; +https://openai.com/gptbot)"
74.7.241.32 - - [23/Jun/2026:05:57:08 -0700] "GET /wp-json/oembed/1.0/embed?url=https%3A%2F%2Fdealzandfreebies.com%2F2026%2F06%2F23%2Favalon-slot-allege-an-excellent-40000x-legendary-appreciate%2F HTTP/2" 200 1101 "https://dealzandfreebies.com/2026/06/23/avalon-slot-allege-an-excellent-40000x-legendary-appreciate/" "Mozilla/5.0 AppleWebKit/537.36 (KHTML, like Gecko; compatible; GPTBot/1.4; +https://openai.com/gptbot)"
136.243.228.180 - - [23/Jun/2026:05:57:07 -0700] "GET /2026/06/17/casino-demand-detachment-limitations-so-youre-able-to-progressive-jackpot-wins/ HTTP/1.1" 200 27560 "-" "Mozilla/5.0 (compatible; DataForSeoBot/1.0; +https://dataforseo.com/dataforseo-bot)"
74.7.241.32 - - [23/Jun/2026:05:57:08 -0700] "GET /wp-json/oembed/1.0/embed?url=https%3A%2F%2Fdealzandfreebies.com%2F2026%2F06%2F19%2Ffree-revolves-no-deposit-british-the-fresh%2F HTTP/2" 200 1087 "https://dealzandfreebies.com/2026/06/19/free-revolves-no-deposit-british-the-fresh/" "Mozilla/5.0 AppleWebKit/537.36 (KHTML, like Gecko; compatible; GPTBot/1.4; +https://openai.com/gptbot)"
74.7.241.32 - - [23/Jun/2026:05:57:09 -0700] "GET /wp-json/oembed/1.0/embed?url=https%3A%2F%2Fdealzandfreebies.com%2F2026%2F06%2F23%2Fcome-registrarsi-al-scompiglio-betflag-per-la-cie%2F HTTP/2" 200 1098 "https://dealzandfreebies.com/2026/06/23/come-registrarsi-al-scompiglio-betflag-per-la-cie/" "Mozilla/5.0 AppleWebKit/537.36 (KHTML, like Gecko; compatible; GPTBot/1.4; +https://openai.com/gptbot)"
74.7.241.32 - - [23/Jun/2026:05:57:09 -0700] "GET /?p=137216 HTTP/2" 301 0 "https://dealzandfreebies.com/2026/06/19/providing-the-thorough-experience-in-the-united-states-bling-webpages-that-have-a-great-cellular-gambling-establishment-app-to-complement/" "Mozilla/5.0 AppleWebKit/537.36 (KHTML, like Gecko; compatible; GPTBot/1.4; +https://openai.com/gptbot)"
74.7.241.32 - - [23/Jun/2026:05:57:10 -0700] "GET /?p=137100 HTTP/2" 301 0 "https://dealzandfreebies.com/2026/06/19/real-money-spinfest-harbors-against-on-the-web-slot-games/" "Mozilla/5.0 AppleWebKit/537.36 (KHTML, like Gecko; compatible; GPTBot/1.4; +https://openai.com/gptbot)"
104.255.170.81 - - [23/Jun/2026:05:57:10 -0700] "POST /wp-cron.php?doing_wp_cron=1782219430.8011820316314697265625 HTTP/1.1" 200 0 "-" "WordPress/7.0; https://dealzandfreebies.com"
185.153.199.239 - - [23/Jun/2026:05:57:09 -0700] "POST /xmlrpc.php HTTP/1.1" 200 181 "-" "Mozilla/5.0 (Windows NT 10.0; Win64; x64) AppleWebKit/537.36 (KHTML, like Gecko) Chrome/114.0.0.0 Safari/537.36"
74.7.241.32 - - [23/Jun/2026:05:57:11 -0700] "GET /2026/06/19/the-working-platform-welcomes-visa-bank-card-skrill-neteller-and-you-may-major-cryptocurrencies-making-certain-flexibility-per-player/ HTTP/2" 200 27922 "https://dealzandfreebies.com/2026/06/19/providing-the-thorough-experience-in-the-united-states-bling-webpages-that-have-a-great-cellular-gambling-establishment-app-to-complement/" "Mozilla/5.0 AppleWebKit/537.36 (KHTML, like Gecko; compatible; GPTBot/1.4; +https://openai.com/gptbot)"
74.7.241.32 - - [23/Jun/2026:05:57:11 -0700] "GET /2026/06/19/better-online-slots-gambling-enterprises-united-states-of-bonus-100-teambet-casino-america/ HTTP/2" 200 28996 "https://dealzandfreebies.com/2026/06/19/real-money-spinfest-harbors-against-on-the-web-slot-games/" "Mozilla/5.0 AppleWebKit/537.36 (KHTML, like Gecko; compatible; GPTBot/1.4; +https://openai.com/gptbot)"
98.98.148.151 - - [23/Jun/2026:05:57:11 -0700] "POST /xmlrpc.php HTTP/1.1" 200 181 "-" "Mozilla/5.0 (Windows NT 10.0; Win64; x64) AppleWebKit/537.36 (KHTML, like Gecko) Chrome/114.0.0.0 Safari/537.36"
57.141.18.95 - - [23/Jun/2026:05:57:12 -0700] "GET /wp-json/wp/v2/posts/153922 HTTP/2" 200 7766 "-" "meta-externalagent/1.1 (+https://developers.facebook.com/docs/sharing/webmasters/crawler)"
74.7.241.32 - - [23/Jun/2026:05:57:12 -0700] "GET /wp-json/oembed/1.0/embed?url=https%3A%2F%2Fdealzandfreebies.com%2F2026%2F06%2F19%2Fproviding-the-thorough-experience-in-the-united-states-bling-webpages-that-have-a-great-cellular-gambling-establishment-app-to-complement%2F HTTP/2" 200 1164 "https://dealzandfreebies.com/2026/06/19/providing-the-thorough-experience-in-the-united-states-bling-webpages-that-have-a-great-cellular-gambling-establishment-app-to-complement/" "Mozilla/5.0 AppleWebKit/537.36 (KHTML, like Gecko; compatible; GPTBot/1.4; +https://openai.com/gptbot)"
136.243.228.180 - - [23/Jun/2026:05:57:12 -0700] "GET /2026/06/17/das-deutsche-glucksspielmarkt-sei-durch-etablierten-giganten-entsprechend-netent-playtech-microgaming-beherrscht/ HTTP/1.1" 200 28734 "-" "Mozilla/5.0 (compatible; DataForSeoBot/1.0; +https://dataforseo.com/dataforseo-bot)"
74.7.241.32 - - [23/Jun/2026:05:57:13 -0700] "GET /wp-json/oembed/1.0/embed?url=https%3A%2F%2Fdealzandfreebies.com%2F2026%2F06%2F19%2Freal-money-spinfest-harbors-against-on-the-web-slot-games%2F HTTP/2" 200 1108 "https://dealzandfreebies.com/2026/06/19/real-money-spinfest-harbors-against-on-the-web-slot-games/" "Mozilla/5.0 AppleWebKit/537.36 (KHTML, like Gecko; compatible; GPTBot/1.4; +https://openai.com/gptbot)"
74.7.241.32 - - [23/Jun/2026:05:57:14 -0700] "GET /?p=165435 HTTP/2" 301 0 "https://dealzandfreebies.com/2026/06/23/disclaimer-przez-internet-gambling-laws-and-regulations-disagree-all-over-nations-and-you-can-countries/" "Mozilla/5.0 AppleWebKit/537.36 (KHTML, like Gecko; compatible; GPTBot/1.4; +https://openai.com/gptbot)"
74.7.241.32 - - [23/Jun/2026:05:57:14 -0700] "GET /2026/06/23/il-blackjack-live-una-cambiamento-vicenda-di-imbroglio/ HTTP/2" 200 27957 "https://dealzandfreebies.com/2026/06/23/disclaimer-przez-internet-gambling-laws-and-regulations-disagree-all-over-nations-and-you-can-countries/" "Mozilla/5.0 AppleWebKit/537.36 (KHTML, like Gecko; compatible; GPTBot/1.4; +https://openai.com/gptbot)"
74.7.241.32 - - [23/Jun/2026:05:57:15 -0700] "GET /wp-json/oembed/1.0/embed?url=https%3A%2F%2Fdealzandfreebies.com%2F2026%2F06%2F23%2Fdisclaimer-przez-internet-gambling-laws-and-regulations-disagree-all-over-nations-and-you-can-countries%2F HTTP/2" 200 1131 "https://dealzandfreebies.com/2026/06/23/disclaimer-przez-internet-gambling-laws-and-regulations-disagree-all-over-nations-and-you-can-countries/" "Mozilla/5.0 AppleWebKit/537.36 (KHTML, like Gecko; compatible; GPTBot/1.4; +https://openai.com/gptbot)"
74.7.241.32 - - [23/Jun/2026:05:57:16 -0700] "GET /wp-json/wp/v2/posts/137216 HTTP/2" 200 2903 "https://dealzandfreebies.com/2026/06/19/providing-the-thorough-experience-in-the-united-states-bling-webpages-that-have-a-great-cellular-gambling-establishment-app-to-complement/" "Mozilla/5.0 AppleWebKit/537.36 (KHTML, like Gecko; compatible; GPTBot/1.4; +https://openai.com/gptbot)"
136.243.228.180 - - [23/Jun/2026:05:57:15 -0700] "GET /2026/06/17/ancient-leo-ubersetzung-im-golden-dragon-casino-englisch-deutsche-sprache-verzeichnis/ HTTP/1.1" 200 29535 "-" "Mozilla/5.0 (compatible; DataForSeoBot/1.0; +https://dataforseo.com/dataforseo-bot)"
185.191.171.13 - - [23/Jun/2026:05:57:15 -0700] "GET /2026/06/21/the-gamer-regarding-ireland-got-his-winnings-capped-rather-than-next-reason/ HTTP/1.1" 200 34254 "-" "Mozilla/5.0 (compatible; SemrushBot/7~bl; +http://www.semrush.com/bot.html)"
57.141.18.8 - - [23/Jun/2026:05:57:16 -0700] "GET /wp-json/oembed/1.0/embed?url=https%3A%2F%2Fdealzandfreebies.com%2F2026%2F06%2F22%2Fsolana-gambling-establishment-listing-2026-online-casinos-having-solana%2F HTTP/2" 200 2528 "-" "meta-externalagent/1.1 (+https://developers.facebook.com/docs/sharing/webmasters/crawler)"
74.7.241.32 - - [23/Jun/2026:05:57:16 -0700] "GET /wp-json/wp/v2/posts/137100 HTTP/2" 200 4203 "https://dealzandfreebies.com/2026/06/19/real-money-spinfest-harbors-against-on-the-web-slot-games/" "Mozilla/5.0 AppleWebKit/537.36 (KHTML, like Gecko; compatible; GPTBot/1.4; +https://openai.com/gptbot)"
74.7.241.32 - - [23/Jun/2026:05:57:17 -0700] "GET /wp-json/wp/v2/posts/165435 HTTP/2" 200 3218 "https://dealzandfreebies.com/2026/06/23/disclaimer-przez-internet-gambling-laws-and-regulations-disagree-all-over-nations-and-you-can-countries/" "Mozilla/5.0 AppleWebKit/537.36 (KHTML, like Gecko; compatible; GPTBot/1.4; +https://openai.com/gptbot)"
185.153.199.239 - - [23/Jun/2026:05:57:16 -0700] "POST /xmlrpc.php HTTP/1.1" 200 8038 "-" "Mozilla/5.0 (Windows NT 10.0; Win64; x64) AppleWebKit/537.36 (KHTML, like Gecko) Chrome/114.0.0.0 Safari/537.36"
74.7.241.32 - - [23/Jun/2026:05:57:17 -0700] "GET /wp-json/oembed/1.0/embed?url=https%3A%2F%2Fdealzandfreebies.com%2F2026%2F06%2F19%2Fyard-casino-mobilnaja-versija-platformy-i-igra-so-687%2F HTTP/2" 200 1168 "https://dealzandfreebies.com/2026/06/19/yard-casino-mobilnaja-versija-platformy-i-igra-so-687/" "Mozilla/5.0 AppleWebKit/537.36 (KHTML, like Gecko; compatible; GPTBot/1.4; +https://openai.com/gptbot)"
74.7.241.32 - - [23/Jun/2026:05:57:18 -0700] "GET /?p=137218 HTTP/2" 301 0 "https://dealzandfreebies.com/2026/06/19/the-working-platform-welcomes-visa-bank-card-skrill-neteller-and-you-may-major-cryptocurrencies-making-certain-flexibility-per-player/" "Mozilla/5.0 AppleWebKit/537.36 (KHTML, like Gecko; compatible; GPTBot/1.4; +https://openai.com/gptbot)"
185.153.199.239 - - [23/Jun/2026:05:57:17 -0700] "GET /2026/06/23/prominent-slot-game-an-entire-help-guide-to-the-essential-starred-online-slots-for-the-2025/ HTTP/1.1" 200 140376 "-" "Mozilla/5.0 (Windows NT 10.0; Win64; x64; rv:124.0) Gecko/20100101 Firefox/124.0"
74.7.241.32 - - [23/Jun/2026:05:57:18 -0700] "GET /?p=137098 HTTP/2" 301 0 "https://dealzandfreebies.com/2026/06/19/better-online-slots-gambling-enterprises-united-states-of-bonus-100-teambet-casino-america/" "Mozilla/5.0 AppleWebKit/537.36 (KHTML, like Gecko; compatible; GPTBot/1.4; +https://openai.com/gptbot)"
98.98.148.151 - - [23/Jun/2026:05:57:18 -0700] "POST /xmlrpc.php HTTP/1.1" 200 12519 "-" "Mozilla/5.0 (Windows NT 10.0; Win64; x64) AppleWebKit/537.36 (KHTML, like Gecko) Chrome/114.0.0.0 Safari/537.36"
85.208.96.202 - - [23/Jun/2026:05:57:18 -0700] "GET /2026/06/22/letzteren-finden-sie-droben-bei-der-syllabus-aller-boni-exklusive-einzahlung/ HTTP/1.1" 200 33502 "-" "Mozilla/5.0 (compatible; SemrushBot/7~bl; +http://www.semrush.com/bot.html)"
74.7.241.32 - - [23/Jun/2026:05:57:19 -0700] "GET /2026/06/19/big-places-can-also-be-possibly-subconsciously-build-participants-more-carefree-making-use-of-their-investing/ HTTP/2" 200 27861 "https://dealzandfreebies.com/2026/06/19/the-working-platform-welcomes-visa-bank-card-skrill-neteller-and-you-may-major-cryptocurrencies-making-certain-flexibility-per-player/" "Mozilla/5.0 AppleWebKit/537.36 (KHTML, like Gecko; compatible; GPTBot/1.4; +https://openai.com/gptbot)"
136.243.228.180 - - [23/Jun/2026:05:57:19 -0700] "GET /2026/06/17/decreased-towards-live-4-freispiele-dolphins-pearl-erfolg/ HTTP/1.1" 200 29831 "-" "Mozilla/5.0 (compatible; DataForSeoBot/1.0; +https://dataforseo.com/dataforseo-bot)"
74.7.241.32 - - [23/Jun/2026:05:57:20 -0700] "GET /2026/06/23/prominent-slot-game-an-entire-help-guide-to-the-essential-starred-online-slots-for-the-2025/ HTTP/2" 200 27645 "https://dealzandfreebies.com/2026/06/19/the-working-platform-welcomes-visa-bank-card-skrill-neteller-and-you-may-major-cryptocurrencies-making-certain-flexibility-per-player/" "Mozilla/5.0 AppleWebKit/537.36 (KHTML, like Gecko; compatible; GPTBot/1.4; +https://openai.com/gptbot)"
98.98.148.151 - - [23/Jun/2026:05:57:20 -0700] "GET /2026/06/23/w-tym-samym-czasie-optymalna-wyplata-z-bonusu-bez-depozytu-nie-powinien-przewyzszyc-125-zlotych/ HTTP/1.1" 200 143573 "-" "Mozilla/5.0 (Windows NT 10.0; rv:125.0) Gecko/20100101 Firefox/125.0"
74.7.241.32 - - [23/Jun/2026:05:57:21 -0700] "GET /2026/06/19/finest-online-slots-slingo-25-free-no-deposit-spins-games-the-real-deal-money-united-states/ HTTP/2" 200 28651 "https://dealzandfreebies.com/2026/06/19/better-online-slots-gambling-enterprises-united-states-of-bonus-100-teambet-casino-america/" "Mozilla/5.0 AppleWebKit/537.36 (KHTML, like Gecko; compatible; GPTBot/1.4; +https://openai.com/gptbot)"
74.7.241.32 - - [23/Jun/2026:05:57:22 -0700] "GET /?p=165433 HTTP/2" 301 0 "https://dealzandfreebies.com/2026/06/23/il-blackjack-live-una-cambiamento-vicenda-di-imbroglio/" "Mozilla/5.0 AppleWebKit/537.36 (KHTML, like Gecko; compatible; GPTBot/1.4; +https://openai.com/gptbot)"
74.7.241.32 - - [23/Jun/2026:05:57:22 -0700] "GET /2026/06/23/w-tym-samym-czasie-optymalna-wyplata-z-bonusu-bez-depozytu-nie-powinien-przewyzszyc-125-zlotych/ HTTP/2" 200 29566 "https://dealzandfreebies.com/2026/06/19/better-online-slots-gambling-enterprises-united-states-of-bonus-100-teambet-casino-america/" "Mozilla/5.0 AppleWebKit/537.36 (KHTML, like Gecko; compatible; GPTBot/1.4; +https://openai.com/gptbot)"
104.255.170.81 - - [23/Jun/2026:05:57:24 -0700] "POST /wp-cron.php?doing_wp_cron=1782219444.1476740837097167968750 HTTP/1.1" 200 0 "-" "WordPress/7.0; https://dealzandfreebies.com"
136.243.228.180 - - [23/Jun/2026:05:57:23 -0700] "GET /2026/06/17/google-sheets-operate-list-google-docs-editors-help/ HTTP/1.1" 200 28441 "-" "Mozilla/5.0 (compatible; DataForSeoBot/1.0; +https://dataforseo.com/dataforseo-bot)"
85.208.96.208 - - [23/Jun/2026:05:57:23 -0700] "GET /2026/06/21/loki-casino-play-and-you-may-slot-machine-the-incredible-hulk-earn-for-real-cash-in-australian-continent/ HTTP/1.1" 200 34563 "-" "Mozilla/5.0 (compatible; SemrushBot/7~bl; +http://www.semrush.com/bot.html)"
74.7.241.32 - - [23/Jun/2026:05:57:23 -0700] "GET /2026/06/23/the-fresh-new-signup-processes-is-very-important-in-terms-of-ranking-united-kingdom-on-line-casino-internet/ HTTP/2" 200 28937 "https://dealzandfreebies.com/2026/06/23/il-blackjack-live-una-cambiamento-vicenda-di-imbroglio/" "Mozilla/5.0 AppleWebKit/537.36 (KHTML, like Gecko; compatible; GPTBot/1.4; +https://openai.com/gptbot)"
