74.7.241.32 - - [23/Jun/2026:06:08:26 -0700] "GET /wp-json/oembed/1.0/embed?format=xml&url=https%3A%2F%2Fdealzandfreebies.com%2F2026%2F06%2F23%2Freichhaltig-bis-ins-detail-ausgearbeitet-vermag-ihr-en-bloc-roboter-wie-gleichfalls-auszahlungsquote-tatsachlich-kaum-aufgezeigt-sind%2F HTTP/2" 200 1205 "https://dealzandfreebies.com/2026/06/23/reichhaltig-bis-ins-detail-ausgearbeitet-vermag-ihr-en-bloc-roboter-wie-gleichfalls-auszahlungsquote-tatsachlich-kaum-aufgezeigt-sind/" "Mozilla/5.0 AppleWebKit/537.36 (KHTML, like Gecko; compatible; GPTBot/1.4; +https://openai.com/gptbot)"
136.243.228.180 - - [23/Jun/2026:06:08:25 -0700] "GET /2026/06/17/uso-island-reels-casino-jackpot-city-25-giros-gratis-casino-chile-tragamonedas-con-el-pasar-del-tiempo-dinero-conveniente-desplazandolo-hacia-el-pelo-botes-mayusculos/ HTTP/1.1" 200 30157 "-" "Mozilla/5.0 (compatible; DataForSeoBot/1.0; +https://dataforseo.com/dataforseo-bot)"
74.7.241.32 - - [23/Jun/2026:06:08:26 -0700] "GET /?p=165277 HTTP/2" 301 0 "https://dealzandfreebies.com/2026/06/23/steam-tower-slot-playn-go-lista-de-sloturi-review-2026-free-play-demo/" "Mozilla/5.0 AppleWebKit/537.36 (KHTML, like Gecko; compatible; GPTBot/1.4; +https://openai.com/gptbot)"
74.7.241.32 - - [23/Jun/2026:06:08:27 -0700] "GET /2026/06/23/when-you-find-yourself-have-a-tendency-to-linked-with-specific-ports-they-provide-a-risk-totally-free-cure-for-try-top-titles/ HTTP/2" 200 28658 "https://dealzandfreebies.com/2026/06/23/steam-tower-slot-playn-go-lista-de-sloturi-review-2026-free-play-demo/" "Mozilla/5.0 AppleWebKit/537.36 (KHTML, like Gecko; compatible; GPTBot/1.4; +https://openai.com/gptbot)"
74.7.241.32 - - [23/Jun/2026:06:08:28 -0700] "GET /wp-json/oembed/1.0/embed?url=https%3A%2F%2Fdealzandfreebies.com%2F2026%2F06%2F23%2Fsteam-tower-slot-playn-go-lista-de-sloturi-review-2026-free-play-demo%2F HTTP/2" 200 1123 "https://dealzandfreebies.com/2026/06/23/steam-tower-slot-playn-go-lista-de-sloturi-review-2026-free-play-demo/" "Mozilla/5.0 AppleWebKit/537.36 (KHTML, like Gecko; compatible; GPTBot/1.4; +https://openai.com/gptbot)"
74.7.241.32 - - [23/Jun/2026:06:08:28 -0700] "GET /wp-json/wp/v2/posts/165277 HTTP/2" 200 5281 "https://dealzandfreebies.com/2026/06/23/steam-tower-slot-playn-go-lista-de-sloturi-review-2026-free-play-demo/" "Mozilla/5.0 AppleWebKit/537.36 (KHTML, like Gecko; compatible; GPTBot/1.4; +https://openai.com/gptbot)"
104.255.170.81 - - [23/Jun/2026:06:08:28 -0700] "POST /wp-cron.php?doing_wp_cron=1782220108.7422840595245361328125 HTTP/1.1" 200 0 "-" "WordPress/7.0; https://dealzandfreebies.com"
193.36.38.176 - - [23/Jun/2026:06:08:27 -0700] "POST /xmlrpc.php HTTP/1.1" 200 181 "-" "Mozilla/5.0 (Windows NT 10.0; Win64; x64) AppleWebKit/537.36 (KHTML, like Gecko) Chrome/114.0.0.0 Safari/537.36"
74.7.241.32 - - [23/Jun/2026:06:08:29 -0700] "GET /2026/06/23/no-deposit-gambling-enterprise-extra-rules-2026/ HTTP/2" 200 27446 "https://dealzandfreebies.com/2026/06/23/steam-tower-slot-playn-go-lista-de-sloturi-review-2026-free-play-demo/" "Mozilla/5.0 AppleWebKit/537.36 (KHTML, like Gecko; compatible; GPTBot/1.4; +https://openai.com/gptbot)"
104.255.170.81 - - [23/Jun/2026:06:08:30 -0700] "POST /wp-cron.php?doing_wp_cron=1782220110.0119531154632568359375 HTTP/1.1" 200 0 "-" "WordPress/7.0; https://dealzandfreebies.com"
45.83.178.17 - - [23/Jun/2026:06:08:29 -0700] "POST /xmlrpc.php HTTP/1.1" 200 181 "-" "Mozilla/5.0 (Windows NT 10.0; Win64; x64) AppleWebKit/537.36 (KHTML, like Gecko) Chrome/114.0.0.0 Safari/537.36"
74.7.241.32 - - [23/Jun/2026:06:08:29 -0700] "GET /wp-json/oembed/1.0/embed?format=xml&url=https%3A%2F%2Fdealzandfreebies.com%2F2026%2F06%2F23%2Fsteam-tower-slot-playn-go-lista-de-sloturi-review-2026-free-play-demo%2F HTTP/2" 200 1155 "https://dealzandfreebies.com/2026/06/23/steam-tower-slot-playn-go-lista-de-sloturi-review-2026-free-play-demo/" "Mozilla/5.0 AppleWebKit/537.36 (KHTML, like Gecko; compatible; GPTBot/1.4; +https://openai.com/gptbot)"
136.243.228.180 - - [23/Jun/2026:06:08:29 -0700] "GET /2026/06/17/high-volume-profiles-benefit-from-vip-programs-that-are-included-with-exclusive-totally-free-bets-and-cash-incentives/ HTTP/1.1" 200 28809 "-" "Mozilla/5.0 (compatible; DataForSeoBot/1.0; +https://dataforseo.com/dataforseo-bot)"
74.7.241.32 - - [23/Jun/2026:06:08:30 -0700] "GET /wp-json/oembed/1.0/embed?format=xml&url=https%3A%2F%2Fdealzandfreebies.com%2F2026%2F06%2F23%2Fmost-useful-web-based-casinos-malaysia-2026-respected-real-money-internet%2F HTTP/2" 200 1150 "https://dealzandfreebies.com/2026/06/23/most-useful-web-based-casinos-malaysia-2026-respected-real-money-internet/" "Mozilla/5.0 AppleWebKit/537.36 (KHTML, like Gecko; compatible; GPTBot/1.4; +https://openai.com/gptbot)"
74.7.241.32 - - [23/Jun/2026:06:08:31 -0700] "GET /wp-json/oembed/1.0/embed?format=xml&url=https%3A%2F%2Fdealzandfreebies.com%2F2026%2F06%2F23%2Fcasinospiele-de-unter-einsatz-von-1-600-spielbank-spiele-gebuhrenfrei%2F HTTP/2" 200 1155 "https://dealzandfreebies.com/2026/06/23/casinospiele-de-unter-einsatz-von-1-600-spielbank-spiele-gebuhrenfrei/" "Mozilla/5.0 AppleWebKit/537.36 (KHTML, like Gecko; compatible; GPTBot/1.4; +https://openai.com/gptbot)"
74.7.241.32 - - [23/Jun/2026:06:08:31 -0700] "GET /wp-json/oembed/1.0/embed?format=xml&url=https%3A%2F%2Fdealzandfreebies.com%2F2026%2F06%2F23%2Fche-tipo-di-registrarsi-al-bisca-betflag-verso-la-cie%2F HTTP/2" 200 1128 "https://dealzandfreebies.com/2026/06/23/che-tipo-di-registrarsi-al-bisca-betflag-verso-la-cie/" "Mozilla/5.0 AppleWebKit/537.36 (KHTML, like Gecko; compatible; GPTBot/1.4; +https://openai.com/gptbot)"
216.73.217.103 - - [23/Jun/2026:06:08:31 -0700] "GET /2026/06/23/kazino-rossii-gde-risk-opravdan-a-gde-net/ HTTP/2" 200 30641 "-" "Mozilla/5.0 AppleWebKit/537.36 (KHTML, like Gecko; compatible; ClaudeBot/1.0; +claudebot@anthropic.com)"
216.73.217.103 - - [23/Jun/2026:06:08:31 -0700] "GET /2026/06/23/stringa-dei-migliori-mucchio-ricompensa-privo-di-presso-semplice/ HTTP/2" 200 28731 "-" "Mozilla/5.0 AppleWebKit/537.36 (KHTML, like Gecko; compatible; ClaudeBot/1.0; +claudebot@anthropic.com)"
74.7.241.32 - - [23/Jun/2026:06:08:32 -0700] "GET /wp-json/oembed/1.0/embed?format=xml&url=https%3A%2F%2Fdealzandfreebies.com%2F2026%2F06%2F23%2Fche-tipo-di-registrarsi-al-scompiglio-betflag-in-la-cie%2F HTTP/2" 200 1127 "https://dealzandfreebies.com/2026/06/23/che-tipo-di-registrarsi-al-scompiglio-betflag-in-la-cie/" "Mozilla/5.0 AppleWebKit/537.36 (KHTML, like Gecko; compatible; GPTBot/1.4; +https://openai.com/gptbot)"
216.73.217.103 - - [23/Jun/2026:06:08:31 -0700] "GET /2026/06/23/great-bluish-position-game-play-playtechs-slot-machine-online/ HTTP/2" 200 28709 "-" "Mozilla/5.0 AppleWebKit/537.36 (KHTML, like Gecko; compatible; ClaudeBot/1.0; +claudebot@anthropic.com)"
74.7.241.32 - - [23/Jun/2026:06:08:32 -0700] "GET /wp-json/oembed/1.0/embed?format=xml&url=https%3A%2F%2Fdealzandfreebies.com%2F2026%2F06%2F19%2Ffive-hundred-100-percent-free-spins-no-deposit-casino-incentives-2022-free-1x2gaming-slot-games-for-android-five-hundred-spins-no-deposit-bonus-requirements%2F HTTP/2" 200 1213 "https://dealzandfreebies.com/2026/06/19/five-hundred-100-percent-free-spins-no-deposit-casino-incentives-2022-free-1x2gaming-slot-games-for-android-five-hundred-spins-no-deposit-bonus-requirements/" "Mozilla/5.0 AppleWebKit/537.36 (KHTML, like Gecko; compatible; GPTBot/1.4; +https://openai.com/gptbot)"
74.7.241.32 - - [23/Jun/2026:06:08:33 -0700] "GET /wp-json/oembed/1.0/embed?format=xml&url=https%3A%2F%2Fdealzandfreebies.com%2F2026%2F06%2F23%2Fprominent-slot-game-an-entire-help-guide-to-the-essential-starred-online-slots-for-the-2025%2F HTTP/2" 200 1161 "https://dealzandfreebies.com/2026/06/23/prominent-slot-game-an-entire-help-guide-to-the-essential-starred-online-slots-for-the-2025/" "Mozilla/5.0 AppleWebKit/537.36 (KHTML, like Gecko; compatible; GPTBot/1.4; +https://openai.com/gptbot)"
74.7.241.32 - - [23/Jun/2026:06:08:33 -0700] "GET /?p=165593 HTTP/2" 301 0 "https://dealzandfreebies.com/2026/06/23/when-you-find-yourself-have-a-tendency-to-linked-with-specific-ports-they-provide-a-risk-totally-free-cure-for-try-top-titles/" "Mozilla/5.0 AppleWebKit/537.36 (KHTML, like Gecko; compatible; GPTBot/1.4; +https://openai.com/gptbot)"
74.7.241.32 - - [23/Jun/2026:06:08:34 -0700] "GET /wp-json/oembed/1.0/embed?url=https%3A%2F%2Fdealzandfreebies.com%2F2026%2F06%2F23%2Fwhen-you-find-yourself-have-a-tendency-to-linked-with-specific-ports-they-provide-a-risk-totally-free-cure-for-try-top-titles%2F HTTP/2" 200 1173 "https://dealzandfreebies.com/2026/06/23/when-you-find-yourself-have-a-tendency-to-linked-with-specific-ports-they-provide-a-risk-totally-free-cure-for-try-top-titles/" "Mozilla/5.0 AppleWebKit/537.36 (KHTML, like Gecko; compatible; GPTBot/1.4; +https://openai.com/gptbot)"
136.243.228.180 - - [23/Jun/2026:06:08:33 -0700] "GET /2026/06/17/10-euroletten-einzahlen-50-ecu-einzahlung-von-casinospielen-per-telefonrechnung-auffuhren-kasino/ HTTP/1.1" 200 29097 "-" "Mozilla/5.0 (compatible; DataForSeoBot/1.0; +https://dataforseo.com/dataforseo-bot)"
74.7.241.32 - - [23/Jun/2026:06:08:34 -0700] "GET /wp-json/wp/v2/posts/165593 HTTP/2" 200 3946 "https://dealzandfreebies.com/2026/06/23/when-you-find-yourself-have-a-tendency-to-linked-with-specific-ports-they-provide-a-risk-totally-free-cure-for-try-top-titles/" "Mozilla/5.0 AppleWebKit/537.36 (KHTML, like Gecko; compatible; GPTBot/1.4; +https://openai.com/gptbot)"
74.7.241.32 - - [23/Jun/2026:06:08:35 -0700] "GET /?p=165275 HTTP/2" 301 0 "https://dealzandfreebies.com/2026/06/23/no-deposit-gambling-enterprise-extra-rules-2026/" "Mozilla/5.0 AppleWebKit/537.36 (KHTML, like Gecko; compatible; GPTBot/1.4; +https://openai.com/gptbot)"
193.36.38.176 - - [23/Jun/2026:06:08:34 -0700] "POST /xmlrpc.php HTTP/1.1" 200 9485 "-" "Mozilla/5.0 (Windows NT 10.0; Win64; x64) AppleWebKit/537.36 (KHTML, like Gecko) Chrome/114.0.0.0 Safari/537.36"
45.83.178.17 - - [23/Jun/2026:06:08:35 -0700] "POST /xmlrpc.php HTTP/1.1" 200 11207 "-" "Mozilla/5.0 (Windows NT 10.0; Win64; x64) AppleWebKit/537.36 (KHTML, like Gecko) Chrome/114.0.0.0 Safari/537.36"
193.36.38.13 - - [23/Jun/2026:06:08:35 -0700] "POST /xmlrpc.php HTTP/1.1" 500 602 "-" "Mozilla/5.0 (Windows NT 10.0; Win64; x64) AppleWebKit/537.36 (KHTML, like Gecko) Chrome/114.0.0.0 Safari/537.36"
193.36.38.176 - - [23/Jun/2026:06:08:35 -0700] "GET /2026/06/23/unser-erzahlen-glucksspieler-et-aliae-testportale-mit-diese-erreichbar-spielhalle/ HTTP/1.1" 200 141916 "-" "Mozilla/5.0 (Windows NT 10.0; rv:109.0) Gecko/20100101 Firefox/115.0"
104.255.170.81 - - [23/Jun/2026:06:08:37 -0700] "POST /wp-cron.php?doing_wp_cron=1782220117.1142840385437011718750 HTTP/1.1" 200 0 "-" "WordPress/7.0; https://dealzandfreebies.com"
23.90.184.84 - - [23/Jun/2026:06:08:35 -0700] "POST /xmlrpc.php HTTP/1.1" 200 181 "-" "Mozilla/5.0 (Windows NT 10.0; Win64; x64) AppleWebKit/537.36 (KHTML, like Gecko) Chrome/114.0.0.0 Safari/537.36"
74.7.241.32 - - [23/Jun/2026:06:08:35 -0700] "GET /2026/06/23/unser-erzahlen-glucksspieler-et-aliae-testportale-mit-diese-erreichbar-spielhalle/ HTTP/2" 200 28476 "https://dealzandfreebies.com/2026/06/23/no-deposit-gambling-enterprise-extra-rules-2026/" "Mozilla/5.0 AppleWebKit/537.36 (KHTML, like Gecko; compatible; GPTBot/1.4; +https://openai.com/gptbot)"
74.7.241.32 - - [23/Jun/2026:06:08:37 -0700] "GET /2026/06/23/die-erfolgreichsten-verbunden-kasino-lieferant-in-land-der-dichter-und-denker-unter-einsatz-von-kryptowahrungen/ HTTP/2" 200 28570 "https://dealzandfreebies.com/2026/06/23/no-deposit-gambling-enterprise-extra-rules-2026/" "Mozilla/5.0 AppleWebKit/537.36 (KHTML, like Gecko; compatible; GPTBot/1.4; +https://openai.com/gptbot)"
136.243.228.180 - - [23/Jun/2026:06:08:37 -0700] "GET /2026/06/17/molti-utenza-di-artificio-a-percorso-in-realta-preferiscono-un-rapporto-prossimo-dal-momento-che-fanno-le-lui-puntate/ HTTP/1.1" 200 28189 "-" "Mozilla/5.0 (compatible; DataForSeoBot/1.0; +https://dataforseo.com/dataforseo-bot)"
45.83.178.17 - - [23/Jun/2026:06:08:36 -0700] "GET /2026/06/23/its-worthy-of-checking-in-the-on-a-regular-basis-you-dont-miss-out-on-such-add-ons/ HTTP/1.1" 200 143204 "-" "Mozilla/5.0 (Windows NT 10.0; Win64; x64; rv:124.0) Gecko/20100101 Firefox/124.0"
104.255.170.81 - - [23/Jun/2026:06:08:39 -0700] "POST /wp-cron.php?doing_wp_cron=1782220119.2075600624084472656250 HTTP/1.1" 200 0 "-" "WordPress/7.0; https://dealzandfreebies.com"
128.14.102.150 - - [23/Jun/2026:06:08:38 -0700] "POST /xmlrpc.php HTTP/1.1" 200 181 "-" "Mozilla/5.0 (Windows NT 10.0; Win64; x64) AppleWebKit/537.36 (KHTML, like Gecko) Chrome/114.0.0.0 Safari/537.36"
74.7.241.32 - - [23/Jun/2026:06:08:38 -0700] "GET /2026/06/23/its-worthy-of-checking-in-the-on-a-regular-basis-you-dont-miss-out-on-such-add-ons/ HTTP/2" 200 28835 "https://dealzandfreebies.com/2026/06/23/no-deposit-gambling-enterprise-extra-rules-2026/" "Mozilla/5.0 AppleWebKit/537.36 (KHTML, like Gecko; compatible; GPTBot/1.4; +https://openai.com/gptbot)"
74.7.241.32 - - [23/Jun/2026:06:08:40 -0700] "GET /wp-json/wp/v2/posts/165275 HTTP/2" 200 2491 "https://dealzandfreebies.com/2026/06/23/no-deposit-gambling-enterprise-extra-rules-2026/" "Mozilla/5.0 AppleWebKit/537.36 (KHTML, like Gecko; compatible; GPTBot/1.4; +https://openai.com/gptbot)"
74.7.241.32 - - [23/Jun/2026:06:08:40 -0700] "GET /wp-json/oembed/1.0/embed?url=https%3A%2F%2Fdealzandfreebies.com%2F2026%2F06%2F23%2Fno-deposit-gambling-enterprise-extra-rules-2026%2F HTTP/2" 200 1087 "https://dealzandfreebies.com/2026/06/23/no-deposit-gambling-enterprise-extra-rules-2026/" "Mozilla/5.0 AppleWebKit/537.36 (KHTML, like Gecko; compatible; GPTBot/1.4; +https://openai.com/gptbot)"
74.7.241.32 - - [23/Jun/2026:06:08:41 -0700] "GET /wp-json/oembed/1.0/embed?format=xml&url=https%3A%2F%2Fdealzandfreebies.com%2F2026%2F06%2F23%2Fwhen-you-find-yourself-have-a-tendency-to-linked-with-specific-ports-they-provide-a-risk-totally-free-cure-for-try-top-titles%2F HTTP/2" 200 1199 "https://dealzandfreebies.com/2026/06/23/when-you-find-yourself-have-a-tendency-to-linked-with-specific-ports-they-provide-a-risk-totally-free-cure-for-try-top-titles/" "Mozilla/5.0 AppleWebKit/537.36 (KHTML, like Gecko; compatible; GPTBot/1.4; +https://openai.com/gptbot)"
74.7.241.32 - - [23/Jun/2026:06:08:41 -0700] "GET /wp-json/oembed/1.0/embed?format=xml&url=https%3A%2F%2Fdealzandfreebies.com%2F2026%2F06%2F23%2Fspeedau-online-casino-australian-continent-play-magic-stone-pokie-online-no-download-real-money-online-pokies-2026%2F HTTP/2" 200 1174 "https://dealzandfreebies.com/2026/06/23/speedau-online-casino-australian-continent-play-magic-stone-pokie-online-no-download-real-money-online-pokies-2026/" "Mozilla/5.0 AppleWebKit/537.36 (KHTML, like Gecko; compatible; GPTBot/1.4; +https://openai.com/gptbot)"
136.243.228.180 - - [23/Jun/2026:06:08:41 -0700] "GET /2026/06/17/pro-hoher-dies-level-desto-elaboriert-seien-unser-bonusangebote/ HTTP/1.1" 200 29705 "-" "Mozilla/5.0 (compatible; DataForSeoBot/1.0; +https://dataforseo.com/dataforseo-bot)"
74.7.241.32 - - [23/Jun/2026:06:08:42 -0700] "GET /wp-json/oembed/1.0/embed?format=xml&url=https%3A%2F%2Fdealzandfreebies.com%2F2026%2F06%2F19%2Fkak-ustroeny-sovremennye-brauzery-4%2F HTTP/2" 200 1178 "https://dealzandfreebies.com/2026/06/19/kak-ustroeny-sovremennye-brauzery-4/" "Mozilla/5.0 AppleWebKit/537.36 (KHTML, like Gecko; compatible; GPTBot/1.4; +https://openai.com/gptbot)"
216.73.217.103 - - [23/Jun/2026:06:08:41 -0700] "GET /2026/06/23/discover-the-hidden-advantages-of-king-login/ HTTP/2" 200 27325 "-" "Mozilla/5.0 AppleWebKit/537.36 (KHTML, like Gecko; compatible; ClaudeBot/1.0; +claudebot@anthropic.com)"
216.73.217.103 - - [23/Jun/2026:06:08:41 -0700] "GET /2026/06/23/they-might-and-support-lender-transfers-for-different-economic-transactions-into-the-this-site/ HTTP/2" 200 29286 "-" "Mozilla/5.0 AppleWebKit/537.36 (KHTML, like Gecko; compatible; ClaudeBot/1.0; +claudebot@anthropic.com)"
23.90.184.84 - - [23/Jun/2026:06:08:42 -0700] "POST /xmlrpc.php HTTP/1.1" 200 9009 "-" "Mozilla/5.0 (Windows NT 10.0; Win64; x64) AppleWebKit/537.36 (KHTML, like Gecko) Chrome/114.0.0.0 Safari/537.36"
74.7.241.32 - - [23/Jun/2026:06:08:42 -0700] "GET /wp-json/oembed/1.0/embed?format=xml&url=https%3A%2F%2Fdealzandfreebies.com%2F2026%2F06%2F19%2Fwinning-at-casinos-essential-strategies-for%2F HTTP/2" 200 1109 "https://dealzandfreebies.com/2026/06/19/winning-at-casinos-essential-strategies-for/" "Mozilla/5.0 AppleWebKit/537.36 (KHTML, like Gecko; compatible; GPTBot/1.4; +https://openai.com/gptbot)"
74.7.241.32 - - [23/Jun/2026:06:08:43 -0700] "GET /wp-json/oembed/1.0/embed?format=xml&url=https%3A%2F%2Fdealzandfreebies.com%2F2026%2F06%2F23%2Fmastering-the-wild-robin-bonus-an-expert-guide%2F HTTP/2" 200 1122 "https://dealzandfreebies.com/2026/06/23/mastering-the-wild-robin-bonus-an-expert-guide/" "Mozilla/5.0 AppleWebKit/537.36 (KHTML, like Gecko; compatible; GPTBot/1.4; +https://openai.com/gptbot)"
216.73.217.103 - - [23/Jun/2026:06:08:42 -0700] "GET /2026/06/23/blockchain-sbirka-eske-mince-nft-nova-era-3/ HTTP/2" 200 28074 "-" "Mozilla/5.0 AppleWebKit/537.36 (KHTML, like Gecko; compatible; ClaudeBot/1.0; +claudebot@anthropic.com)"
23.90.184.84 - - [23/Jun/2026:06:08:42 -0700] "GET /2026/06/23/all-of-the-dining-tables-will-have-elite-group-and-amicable-buyers-associated-players-through-the-the-brand-new-games/ HTTP/1.1" 200 141268 "-" "Mozilla/5.0 (Windows NT 10.0; Win64; x64) AppleWebKit/537.36 (KHTML, like Gecko) Chrome/124.0.0.0 Safari/537.36 Edg/124.0.0.0"
74.7.241.32 - - [23/Jun/2026:06:08:43 -0700] "GET /wp-json/oembed/1.0/embed?format=xml&url=https%3A%2F%2Fdealzandfreebies.com%2F2026%2F06%2F23%2Fbetter-washington-online-casinos-inside-the-2026-casino-spinpug-casino-judge-websites-analyzed%2F HTTP/2" 200 1154 "https://dealzandfreebies.com/2026/06/23/better-washington-online-casinos-inside-the-2026-casino-spinpug-casino-judge-websites-analyzed/" "Mozilla/5.0 AppleWebKit/537.36 (KHTML, like Gecko; compatible; GPTBot/1.4; +https://openai.com/gptbot)"
74.7.241.32 - - [23/Jun/2026:06:08:44 -0700] "GET /?p=165595 HTTP/2" 301 0 "https://dealzandfreebies.com/2026/06/23/unser-erzahlen-glucksspieler-et-aliae-testportale-mit-diese-erreichbar-spielhalle/" "Mozilla/5.0 AppleWebKit/537.36 (KHTML, like Gecko; compatible; GPTBot/1.4; +https://openai.com/gptbot)"
57.141.18.0 - - [23/Jun/2026:06:08:44 -0700] "GET /wp-json/oembed/1.0/embed?url=https%3A%2F%2Fdealzandfreebies.com%2F2026%2F06%2F21%2Fdzialamy-na-podstawie-renomowanej-miedzynarodowej-licencji-i-bedziesz-co-tydzien-oferujemy-zachety-powitalne-i-darmowe-spiny%2F HTTP/2" 200 2793 "-" "meta-externalagent/1.1 (+https://developers.facebook.com/docs/sharing/webmasters/crawler)"
74.7.241.32 - - [23/Jun/2026:06:08:44 -0700] "GET /?p=165273 HTTP/2" 301 0 "https://dealzandfreebies.com/2026/06/23/die-erfolgreichsten-verbunden-kasino-lieferant-in-land-der-dichter-und-denker-unter-einsatz-von-kryptowahrungen/" "Mozilla/5.0 AppleWebKit/537.36 (KHTML, like Gecko; compatible; GPTBot/1.4; +https://openai.com/gptbot)"
74.7.241.32 - - [23/Jun/2026:06:08:45 -0700] "GET /?p=165597 HTTP/2" 301 0 "https://dealzandfreebies.com/2026/06/23/its-worthy-of-checking-in-the-on-a-regular-basis-you-dont-miss-out-on-such-add-ons/" "Mozilla/5.0 AppleWebKit/537.36 (KHTML, like Gecko; compatible; GPTBot/1.4; +https://openai.com/gptbot)"
128.14.102.150 - - [23/Jun/2026:06:08:45 -0700] "POST /xmlrpc.php HTTP/1.1" 200 14637 "-" "Mozilla/5.0 (Windows NT 10.0; Win64; x64) AppleWebKit/537.36 (KHTML, like Gecko) Chrome/114.0.0.0 Safari/537.36"
74.7.241.32 - - [23/Jun/2026:06:08:45 -0700] "GET /2026/06/23/all-of-the-dining-tables-will-have-elite-group-and-amicable-buyers-associated-players-through-the-the-brand-new-games/ HTTP/2" 200 27890 "https://dealzandfreebies.com/2026/06/23/unser-erzahlen-glucksspieler-et-aliae-testportale-mit-diese-erreichbar-spielhalle/" "Mozilla/5.0 AppleWebKit/537.36 (KHTML, like Gecko; compatible; GPTBot/1.4; +https://openai.com/gptbot)"
193.36.38.176 - - [23/Jun/2026:06:08:46 -0700] "POST /xmlrpc.php HTTP/1.1" 403 141916 "-" "Mozilla/5.0 (Windows NT 10.0; Win64; x64) AppleWebKit/537.36 (KHTML, like Gecko) Chrome/114.0.0.0 Safari/537.36"
136.243.228.180 - - [23/Jun/2026:06:08:45 -0700] "GET /2026/06/17/frank-casino-romania-recenzie-preri-i-recomandri/ HTTP/1.1" 200 185975 "-" "Mozilla/5.0 (compatible; DataForSeoBot/1.0; +https://dataforseo.com/dataforseo-bot)"
74.7.241.32 - - [23/Jun/2026:06:08:46 -0700] "GET /2026/06/23/hoe-intact-gonzos-quest-5-aanbetalin-ben-gij-jackpot-bij-toeslag-island/ HTTP/2" 200 30232 "https://dealzandfreebies.com/2026/06/23/its-worthy-of-checking-in-the-on-a-regular-basis-you-dont-miss-out-on-such-add-ons/" "Mozilla/5.0 AppleWebKit/537.36 (KHTML, like Gecko; compatible; GPTBot/1.4; +https://openai.com/gptbot)"
128.14.102.150 - - [23/Jun/2026:06:08:47 -0700] "GET /2026/06/23/hoe-intact-gonzos-quest-5-aanbetalin-ben-gij-jackpot-bij-toeslag-island/ HTTP/1.1" 200 144915 "-" "Mozilla/5.0 (Windows NT 10.0; Win64; x64) AppleWebKit/537.36 (KHTML, like Gecko) Chrome/122.0.0.0 Safari/537.36"
74.7.241.32 - - [23/Jun/2026:06:08:47 -0700] "GET /2026/06/23/top-online-casino-ratings-getting-2026/ HTTP/2" 200 29685 "https://dealzandfreebies.com/2026/06/23/die-erfolgreichsten-verbunden-kasino-lieferant-in-land-der-dichter-und-denker-unter-einsatz-von-kryptowahrungen/" "Mozilla/5.0 AppleWebKit/537.36 (KHTML, like Gecko; compatible; GPTBot/1.4; +https://openai.com/gptbot)"
185.191.171.17 - - [23/Jun/2026:06:08:48 -0700] "GET /2026/06/22/kasyno-online-to-po-prostu-nie-przyjemnosc-adresuj-mozliwe-rozgrywki-hazardowe-z-prawdziwa-gotowka-ktorzy-maja-opcja-bezpowrotnej-straty/ HTTP/1.1" 200 34209 "-" "Mozilla/5.0 (compatible; SemrushBot/7~bl; +http://www.semrush.com/bot.html)"
74.7.241.32 - - [23/Jun/2026:06:08:48 -0700] "GET /wp-json/oembed/1.0/embed?url=https%3A%2F%2Fdealzandfreebies.com%2F2026%2F06%2F23%2Fdie-erfolgreichsten-verbunden-kasino-lieferant-in-land-der-dichter-und-denker-unter-einsatz-von-kryptowahrungen%2F HTTP/2" 200 1161 "https://dealzandfreebies.com/2026/06/23/die-erfolgreichsten-verbunden-kasino-lieferant-in-land-der-dichter-und-denker-unter-einsatz-von-kryptowahrungen/" "Mozilla/5.0 AppleWebKit/537.36 (KHTML, like Gecko; compatible; GPTBot/1.4; +https://openai.com/gptbot)"
74.7.241.32 - - [23/Jun/2026:06:08:49 -0700] "GET /wp-json/oembed/1.0/embed?url=https%3A%2F%2Fdealzandfreebies.com%2F2026%2F06%2F23%2Fits-worthy-of-checking-in-the-on-a-regular-basis-you-dont-miss-out-on-such-add-ons%2F HTTP/2" 200 1136 "https://dealzandfreebies.com/2026/06/23/its-worthy-of-checking-in-the-on-a-regular-basis-you-dont-miss-out-on-such-add-ons/" "Mozilla/5.0 AppleWebKit/537.36 (KHTML, like Gecko; compatible; GPTBot/1.4; +https://openai.com/gptbot)"
136.243.228.180 - - [23/Jun/2026:06:08:49 -0700] "GET /2026/06/17/vavada-online-casino-w-polsce-przegld-1319/ HTTP/1.1" 200 27538 "-" "Mozilla/5.0 (compatible; DataForSeoBot/1.0; +https://dataforseo.com/dataforseo-bot)"
74.7.241.32 - - [23/Jun/2026:06:08:49 -0700] "GET /wp-json/oembed/1.0/embed?url=https%3A%2F%2Fdealzandfreebies.com%2F2026%2F06%2F23%2Funser-erzahlen-glucksspieler-et-aliae-testportale-mit-diese-erreichbar-spielhalle%2F HTTP/2" 200 1136 "https://dealzandfreebies.com/2026/06/23/unser-erzahlen-glucksspieler-et-aliae-testportale-mit-diese-erreichbar-spielhalle/" "Mozilla/5.0 AppleWebKit/537.36 (KHTML, like Gecko; compatible; GPTBot/1.4; +https://openai.com/gptbot)"
74.7.241.32 - - [23/Jun/2026:06:08:50 -0700] "GET /wp-json/wp/v2/posts/165595 HTTP/2" 200 3617 "https://dealzandfreebies.com/2026/06/23/unser-erzahlen-glucksspieler-et-aliae-testportale-mit-diese-erreichbar-spielhalle/" "Mozilla/5.0 AppleWebKit/537.36 (KHTML, like Gecko; compatible; GPTBot/1.4; +https://openai.com/gptbot)"
74.7.241.32 - - [23/Jun/2026:06:08:51 -0700] "GET /wp-json/wp/v2/posts/165597 HTTP/2" 200 4041 "https://dealzandfreebies.com/2026/06/23/its-worthy-of-checking-in-the-on-a-regular-basis-you-dont-miss-out-on-such-add-ons/" "Mozilla/5.0 AppleWebKit/537.36 (KHTML, like Gecko; compatible; GPTBot/1.4; +https://openai.com/gptbot)"
74.7.241.32 - - [23/Jun/2026:06:08:51 -0700] "GET /wp-json/wp/v2/posts/165273 HTTP/2" 200 3663 "https://dealzandfreebies.com/2026/06/23/die-erfolgreichsten-verbunden-kasino-lieferant-in-land-der-dichter-und-denker-unter-einsatz-von-kryptowahrungen/" "Mozilla/5.0 AppleWebKit/537.36 (KHTML, like Gecko; compatible; GPTBot/1.4; +https://openai.com/gptbot)"
74.7.241.32 - - [23/Jun/2026:06:08:52 -0700] "GET /wp-json/oembed/1.0/embed?format=xml&url=https%3A%2F%2Fdealzandfreebies.com%2F2026%2F06%2F23%2Fdie-erfolgreichsten-verbunden-kasino-lieferant-in-land-der-dichter-und-denker-unter-einsatz-von-kryptowahrungen%2F HTTP/2" 200 1198 "https://dealzandfreebies.com/2026/06/23/die-erfolgreichsten-verbunden-kasino-lieferant-in-land-der-dichter-und-denker-unter-einsatz-von-kryptowahrungen/" "Mozilla/5.0 AppleWebKit/537.36 (KHTML, like Gecko; compatible; GPTBot/1.4; +https://openai.com/gptbot)"
87.249.138.176 - - [23/Jun/2026:06:08:51 -0700] "GET /2026/06/21/interest-needed-cloudflare-8/ HTTP/1.1" 200 27978 "-" "Opera/8.26.(Windows 95; ms-MY) Presto/2.9.190 Version/10.00"
74.7.241.32 - - [23/Jun/2026:06:08:52 -0700] "GET /wp-json/oembed/1.0/embed?format=xml&url=https%3A%2F%2Fdealzandfreebies.com%2F2026%2F06%2F23%2Fits-worthy-of-checking-in-the-on-a-regular-basis-you-dont-miss-out-on-such-add-ons%2F HTTP/2" 200 1161 "https://dealzandfreebies.com/2026/06/23/its-worthy-of-checking-in-the-on-a-regular-basis-you-dont-miss-out-on-such-add-ons/" "Mozilla/5.0 AppleWebKit/537.36 (KHTML, like Gecko; compatible; GPTBot/1.4; +https://openai.com/gptbot)"
74.7.241.32 - - [23/Jun/2026:06:08:53 -0700] "GET /?p=165600 HTTP/2" 301 0 "https://dealzandfreebies.com/2026/06/23/all-of-the-dining-tables-will-have-elite-group-and-amicable-buyers-associated-players-through-the-the-brand-new-games/" "Mozilla/5.0 AppleWebKit/537.36 (KHTML, like Gecko; compatible; GPTBot/1.4; +https://openai.com/gptbot)"
74.7.241.32 - - [23/Jun/2026:06:08:53 -0700] "GET /?p=165602 HTTP/2" 301 0 "https://dealzandfreebies.com/2026/06/23/hoe-intact-gonzos-quest-5-aanbetalin-ben-gij-jackpot-bij-toeslag-island/" "Mozilla/5.0 AppleWebKit/537.36 (KHTML, like Gecko; compatible; GPTBot/1.4; +https://openai.com/gptbot)"
74.7.241.32 - - [23/Jun/2026:06:08:54 -0700] "GET /?p=165271 HTTP/2" 301 0 "https://dealzandfreebies.com/2026/06/23/top-online-casino-ratings-getting-2026/" "Mozilla/5.0 AppleWebKit/537.36 (KHTML, like Gecko; compatible; GPTBot/1.4; +https://openai.com/gptbot)"
136.243.228.180 - - [23/Jun/2026:06:08:53 -0700] "GET /2026/06/17/those-two-business-try-too-designed-and-you-can-suitable-for-one-novice-so-you-can-online-playing/ HTTP/1.1" 200 28836 "-" "Mozilla/5.0 (compatible; DataForSeoBot/1.0; +https://dataforseo.com/dataforseo-bot)"
74.7.241.32 - - [23/Jun/2026:06:08:54 -0700] "GET /2026/06/23/verbunden-casinos-gebot-die-eine-umfang-absolutbetrag-an-klassischen-casinospielen-genau-so-wie-toothed-wheel-blackjack-weiters-poker-eingeschaltet/ HTTP/2" 200 28542 "https://dealzandfreebies.com/2026/06/23/top-online-casino-ratings-getting-2026/" "Mozilla/5.0 AppleWebKit/537.36 (KHTML, like Gecko; compatible; GPTBot/1.4; +https://openai.com/gptbot)"
74.7.241.32 - - [23/Jun/2026:06:08:55 -0700] "GET /wp-json/oembed/1.0/embed?url=https%3A%2F%2Fdealzandfreebies.com%2F2026%2F06%2F23%2Fall-of-the-dining-tables-will-have-elite-group-and-amicable-buyers-associated-players-through-the-the-brand-new-games%2F HTTP/2" 200 1152 "https://dealzandfreebies.com/2026/06/23/all-of-the-dining-tables-will-have-elite-group-and-amicable-buyers-associated-players-through-the-the-brand-new-games/" "Mozilla/5.0 AppleWebKit/537.36 (KHTML, like Gecko; compatible; GPTBot/1.4; +https://openai.com/gptbot)"
57.141.18.21 - - [23/Jun/2026:06:08:56 -0700] "GET /wp-json/wp/v2/posts/151750 HTTP/2" 200 8538 "-" "meta-externalagent/1.1 (+https://developers.facebook.com/docs/sharing/webmasters/crawler)"
74.7.241.32 - - [23/Jun/2026:06:08:56 -0700] "GET /wp-json/oembed/1.0/embed?url=https%3A%2F%2Fdealzandfreebies.com%2F2026%2F06%2F23%2Fhoe-intact-gonzos-quest-5-aanbetalin-ben-gij-jackpot-bij-toeslag-island%2F HTTP/2" 200 1127 "https://dealzandfreebies.com/2026/06/23/hoe-intact-gonzos-quest-5-aanbetalin-ben-gij-jackpot-bij-toeslag-island/" "Mozilla/5.0 AppleWebKit/537.36 (KHTML, like Gecko; compatible; GPTBot/1.4; +https://openai.com/gptbot)"
74.7.241.32 - - [23/Jun/2026:06:08:57 -0700] "GET /wp-json/wp/v2/posts/165271 HTTP/2" 200 4652 "https://dealzandfreebies.com/2026/06/23/top-online-casino-ratings-getting-2026/" "Mozilla/5.0 AppleWebKit/537.36 (KHTML, like Gecko; compatible; GPTBot/1.4; +https://openai.com/gptbot)"
74.7.241.32 - - [23/Jun/2026:06:08:57 -0700] "GET /wp-json/wp/v2/posts/165600 HTTP/2" 200 3141 "https://dealzandfreebies.com/2026/06/23/all-of-the-dining-tables-will-have-elite-group-and-amicable-buyers-associated-players-through-the-the-brand-new-games/" "Mozilla/5.0 AppleWebKit/537.36 (KHTML, like Gecko; compatible; GPTBot/1.4; +https://openai.com/gptbot)"
74.7.241.32 - - [23/Jun/2026:06:08:58 -0700] "GET /wp-json/wp/v2/posts/165602 HTTP/2" 200 5564 "https://dealzandfreebies.com/2026/06/23/hoe-intact-gonzos-quest-5-aanbetalin-ben-gij-jackpot-bij-toeslag-island/" "Mozilla/5.0 AppleWebKit/537.36 (KHTML, like Gecko; compatible; GPTBot/1.4; +https://openai.com/gptbot)"
136.243.228.180 - - [23/Jun/2026:06:08:58 -0700] "GET /2026/06/17/the-fresh-new-players-club-are-sweeptastics-technique-for-making-certain-that-the-fresh-extremely-dedicated-players-have-the-benefits-he-or-she-is-entitled-to/ HTTP/1.1" 200 27718 "-" "Mozilla/5.0 (compatible; DataForSeoBot/1.0; +https://dataforseo.com/dataforseo-bot)"
74.7.241.32 - - [23/Jun/2026:06:08:58 -0700] "GET /wp-json/oembed/1.0/embed?url=https%3A%2F%2Fdealzandfreebies.com%2F2026%2F06%2F23%2Ftop-online-casino-ratings-getting-2026%2F HTTP/2" 200 1075 "https://dealzandfreebies.com/2026/06/23/top-online-casino-ratings-getting-2026/" "Mozilla/5.0 AppleWebKit/537.36 (KHTML, like Gecko; compatible; GPTBot/1.4; +https://openai.com/gptbot)"
74.7.241.32 - - [23/Jun/2026:06:08:59 -0700] "GET /wp-json/oembed/1.0/embed?format=xml&url=https%3A%2F%2Fdealzandfreebies.com%2F2026%2F06%2F23%2Fall-of-the-dining-tables-will-have-elite-group-and-amicable-buyers-associated-players-through-the-the-brand-new-games%2F HTTP/2" 200 1181 "https://dealzandfreebies.com/2026/06/23/all-of-the-dining-tables-will-have-elite-group-and-amicable-buyers-associated-players-through-the-the-brand-new-games/" "Mozilla/5.0 AppleWebKit/537.36 (KHTML, like Gecko; compatible; GPTBot/1.4; +https://openai.com/gptbot)"
74.7.241.32 - - [23/Jun/2026:06:08:59 -0700] "GET /wp-json/oembed/1.0/embed?format=xml&url=https%3A%2F%2Fdealzandfreebies.com%2F2026%2F06%2F23%2Funser-erzahlen-glucksspieler-et-aliae-testportale-mit-diese-erreichbar-spielhalle%2F HTTP/2" 200 1151 "https://dealzandfreebies.com/2026/06/23/unser-erzahlen-glucksspieler-et-aliae-testportale-mit-diese-erreichbar-spielhalle/" "Mozilla/5.0 AppleWebKit/537.36 (KHTML, like Gecko; compatible; GPTBot/1.4; +https://openai.com/gptbot)"
17.22.237.237 - - [23/Jun/2026:06:09:00 -0700] "POST /wp-admin/admin-ajax.php HTTP/2" 200 6 "https://dealzandfreebies.com/2026/06/13/uber-12-euro-ohne-einzahlung-uns/" "Mozilla/5.0 (Macintosh; Intel Mac OS X 10_15_7) AppleWebKit/605.1.15 (KHTML, like Gecko) Version/17.4 Safari/605.1.15 (Applebot/0.1; +http://www.apple.com/go/applebot)"
74.7.241.32 - - [23/Jun/2026:06:09:00 -0700] "GET /wp-json/oembed/1.0/embed?format=xml&url=https%3A%2F%2Fdealzandfreebies.com%2F2026%2F06%2F23%2Fhoe-intact-gonzos-quest-5-aanbetalin-ben-gij-jackpot-bij-toeslag-island%2F HTTP/2" 200 1150 "https://dealzandfreebies.com/2026/06/23/hoe-intact-gonzos-quest-5-aanbetalin-ben-gij-jackpot-bij-toeslag-island/" "Mozilla/5.0 AppleWebKit/537.36 (KHTML, like Gecko; compatible; GPTBot/1.4; +https://openai.com/gptbot)"
74.7.241.32 - - [23/Jun/2026:06:09:00 -0700] "GET /wp-json/oembed/1.0/embed?url=https%3A%2F%2Fdealzandfreebies.com%2F2026%2F06%2F19%2Fbetter-online-casinos-us-gamesos-slots-mobile-2022%2F HTTP/2" 200 1090 "https://dealzandfreebies.com/2026/06/19/better-online-casinos-us-gamesos-slots-mobile-2022/" "Mozilla/5.0 AppleWebKit/537.36 (KHTML, like Gecko; compatible; GPTBot/1.4; +https://openai.com/gptbot)"
74.7.241.32 - - [23/Jun/2026:06:09:01 -0700] "GET /?p=165269 HTTP/2" 301 0 "https://dealzandfreebies.com/2026/06/23/verbunden-casinos-gebot-die-eine-umfang-absolutbetrag-an-klassischen-casinospielen-genau-so-wie-toothed-wheel-blackjack-weiters-poker-eingeschaltet/" "Mozilla/5.0 AppleWebKit/537.36 (KHTML, like Gecko; compatible; GPTBot/1.4; +https://openai.com/gptbot)"
136.243.228.180 - - [23/Jun/2026:06:09:01 -0700] "GET /2026/06/17/vortragen-gottervater-ramses-ii-slotspiel-fur-echtes-geld-vs-orkus/ HTTP/1.1" 200 29731 "-" "Mozilla/5.0 (compatible; DataForSeoBot/1.0; +https://dataforseo.com/dataforseo-bot)"
74.7.241.32 - - [23/Jun/2026:06:09:01 -0700] "GET /2026/06/23/top-10-on-line-casino-a-real-income-sites-in-the-usa-getting-2026/ HTTP/2" 200 29895 "https://dealzandfreebies.com/2026/06/23/verbunden-casinos-gebot-die-eine-umfang-absolutbetrag-an-klassischen-casinospielen-genau-so-wie-toothed-wheel-blackjack-weiters-poker-eingeschaltet/" "Mozilla/5.0 AppleWebKit/537.36 (KHTML, like Gecko; compatible; GPTBot/1.4; +https://openai.com/gptbot)"
74.7.241.32 - - [23/Jun/2026:06:09:03 -0700] "GET /wp-json/oembed/1.0/embed?url=https%3A%2F%2Fdealzandfreebies.com%2F2026%2F06%2F23%2Fverbunden-casinos-gebot-die-eine-umfang-absolutbetrag-an-klassischen-casinospielen-genau-so-wie-toothed-wheel-blackjack-weiters-poker-eingeschaltet%2F HTTP/2" 200 1190 "https://dealzandfreebies.com/2026/06/23/verbunden-casinos-gebot-die-eine-umfang-absolutbetrag-an-klassischen-casinospielen-genau-so-wie-toothed-wheel-blackjack-weiters-poker-eingeschaltet/" "Mozilla/5.0 AppleWebKit/537.36 (KHTML, like Gecko; compatible; GPTBot/1.4; +https://openai.com/gptbot)"
74.7.241.32 - - [23/Jun/2026:06:09:03 -0700] "GET /wp-json/wp/v2/posts/165269 HTTP/2" 200 3665 "https://dealzandfreebies.com/2026/06/23/verbunden-casinos-gebot-die-eine-umfang-absolutbetrag-an-klassischen-casinospielen-genau-so-wie-toothed-wheel-blackjack-weiters-poker-eingeschaltet/" "Mozilla/5.0 AppleWebKit/537.36 (KHTML, like Gecko; compatible; GPTBot/1.4; +https://openai.com/gptbot)"
57.141.18.101 - - [23/Jun/2026:06:09:03 -0700] "GET /wp-json/wp/v2/posts/151911 HTTP/2" 200 8594 "-" "meta-externalagent/1.1 (+https://developers.facebook.com/docs/sharing/webmasters/crawler)"
74.7.241.32 - - [23/Jun/2026:06:09:04 -0700] "GET /wp-json/oembed/1.0/embed?format=xml&url=https%3A%2F%2Fdealzandfreebies.com%2F2026%2F06%2F23%2Fverbunden-casinos-gebot-die-eine-umfang-absolutbetrag-an-klassischen-casinospielen-genau-so-wie-toothed-wheel-blackjack-weiters-poker-eingeschaltet%2F HTTP/2" 200 1218 "https://dealzandfreebies.com/2026/06/23/verbunden-casinos-gebot-die-eine-umfang-absolutbetrag-an-klassischen-casinospielen-genau-so-wie-toothed-wheel-blackjack-weiters-poker-eingeschaltet/" "Mozilla/5.0 AppleWebKit/537.36 (KHTML, like Gecko; compatible; GPTBot/1.4; +https://openai.com/gptbot)"
74.7.241.32 - - [23/Jun/2026:06:09:04 -0700] "GET /wp-json/oembed/1.0/embed?format=xml&url=https%3A%2F%2Fdealzandfreebies.com%2F2026%2F06%2F19%2Fpremier-les-options%2F HTTP/2" 200 1216 "https://dealzandfreebies.com/2026/06/19/premier-les-options/" "Mozilla/5.0 AppleWebKit/537.36 (KHTML, like Gecko; compatible; GPTBot/1.4; +https://openai.com/gptbot)"
74.7.241.32 - - [23/Jun/2026:06:09:05 -0700] "GET /wp-json/oembed/1.0/embed?format=xml&url=https%3A%2F%2Fdealzandfreebies.com%2F2026%2F06%2F19%2Fporownanie-mostbet-kasyno-wybor-najlepszego%2F HTTP/2" 200 1139 "https://dealzandfreebies.com/2026/06/19/porownanie-mostbet-kasyno-wybor-najlepszego/" "Mozilla/5.0 AppleWebKit/537.36 (KHTML, like Gecko; compatible; GPTBot/1.4; +https://openai.com/gptbot)"
43.173.179.115 - - [23/Jun/2026:06:09:05 -0700] "GET /2026/06/21/168-100-percent-free-revolves-no-deposit-june-2026 HTTP/1.1" 301 0 "-" "Mozilla/5.0 (Windows NT 10.0; Win64; x64) AppleWebKit/537.36 (KHTML, like Gecko) Chrome/104.0.5112.81 Safari/537.36"
74.7.241.32 - - [23/Jun/2026:06:09:05 -0700] "GET /wp-json/oembed/1.0/embed?url=https%3A%2F%2Fdealzandfreebies.com%2F2026%2F06%2F19%2Fon-the-onlinecasinos-i24slot-app-apk-download-com%2F HTTP/2" 200 1091 "https://dealzandfreebies.com/2026/06/19/on-the-onlinecasinos-i24slot-app-apk-download-com/" "Mozilla/5.0 AppleWebKit/537.36 (KHTML, like Gecko; compatible; GPTBot/1.4; +https://openai.com/gptbot)"
136.243.228.180 - - [23/Jun/2026:06:09:05 -0700] "GET /2026/06/17/acum-poi-profita-in-plus-tu-de-un-plus-in-locul-depunere-i-prin-urmare-i-un-eficient-starnit-atenia/ HTTP/1.1" 200 28983 "-" "Mozilla/5.0 (compatible; DataForSeoBot/1.0; +https://dataforseo.com/dataforseo-bot)"
74.7.241.32 - - [23/Jun/2026:06:09:06 -0700] "GET /wp-json/oembed/1.0/embed?url=https%3A%2F%2Fdealzandfreebies.com%2F2026%2F06%2F23%2Fthe-fresh-new-signup-processes-is-very-important-in-terms-of-ranking-united-kingdom-on-line-casino-internet%2F HTTP/2" 200 1137 "https://dealzandfreebies.com/2026/06/23/the-fresh-new-signup-processes-is-very-important-in-terms-of-ranking-united-kingdom-on-line-casino-internet/" "Mozilla/5.0 AppleWebKit/537.36 (KHTML, like Gecko; compatible; GPTBot/1.4; +https://openai.com/gptbot)"
43.173.177.150 - - [23/Jun/2026:06:09:06 -0700] "GET /2026/06/20/wiele-kasyno-hazardowe-wlaczaja-znacznie-bardziej-ekskluzywne-zachety-bez-depozytu-%ef%bf%bd-wowczas-na-graczy-trafiaja-np-gadzety HTTP/1.1" 403 0 "-" "Mozilla/5.0 (Windows NT 10.0; Win64; x64) AppleWebKit/537.36 (KHTML, like Gecko) Chrome/109.0.0.0 Safari/537.36"
74.7.241.32 - - [23/Jun/2026:06:09:06 -0700] "GET /wp-json/oembed/1.0/embed?format=xml&url=https%3A%2F%2Fdealzandfreebies.com%2F2026%2F06%2F19%2Ffive-hundred-new-no-deposit-coin-master-no-deposit-bonus%2F HTTP/2" 200 1125 "https://dealzandfreebies.com/2026/06/19/five-hundred-new-no-deposit-coin-master-no-deposit-bonus/" "Mozilla/5.0 AppleWebKit/537.36 (KHTML, like Gecko; compatible; GPTBot/1.4; +https://openai.com/gptbot)"
43.172.195.231 - - [23/Jun/2026:06:09:06 -0700] "GET /2026/06/21/168-100-percent-free-revolves-no-deposit-june-2026/ HTTP/1.1" 200 33520 "-" "Mozilla/5.0 (Windows NT 10.0; Win64; x64) AppleWebKit/537.36 (KHTML, like Gecko) Chrome/104.0.5112.81 Safari/537.36"
74.7.241.32 - - [23/Jun/2026:06:09:07 -0700] "GET /wp-json/oembed/1.0/embed?format=xml&url=https%3A%2F%2Fdealzandfreebies.com%2F2026%2F06%2F19%2Fgreatest-8-mobile-commission-company-casino-wink-slots-login-in-the-2022%2F HTTP/2" 200 1149 "https://dealzandfreebies.com/2026/06/19/greatest-8-mobile-commission-company-casino-wink-slots-login-in-the-2022/" "Mozilla/5.0 AppleWebKit/537.36 (KHTML, like Gecko; compatible; GPTBot/1.4; +https://openai.com/gptbot)"
74.7.241.32 - - [23/Jun/2026:06:09:07 -0700] "GET /wp-json/oembed/1.0/embed?format=xml&url=https%3A%2F%2Fdealzandfreebies.com%2F2026%2F06%2F19%2Ffinest-on-the-internet-shell-out-by-cellular-telephone-casino-333-palace-no-deposit-casino%2F HTTP/2" 200 1164 "https://dealzandfreebies.com/2026/06/19/finest-on-the-internet-shell-out-by-cellular-telephone-casino-333-palace-no-deposit-casino/" "Mozilla/5.0 AppleWebKit/537.36 (KHTML, like Gecko; compatible; GPTBot/1.4; +https://openai.com/gptbot)"
43.173.178.200 - - [23/Jun/2026:06:09:08 -0700] "GET /2026/06/20/wiele-kasyno-hazardowe-wlaczaja-znacznie-bardziej-ekskluzywne-zachety-bez-depozytu-%ef%bf%bd-wowczas-na-graczy-trafiaja-np-gadzety HTTP/1.1" 403 0 "-" "Mozilla/5.0 (Windows NT 10.0; Win64; x64) AppleWebKit/537.36 (KHTML, like Gecko) Chrome/124.0.0.0 Safari/537.36"
216.73.217.103 - - [23/Jun/2026:06:09:08 -0700] "GET /2026/06/23/kursy-surfingu-kryptowaluty-polska-kompletny-111/ HTTP/2" 200 28485 "-" "Mozilla/5.0 AppleWebKit/537.36 (KHTML, like Gecko; compatible; ClaudeBot/1.0; +claudebot@anthropic.com)"
74.7.241.32 - - [23/Jun/2026:06:09:08 -0700] "GET /wp-json/oembed/1.0/embed?url=https%3A%2F%2Fdealzandfreebies.com%2F2026%2F06%2F19%2Fenjoy-totally-free-slots-on-line-no-register%2F HTTP/2" 200 1090 "https://dealzandfreebies.com/2026/06/19/enjoy-totally-free-slots-on-line-no-register/" "Mozilla/5.0 AppleWebKit/537.36 (KHTML, like Gecko; compatible; GPTBot/1.4; +https://openai.com/gptbot)"
216.73.217.103 - - [23/Jun/2026:06:09:07 -0700] "GET /2026/06/23/web-based-casinos-inside-pennsylvania-better-legal-pa-sites-for-will-get-2026/ HTTP/2" 200 28289 "-" "Mozilla/5.0 AppleWebKit/537.36 (KHTML, like Gecko; compatible; ClaudeBot/1.0; +claudebot@anthropic.com)"
74.7.241.32 - - [23/Jun/2026:06:09:08 -0700] "GET /?p=165267 HTTP/2" 301 0 "https://dealzandfreebies.com/2026/06/23/top-10-on-line-casino-a-real-income-sites-in-the-usa-getting-2026/" "Mozilla/5.0 AppleWebKit/537.36 (KHTML, like Gecko; compatible; GPTBot/1.4; +https://openai.com/gptbot)"
216.73.217.103 - - [23/Jun/2026:06:09:09 -0700] "GET /2026/06/23/i-think-the-only-gripe-is-that-there-surely-is-no-vip-club-or-support-program/ HTTP/2" 200 27737 "-" "Mozilla/5.0 AppleWebKit/537.36 (KHTML, like Gecko; compatible; ClaudeBot/1.0; +claudebot@anthropic.com)"
136.243.228.180 - - [23/Jun/2026:06:09:09 -0700] "GET /2026/06/17/before-construction-you-ought-to-allow-it-to-be-installment-from-unfamiliar-provide-within-the-android-os-system-settings/ HTTP/1.1" 200 29175 "-" "Mozilla/5.0 (compatible; DataForSeoBot/1.0; +https://dataforseo.com/dataforseo-bot)"
74.7.241.32 - - [23/Jun/2026:06:09:09 -0700] "GET /2026/06/23/rotiri-gratuite-dar-goldbet-casino-mobil-plata-ciresa-2026-tu-cazinouri-onjn/ HTTP/2" 200 30576 "https://dealzandfreebies.com/2026/06/23/top-10-on-line-casino-a-real-income-sites-in-the-usa-getting-2026/" "Mozilla/5.0 AppleWebKit/537.36 (KHTML, like Gecko; compatible; GPTBot/1.4; +https://openai.com/gptbot)"
47.245.135.214 - - [23/Jun/2026:06:09:10 -0700] "GET /2026/06/20/wiele-kasyno-hazardowe-wlaczaja-znacznie-bardziej-ekskluzywne-zachety-bez-depozytu-%ef%bf%bd-wowczas-na-graczy-trafiaja-np-gadzety HTTP/1.1" 403 0 "-" "Mozilla/5.0 (Windows NT 10.0; Win64; x64) AppleWebKit/537.36 (KHTML, like Gecko) Chrome/124.0.0.0 Safari/537.36"
43.173.178.142 - - [23/Jun/2026:06:09:10 -0700] "POST /wp-admin/admin-ajax.php HTTP/1.1" 200 22 "https://dealzandfreebies.com/2026/06/21/168-100-percent-free-revolves-no-deposit-june-2026/" "Mozilla/5.0 (Windows NT 10.0; Win64; x64) AppleWebKit/537.36 (KHTML, like Gecko) Chrome/104.0.5112.81 Safari/537.36"
74.7.241.32 - - [23/Jun/2026:06:09:10 -0700] "GET /wp-json/wp/v2/posts/165267 HTTP/2" 200 4988 "https://dealzandfreebies.com/2026/06/23/top-10-on-line-casino-a-real-income-sites-in-the-usa-getting-2026/" "Mozilla/5.0 AppleWebKit/537.36 (KHTML, like Gecko; compatible; GPTBot/1.4; +https://openai.com/gptbot)"
57.141.18.55 - - [23/Jun/2026:06:09:10 -0700] "GET /2026/06/22/in-jeweiligen-casinospielen-ist-diese-auszahlungsquote-aber-immer-eindeutig-gekennzeichnet/ HTTP/2" 200 140676 "-" "meta-externalagent/1.1 (+https://developers.facebook.com/docs/sharing/webmasters/crawler)"
74.7.241.32 - - [23/Jun/2026:06:09:11 -0700] "GET /wp-content/uploads/2026/06/guide-win-unique-768x768.jpg HTTP/2" 200 93946 "https://dealzandfreebies.com/wp-json/oembed/1.0/embed?format=xml&url=https%3A%2F%2Fdealzandfreebies.com%2F2026%2F06%2F19%2Fpremier-les-options%2F" "Mozilla/5.0 AppleWebKit/537.36 (KHTML, like Gecko; compatible; GPTBot/1.4; +https://openai.com/gptbot)"
104.255.170.81 - - [23/Jun/2026:06:09:11 -0700] "POST /wp-cron.php?doing_wp_cron=1782220151.6554899215698242187500 HTTP/1.1" 200 0 "-" "WordPress/7.0; https://dealzandfreebies.com"
23.90.184.84 - - [23/Jun/2026:06:09:10 -0700] "POST /xmlrpc.php HTTP/1.1" 200 181 "-" "Mozilla/5.0 (Windows NT 10.0; Win64; x64) AppleWebKit/537.36 (KHTML, like Gecko) Chrome/114.0.0.0 Safari/537.36"
74.7.241.32 - - [23/Jun/2026:06:09:11 -0700] "GET /wp-json/oembed/1.0/embed?url=https%3A%2F%2Fdealzandfreebies.com%2F2026%2F06%2F23%2Ftop-10-on-line-casino-a-real-income-sites-in-the-usa-getting-2026%2F HTTP/2" 200 1112 "https://dealzandfreebies.com/2026/06/23/top-10-on-line-casino-a-real-income-sites-in-the-usa-getting-2026/" "Mozilla/5.0 AppleWebKit/537.36 (KHTML, like Gecko; compatible; GPTBot/1.4; +https://openai.com/gptbot)"
74.7.241.32 - - [23/Jun/2026:06:09:12 -0700] "GET /wp-json/oembed/1.0/embed?url=https%3A%2F%2Fdealzandfreebies.com%2F2026%2F06%2F19%2Ffinest-low-gamstop-gambling-enterprises-lobstermania-to-install-1-deposit-acknowledged-deposit-by-mobile-phone-2022%2F HTTP/2" 200 1162 "https://dealzandfreebies.com/2026/06/19/finest-low-gamstop-gambling-enterprises-lobstermania-to-install-1-deposit-acknowledged-deposit-by-mobile-phone-2022/" "Mozilla/5.0 AppleWebKit/537.36 (KHTML, like Gecko; compatible; GPTBot/1.4; +https://openai.com/gptbot)"
74.7.241.32 - - [23/Jun/2026:06:09:13 -0700] "GET /wp-json/oembed/1.0/embed?format=xml&url=https%3A%2F%2Fdealzandfreebies.com%2F2026%2F06%2F23%2Ftips-for-beginners-at-casino77-uk-a-friendly-guide%2F HTTP/2" 200 1128 "https://dealzandfreebies.com/2026/06/23/tips-for-beginners-at-casino77-uk-a-friendly-guide/" "Mozilla/5.0 AppleWebKit/537.36 (KHTML, like Gecko; compatible; GPTBot/1.4; +https://openai.com/gptbot)"
74.7.241.32 - - [23/Jun/2026:06:09:13 -0700] "GET /wp-json/oembed/1.0/embed?format=xml&url=https%3A%2F%2Fdealzandfreebies.com%2F2026%2F06%2F19%2Fcomparativa-de-plataformas-de-apuestas-1win%2F HTTP/2" 200 1146 "https://dealzandfreebies.com/2026/06/19/comparativa-de-plataformas-de-apuestas-1win/" "Mozilla/5.0 AppleWebKit/537.36 (KHTML, like Gecko; compatible; GPTBot/1.4; +https://openai.com/gptbot)"
74.7.241.32 - - [23/Jun/2026:06:09:14 -0700] "GET /wp-json/oembed/1.0/embed?format=xml&url=https%3A%2F%2Fdealzandfreebies.com%2F2026%2F06%2F19%2Fenjoy-totally-free-slots-on-line-no-register%2F HTTP/2" 200 1116 "https://dealzandfreebies.com/2026/06/19/enjoy-totally-free-slots-on-line-no-register/" "Mozilla/5.0 AppleWebKit/537.36 (KHTML, like Gecko; compatible; GPTBot/1.4; +https://openai.com/gptbot)"
74.7.241.32 - - [23/Jun/2026:06:09:14 -0700] "GET /wp-json/oembed/1.0/embed?format=xml&url=https%3A%2F%2Fdealzandfreebies.com%2F2026%2F06%2F19%2Ften-effective-valid-five-casino-stack99-80-no-deposit-bonus-hundred-no-deposit-bonus-codes-to-possess-2022%2F HTTP/2" 200 1184 "https://dealzandfreebies.com/2026/06/19/ten-effective-valid-five-casino-stack99-80-no-deposit-bonus-hundred-no-deposit-bonus-codes-to-possess-2022/" "Mozilla/5.0 AppleWebKit/537.36 (KHTML, like Gecko; compatible; GPTBot/1.4; +https://openai.com/gptbot)"
136.243.228.180 - - [23/Jun/2026:06:09:13 -0700] "GET /2026/06/17/we-are-going-to-concentrate-on-the-incredible-position-online-game-available-on-how-to-have-fun-with/ HTTP/1.1" 200 28148 "-" "Mozilla/5.0 (compatible; DataForSeoBot/1.0; +https://dataforseo.com/dataforseo-bot)"
74.7.241.32 - - [23/Jun/2026:06:09:15 -0700] "GET /wp-json/oembed/1.0/embed?format=xml&url=https%3A%2F%2Fdealzandfreebies.com%2F2026%2F06%2F23%2Fcasinos-online-em-portugal-os-melhores-em-casinos-11%2F HTTP/2" 200 1114 "https://dealzandfreebies.com/2026/06/23/casinos-online-em-portugal-os-melhores-em-casinos-11/" "Mozilla/5.0 AppleWebKit/537.36 (KHTML, like Gecko; compatible; GPTBot/1.4; +https://openai.com/gptbot)"
74.7.241.32 - - [23/Jun/2026:06:09:15 -0700] "GET /wp-json/oembed/1.0/embed?format=xml&url=https%3A%2F%2Fdealzandfreebies.com%2F2026%2F06%2F23%2Frotiri-gratuite-insa-achitare-iunie-queen-of-the-nile-120-rotiri-gratuite-2026-tu-cazinouri-onjn%2F HTTP/2" 200 1179 "https://dealzandfreebies.com/2026/06/23/rotiri-gratuite-insa-achitare-iunie-queen-of-the-nile-120-rotiri-gratuite-2026-tu-cazinouri-onjn/" "Mozilla/5.0 AppleWebKit/537.36 (KHTML, like Gecko; compatible; GPTBot/1.4; +https://openai.com/gptbot)"
74.7.241.32 - - [23/Jun/2026:06:09:16 -0700] "GET /?p=165265 HTTP/2" 301 0 "https://dealzandfreebies.com/2026/06/23/rotiri-gratuite-dar-goldbet-casino-mobil-plata-ciresa-2026-tu-cazinouri-onjn/" "Mozilla/5.0 AppleWebKit/537.36 (KHTML, like Gecko; compatible; GPTBot/1.4; +https://openai.com/gptbot)"
74.7.241.32 - - [23/Jun/2026:06:09:16 -0700] "GET /2026/06/23/kostenlose-casinospiele-hinein-quecksilber-gaming-blos-obtain-und-einschreibung/ HTTP/2" 200 30143 "https://dealzandfreebies.com/2026/06/23/rotiri-gratuite-dar-goldbet-casino-mobil-plata-ciresa-2026-tu-cazinouri-onjn/" "Mozilla/5.0 AppleWebKit/537.36 (KHTML, like Gecko; compatible; GPTBot/1.4; +https://openai.com/gptbot)"
74.7.241.32 - - [23/Jun/2026:06:09:17 -0700] "GET /wp-json/wp/v2/posts/165265 HTTP/2" 200 5613 "https://dealzandfreebies.com/2026/06/23/rotiri-gratuite-dar-goldbet-casino-mobil-plata-ciresa-2026-tu-cazinouri-onjn/" "Mozilla/5.0 AppleWebKit/537.36 (KHTML, like Gecko; compatible; GPTBot/1.4; +https://openai.com/gptbot)"
23.90.184.84 - - [23/Jun/2026:06:09:17 -0700] "POST /xmlrpc.php HTTP/1.1" 200 8807 "-" "Mozilla/5.0 (Windows NT 10.0; Win64; x64) AppleWebKit/537.36 (KHTML, like Gecko) Chrome/114.0.0.0 Safari/537.36"
74.7.241.32 - - [23/Jun/2026:06:09:18 -0700] "GET /wp-json/oembed/1.0/embed?url=https%3A%2F%2Fdealzandfreebies.com%2F2026%2F06%2F23%2Frotiri-gratuite-dar-goldbet-casino-mobil-plata-ciresa-2026-tu-cazinouri-onjn%2F HTTP/2" 200 1139 "https://dealzandfreebies.com/2026/06/23/rotiri-gratuite-dar-goldbet-casino-mobil-plata-ciresa-2026-tu-cazinouri-onjn/" "Mozilla/5.0 AppleWebKit/537.36 (KHTML, like Gecko; compatible; GPTBot/1.4; +https://openai.com/gptbot)"
23.90.184.84 - - [23/Jun/2026:06:09:18 -0700] "GET /2026/06/23/check-for-every-web-sites-%EF%BF%BDrules%EF%BF%BD-otherwise-%EF%BF%BDeligible-jurisdictions%EF%BF%BD-web-page-prior-to-to-relax-and-play/ HTTP/1.1" 403 0 "-" "Mozilla/5.0 (Windows NT 10.0; Win64; x64; rv:125.0) Gecko/20100101 Firefox/125.0"
136.243.228.180 - - [23/Jun/2026:06:09:18 -0700] "GET /2026/06/17/du-mochtest-uber-kenntnisse-verfugen-die-slots-dir-unter-einsatz-von-diesem-notigen-touch-riesenerfolg-unser-hochsten-gewinne-verhalten-fahig-sein/ HTTP/1.1" 200 30433 "-" "Mozilla/5.0 (compatible; DataForSeoBot/1.0; +https://dataforseo.com/dataforseo-bot)"
