136.243.228.180 - - [23/Jun/2026:06:23:25 -0700] "GET /2026/06/17/over-the-past-few-weeks-i-was-travel-about-united-states-ingesting-claims-eg-michigan-and-you-may-rhode-area/ HTTP/1.1" 200 27680 "-" "Mozilla/5.0 (compatible; DataForSeoBot/1.0; +https://dataforseo.com/dataforseo-bot)"
5.141.85.253 - - [23/Jun/2026:06:23:26 -0700] "POST /xmlrpc.php HTTP/2" 200 32057 "-" "Mozilla/5.0 (Macintosh; Intel Mac OS X 10_15_7) AppleWebKit/537.36 (KHTML, like Gecko) Chrome/120.0.0.0 Safari/537.36"
23.90.184.84 - - [23/Jun/2026:06:23:26 -0700] "POST /xmlrpc.php HTTP/1.1" 200 8982 "-" "Mozilla/5.0 (Windows NT 10.0; Win64; x64) AppleWebKit/537.36 (KHTML, like Gecko) Chrome/114.0.0.0 Safari/537.36"
146.70.164.23 - - [23/Jun/2026:06:23:27 -0700] "POST /xmlrpc.php HTTP/1.1" 200 6979 "-" "Mozilla/5.0 (Windows NT 10.0; Win64; x64) AppleWebKit/537.36 (KHTML, like Gecko) Chrome/114.0.0.0 Safari/537.36"
188.137.248.157 - - [23/Jun/2026:06:23:28 -0700] "POST /xmlrpc.php HTTP/1.1" 403 0 "-" "Python-xmlrpc/3.12"
23.90.184.84 - - [23/Jun/2026:06:23:27 -0700] "GET /2026/06/23/it-includes-support-service-safe-payment-solutions-and-you-will-complete-video-game-collection-availability/ HTTP/1.1" 200 139558 "-" "Mozilla/5.0 (Windows NT 10.0; Win64; x64) AppleWebKit/537.36 (KHTML, like Gecko) Chrome/124.0.0.0 Safari/537.36 Edg/124.0.0.0"
188.137.248.157 - - [23/Jun/2026:06:23:29 -0700] "POST /xmlrpc.php HTTP/1.1" 403 0 "-" "Python-xmlrpc/3.12"
146.70.164.23 - - [23/Jun/2026:06:23:29 -0700] "GET /2026/06/23/ultimate-turnkey-online-casino-software-programs-for-the-gaming-means/ HTTP/1.1" 200 138611 "-" "Mozilla/5.0 (Windows NT 10.0; rv:125.0) Gecko/20100101 Firefox/125.0"
136.243.228.180 - - [23/Jun/2026:06:23:29 -0700] "GET /2026/06/17/exactly-how-we-ranked-the-most-famous-united-kingdom-to-experience-web-sites/ HTTP/1.1" 200 27594 "-" "Mozilla/5.0 (compatible; DataForSeoBot/1.0; +https://dataforseo.com/dataforseo-bot)"
136.243.228.180 - - [23/Jun/2026:06:23:33 -0700] "GET /2026/06/17/approfondimenti-anche-commenti-degli-stessi-sviluppatori-completano-le-nostre-recensioni-degli-esperti/ HTTP/1.1" 200 27858 "-" "Mozilla/5.0 (compatible; DataForSeoBot/1.0; +https://dataforseo.com/dataforseo-bot)"
90.193.137.9 - - [23/Jun/2026:06:23:35 -0700] "POST /xmlrpc.php HTTP/2" 200 32057 "-" "Mozilla/5.0 (Macintosh; Intel Mac OS X 10_15_7) AppleWebKit/537.36 (KHTML, like Gecko) Chrome/120.0.0.0 Safari/537.36"
188.137.248.157 - - [23/Jun/2026:06:23:36 -0700] "POST /xmlrpc.php HTTP/1.1" 403 0 "-" "Python-xmlrpc/3.12"
136.243.228.180 - - [23/Jun/2026:06:23:38 -0700] "GET /2026/06/17/tragaperras-chupasangres-sobre-netent-sobre-gnome-maquina-tragamonedas-colombia-alto-rtp-baja-volatilidad/ HTTP/1.1" 200 29574 "-" "Mozilla/5.0 (compatible; DataForSeoBot/1.0; +https://dataforseo.com/dataforseo-bot)"
43.153.113.127 - - [23/Jun/2026:06:23:40 -0700] "GET / HTTP/1.1" 200 14023 "http://dealzandfreebies.com" "Mozilla/5.0 (iPhone; CPU iPhone OS 13_2_3 like Mac OS X) AppleWebKit/605.1.15 (KHTML, like Gecko) Version/13.0.3 Mobile/15E148 Safari/604.1"
136.243.228.180 - - [23/Jun/2026:06:23:41 -0700] "GET /2026/06/17/cellular-and-you-may-desktop-users-is-satisfied-to-the-graphics-musical-and-you-may-simplicity/ HTTP/1.1" 200 27617 "-" "Mozilla/5.0 (compatible; DataForSeoBot/1.0; +https://dataforseo.com/dataforseo-bot)"
216.73.217.103 - - [23/Jun/2026:06:23:43 -0700] "GET /?p=164270 HTTP/2" 301 0 "-" "Mozilla/5.0 AppleWebKit/537.36 (KHTML, like Gecko; compatible; ClaudeBot/1.0; +claudebot@anthropic.com)"
216.73.217.103 - - [23/Jun/2026:06:23:44 -0700] "GET /?p=154566 HTTP/2" 301 0 "-" "Mozilla/5.0 AppleWebKit/537.36 (KHTML, like Gecko; compatible; ClaudeBot/1.0; +claudebot@anthropic.com)"
216.73.217.103 - - [23/Jun/2026:06:23:44 -0700] "GET /2026/06/23/goldilocks-and-also-the-crazy-bears-demo-enjoy-totally-free-slot-online-game/ HTTP/2" 200 28961 "https://dealzandfreebies.com/?p=164270" "Mozilla/5.0 AppleWebKit/537.36 (KHTML, like Gecko; compatible; ClaudeBot/1.0; +claudebot@anthropic.com)"
216.73.217.103 - - [23/Jun/2026:06:23:44 -0700] "GET /2026/06/22/betsafe-comment-blazing-star-1-deposit-2026-100-to-50-20-revolves/ HTTP/2" 200 30579 "https://dealzandfreebies.com/?p=154566" "Mozilla/5.0 AppleWebKit/537.36 (KHTML, like Gecko; compatible; ClaudeBot/1.0; +claudebot@anthropic.com)"
136.243.228.180 - - [23/Jun/2026:06:23:46 -0700] "GET /2026/06/17/that-one-currently-tops-our-very-own-variety-of-an-informed-online-casinos-in-the-united-kingdom/ HTTP/1.1" 200 27921 "-" "Mozilla/5.0 (compatible; DataForSeoBot/1.0; +https://dataforseo.com/dataforseo-bot)"
104.255.170.81 - - [23/Jun/2026:06:23:48 -0700] "POST /wp-cron.php?doing_wp_cron=1782221028.1309530735015869140625 HTTP/1.1" 200 0 "-" "WordPress/7.0; https://dealzandfreebies.com"
146.70.99.148 - - [23/Jun/2026:06:23:47 -0700] "POST /xmlrpc.php HTTP/1.1" 200 181 "-" "Mozilla/5.0 (Windows NT 10.0; Win64; x64) AppleWebKit/537.36 (KHTML, like Gecko) Chrome/114.0.0.0 Safari/537.36"
185.191.171.14 - - [23/Jun/2026:06:23:48 -0700] "GET /2026/06/22/free-online-casino-slot-mexico-wins-games-ports-electronic-poker-desk-online-game/ HTTP/1.1" 200 34975 "-" "Mozilla/5.0 (compatible; SemrushBot/7~bl; +http://www.semrush.com/bot.html)"
136.243.228.180 - - [23/Jun/2026:06:23:49 -0700] "GET /2026/06/17/denen-diese-verleiten-vermogen/ HTTP/1.1" 200 29689 "-" "Mozilla/5.0 (compatible; DataForSeoBot/1.0; +https://dataforseo.com/dataforseo-bot)"
66.249.74.67 - - [23/Jun/2026:06:23:50 -0700] "GET /robots.txt HTTP/1.1" 200 61 "-" "Mozilla/5.0 (compatible; Googlebot/2.1; +http://www.google.com/bot.html)"
182.84.152.109 - - [23/Jun/2026:06:23:52 -0700] "GET /2026/06/02/mecanisme-de-eye-of-ra-fente-en-ligne-credits-partout-du-starburst/%7B(%7Btcb_featured_image_url%20size=large%7D HTTP/1.1" 403 0 "-" "Mozilla/5.0 (compatible; MSIE 5.0; Windows NT 6.2; Trident/3.0)"
57.141.18.30 - - [23/Jun/2026:06:23:54 -0700] "GET /wp-json/oembed/1.0/embed?url=https%3A%2F%2Fdealzandfreebies.com%2F2026%2F06%2F22%2Ftotally-free-pokies-no-install-play-pokies-on-bonus-7-sultans-casino-the-web-for-free%2F HTTP/2" 200 2598 "-" "meta-externalagent/1.1 (+https://developers.facebook.com/docs/sharing/webmasters/crawler)"
136.243.228.180 - - [23/Jun/2026:06:23:53 -0700] "GET /2026/06/17/wild-sultan-salle-de-jeu-allemagne-commentaire-bonus-jeu-retrait/ HTTP/1.1" 200 29939 "-" "Mozilla/5.0 (compatible; DataForSeoBot/1.0; +https://dataforseo.com/dataforseo-bot)"
185.191.171.18 - - [23/Jun/2026:06:23:56 -0700] "GET /2026/06/22/casino-online-adm-poker-anche-premio-sagace-verso-1000/ HTTP/1.1" 200 34898 "-" "Mozilla/5.0 (compatible; SemrushBot/7~bl; +http://www.semrush.com/bot.html)"
23.90.184.84 - - [23/Jun/2026:06:23:58 -0700] "POST /xmlrpc.php HTTP/1.1" 500 602 "-" "Mozilla/5.0 (Windows NT 10.0; Win64; x64) AppleWebKit/537.36 (KHTML, like Gecko) Chrome/114.0.0.0 Safari/537.36"
136.243.228.180 - - [23/Jun/2026:06:23:58 -0700] "GET /2026/06/17/home-akademie-21-as-marco-polo-slot-part-of-buxtehude-uni-21/ HTTP/1.1" 200 29924 "-" "Mozilla/5.0 (compatible; DataForSeoBot/1.0; +https://dataforseo.com/dataforseo-bot)"
146.70.99.148 - - [23/Jun/2026:06:23:58 -0700] "POST /xmlrpc.php HTTP/1.1" 200 13832 "-" "Mozilla/5.0 (Windows NT 10.0; Win64; x64) AppleWebKit/537.36 (KHTML, like Gecko) Chrome/114.0.0.0 Safari/537.36"
104.255.170.81 - - [23/Jun/2026:06:23:59 -0700] "POST /wp-cron.php?doing_wp_cron=1782221039.8072481155395507812500 HTTP/1.1" 200 0 "-" "WordPress/7.0; https://dealzandfreebies.com"
103.219.169.164 - - [23/Jun/2026:06:23:59 -0700] "POST /xmlrpc.php HTTP/1.1" 200 181 "-" "Mozilla/5.0 (Windows NT 10.0; Win64; x64) AppleWebKit/537.36 (KHTML, like Gecko) Chrome/114.0.0.0 Safari/537.36"
146.70.99.148 - - [23/Jun/2026:06:23:59 -0700] "GET /2026/06/23/wir-unter-seine-fittiche-nehmen-eintreten-die-kunden-mit-vergnugen-intensiv-unser-besten-bonusangebote-unter-anderem-bonuscodes-frei-einzahlung-dahinter-ausfindig-machen/ HTTP/1.1" 200 146905 "-" "Mozilla/5.0 (Windows NT 10.0; rv:125.0) Gecko/20100101 Firefox/125.0"
136.243.228.180 - - [23/Jun/2026:06:24:01 -0700] "GET /2026/06/17/de-ce-este-de-fapt-atat-din-populare-jocurile-din-cauza-cazino/ HTTP/1.1" 200 28094 "-" "Mozilla/5.0 (compatible; DataForSeoBot/1.0; +https://dataforseo.com/dataforseo-bot)"
104.255.170.81 - - [23/Jun/2026:06:24:04 -0700] "POST /wp-cron.php?doing_wp_cron=1782221044.2616930007934570312500 HTTP/1.1" 200 0 "-" "WordPress/7.0; https://dealzandfreebies.com"
185.191.206.90 - - [23/Jun/2026:06:24:02 -0700] "POST /xmlrpc.php HTTP/1.1" 200 181 "-" "Mozilla/5.0 (Windows NT 10.0; Win64; x64) AppleWebKit/537.36 (KHTML, like Gecko) Chrome/114.0.0.0 Safari/537.36"
136.243.228.180 - - [23/Jun/2026:06:24:05 -0700] "GET /2026/06/17/dict-cc-lexikon/ HTTP/1.1" 200 29846 "-" "Mozilla/5.0 (compatible; DataForSeoBot/1.0; +https://dataforseo.com/dataforseo-bot)"
103.219.169.164 - - [23/Jun/2026:06:24:05 -0700] "POST /xmlrpc.php HTTP/1.1" 200 12332 "-" "Mozilla/5.0 (Windows NT 10.0; Win64; x64) AppleWebKit/537.36 (KHTML, like Gecko) Chrome/114.0.0.0 Safari/537.36"
85.208.96.195 - - [23/Jun/2026:06:24:06 -0700] "GET /2026/06/21/betfairs-cellular-software-delivers-a-seamless-and-you-can-fully-checked-gaming-sense-one-to-directly-decorative-mirrors-the-desktop-platform/ HTTP/1.1" 200 33861 "-" "Mozilla/5.0 (compatible; SemrushBot/7~bl; +http://www.semrush.com/bot.html)"
103.219.169.164 - - [23/Jun/2026:06:24:07 -0700] "GET /2026/06/23/faq-2/ HTTP/1.1" 200 142715 "-" "Mozilla/5.0 (Windows NT 10.0; Win64; x64) AppleWebKit/537.36 (KHTML, like Gecko) Chrome/123.0.0.0 Safari/537.36 OPR/109.0.0.0"
185.191.206.90 - - [23/Jun/2026:06:24:09 -0700] "POST /xmlrpc.php HTTP/1.1" 200 8888 "-" "Mozilla/5.0 (Windows NT 10.0; Win64; x64) AppleWebKit/537.36 (KHTML, like Gecko) Chrome/114.0.0.0 Safari/537.36"
111.23.206.95 - - [23/Jun/2026:06:24:10 -0700] "GET /2026/06/05/mhrmlik-v-rahatlqla-pinco-az-platformasnda/%7B(%7Btcb_featured_image_url%20size=large%7D HTTP/1.1" 403 0 "-" "Mozilla/5.0 (compatible; MSIE 8.0; Windows 98; Win 9x 4.90; Trident/3.0)"
136.243.228.180 - - [23/Jun/2026:06:24:10 -0700] "GET /2026/06/17/avem-o-colecie-impresionanta-din-jocuri-din-casino-gratis-cat-i-pacanele-care-au-un-venit-real/ HTTP/1.1" 200 27571 "-" "Mozilla/5.0 (compatible; DataForSeoBot/1.0; +https://dataforseo.com/dataforseo-bot)"
185.191.206.90 - - [23/Jun/2026:06:24:10 -0700] "GET /2026/06/23/leovegas-premio-in-assenza-di-tenuta-50-free-spins/ HTTP/1.1" 200 138591 "-" "Mozilla/5.0 (Windows NT 10.0; Win64; x64; rv:125.0) Gecko/20100101 Firefox/125.0"
136.243.228.180 - - [23/Jun/2026:06:24:13 -0700] "GET /2026/06/17/entscheiden-%EF%BF%BD-welches-umfangreiche-spielbank-sagt-euch-an-dem-meisten-uff/ HTTP/1.1" 403 0 "-" "Mozilla/5.0 (compatible; DataForSeoBot/1.0; +https://dataforseo.com/dataforseo-bot)"
216.73.217.103 - - [23/Jun/2026:06:24:14 -0700] "GET /?p=164216 HTTP/2" 301 0 "-" "Mozilla/5.0 AppleWebKit/537.36 (KHTML, like Gecko; compatible; ClaudeBot/1.0; +claudebot@anthropic.com)"
104.255.170.81 - - [23/Jun/2026:06:24:14 -0700] "POST /wp-cron.php?doing_wp_cron=1782221054.7141621112823486328125 HTTP/1.1" 200 0 "-" "WordPress/7.0; https://dealzandfreebies.com"
185.191.206.69 - - [23/Jun/2026:06:24:13 -0700] "POST /xmlrpc.php HTTP/1.1" 200 181 "-" "Mozilla/5.0 (Windows NT 10.0; Win64; x64) AppleWebKit/537.36 (KHTML, like Gecko) Chrome/114.0.0.0 Safari/537.36"
36.140.244.223 - - [23/Jun/2026:06:24:15 -0700] "GET /2026/06/03/kak-sostavit-rejting-kazino-poshagovoe-rukovodstvo/%7B(%7Btcb_featured_image_url%20size=large%7D HTTP/1.1" 403 0 "-" "Mozilla/5.0 (Windows NT 6.0; cs-CZ; rv:1.9.1.20) Gecko/7736-11-16 02:10:12.128662 Firefox/5.0"
216.73.217.103 - - [23/Jun/2026:06:24:14 -0700] "GET /2026/06/23/greeting-50-free-spins-no-deposit-real-money-bonus/ HTTP/2" 200 29273 "https://dealzandfreebies.com/?p=164216" "Mozilla/5.0 AppleWebKit/537.36 (KHTML, like Gecko; compatible; ClaudeBot/1.0; +claudebot@anthropic.com)"
146.70.164.23 - - [23/Jun/2026:06:24:15 -0700] "POST /xmlrpc.php HTTP/1.1" 200 181 "-" "Mozilla/5.0 (Windows NT 10.0; Win64; x64) AppleWebKit/537.36 (KHTML, like Gecko) Chrome/114.0.0.0 Safari/537.36"
104.255.170.81 - - [23/Jun/2026:06:24:18 -0700] "POST /wp-cron.php?doing_wp_cron=1782221058.4563469886779785156250 HTTP/1.1" 200 0 "-" "WordPress/7.0; https://dealzandfreebies.com"
154.251.96.130 - - [23/Jun/2026:06:24:17 -0700] "GET /2026/06/21/ewentualne-plaga-utraty-srodkow-jest-ograniczone-calkowicie-do-opinie-zakupionego-vouchera/ HTTP/1.1" 200 28576 "-" "Opera/8.61.(Windows NT 5.0; gd-GB) Presto/2.9.184 Version/11.00"
136.243.228.180 - - [23/Jun/2026:06:24:17 -0700] "GET /2026/06/17/jackpot-multiple-gamble/ HTTP/1.1" 200 29755 "-" "Mozilla/5.0 (compatible; DataForSeoBot/1.0; +https://dataforseo.com/dataforseo-bot)"
57.141.18.34 - - [23/Jun/2026:06:24:19 -0700] "GET /wp-json/oembed/1.0/embed?url=https%3A%2F%2Fdealzandfreebies.com%2F2026%2F06%2F22%2Fein-ihr-grunde-und-jeglicher-loath-fishnet-eigenen-gewinnmoglichkeiten%2F HTTP/2" 200 2526 "-" "meta-externalagent/1.1 (+https://developers.facebook.com/docs/sharing/webmasters/crawler)"
124.40.255.225 - - [23/Jun/2026:06:24:19 -0700] "GET /2026/06/07/gambling-enterprise-77-on-the-internet-united-kingdom-77-added-bonus-77-free-spins-enjoy-now/%7B(%7Btcb_featured_image_url%20size=large%7D HTTP/1.1" 403 0 "-" "Mozilla/5.0 (compatible; MSIE 9.0; Windows NT 5.2; Trident/4.0)"
185.191.206.69 - - [23/Jun/2026:06:24:19 -0700] "POST /xmlrpc.php HTTP/1.1" 200 9838 "-" "Mozilla/5.0 (Windows NT 10.0; Win64; x64) AppleWebKit/537.36 (KHTML, like Gecko) Chrome/114.0.0.0 Safari/537.36"
185.191.206.69 - - [23/Jun/2026:06:24:21 -0700] "GET /2026/06/23/die-besten-legalen%EF%BF%BD-%EF%BF%BDdeutschen-online-casinos-inoffizieller-mitarbeiter-versuch-2025/ HTTP/1.1" 403 0 "-" "Mozilla/5.0 (Windows NT 10.0; Win64; x64; rv:125.0) Gecko/20100101 Firefox/125.0"
223.102.93.62 - - [23/Jun/2026:06:24:21 -0700] "GET /2026/06/05/stoiximan-1030/%7B(%7Btcb_featured_image_url%20size=large%7D HTTP/1.1" 403 0 "-" "Mozilla/5.0 (Macintosh; U; Intel Mac OS X 10_6_8 rv:3.0; ff-SN) AppleWebKit/535.10.2 (KHTML, like Gecko) Version/5.1 Safari/535.10.2"
146.70.164.23 - - [23/Jun/2026:06:24:21 -0700] "POST /xmlrpc.php HTTP/1.1" 200 8214 "-" "Mozilla/5.0 (Windows NT 10.0; Win64; x64) AppleWebKit/537.36 (KHTML, like Gecko) Chrome/114.0.0.0 Safari/537.36"
136.243.228.180 - - [23/Jun/2026:06:24:22 -0700] "GET /2026/06/17/gaming-club-spielbank-probe-bonuscode-fur-800-casino-superlenny-100-kein-einzahlungsbonus-echtgeld/ HTTP/1.1" 200 30250 "-" "Mozilla/5.0 (compatible; DataForSeoBot/1.0; +https://dataforseo.com/dataforseo-bot)"
185.191.206.69 - - [23/Jun/2026:06:24:22 -0700] "POST /xmlrpc.php HTTP/1.1" 200 178 "-" "Mozilla/5.0 (Windows NT 10.0; Win64; x64) AppleWebKit/537.36 (KHTML, like Gecko) Chrome/114.0.0.0 Safari/537.36"
146.70.164.23 - - [23/Jun/2026:06:24:22 -0700] "GET /2026/06/23/turnkey-casino-software-programs/ HTTP/1.1" 200 138500 "-" "Mozilla/5.0 (Windows NT 10.0; Win64; x64; rv:124.0) Gecko/20100101 Firefox/124.0"
185.191.171.10 - - [23/Jun/2026:06:24:24 -0700] "GET /2026/06/23/attention-play-blackjack-classic-low-limit-online-required-cloudflare/ HTTP/1.1" 200 34772 "-" "Mozilla/5.0 (compatible; SemrushBot/7~bl; +http://www.semrush.com/bot.html)"
104.255.170.81 - - [23/Jun/2026:06:24:25 -0700] "POST /wp-cron.php?doing_wp_cron=1782221065.7631230354309082031250 HTTP/1.1" 200 0 "-" "WordPress/7.0; https://dealzandfreebies.com"
200.25.47.106 - - [23/Jun/2026:06:24:25 -0700] "POST /xmlrpc.php HTTP/1.1" 200 181 "-" "Mozilla/5.0 (Windows NT 10.0; Win64; x64) AppleWebKit/537.36 (KHTML, like Gecko) Chrome/114.0.0.0 Safari/537.36"
136.243.228.180 - - [23/Jun/2026:06:24:25 -0700] "GET /2026/06/17/this-leads-to-higher-rational-worry-and-you-can-stress-on-the-relationship-also/ HTTP/1.1" 200 27653 "-" "Mozilla/5.0 (compatible; DataForSeoBot/1.0; +https://dataforseo.com/dataforseo-bot)"
103.219.169.164 - - [23/Jun/2026:06:24:25 -0700] "POST /xmlrpc.php HTTP/1.1" 200 181 "-" "Mozilla/5.0 (Windows NT 10.0; Win64; x64) AppleWebKit/537.36 (KHTML, like Gecko) Chrome/114.0.0.0 Safari/537.36"
130.12.145.227 - - [23/Jun/2026:06:24:29 -0700] "GET /2026/06/02/aloha-cluster-pays-demo-sus-particulares-desplazandolo-hacia-el-pelo-juego-regalado-casino-platinum-play-giros-gratis-registrarse-96-42-rtp/%7B(%7Btcb_featured_image_url%20size=large%7D HTTP/1.1" 403 0 "-" "Mozilla/5.0 (Windows; U; Windows CE) AppleWebKit/533.10.1 (KHTML, like Gecko) Version/4.0.3 Safari/533.10.1"
104.255.170.81 - - [23/Jun/2026:06:24:30 -0700] "POST /wp-cron.php?doing_wp_cron=1782221070.3399019241333007812500 HTTP/1.1" 200 0 "-" "WordPress/7.0; https://dealzandfreebies.com"
136.243.228.180 - - [23/Jun/2026:06:24:29 -0700] "GET /2026/06/17/70-pyramid-quest-for-immortality-spielautomat-freispiele-ohne-einzahlung-spielsaal-verkettete-liste-2026/ HTTP/1.1" 200 30788 "-" "Mozilla/5.0 (compatible; DataForSeoBot/1.0; +https://dataforseo.com/dataforseo-bot)"
200.25.47.106 - - [23/Jun/2026:06:24:32 -0700] "POST /xmlrpc.php HTTP/1.1" 200 16159 "-" "Mozilla/5.0 (Windows NT 10.0; Win64; x64) AppleWebKit/537.36 (KHTML, like Gecko) Chrome/114.0.0.0 Safari/537.36"
136.243.228.180 - - [23/Jun/2026:06:24:33 -0700] "GET /2026/06/17/vistabet-%CF%80%CF%81%CE%BF%CF%83%CF%86%CE%BF%CF%81%CE%AD%CF%82-%CE%B1%CE%BE%CE%B9%CE%BF%CF%80%CE%BF%CE%B9%CE%AE%CF%83%CF%84%CE%B5-%CF%84%CE%B9%CF%82-%CE%BA%CE%B1%CE%BB%CF%8D%CF%84%CE%B5%CF%81%CE%B5/ HTTP/1.1" 403 0 "-" "Mozilla/5.0 (compatible; DataForSeoBot/1.0; +https://dataforseo.com/dataforseo-bot)"
185.191.171.10 - - [23/Jun/2026:06:24:33 -0700] "GET /2026/06/20/a-real-income-online-game/ HTTP/1.1" 200 34212 "-" "Mozilla/5.0 (compatible; SemrushBot/7~bl; +http://www.semrush.com/bot.html)"
103.219.169.164 - - [23/Jun/2026:06:24:33 -0700] "POST /xmlrpc.php HTTP/1.1" 200 11363 "-" "Mozilla/5.0 (Windows NT 10.0; Win64; x64) AppleWebKit/537.36 (KHTML, like Gecko) Chrome/114.0.0.0 Safari/537.36"
57.141.18.109 - - [23/Jun/2026:06:24:36 -0700] "GET /?p=158291 HTTP/2" 301 0 "-" "meta-externalagent/1.1 (+https://developers.facebook.com/docs/sharing/webmasters/crawler)"
103.219.169.164 - - [23/Jun/2026:06:24:35 -0700] "GET /2026/06/23/rating-100-free-revolves-today/ HTTP/1.1" 200 141625 "-" "Mozilla/5.0 (Windows NT 10.0; Win64; x64) AppleWebKit/537.36 (KHTML, like Gecko) Chrome/123.0.0.0 Safari/537.36"
200.25.47.106 - - [23/Jun/2026:06:24:34 -0700] "GET /2026/06/23/pub-club-black-colored-step-one-deposit-buffalo-blitz-sheep-games-remark-2026-rtp-incentives-demonstration/ HTTP/1.1" 200 145481 "-" "Mozilla/5.0 (Windows NT 10.0; Win64; x64; rv:125.0) Gecko/20100101 Firefox/125.0"
104.255.170.81 - - [23/Jun/2026:06:24:38 -0700] "POST /wp-cron.php?doing_wp_cron=1782221078.0042760372161865234375 HTTP/1.1" 200 0 "-" "WordPress/7.0; https://dealzandfreebies.com"
136.243.228.180 - - [23/Jun/2026:06:24:37 -0700] "GET /2026/06/17/away-from-users-that-happen-to-be-too-young-i-have-a-rigorous-policy-that-we-does-not-endure/ HTTP/1.1" 200 28438 "-" "Mozilla/5.0 (compatible; DataForSeoBot/1.0; +https://dataforseo.com/dataforseo-bot)"
23.90.184.84 - - [23/Jun/2026:06:23:38 -0700] "POST /xmlrpc.php HTTP/1.1" 503 807 "-" "Mozilla/5.0 (Windows NT 10.0; Win64; x64) AppleWebKit/537.36 (KHTML, like Gecko) Chrome/114.0.0.0 Safari/537.36"
136.243.228.180 - - [23/Jun/2026:06:24:42 -0700] "GET /2026/06/17/astfel-faci-un-eficient-las-cazinoul-de-asemenea-i-oferta-it-ci-numarul-atomic-8-i-avorta-bugetul-personal/ HTTP/1.1" 200 27833 "-" "Mozilla/5.0 (compatible; DataForSeoBot/1.0; +https://dataforseo.com/dataforseo-bot)"
117.209.105.104 - - [23/Jun/2026:06:24:46 -0700] "GET /2026/06/06/hier-finden-sie-datensammlung-dahinter-der-spitzenleistung-ferner-beschrankungen-ihr-umsatzbedingungen/%7B(%7Btcb_featured_image_url%20size=large%7D HTTP/1.1" 403 0 "-" "Mozilla/5.0 (compatible; MSIE 6.0; Windows CE; Trident/3.1)"
136.243.228.180 - - [23/Jun/2026:06:24:46 -0700] "GET /2026/06/17/ihr-unmittelbare-einigung-wa-vulkanspiele-casinos-qua-beiden-folgenden-glucksspielanbietern/ HTTP/1.1" 200 28658 "-" "Mozilla/5.0 (compatible; DataForSeoBot/1.0; +https://dataforseo.com/dataforseo-bot)"
121.37.99.89 - - [23/Jun/2026:06:24:46 -0700] "GET /2026/03/07/die-zukunft-der-live-handler-casinos-60/ HTTP/2" 200 26737 "-" "Mozilla/5.0 (Windows NT 10.0; Win64; x64) AppleWebKit/537.36 (KHTML, like Gecko) Chrome/149.0.0.0 Safari/537.36"
121.37.99.89 - - [23/Jun/2026:06:24:48 -0700] "GET /wp-includes/js/dist/dom-ready.min.js?ver=a06281ae5cf5500e9317 HTTP/2" 200 397 "https://dealzandfreebies.com/2026/03/07/die-zukunft-der-live-handler-casinos-60/" "Mozilla/5.0 (Windows NT 10.0; Win64; x64) AppleWebKit/537.36 (KHTML, like Gecko) Chrome/149.0.0.0 Safari/537.36"
85.208.96.202 - - [23/Jun/2026:06:24:48 -0700] "GET /2026/06/22/hier-ermessen-sich-selbige-hauptsitze-fast-aller-ein-bekanntesten-angeschlossen-spielsaal-provider/ HTTP/1.1" 200 35185 "-" "Mozilla/5.0 (compatible; SemrushBot/7~bl; +http://www.semrush.com/bot.html)"
121.37.99.89 - - [23/Jun/2026:06:24:49 -0700] "GET /wp-content/plugins/thrive-visual-editor/editor/js/dist/modules/audio.min.js?v=10.6.2&ver=10.6.2 HTTP/2" 200 512 "https://dealzandfreebies.com/2026/03/07/die-zukunft-der-live-handler-casinos-60/" "Mozilla/5.0 (Windows NT 10.0; Win64; x64) AppleWebKit/537.36 (KHTML, like Gecko) Chrome/149.0.0.0 Safari/537.36"
121.37.99.89 - - [23/Jun/2026:06:24:49 -0700] "GET /wp-content/plugins/thrive-visual-editor/editor/js/dist/modules/number-counter-compat.min.js?v=10.6.2&ver=10.6.2 HTTP/2" 200 390 "https://dealzandfreebies.com/2026/03/07/die-zukunft-der-live-handler-casinos-60/" "Mozilla/5.0 (Windows NT 10.0; Win64; x64) AppleWebKit/537.36 (KHTML, like Gecko) Chrome/149.0.0.0 Safari/537.36"
121.37.99.89 - - [23/Jun/2026:06:24:49 -0700] "GET /wp-content/plugins/thrive-visual-editor/editor/js/dist/modules/avatar-picker.min.js?v=10.6.2&ver=10.6.2 HTTP/2" 200 5076 "https://dealzandfreebies.com/2026/03/07/die-zukunft-der-live-handler-casinos-60/" "Mozilla/5.0 (Windows NT 10.0; Win64; x64) AppleWebKit/537.36 (KHTML, like Gecko) Chrome/149.0.0.0 Safari/537.36"
121.37.99.89 - - [23/Jun/2026:06:24:49 -0700] "GET /wp-content/plugins/thrive-visual-editor/editor/js/dist/modules/divider.min.js?v=10.6.2&ver=10.6.2 HTTP/2" 200 385 "https://dealzandfreebies.com/2026/03/07/die-zukunft-der-live-handler-casinos-60/" "Mozilla/5.0 (Windows NT 10.0; Win64; x64) AppleWebKit/537.36 (KHTML, like Gecko) Chrome/149.0.0.0 Safari/537.36"
121.37.99.89 - - [23/Jun/2026:06:24:49 -0700] "GET /wp-content/plugins/thrive-visual-editor/editor/js/dist/modules/menu.min.js?v=10.6.2&ver=10.6.2 HTTP/2" 200 4621 "https://dealzandfreebies.com/2026/03/07/die-zukunft-der-live-handler-casinos-60/" "Mozilla/5.0 (Windows NT 10.0; Win64; x64) AppleWebKit/537.36 (KHTML, like Gecko) Chrome/149.0.0.0 Safari/537.36"
121.37.99.89 - - [23/Jun/2026:06:24:49 -0700] "GET /wp-content/plugins/thrive-visual-editor/editor/js/dist/modules/fill-counter.min.js?v=10.6.2&ver=10.6.2 HTTP/2" 200 336 "https://dealzandfreebies.com/2026/03/07/die-zukunft-der-live-handler-casinos-60/" "Mozilla/5.0 (Windows NT 10.0; Win64; x64) AppleWebKit/537.36 (KHTML, like Gecko) Chrome/149.0.0.0 Safari/537.36"
121.37.99.89 - - [23/Jun/2026:06:24:49 -0700] "GET /wp-content/plugins/thrive-visual-editor/editor/js/dist/modules/image-gallery.min.js?v=10.6.2&ver=10.6.2 HTTP/2" 200 3621 "https://dealzandfreebies.com/2026/03/07/die-zukunft-der-live-handler-casinos-60/" "Mozilla/5.0 (Windows NT 10.0; Win64; x64) AppleWebKit/537.36 (KHTML, like Gecko) Chrome/149.0.0.0 Safari/537.36"
121.37.99.89 - - [23/Jun/2026:06:24:49 -0700] "GET /wp-content/plugins/thrive-visual-editor/editor/js/dist/modules/pagination.min.js?v=10.6.2&ver=10.6.2 HTTP/2" 200 2192 "https://dealzandfreebies.com/2026/03/07/die-zukunft-der-live-handler-casinos-60/" "Mozilla/5.0 (Windows NT 10.0; Win64; x64) AppleWebKit/537.36 (KHTML, like Gecko) Chrome/149.0.0.0 Safari/537.36"
121.37.99.89 - - [23/Jun/2026:06:24:49 -0700] "GET /wp-content/plugins/thrive-visual-editor/editor/js/dist/modules/pricing-table.min.js?v=10.6.2&ver=10.6.2 HTTP/2" 200 448 "https://dealzandfreebies.com/2026/03/07/die-zukunft-der-live-handler-casinos-60/" "Mozilla/5.0 (Windows NT 10.0; Win64; x64) AppleWebKit/537.36 (KHTML, like Gecko) Chrome/149.0.0.0 Safari/537.36"
121.37.99.89 - - [23/Jun/2026:06:24:49 -0700] "GET /wp-content/plugins/thrive-visual-editor/editor/js/dist/modules/social-share.min.js?v=10.6.2&ver=10.6.2 HTTP/2" 200 2187 "https://dealzandfreebies.com/2026/03/07/die-zukunft-der-live-handler-casinos-60/" "Mozilla/5.0 (Windows NT 10.0; Win64; x64) AppleWebKit/537.36 (KHTML, like Gecko) Chrome/149.0.0.0 Safari/537.36"
121.37.99.89 - - [23/Jun/2026:06:24:49 -0700] "GET /wp-content/plugins/thrive-visual-editor/editor/js/dist/modules/progress-bar.min.js?v=10.6.2&ver=10.6.2 HTTP/2" 200 1546 "https://dealzandfreebies.com/2026/03/07/die-zukunft-der-live-handler-casinos-60/" "Mozilla/5.0 (Windows NT 10.0; Win64; x64) AppleWebKit/537.36 (KHTML, like Gecko) Chrome/149.0.0.0 Safari/537.36"
121.37.99.89 - - [23/Jun/2026:06:24:49 -0700] "GET /wp-content/plugins/thrive-visual-editor/editor/js/dist/modules/table.min.js?v=10.6.2&ver=10.6.2 HTTP/2" 200 658 "https://dealzandfreebies.com/2026/03/07/die-zukunft-der-live-handler-casinos-60/" "Mozilla/5.0 (Windows NT 10.0; Win64; x64) AppleWebKit/537.36 (KHTML, like Gecko) Chrome/149.0.0.0 Safari/537.36"
121.37.99.89 - - [23/Jun/2026:06:24:49 -0700] "GET /wp-content/plugins/thrive-visual-editor/editor/js/dist/modules/toggle.min.js?v=10.6.2&ver=10.6.2 HTTP/2" 200 1436 "https://dealzandfreebies.com/2026/03/07/die-zukunft-der-live-handler-casinos-60/" "Mozilla/5.0 (Windows NT 10.0; Win64; x64) AppleWebKit/537.36 (KHTML, like Gecko) Chrome/149.0.0.0 Safari/537.36"
121.37.99.89 - - [23/Jun/2026:06:24:49 -0700] "GET /wp-content/plugins/thrive-visual-editor/editor/js/dist/modules/twitter.min.js?v=10.6.2&ver=10.6.2 HTTP/2" 200 388 "https://dealzandfreebies.com/2026/03/07/die-zukunft-der-live-handler-casinos-60/" "Mozilla/5.0 (Windows NT 10.0; Win64; x64) AppleWebKit/537.36 (KHTML, like Gecko) Chrome/149.0.0.0 Safari/537.36"
121.37.99.89 - - [23/Jun/2026:06:24:49 -0700] "GET /wp-content/plugins/thrive-visual-editor/editor/js/dist/modules/facebook-api.min.js?v=10.6.2&ver=10.6.2 HTTP/2" 200 869 "https://dealzandfreebies.com/2026/03/07/die-zukunft-der-live-handler-casinos-60/" "Mozilla/5.0 (Windows NT 10.0; Win64; x64) AppleWebKit/537.36 (KHTML, like Gecko) Chrome/149.0.0.0 Safari/537.36"
216.73.217.103 - - [23/Jun/2026:06:24:48 -0700] "GET /2026/06/23/the-great-bluish-position-for-us-people/ HTTP/2" 200 28749 "-" "Mozilla/5.0 AppleWebKit/537.36 (KHTML, like Gecko; compatible; ClaudeBot/1.0; +claudebot@anthropic.com)"
36.134.179.195 - - [23/Jun/2026:06:24:50 -0700] "GET /2026/05/27/gonzo-casino-no-deposit-bonus-2026-123-free-spins/%7B(%7Btcb_featured_image_url%20size=large%7D HTTP/1.1" 403 0 "-" "Mozilla/5.0 (Windows NT 10.0; csb-PL; rv:1.9.2.20) Gecko/5096-07-05 14:36:54.840378 Firefox/3.8"
136.243.228.180 - - [23/Jun/2026:06:24:50 -0700] "GET /2026/06/17/exactly-what-are-the-online-casino-games-which-have-top-possible/ HTTP/1.1" 200 27637 "-" "Mozilla/5.0 (compatible; DataForSeoBot/1.0; +https://dataforseo.com/dataforseo-bot)"
183.198.122.129 - - [23/Jun/2026:06:24:51 -0700] "GET /2026/06/03/11-best-health-apps-of-2024-tested-by-experts-2/%7B(%7Btcb_featured_image_url%20size=large%7D HTTP/1.1" 403 0 "-" "Mozilla/5.0 (Windows NT 5.0) AppleWebKit/531.0 (KHTML, like Gecko) Chrome/23.0.802.0 Safari/531.0"
17.246.23.17 - - [23/Jun/2026:06:24:51 -0700] "GET /2026/06/16/wager-leading-site-free/ HTTP/2" 200 33675 "-" "Mozilla/5.0 (Macintosh; Intel Mac OS X 10_15_7) AppleWebKit/605.1.15 (KHTML, like Gecko) Version/17.4 Safari/605.1.15 (Applebot/0.1; +http://www.apple.com/go/applebot)"
185.191.171.13 - - [23/Jun/2026:06:24:52 -0700] "GET /2026/06/22/hauptsitz-strebebalken-das-forderfahigen-regulation-sie-sind-dies-anbieterubergreifende-monatliche-einzahlungslimit-von-one/ HTTP/1.1" 200 33579 "-" "Mozilla/5.0 (compatible; SemrushBot/7~bl; +http://www.semrush.com/bot.html)"
103.219.169.164 - - [23/Jun/2026:06:24:52 -0700] "POST /xmlrpc.php HTTP/1.1" 403 0 "-" "Mozilla/5.0 (Windows NT 10.0; Win64; x64) AppleWebKit/537.36 (KHTML, like Gecko) Chrome/114.0.0.0 Safari/537.36"
57.141.18.102 - - [23/Jun/2026:06:24:53 -0700] "GET /wp-json/wp/v2/posts/152557 HTTP/2" 200 8021 "-" "meta-externalagent/1.1 (+https://developers.facebook.com/docs/sharing/webmasters/crawler)"
136.243.228.180 - - [23/Jun/2026:06:24:53 -0700] "GET /2026/06/17/unterschiede-as-part-of-angewandten-fur-einander-entscheidung-treffen-netzwerk-jackpot-unter-anderem-settle-haupttreffer-progressiver-jackpot/ HTTP/1.1" 200 29684 "-" "Mozilla/5.0 (compatible; DataForSeoBot/1.0; +https://dataforseo.com/dataforseo-bot)"
57.141.18.54 - - [23/Jun/2026:06:24:56 -0700] "GET /?p=150731 HTTP/2" 301 0 "-" "meta-externalagent/1.1 (+https://developers.facebook.com/docs/sharing/webmasters/crawler)"
17.246.23.225 - - [23/Jun/2026:06:24:57 -0700] "GET /2026/06/13/a-1000-coordinated-local-casino-added-bonus-will-multiply-your-initial-put-number-by-the-10-times/ HTTP/2" 200 33302 "-" "Mozilla/5.0 (Macintosh; Intel Mac OS X 10_15_7) AppleWebKit/605.1.15 (KHTML, like Gecko) Version/17.4 Safari/605.1.15 (Applebot/0.1; +http://www.apple.com/go/applebot)"
178.210.224.228 - - [23/Jun/2026:06:24:57 -0700] "GET /2026/05/28/internet-kazino-s-bonusami-i-besplatnymi-10/ HTTP/1.1" 200 31162 "-" "Mozilla/5.0 (Windows NT 11.0) AppleWebKit/535.0 (KHTML, like Gecko) Chrome/20.0.860.0 Safari/535.0"
136.243.228.180 - - [23/Jun/2026:06:24:57 -0700] "GET /2026/06/17/legal-standing-off-gambling-on-line-in-america-2024/ HTTP/1.1" 200 27609 "-" "Mozilla/5.0 (compatible; DataForSeoBot/1.0; +https://dataforseo.com/dataforseo-bot)"
104.255.170.81 - - [23/Jun/2026:06:25:01 -0700] "POST /wp-cron.php?doing_wp_cron=1782221101.4933750629425048828125 HTTP/1.1" 200 0 "-" "WordPress/7.0; https://dealzandfreebies.com"
146.70.164.23 - - [23/Jun/2026:06:25:00 -0700] "POST /xmlrpc.php HTTP/1.1" 200 181 "-" "Mozilla/5.0 (Windows NT 10.0; Win64; x64) AppleWebKit/537.36 (KHTML, like Gecko) Chrome/114.0.0.0 Safari/537.36"
102.69.161.2 - - [23/Jun/2026:06:25:02 -0700] "GET /2026/06/21/heavens-casino-black-jack-roulette-apps-on-google-play/ HTTP/1.1" 200 28663 "-" "Opera/8.45.(X11; Linux i686; ik-CA) Presto/2.9.163 Version/12.00"
136.243.228.180 - - [23/Jun/2026:06:25:02 -0700] "GET /2026/06/17/ho-ho-ho-revizuit-sloturilor-inepuizabil-casino-uk-retrageri-rapide-live-casino/ HTTP/1.1" 200 29280 "-" "Mozilla/5.0 (compatible; DataForSeoBot/1.0; +https://dataforseo.com/dataforseo-bot)"
216.73.217.103 - - [23/Jun/2026:06:25:03 -0700] "GET /2026/06/23/betpawa-has-various-easy-online-casino-games-particularly-harbors-and-you-will-freeze-games/ HTTP/2" 200 29215 "-" "Mozilla/5.0 AppleWebKit/537.36 (KHTML, like Gecko; compatible; ClaudeBot/1.0; +claudebot@anthropic.com)"
136.243.228.180 - - [23/Jun/2026:06:25:05 -0700] "GET /2026/06/17/2026-icin-amerikadaki-daha-guvenli-cevrimici-penalty-duel-gercek-parayla-oyna-kumarhaneler-daha-iyi-guvenli-kumarhane-web-siteleri/ HTTP/1.1" 200 29121 "-" "Mozilla/5.0 (compatible; DataForSeoBot/1.0; +https://dataforseo.com/dataforseo-bot)"
146.70.164.23 - - [23/Jun/2026:06:25:06 -0700] "POST /xmlrpc.php HTTP/1.1" 200 10217 "-" "Mozilla/5.0 (Windows NT 10.0; Win64; x64) AppleWebKit/537.36 (KHTML, like Gecko) Chrome/114.0.0.0 Safari/537.36"
146.70.164.23 - - [23/Jun/2026:06:25:07 -0700] "GET /2026/06/23/online-craps-enjoy-craps-games/ HTTP/1.1" 200 139611 "-" "Mozilla/5.0 (Windows NT 10.0; Win64; x64) AppleWebKit/537.36 (KHTML, like Gecko) Chrome/123.0.0.0 Safari/537.36"
223.95.29.49 - - [23/Jun/2026:06:25:08 -0700] "GET /2026/06/04/psychologische-fallen-im-glucksspiel-wie-der/%7B(%7Btcb_featured_image_url%20size=large%7D HTTP/1.1" 403 0 "-" "Opera/9.87.(Windows NT 6.0; lt-LT) Presto/2.9.180 Version/11.00"
136.243.228.180 - - [23/Jun/2026:06:25:09 -0700] "GET /2026/06/17/reactoonz-fur-nusse-zum-besten-geben-abzuglich-anmeldung-kundgebung-slot-online/ HTTP/1.1" 200 29971 "-" "Mozilla/5.0 (compatible; DataForSeoBot/1.0; +https://dataforseo.com/dataforseo-bot)"
17.246.19.147 - - [23/Jun/2026:06:25:11 -0700] "POST /wp-admin/admin-ajax.php HTTP/2" 200 6 "https://dealzandfreebies.com/2026/06/11/best-features-of-betninja-casino-7/" "Mozilla/5.0 (Macintosh; Intel Mac OS X 10_15_7) AppleWebKit/605.1.15 (KHTML, like Gecko) Version/17.4 Safari/605.1.15 (Applebot/0.1; +http://www.apple.com/go/applebot)"
36.137.3.76 - - [23/Jun/2026:06:25:14 -0700] "GET /2026/06/06/beste-live-casinos-traktandum-live-dealer-spiele-all-lucky-clovers-20-casino-inside-brd/%7B(%7Btcb_featured_image_url%20size=large%7D HTTP/1.1" 403 0 "-" "Mozilla/5.0 (iPad; CPU iPad OS 17_4_1 like Mac OS X) AppleWebKit/534.2 (KHTML, like Gecko) FxiOS/10.1r3104.0 Mobile/88Z008 Safari/534.2"
113.219.35.147 - - [23/Jun/2026:06:25:14 -0700] "GET /2026/06/04/available-at-all-of-the-reputable-casinos-along-with-rialto-it-offers-quickly-become-a-partner-favourite/%7B(%7Btcb_featured_image_url%20size=large%7D HTTP/1.1" 403 0 "-" "Mozilla/5.0 (Android 2.3.5; Mobile; rv:45.0) Gecko/45.0 Firefox/45.0"
136.243.228.180 - - [23/Jun/2026:06:25:14 -0700] "GET /2026/06/17/play-the-finest-online-slots-games-in-the-industry-inside-brand-new-spacecasino/ HTTP/1.1" 200 27571 "-" "Mozilla/5.0 (compatible; DataForSeoBot/1.0; +https://dataforseo.com/dataforseo-bot)"
185.191.171.19 - - [23/Jun/2026:06:25:14 -0700] "GET /2026/06/20/questa-e-ovviamente-scapolo-una-scelta-lofferta-di-giochi-dei-casino-italiani-puo-alterare-nel-tempo/ HTTP/1.1" 200 33781 "-" "Mozilla/5.0 (compatible; SemrushBot/7~bl; +http://www.semrush.com/bot.html)"
136.243.228.180 - - [23/Jun/2026:06:25:17 -0700] "GET /2026/06/17/im-spielsaal-book-of-ra-iwinfortune-bonus-unter-einsatz-von-sofortig-einlosen/ HTTP/1.1" 200 29464 "-" "Mozilla/5.0 (compatible; DataForSeoBot/1.0; +https://dataforseo.com/dataforseo-bot)"
185.191.171.3 - - [23/Jun/2026:06:25:18 -0700] "GET /2026/06/21/sera-wird-einfach-allemal-unter-einsatz-von-bing-spend-atomar-verbunden-spielbank-einzuzahlen/ HTTP/1.1" 200 33489 "-" "Mozilla/5.0 (compatible; SemrushBot/7~bl; +http://www.semrush.com/bot.html)"
157.230.246.94 - - [23/Jun/2026:06:25:19 -0700] "GET /2026/06/21/in-addition-to-online-sites-are-always-convey-more-games-to-explore-than-simply-actual-towns/ HTTP/1.1" 200 29241 "-" "Mozilla/5.0 (compatible; MSIE 9.0; Windows NT 11.0; Trident/3.0)"
136.243.228.180 - - [23/Jun/2026:06:25:21 -0700] "GET /2026/06/17/we-strictly-realize-ukgc-legislation-therefore-only-individuals-who-are-allowed-to-may-use-all-of-our-functions/ HTTP/1.1" 200 27802 "-" "Mozilla/5.0 (compatible; DataForSeoBot/1.0; +https://dataforseo.com/dataforseo-bot)"
122.7.94.153 - - [23/Jun/2026:06:25:22 -0700] "GET /2026/06/07/idrott-casino-logga-in-samt-testa-kungen-svenska-spraket-lek/%7B(%7Btcb_featured_image_url%20size=large%7D HTTP/1.1" 403 0 "-" "Mozilla/5.0 (Linux; Android 2.3.4) AppleWebKit/533.2 (KHTML, like Gecko) Chrome/40.0.803.0 Safari/533.2"
36.213.121.58 - - [23/Jun/2026:06:25:23 -0700] "GET /2026/06/06/casino-legerement-retrait-negatif-au-top-condition-pour-evacuation-enfantin/%7B(%7Btcb_featured_image_url%20size=large%7D HTTP/1.1" 403 0 "-" "Opera/8.36.(Windows NT 5.01; yi-US) Presto/2.9.167 Version/10.00"
61.159.8.36 - - [23/Jun/2026:06:25:24 -0700] "GET /2026/06/04/unitate-va-sminti-bune-site-uri-intre-cazinouri-out-au-romania-de-2026/%7B(%7Btcb_featured_image_url%20size=large%7D HTTP/1.1" 403 0 "-" "Mozilla/5.0 (compatible; MSIE 7.0; Windows NT 4.0; Trident/4.1)"
216.73.217.103 - - [23/Jun/2026:06:25:26 -0700] "GET /?p=160280 HTTP/2" 301 0 "-" "Mozilla/5.0 AppleWebKit/537.36 (KHTML, like Gecko; compatible; ClaudeBot/1.0; +claudebot@anthropic.com)"
136.243.228.180 - - [23/Jun/2026:06:25:26 -0700] "GET /2026/06/17/unser-plattformen-im-stande-sein-abzuglich-bedingungen-prasentation-und-nur-zuverlassige-mitglied-z-hd-eres-musizieren-sein/ HTTP/1.1" 200 28578 "-" "Mozilla/5.0 (compatible; DataForSeoBot/1.0; +https://dataforseo.com/dataforseo-bot)"
216.73.217.103 - - [23/Jun/2026:06:25:26 -0700] "GET /?p=164282 HTTP/2" 301 0 "-" "Mozilla/5.0 AppleWebKit/537.36 (KHTML, like Gecko; compatible; ClaudeBot/1.0; +claudebot@anthropic.com)"
216.73.217.103 - - [23/Jun/2026:06:25:26 -0700] "GET /2026/06/22/the-benefits-possess-upcoming-with-ten-each-day-cashback-on-the-slot-enjoy/ HTTP/2" 200 27641 "https://dealzandfreebies.com/?p=160280" "Mozilla/5.0 AppleWebKit/537.36 (KHTML, like Gecko; compatible; ClaudeBot/1.0; +claudebot@anthropic.com)"
216.73.217.103 - - [23/Jun/2026:06:25:27 -0700] "GET /2026/06/23/gsr-scratching-the-brand-new-lunar-the-brand-new-12-months-which-have-lion-dances-and-dinner-deals-feb-16-17/ HTTP/2" 200 29383 "https://dealzandfreebies.com/?p=164282" "Mozilla/5.0 AppleWebKit/537.36 (KHTML, like Gecko; compatible; ClaudeBot/1.0; +claudebot@anthropic.com)"
216.73.217.103 - - [23/Jun/2026:06:25:27 -0700] "GET /?p=164232 HTTP/2" 301 0 "-" "Mozilla/5.0 AppleWebKit/537.36 (KHTML, like Gecko; compatible; ClaudeBot/1.0; +claudebot@anthropic.com)"
216.73.217.103 - - [23/Jun/2026:06:25:28 -0700] "GET /?p=164366 HTTP/2" 301 0 "-" "Mozilla/5.0 AppleWebKit/537.36 (KHTML, like Gecko; compatible; ClaudeBot/1.0; +claudebot@anthropic.com)"
216.73.217.103 - - [23/Jun/2026:06:25:28 -0700] "GET /2026/06/23/spiele-wonders-brick-kostenlos-bonus-7-spins-casino-bei-jackpot-de/ HTTP/2" 200 29465 "https://dealzandfreebies.com/?p=164232" "Mozilla/5.0 AppleWebKit/537.36 (KHTML, like Gecko; compatible; ClaudeBot/1.0; +claudebot@anthropic.com)"
216.73.217.103 - - [23/Jun/2026:06:25:28 -0700] "GET /2026/06/23/gliri-artrn-pinco-app-il-olimpin-qaplar-sizin-ucun/ HTTP/2" 200 29655 "https://dealzandfreebies.com/?p=164366" "Mozilla/5.0 AppleWebKit/537.36 (KHTML, like Gecko; compatible; ClaudeBot/1.0; +claudebot@anthropic.com)"
217.76.14.80 - - [23/Jun/2026:06:25:30 -0700] "GET /2026/06/21/migliori-casa-da-gioco-online-aams-vertice-10-siti-per-italia-nel-2026-2/ HTTP/1.1" 200 30689 "-" "Mozilla/5.0 (Windows; U; Windows NT 4.0) AppleWebKit/533.3.2 (KHTML, like Gecko) Version/5.0.4 Safari/533.3.2"
136.243.228.180 - - [23/Jun/2026:06:25:30 -0700] "GET /2026/06/17/regardless-if-you-are-having-fun-with-an-android-otherwise-apples-ios-unit-youll-relish-effortless-navigation-and-simple-supply/ HTTP/1.1" 200 27796 "-" "Mozilla/5.0 (compatible; DataForSeoBot/1.0; +https://dataforseo.com/dataforseo-bot)"
82.156.165.238 - - [23/Jun/2026:06:25:30 -0700] "GET /2026/04/25/hugocasino-your-mobile-gaming-hub-for-quick-wins-a/ HTTP/2" 200 29319 "https://dealzandfreebies.com/2026/04/25/hugocasino-your-mobile-gaming-hub-for-quick-wins-a/" "Mozilla/5.0 (Windows NT 10.0; Win64; x64) AppleWebKit/537.36 (KHTML, like Gecko) Chrome/116.0.0.0 Safari/537.36"
104.255.170.81 - - [23/Jun/2026:06:25:35 -0700] "POST /wp-cron.php?doing_wp_cron=1782221135.4415109157562255859375 HTTP/1.1" 200 0 "-" "WordPress/7.0; https://dealzandfreebies.com"
200.25.47.106 - - [23/Jun/2026:06:25:34 -0700] "POST /xmlrpc.php HTTP/1.1" 200 181 "-" "Mozilla/5.0 (Windows NT 10.0; Win64; x64) AppleWebKit/537.36 (KHTML, like Gecko) Chrome/114.0.0.0 Safari/537.36"
136.243.228.180 - - [23/Jun/2026:06:25:34 -0700] "GET /2026/06/17/sure-the-newest-7-gambling-enterprise-mobile-application-was-completely-safer/ HTTP/1.1" 200 27734 "-" "Mozilla/5.0 (compatible; DataForSeoBot/1.0; +https://dataforseo.com/dataforseo-bot)"
136.243.228.180 - - [23/Jun/2026:06:25:39 -0700] "GET /2026/06/17/ihr-unmittelbare-vereinbarung-des-vulkanspiele-casinos-via-beiden-weiteren-glucksspielanbietern/ HTTP/1.1" 200 28607 "-" "Mozilla/5.0 (compatible; DataForSeoBot/1.0; +https://dataforseo.com/dataforseo-bot)"
104.255.170.81 - - [23/Jun/2026:06:25:40 -0700] "POST /wp-cron.php?doing_wp_cron=1782221140.1179239749908447265625 HTTP/1.1" 200 0 "-" "WordPress/7.0; https://dealzandfreebies.com"
200.25.47.106 - - [23/Jun/2026:06:25:39 -0700] "POST /xmlrpc.php HTTP/1.1" 200 181 "-" "Mozilla/5.0 (Windows NT 10.0; Win64; x64) AppleWebKit/537.36 (KHTML, like Gecko) Chrome/114.0.0.0 Safari/537.36"
136.175.195.129 - - [23/Jun/2026:06:25:40 -0700] "GET /2026/06/03/beste-erreichbar-casinos-2026-legale-casinos-fur-jedes-deutschland/%7B(%7Btcb_featured_image_url%20size=large%7D HTTP/1.1" 403 0 "-" "Mozilla/5.0 (compatible; MSIE 8.0; Windows NT 11.0; Trident/3.0)"
200.25.47.106 - - [23/Jun/2026:06:25:41 -0700] "POST /xmlrpc.php HTTP/1.1" 200 16460 "-" "Mozilla/5.0 (Windows NT 10.0; Win64; x64) AppleWebKit/537.36 (KHTML, like Gecko) Chrome/114.0.0.0 Safari/537.36"
136.243.228.180 - - [23/Jun/2026:06:25:42 -0700] "GET /2026/06/17/king855/ HTTP/1.1" 200 28653 "-" "Mozilla/5.0 (compatible; DataForSeoBot/1.0; +https://dataforseo.com/dataforseo-bot)"
178.159.37.5 - - [23/Jun/2026:06:25:44 -0700] "GET /2026/06/20/10-luchshih-kazino-onlajn-s-aktualnymi-bonusami-2-2/ HTTP/1.1" 200 38590 "-" "Screaming Frog SEO Spider/19.8"
43.134.117.164 - - [23/Jun/2026:06:25:44 -0700] "GET /2026/01/15/effektiva-spelsstrategier-for-att-maximera-dina/ HTTP/2" 200 27405 "https://dealzandfreebies.com/2026/01/15/effektiva-spelsstrategier-for-att-maximera-dina/" "Mozilla/5.0 (Macintosh; Intel Mac OS X 10_15_7) AppleWebKit/537.36 (KHTML, like Gecko) Chrome/131.0.0.0 Safari/537.36"
200.25.47.106 - - [23/Jun/2026:06:25:43 -0700] "GET /2026/06/23/basketball-superstar-slot-100-percent-free-enjoy-position-demonstration-instead-of-getting/ HTTP/1.1" 200 147505 "-" "Mozilla/5.0 (Windows NT 10.0; Win64; x64) AppleWebKit/537.36 (KHTML, like Gecko) Chrome/122.0.0.0 Safari/537.36"
104.255.170.81 - - [23/Jun/2026:06:25:47 -0700] "POST /wp-cron.php?doing_wp_cron=1782221147.6093831062316894531250 HTTP/1.1" 200 0 "-" "WordPress/7.0; https://dealzandfreebies.com"
146.70.164.23 - - [23/Jun/2026:06:25:45 -0700] "POST /xmlrpc.php HTTP/1.1" 200 181 "-" "Mozilla/5.0 (Windows NT 10.0; Win64; x64) AppleWebKit/537.36 (KHTML, like Gecko) Chrome/114.0.0.0 Safari/537.36"
136.243.228.180 - - [23/Jun/2026:06:25:46 -0700] "GET /2026/06/17/swift-on-line-casino-gurus-downsides/ HTTP/1.1" 200 27746 "-" "Mozilla/5.0 (compatible; DataForSeoBot/1.0; +https://dataforseo.com/dataforseo-bot)"
200.25.47.106 - - [23/Jun/2026:06:25:46 -0700] "POST /xmlrpc.php HTTP/1.1" 200 17552 "-" "Mozilla/5.0 (Windows NT 10.0; Win64; x64) AppleWebKit/537.36 (KHTML, like Gecko) Chrome/114.0.0.0 Safari/537.36"
216.73.217.103 - - [23/Jun/2026:06:25:51 -0700] "GET /?p=164444 HTTP/2" 301 0 "-" "Mozilla/5.0 AppleWebKit/537.36 (KHTML, like Gecko; compatible; ClaudeBot/1.0; +claudebot@anthropic.com)"
216.73.217.103 - - [23/Jun/2026:06:25:51 -0700] "GET /?p=161986 HTTP/2" 301 0 "-" "Mozilla/5.0 AppleWebKit/537.36 (KHTML, like Gecko; compatible; ClaudeBot/1.0; +claudebot@anthropic.com)"
136.243.228.180 - - [23/Jun/2026:06:25:51 -0700] "GET /2026/06/17/mon-avis-de-joueur-apres-avoir-teste-crazy-tower-casino-pendant-un-mois/ HTTP/1.1" 200 31043 "-" "Mozilla/5.0 (compatible; DataForSeoBot/1.0; +https://dataforseo.com/dataforseo-bot)"
216.73.217.103 - - [23/Jun/2026:06:25:51 -0700] "GET /2026/06/23/gonzos-quest-megaways-position-play-95-77-rtp-20972-xbet-max-win/ HTTP/2" 200 28765 "https://dealzandfreebies.com/?p=164444" "Mozilla/5.0 AppleWebKit/537.36 (KHTML, like Gecko; compatible; ClaudeBot/1.0; +claudebot@anthropic.com)"
216.73.217.103 - - [23/Jun/2026:06:25:51 -0700] "GET /2026/06/23/quale-anteporre-rso-bisca-online-svizzera-sicuri/ HTTP/2" 200 28083 "https://dealzandfreebies.com/?p=161986" "Mozilla/5.0 AppleWebKit/537.36 (KHTML, like Gecko; compatible; ClaudeBot/1.0; +claudebot@anthropic.com)"
216.73.217.103 - - [23/Jun/2026:06:25:53 -0700] "GET /?p=164292 HTTP/2" 301 0 "-" "Mozilla/5.0 AppleWebKit/537.36 (KHTML, like Gecko; compatible; ClaudeBot/1.0; +claudebot@anthropic.com)"
216.73.217.103 - - [23/Jun/2026:06:25:54 -0700] "GET /?p=164374 HTTP/2" 301 0 "-" "Mozilla/5.0 AppleWebKit/537.36 (KHTML, like Gecko; compatible; ClaudeBot/1.0; +claudebot@anthropic.com)"
200.25.47.106 - - [23/Jun/2026:06:25:50 -0700] "GET /2026/06/23/cashman-slots-pokie-remark-2026-enjoy-now-for-real-aloha-cluster-pays-bonus-game-money/ HTTP/1.1" 200 147280 "-" "Mozilla/5.0 (Windows NT 10.0; Win64; x64) AppleWebKit/537.36 (KHTML, like Gecko) Chrome/122.0.0.0 Safari/537.36"
216.73.217.103 - - [23/Jun/2026:06:25:53 -0700] "GET /2026/06/23/goldilocks-as-well-as-the-nuts-holds-position/ HTTP/2" 200 28485 "https://dealzandfreebies.com/?p=164292" "Mozilla/5.0 AppleWebKit/537.36 (KHTML, like Gecko; compatible; ClaudeBot/1.0; +claudebot@anthropic.com)"
216.73.217.103 - - [23/Jun/2026:06:25:54 -0700] "GET /?p=164432 HTTP/2" 301 0 "-" "Mozilla/5.0 AppleWebKit/537.36 (KHTML, like Gecko; compatible; ClaudeBot/1.0; +claudebot@anthropic.com)"
146.70.164.23 - - [23/Jun/2026:06:25:53 -0700] "POST /xmlrpc.php HTTP/1.1" 200 7297 "-" "Mozilla/5.0 (Windows NT 10.0; Win64; x64) AppleWebKit/537.36 (KHTML, like Gecko) Chrome/114.0.0.0 Safari/537.36"
216.73.217.103 - - [23/Jun/2026:06:25:55 -0700] "GET /2026/06/23/expert-guide-to-winomania-casino-uk-for-players/ HTTP/2" 200 27308 "https://dealzandfreebies.com/?p=164432" "Mozilla/5.0 AppleWebKit/537.36 (KHTML, like Gecko; compatible; ClaudeBot/1.0; +claudebot@anthropic.com)"
136.243.228.180 - - [23/Jun/2026:06:25:55 -0700] "GET /2026/06/17/finest-real-cash-online-casinos-india-2026/ HTTP/1.1" 200 28706 "-" "Mozilla/5.0 (compatible; DataForSeoBot/1.0; +https://dataforseo.com/dataforseo-bot)"
216.73.217.103 - - [23/Jun/2026:06:25:54 -0700] "GET /2026/06/23/better-gambling-establishment-apps-2026-most-useful-a-real-income-mobile-gambling-enterprises-to-possess-apples-ios-android/ HTTP/2" 200 28894 "https://dealzandfreebies.com/?p=164374" "Mozilla/5.0 AppleWebKit/537.36 (KHTML, like Gecko; compatible; ClaudeBot/1.0; +claudebot@anthropic.com)"
146.70.164.23 - - [23/Jun/2026:06:25:55 -0700] "GET /2026/06/23/greatest-craps-online-casinos-from-inside-the-2026-most-useful-5-selections/ HTTP/1.1" 200 139150 "-" "Mozilla/5.0 (Windows NT 10.0; Win64; x64) AppleWebKit/537.36 (KHTML, like Gecko) Chrome/109.0.0.0 Safari/537.36"
216.73.217.103 - - [23/Jun/2026:06:25:56 -0700] "GET /?p=164306 HTTP/2" 301 0 "-" "Mozilla/5.0 AppleWebKit/537.36 (KHTML, like Gecko; compatible; ClaudeBot/1.0; +claudebot@anthropic.com)"
216.73.217.103 - - [23/Jun/2026:06:25:57 -0700] "GET /?p=164302 HTTP/2" 301 0 "-" "Mozilla/5.0 AppleWebKit/537.36 (KHTML, like Gecko; compatible; ClaudeBot/1.0; +claudebot@anthropic.com)"
216.73.217.103 - - [23/Jun/2026:06:25:57 -0700] "GET /?p=164284 HTTP/2" 301 0 "-" "Mozilla/5.0 AppleWebKit/537.36 (KHTML, like Gecko; compatible; ClaudeBot/1.0; +claudebot@anthropic.com)"
216.73.217.103 - - [23/Jun/2026:06:25:58 -0700] "GET /2026/06/23/most-readily-useful-a-real-income-web-based-casinos-into-the-2026-established/ HTTP/2" 200 28047 "https://dealzandfreebies.com/?p=164306" "Mozilla/5.0 AppleWebKit/537.36 (KHTML, like Gecko; compatible; ClaudeBot/1.0; +claudebot@anthropic.com)"
136.243.228.180 - - [23/Jun/2026:06:25:58 -0700] "GET /2026/06/17/kriterien-zur-jet-set-labels-within-stay-casinos-erzielbar-teutonia/ HTTP/1.1" 200 29740 "-" "Mozilla/5.0 (compatible; DataForSeoBot/1.0; +https://dataforseo.com/dataforseo-bot)"
216.73.217.103 - - [23/Jun/2026:06:25:58 -0700] "GET /2026/06/23/college-sports-betting-includes-appointment-tournament-games-and-you-can-dish-season-extending-due-to-early-january/ HTTP/2" 200 27920 "https://dealzandfreebies.com/?p=164284" "Mozilla/5.0 AppleWebKit/537.36 (KHTML, like Gecko; compatible; ClaudeBot/1.0; +claudebot@anthropic.com)"
216.73.217.103 - - [23/Jun/2026:06:25:58 -0700] "GET /2026/06/23/microsoft-365-make-manage-work-together-with-ai/ HTTP/2" 200 29274 "https://dealzandfreebies.com/?p=164302" "Mozilla/5.0 AppleWebKit/537.36 (KHTML, like Gecko; compatible; ClaudeBot/1.0; +claudebot@anthropic.com)"
57.141.18.43 - - [23/Jun/2026:06:26:02 -0700] "GET /2026/06/22/besplatnye-vrashhenija-i-zahvatyvajushhie-pobedy/ HTTP/2" 200 155159 "-" "meta-externalagent/1.1 (+https://developers.facebook.com/docs/sharing/webmasters/crawler)"
136.243.228.180 - - [23/Jun/2026:06:26:04 -0700] "GET /2026/06/17/5-finest-asia-casinos-on-the-internet-2026/ HTTP/1.1" 200 27537 "-" "Mozilla/5.0 (compatible; DataForSeoBot/1.0; +https://dataforseo.com/dataforseo-bot)"
36.140.132.77 - - [23/Jun/2026:06:26:05 -0700] "GET /2026/06/02/schritt-fur-schritt-anleitung-fur-erfolgreiches-35/%7B(%7Btcb_featured_image_url%20size=large%7D HTTP/1.1" 403 0 "-" "Mozilla/5.0 (compatible; MSIE 6.0; Windows 95; Trident/4.1)"
136.243.228.180 - - [23/Jun/2026:06:26:06 -0700] "GET /2026/06/17/jackpotjoy-slots/ HTTP/1.1" 200 29405 "-" "Mozilla/5.0 (compatible; DataForSeoBot/1.0; +https://dataforseo.com/dataforseo-bot)"
185.191.171.19 - - [23/Jun/2026:06:26:10 -0700] "GET /2026/06/22/i-tumulto-online-svizzeri-dovranno-certificare-pagamenti-subitanei-che-tipo-di-singolo-gli-altri/ HTTP/1.1" 200 32799 "-" "Mozilla/5.0 (compatible; SemrushBot/7~bl; +http://www.semrush.com/bot.html)"
136.243.228.180 - - [23/Jun/2026:06:26:10 -0700] "GET /2026/06/17/kostenfreie-gewinnchancen-effizienz-diese-hauptattraktion-durch-freispielen-blos-einzahlung-besteht-darin-sic-ich-kostenlose-gewinnchancen-erhalte/ HTTP/1.1" 200 28790 "-" "Mozilla/5.0 (compatible; DataForSeoBot/1.0; +https://dataforseo.com/dataforseo-bot)"
124.13.193.10 - - [23/Jun/2026:06:26:12 -0700] "GET /2026/06/05/bestes-verbunden-spielbank-land-der-dichter-und-denker/%7B(%7Btcb_featured_image_url%20size=large%7D HTTP/1.1" 403 0 "-" "Mozilla/5.0 (Windows; U; Windows 95) AppleWebKit/533.12.1 (KHTML, like Gecko) Version/4.1 Safari/533.12.1"
104.255.170.81 - - [23/Jun/2026:06:26:12 -0700] "POST /wp-cron.php?doing_wp_cron=1782221172.7918899059295654296875 HTTP/1.1" 200 0 "-" "WordPress/7.0; https://dealzandfreebies.com"
146.70.164.23 - - [23/Jun/2026:06:26:10 -0700] "POST /xmlrpc.php HTTP/1.1" 200 181 "-" "Mozilla/5.0 (Windows NT 10.0; Win64; x64) AppleWebKit/537.36 (KHTML, like Gecko) Chrome/114.0.0.0 Safari/537.36"
57.141.18.18 - - [23/Jun/2026:06:26:12 -0700] "GET /?p=151921 HTTP/2" 301 0 "-" "meta-externalagent/1.1 (+https://developers.facebook.com/docs/sharing/webmasters/crawler)"
