136.243.228.180 - - [23/Jun/2026:06:11:46 -0700] "GET /2026/06/17/angeschlossen-slot-flaming-hot-spielbank-maklercourtage-2026-unser-besten-aktionen/ HTTP/1.1" 200 29579 "-" "Mozilla/5.0 (compatible; DataForSeoBot/1.0; +https://dataforseo.com/dataforseo-bot)"
52.54.157.23 - - [23/Jun/2026:06:11:47 -0700] "GET /wp-json/oembed/1.0/embed?url=https://dealzandfreebies.com/2026/06/21/gransino-casino-nz-your-ultimate-gaming-adventure-awaits/ HTTP/1.1" 403 0 "-" "Mozilla/5.0 AppleWebKit/537.36 (KHTML, like Gecko; compatible; Amazonbot/0.1; +https://developer.amazon.com/support/amazonbot) Chrome/119.0.6045.214 Safari/537.36"
74.7.241.32 - - [23/Jun/2026:06:11:47 -0700] "GET /?p=165618 HTTP/2" 301 0 "https://dealzandfreebies.com/2026/06/23/most-readily-useful-internet-for-fantasma-games-harbors-video-game/" "Mozilla/5.0 AppleWebKit/537.36 (KHTML, like Gecko; compatible; GPTBot/1.4; +https://openai.com/gptbot)"
128.1.218.148 - - [23/Jun/2026:06:11:47 -0700] "POST /xmlrpc.php HTTP/1.1" 200 181 "-" "Mozilla/5.0 (Windows NT 10.0; Win64; x64) AppleWebKit/537.36 (KHTML, like Gecko) Chrome/114.0.0.0 Safari/537.36"
74.7.241.32 - - [23/Jun/2026:06:11:48 -0700] "GET /wp-json/wp/v2/posts/165618 HTTP/2" 200 4322 "https://dealzandfreebies.com/2026/06/23/most-readily-useful-internet-for-fantasma-games-harbors-video-game/" "Mozilla/5.0 AppleWebKit/537.36 (KHTML, like Gecko; compatible; GPTBot/1.4; +https://openai.com/gptbot)"
74.7.241.32 - - [23/Jun/2026:06:11:48 -0700] "GET /wp-json/oembed/1.0/embed?url=https%3A%2F%2Fdealzandfreebies.com%2F2026%2F06%2F23%2Fmost-readily-useful-internet-for-fantasma-games-harbors-video-game%2F HTTP/2" 200 1121 "https://dealzandfreebies.com/2026/06/23/most-readily-useful-internet-for-fantasma-games-harbors-video-game/" "Mozilla/5.0 AppleWebKit/537.36 (KHTML, like Gecko; compatible; GPTBot/1.4; +https://openai.com/gptbot)"
74.7.241.32 - - [23/Jun/2026:06:11:49 -0700] "GET /wp-json/oembed/1.0/embed?format=xml&url=https%3A%2F%2Fdealzandfreebies.com%2F2026%2F06%2F23%2Fmetodi-di-rimessa-addirittura-sicurezza-dei-dati-2%2F HTTP/2" 200 1116 "https://dealzandfreebies.com/2026/06/23/metodi-di-rimessa-addirittura-sicurezza-dei-dati-2/" "Mozilla/5.0 AppleWebKit/537.36 (KHTML, like Gecko; compatible; GPTBot/1.4; +https://openai.com/gptbot)"
85.208.96.202 - - [23/Jun/2026:06:11:48 -0700] "GET /2026/06/21/spil-se-selv-hjemmesiden-7900-vederlagsfri-kasinospil-ingen-tilmeldels-eller-downloadin/ HTTP/1.1" 200 34133 "-" "Mozilla/5.0 (compatible; SemrushBot/7~bl; +http://www.semrush.com/bot.html)"
74.7.241.32 - - [23/Jun/2026:06:11:49 -0700] "GET /wp-json/oembed/1.0/embed?format=xml&url=https%3A%2F%2Fdealzandfreebies.com%2F2026%2F06%2F23%2Fmost-readily-useful-internet-for-fantasma-games-harbors-video-game%2F HTTP/2" 200 1143 "https://dealzandfreebies.com/2026/06/23/most-readily-useful-internet-for-fantasma-games-harbors-video-game/" "Mozilla/5.0 AppleWebKit/537.36 (KHTML, like Gecko; compatible; GPTBot/1.4; +https://openai.com/gptbot)"
185.191.206.89 - - [23/Jun/2026:06:11:49 -0700] "POST /xmlrpc.php HTTP/1.1" 200 9629 "-" "Mozilla/5.0 (Windows NT 10.0; Win64; x64) AppleWebKit/537.36 (KHTML, like Gecko) Chrome/114.0.0.0 Safari/537.36"
178.175.140.148 - - [23/Jun/2026:06:11:49 -0700] "POST /xmlrpc.php HTTP/1.1" 200 181 "-" "Mozilla/5.0 (Windows NT 10.0; Win64; x64) AppleWebKit/537.36 (KHTML, like Gecko) Chrome/114.0.0.0 Safari/537.36"
74.7.241.32 - - [23/Jun/2026:06:11:50 -0700] "GET /2026/06/23/sterminio-verso-spid-sotto-la-cristallo-di-calciomercato-rso-sommita-operatori/ HTTP/2" 200 28469 "https://dealzandfreebies.com/2026/06/23/pragmatic-play-care-nu-doar-unul-aduceri-sloturi-i-consuma-de-populat-casino/" "Mozilla/5.0 AppleWebKit/537.36 (KHTML, like Gecko; compatible; GPTBot/1.4; +https://openai.com/gptbot)"
74.7.241.32 - - [23/Jun/2026:06:11:51 -0700] "GET /?p=165622 HTTP/2" 301 0 "https://dealzandfreebies.com/2026/06/23/pragmatic-play-care-nu-doar-unul-aduceri-sloturi-i-consuma-de-populat-casino/" "Mozilla/5.0 AppleWebKit/537.36 (KHTML, like Gecko; compatible; GPTBot/1.4; +https://openai.com/gptbot)"
185.191.171.8 - - [23/Jun/2026:06:11:50 -0700] "GET /2026/06/20/ten-ideal-online-casinos-for-real-currency-united-states-of-america-in-the-2026/ HTTP/1.1" 200 34075 "-" "Mozilla/5.0 (compatible; SemrushBot/7~bl; +http://www.semrush.com/bot.html)"
98.82.107.102 - - [23/Jun/2026:06:11:51 -0700] "GET /wp-json/oembed/1.0/embed?url=https://dealzandfreebies.com/2026/06/15/mucchio-online-italia-trova-il-confusione-online-aams-adm-ideale-2025/ HTTP/1.1" 403 0 "-" "Mozilla/5.0 AppleWebKit/537.36 (KHTML, like Gecko; compatible; Amazonbot/0.1; +https://developer.amazon.com/support/amazonbot) Chrome/119.0.6045.214 Safari/537.36"
74.7.241.32 - - [23/Jun/2026:06:11:51 -0700] "GET /?p=165620 HTTP/2" 301 0 "https://dealzandfreebies.com/2026/06/23/gratis-blackjac-spelen-doch-alsmede-voor-echt-poen/" "Mozilla/5.0 AppleWebKit/537.36 (KHTML, like Gecko; compatible; GPTBot/1.4; +https://openai.com/gptbot)"
136.243.228.180 - - [23/Jun/2026:06:11:50 -0700] "GET /2026/03/30/so-gewinnchancen-marilyn-monroe-weit-wie-1-000-willkommensbonus-unter-anderem-100-freispiele-in-top-slots/ HTTP/1.1" 200 29222 "-" "Mozilla/5.0 (compatible; DataForSeoBot/1.0; +https://dataforseo.com/dataforseo-bot)"
74.7.241.32 - - [23/Jun/2026:06:11:52 -0700] "GET /?p=165227 HTTP/2" 301 0 "https://dealzandfreebies.com/2026/06/23/most-useful-gambling-establishment-desktop-computer-games-to-help-you-profit-larger-from-the-comfort-of-family/" "Mozilla/5.0 AppleWebKit/537.36 (KHTML, like Gecko; compatible; GPTBot/1.4; +https://openai.com/gptbot)"
182.110.176.59 - - [23/Jun/2026:06:11:52 -0700] "GET /2026/06/07/gledayte-nay-novoto-ot-goldbet-problem-s-vlizaneto-stote/%7B(%7Btcb_featured_image_url%20size=large%7D HTTP/1.1" 403 0 "-" "Mozilla/5.0 (iPhone; CPU iPhone OS 13_7 like Mac OS X) AppleWebKit/534.0 (KHTML, like Gecko) FxiOS/12.8g8406.0 Mobile/58F927 Safari/534.0"
185.191.206.89 - - [23/Jun/2026:06:11:50 -0700] "GET /2026/06/23/sterminio-verso-spid-sotto-la-cristallo-di-calciomercato-rso-sommita-operatori/ HTTP/1.1" 200 141612 "-" "Mozilla/5.0 (Windows NT 10.0; Win64; x64) AppleWebKit/537.36 (KHTML, like Gecko) Chrome/122.0.0.0 Safari/537.36"
74.7.241.32 - - [23/Jun/2026:06:11:52 -0700] "GET /2026/06/23/prelievi-anche-depositi-i-metodi-di-fondo-accettati/ HTTP/2" 200 27912 "https://dealzandfreebies.com/2026/06/23/most-useful-gambling-establishment-desktop-computer-games-to-help-you-profit-larger-from-the-comfort-of-family/" "Mozilla/5.0 AppleWebKit/537.36 (KHTML, like Gecko; compatible; GPTBot/1.4; +https://openai.com/gptbot)"
57.141.18.35 - - [23/Jun/2026:06:11:52 -0700] "GET /2026/06/23/welches-vortragen-von-slots-im-kasino-wird-durch-jahr-uff-anno-pauschal-beliebter/ HTTP/2" 200 144606 "-" "meta-externalagent/1.1 (+https://developers.facebook.com/docs/sharing/webmasters/crawler)"
52.167.144.158 - - [23/Jun/2026:06:11:53 -0700] "GET /2026/05/18/zeus-one-thousand-slot-opinion-free-demonstration-2026/ HTTP/2" 200 28391 "-" "Mozilla/5.0 AppleWebKit/537.36 (KHTML, like Gecko; compatible; bingbot/2.0; +http://www.bing.com/bingbot.htm) Chrome/116.0.1938.76 Safari/537.36"
74.7.241.32 - - [23/Jun/2026:06:11:53 -0700] "GET /wp-json/oembed/1.0/embed?url=https%3A%2F%2Fdealzandfreebies.com%2F2026%2F06%2F23%2Fmost-useful-gambling-establishment-desktop-computer-games-to-help-you-profit-larger-from-the-comfort-of-family%2F HTTP/2" 200 1156 "https://dealzandfreebies.com/2026/06/23/most-useful-gambling-establishment-desktop-computer-games-to-help-you-profit-larger-from-the-comfort-of-family/" "Mozilla/5.0 AppleWebKit/537.36 (KHTML, like Gecko; compatible; GPTBot/1.4; +https://openai.com/gptbot)"
128.1.218.148 - - [23/Jun/2026:06:11:53 -0700] "POST /xmlrpc.php HTTP/1.1" 200 13705 "-" "Mozilla/5.0 (Windows NT 10.0; Win64; x64) AppleWebKit/537.36 (KHTML, like Gecko) Chrome/114.0.0.0 Safari/537.36"
216.73.217.103 - - [23/Jun/2026:06:11:53 -0700] "GET /2026/06/23/szuflada-procedury-w-celu-platnosci-w-legalnych-kasynach-globalna-siec-wraz-z-polsce/ HTTP/2" 200 28390 "-" "Mozilla/5.0 AppleWebKit/537.36 (KHTML, like Gecko; compatible; ClaudeBot/1.0; +claudebot@anthropic.com)"
216.73.217.103 - - [23/Jun/2026:06:11:53 -0700] "GET /2026/06/23/best-on-line-casino-australian-continent-2026-greatest-australian-casinos-on-the-internet/ HTTP/2" 200 29061 "-" "Mozilla/5.0 AppleWebKit/537.36 (KHTML, like Gecko; compatible; ClaudeBot/1.0; +claudebot@anthropic.com)"
74.7.241.32 - - [23/Jun/2026:06:11:54 -0700] "GET /wp-json/oembed/1.0/embed?url=https%3A%2F%2Fdealzandfreebies.com%2F2026%2F06%2F23%2Fpragmatic-play-care-nu-doar-unul-aduceri-sloturi-i-consuma-de-populat-casino%2F HTTP/2" 200 1142 "https://dealzandfreebies.com/2026/06/23/pragmatic-play-care-nu-doar-unul-aduceri-sloturi-i-consuma-de-populat-casino/" "Mozilla/5.0 AppleWebKit/537.36 (KHTML, like Gecko; compatible; GPTBot/1.4; +https://openai.com/gptbot)"
136.243.228.180 - - [23/Jun/2026:06:11:54 -0700] "GET /2026/04/20/otvetstvennoe-igornoe-povedenie-kak-izbezhat-3/ HTTP/1.1" 200 29830 "-" "Mozilla/5.0 (compatible; DataForSeoBot/1.0; +https://dataforseo.com/dataforseo-bot)"
17.246.15.167 - - [23/Jun/2026:06:11:54 -0700] "POST /wp-admin/admin-ajax.php HTTP/2" 200 6 "https://dealzandfreebies.com/2026/06/15/w-praktyce-kasyno-byli-w-stanie-pozwalaja-wybrac-graczom-oznacza-rozgrywki-mobilnej/" "Mozilla/5.0 (Macintosh; Intel Mac OS X 10_15_7) AppleWebKit/605.1.15 (KHTML, like Gecko) Version/17.4 Safari/605.1.15 (Applebot/0.1; +http://www.apple.com/go/applebot)"
74.7.241.32 - - [23/Jun/2026:06:11:54 -0700] "GET /wp-json/wp/v2/posts/165620 HTTP/2" 200 4660 "https://dealzandfreebies.com/2026/06/23/gratis-blackjac-spelen-doch-alsmede-voor-echt-poen/" "Mozilla/5.0 AppleWebKit/537.36 (KHTML, like Gecko; compatible; GPTBot/1.4; +https://openai.com/gptbot)"
216.73.217.103 - - [23/Jun/2026:06:11:54 -0700] "GET /2026/06/23/greatest-online-casinos-australian-continent-2026-greatest-australian-gambling-enterprises/ HTTP/2" 200 28426 "-" "Mozilla/5.0 AppleWebKit/537.36 (KHTML, like Gecko; compatible; ClaudeBot/1.0; +claudebot@anthropic.com)"
74.7.241.32 - - [23/Jun/2026:06:11:55 -0700] "GET /wp-json/wp/v2/posts/165227 HTTP/2" 200 2720 "https://dealzandfreebies.com/2026/06/23/most-useful-gambling-establishment-desktop-computer-games-to-help-you-profit-larger-from-the-comfort-of-family/" "Mozilla/5.0 AppleWebKit/537.36 (KHTML, like Gecko; compatible; GPTBot/1.4; +https://openai.com/gptbot)"
103.83.129.36 - - [23/Jun/2026:06:11:55 -0700] "GET /2026/06/21/enjoy-online-slots-games-from-the-bright-red-sands-local-casino-best-picks/ HTTP/1.1" 200 28380 "-" "Mozilla/5.0 (Windows NT 5.0; apn-IN; rv:1.9.1.20) Gecko/5267-11-11 06:02:51.364014 Firefox/15.0"
74.7.241.32 - - [23/Jun/2026:06:11:56 -0700] "GET /wp-json/wp/v2/posts/165622 HTTP/2" 200 2840 "https://dealzandfreebies.com/2026/06/23/pragmatic-play-care-nu-doar-unul-aduceri-sloturi-i-consuma-de-populat-casino/" "Mozilla/5.0 AppleWebKit/537.36 (KHTML, like Gecko; compatible; GPTBot/1.4; +https://openai.com/gptbot)"
36.142.51.138 - - [23/Jun/2026:06:11:56 -0700] "GET /2026/06/06/alf-casino-viewpoint-inside-the-queen-of-ones-nile-casino-the-brand-new-2026/%7B(%7Btcb_featured_image_url%20size=large%7D HTTP/1.1" 403 0 "-" "Mozilla/5.0 (iPod; U; CPU iPhone OS 3_1 like Mac OS X; fo-FO) AppleWebKit/534.49.3 (KHTML, like Gecko) Version/4.0.5 Mobile/8B112 Safari/6534.49.3"
54.235.172.96 - - [23/Jun/2026:06:11:56 -0700] "GET /wp-json/oembed/1.0/embed?format=xml&url=https://dealzandfreebies.com/2026/06/21/gamble-online-slots-casino-games-internet-casino-united-kingdom/ HTTP/1.1" 403 0 "-" "Mozilla/5.0 AppleWebKit/537.36 (KHTML, like Gecko; compatible; Amazonbot/0.1; +https://developer.amazon.com/support/amazonbot) Chrome/119.0.6045.214 Safari/537.36"
74.7.241.32 - - [23/Jun/2026:06:11:56 -0700] "GET /wp-json/oembed/1.0/embed?url=https%3A%2F%2Fdealzandfreebies.com%2F2026%2F06%2F23%2Fgratis-blackjac-spelen-doch-alsmede-voor-echt-poen%2F HTTP/2" 200 1088 "https://dealzandfreebies.com/2026/06/23/gratis-blackjac-spelen-doch-alsmede-voor-echt-poen/" "Mozilla/5.0 AppleWebKit/537.36 (KHTML, like Gecko; compatible; GPTBot/1.4; +https://openai.com/gptbot)"
128.1.218.148 - - [23/Jun/2026:06:11:55 -0700] "GET /2026/06/23/bonus-insa-varsare-iunie-2026-joaca-ho-ho-ho-online-32-oferte-casino-cand-rotiri-gratuite/ HTTP/1.1" 200 145444 "-" "Mozilla/5.0 (Windows NT 10.0; Win64; x64) AppleWebKit/537.36 (KHTML, like Gecko) Chrome/123.0.0.0 Safari/537.36"
178.175.140.148 - - [23/Jun/2026:06:11:56 -0700] "POST /xmlrpc.php HTTP/1.1" 200 10631 "-" "Mozilla/5.0 (Windows NT 10.0; Win64; x64) AppleWebKit/537.36 (KHTML, like Gecko) Chrome/114.0.0.0 Safari/537.36"
74.7.241.32 - - [23/Jun/2026:06:11:57 -0700] "GET /?p=165624 HTTP/2" 301 0 "https://dealzandfreebies.com/2026/06/23/sterminio-verso-spid-sotto-la-cristallo-di-calciomercato-rso-sommita-operatori/" "Mozilla/5.0 AppleWebKit/537.36 (KHTML, like Gecko; compatible; GPTBot/1.4; +https://openai.com/gptbot)"
74.7.241.32 - - [23/Jun/2026:06:11:57 -0700] "GET /2026/06/23/decydujac-o-miejsca-do-obstawianie-priorytetem-zawsze-bezpieczny-transakcji-oraz-transparentnosc-warunkow-korzystania/ HTTP/2" 200 28640 "https://dealzandfreebies.com/2026/06/23/sterminio-verso-spid-sotto-la-cristallo-di-calciomercato-rso-sommita-operatori/" "Mozilla/5.0 AppleWebKit/537.36 (KHTML, like Gecko; compatible; GPTBot/1.4; +https://openai.com/gptbot)"
136.243.228.180 - - [23/Jun/2026:06:11:58 -0700] "GET /2026/04/20/nv-casino-online-spielangebot-3815/ HTTP/1.1" 200 28058 "-" "Mozilla/5.0 (compatible; DataForSeoBot/1.0; +https://dataforseo.com/dataforseo-bot)"
178.175.140.148 - - [23/Jun/2026:06:11:58 -0700] "GET /2026/06/23/decydujac-o-miejsca-do-obstawianie-priorytetem-zawsze-bezpieczny-transakcji-oraz-transparentnosc-warunkow-korzystania/ HTTP/1.1" 200 141715 "-" "Mozilla/5.0 (Windows NT 10.0; Win64; x64; rv:125.0) Gecko/20100101 Firefox/125.0"
74.7.241.32 - - [23/Jun/2026:06:11:58 -0700] "GET /2026/06/23/bonus-insa-varsare-iunie-2026-joaca-ho-ho-ho-online-32-oferte-casino-cand-rotiri-gratuite/ HTTP/2" 200 30138 "https://dealzandfreebies.com/2026/06/23/sterminio-verso-spid-sotto-la-cristallo-di-calciomercato-rso-sommita-operatori/" "Mozilla/5.0 AppleWebKit/537.36 (KHTML, like Gecko; compatible; GPTBot/1.4; +https://openai.com/gptbot)"
74.7.241.32 - - [23/Jun/2026:06:11:59 -0700] "GET /wp-json/wp/v2/posts/165624 HTTP/2" 200 3466 "https://dealzandfreebies.com/2026/06/23/sterminio-verso-spid-sotto-la-cristallo-di-calciomercato-rso-sommita-operatori/" "Mozilla/5.0 AppleWebKit/537.36 (KHTML, like Gecko; compatible; GPTBot/1.4; +https://openai.com/gptbot)"
18.207.79.144 - - [23/Jun/2026:06:11:59 -0700] "GET /wp-json/oembed/1.0/embed?format=xml&url=https://dealzandfreebies.com/2026/06/21/greatest-minimal-put-casinos-gambling-establishment-websites-having-reduced-dumps/ HTTP/1.1" 403 0 "-" "Mozilla/5.0 AppleWebKit/537.36 (KHTML, like Gecko; compatible; Amazonbot/0.1; +https://developer.amazon.com/support/amazonbot) Chrome/119.0.6045.214 Safari/537.36"
74.7.241.32 - - [23/Jun/2026:06:12:00 -0700] "GET /?p=165225 HTTP/2" 301 0 "https://dealzandfreebies.com/2026/06/23/prelievi-anche-depositi-i-metodi-di-fondo-accettati/" "Mozilla/5.0 AppleWebKit/537.36 (KHTML, like Gecko; compatible; GPTBot/1.4; +https://openai.com/gptbot)"
74.7.241.32 - - [23/Jun/2026:06:12:00 -0700] "GET /2026/06/23/100-percent-free-roulette-games/ HTTP/2" 200 27986 "https://dealzandfreebies.com/2026/06/23/prelievi-anche-depositi-i-metodi-di-fondo-accettati/" "Mozilla/5.0 AppleWebKit/537.36 (KHTML, like Gecko; compatible; GPTBot/1.4; +https://openai.com/gptbot)"
74.7.241.32 - - [23/Jun/2026:06:12:01 -0700] "GET /wp-json/wp/v2/posts/165225 HTTP/2" 200 2996 "https://dealzandfreebies.com/2026/06/23/prelievi-anche-depositi-i-metodi-di-fondo-accettati/" "Mozilla/5.0 AppleWebKit/537.36 (KHTML, like Gecko; compatible; GPTBot/1.4; +https://openai.com/gptbot)"
74.7.241.32 - - [23/Jun/2026:06:12:02 -0700] "GET /wp-json/oembed/1.0/embed?url=https%3A%2F%2Fdealzandfreebies.com%2F2026%2F06%2F23%2Fsterminio-verso-spid-sotto-la-cristallo-di-calciomercato-rso-sommita-operatori%2F HTTP/2" 200 1136 "https://dealzandfreebies.com/2026/06/23/sterminio-verso-spid-sotto-la-cristallo-di-calciomercato-rso-sommita-operatori/" "Mozilla/5.0 AppleWebKit/537.36 (KHTML, like Gecko; compatible; GPTBot/1.4; +https://openai.com/gptbot)"
128.14.102.150 - - [23/Jun/2026:06:12:01 -0700] "POST /xmlrpc.php HTTP/1.1" 200 181 "-" "Mozilla/5.0 (Windows NT 10.0; Win64; x64) AppleWebKit/537.36 (KHTML, like Gecko) Chrome/114.0.0.0 Safari/537.36"
74.7.241.32 - - [23/Jun/2026:06:12:02 -0700] "GET /wp-json/oembed/1.0/embed?url=https%3A%2F%2Fdealzandfreebies.com%2F2026%2F06%2F23%2Fprelievi-anche-depositi-i-metodi-di-fondo-accettati%2F HTTP/2" 200 1100 "https://dealzandfreebies.com/2026/06/23/prelievi-anche-depositi-i-metodi-di-fondo-accettati/" "Mozilla/5.0 AppleWebKit/537.36 (KHTML, like Gecko; compatible; GPTBot/1.4; +https://openai.com/gptbot)"
136.243.228.180 - - [23/Jun/2026:06:12:02 -0700] "GET /2026/06/17/hitnspin-bonuscodes-exklusive-einzahlung-aktionen-casino-tres-amigos-2026/ HTTP/1.1" 200 29359 "-" "Mozilla/5.0 (compatible; DataForSeoBot/1.0; +https://dataforseo.com/dataforseo-bot)"
74.7.241.32 - - [23/Jun/2026:06:12:03 -0700] "GET /wp-json/oembed/1.0/embed?format=xml&url=https%3A%2F%2Fdealzandfreebies.com%2F2026%2F06%2F23%2Fmost-useful-gambling-establishment-desktop-computer-games-to-help-you-profit-larger-from-the-comfort-of-family%2F HTTP/2" 200 1184 "https://dealzandfreebies.com/2026/06/23/most-useful-gambling-establishment-desktop-computer-games-to-help-you-profit-larger-from-the-comfort-of-family/" "Mozilla/5.0 AppleWebKit/537.36 (KHTML, like Gecko; compatible; GPTBot/1.4; +https://openai.com/gptbot)"
101.87.23.88 - - [23/Jun/2026:06:12:03 -0700] "GET /2026/06/03/purchase-tips-and-you-may-verification-strategies-try-certainly-detail-by-detail-therefore-users-learn-exactly-how-membership-interest-try-handled/%7B(%7Btcb_featured_image_url%20size=large%7D HTTP/1.1" 403 0 "-" "Mozilla/5.0 (compatible; MSIE 5.0; Windows 98; Win 9x 4.90; Trident/5.0)"
74.7.241.32 - - [23/Jun/2026:06:12:03 -0700] "GET /wp-json/oembed/1.0/embed?format=xml&url=https%3A%2F%2Fdealzandfreebies.com%2F2026%2F06%2F23%2Fpragmatic-play-care-nu-doar-unul-aduceri-sloturi-i-consuma-de-populat-casino%2F HTTP/2" 200 1159 "https://dealzandfreebies.com/2026/06/23/pragmatic-play-care-nu-doar-unul-aduceri-sloturi-i-consuma-de-populat-casino/" "Mozilla/5.0 AppleWebKit/537.36 (KHTML, like Gecko; compatible; GPTBot/1.4; +https://openai.com/gptbot)"
74.7.241.32 - - [23/Jun/2026:06:12:04 -0700] "GET /wp-json/oembed/1.0/embed?format=xml&url=https%3A%2F%2Fdealzandfreebies.com%2F2026%2F06%2F23%2Fprelievi-anche-depositi-i-metodi-di-fondo-accettati%2F HTTP/2" 200 1115 "https://dealzandfreebies.com/2026/06/23/prelievi-anche-depositi-i-metodi-di-fondo-accettati/" "Mozilla/5.0 AppleWebKit/537.36 (KHTML, like Gecko; compatible; GPTBot/1.4; +https://openai.com/gptbot)"
185.191.171.15 - - [23/Jun/2026:06:12:03 -0700] "GET /2026/06/21/pharaohs-silver-iii-kolikkopelia-pelaa-netissa-tai-mobiililaitteellasi-jo-tanaan/ HTTP/1.1" 200 34305 "-" "Mozilla/5.0 (compatible; SemrushBot/7~bl; +http://www.semrush.com/bot.html)"
74.7.241.32 - - [23/Jun/2026:06:12:04 -0700] "GET /?p=165628 HTTP/2" 301 0 "https://dealzandfreebies.com/2026/06/23/decydujac-o-miejsca-do-obstawianie-priorytetem-zawsze-bezpieczny-transakcji-oraz-transparentnosc-warunkow-korzystania/" "Mozilla/5.0 AppleWebKit/537.36 (KHTML, like Gecko; compatible; GPTBot/1.4; +https://openai.com/gptbot)"
36.148.23.100 - - [23/Jun/2026:06:12:04 -0700] "GET /2026/06/06/black-jack-age-within-the-macau-however-gambling-enterprises-is-incorporating-a-lot-more-blackjack-tables-to-match-individuals/%7B(%7Btcb_featured_image_url%20size=large%7D HTTP/1.1" 403 0 "-" "Mozilla/5.0 (Windows; U; Windows NT 5.0) AppleWebKit/532.38.2 (KHTML, like Gecko) Version/5.1 Safari/532.38.2"
74.7.241.32 - - [23/Jun/2026:06:12:05 -0700] "GET /?p=165626 HTTP/2" 301 0 "https://dealzandfreebies.com/2026/06/23/bonus-insa-varsare-iunie-2026-joaca-ho-ho-ho-online-32-oferte-casino-cand-rotiri-gratuite/" "Mozilla/5.0 AppleWebKit/537.36 (KHTML, like Gecko; compatible; GPTBot/1.4; +https://openai.com/gptbot)"
57.141.18.6 - - [23/Jun/2026:06:12:04 -0700] "GET /2026/06/22/online-casinos-usa-2026-checked-out-ranked/ HTTP/2" 200 143698 "-" "meta-externalagent/1.1 (+https://developers.facebook.com/docs/sharing/webmasters/crawler)"
74.7.241.32 - - [23/Jun/2026:06:12:05 -0700] "GET /wp-json/oembed/1.0/embed?url=https%3A%2F%2Fdealzandfreebies.com%2F2026%2F06%2F23%2Fdecydujac-o-miejsca-do-obstawianie-priorytetem-zawsze-bezpieczny-transakcji-oraz-transparentnosc-warunkow-korzystania%2F HTTP/2" 200 1151 "https://dealzandfreebies.com/2026/06/23/decydujac-o-miejsca-do-obstawianie-priorytetem-zawsze-bezpieczny-transakcji-oraz-transparentnosc-warunkow-korzystania/" "Mozilla/5.0 AppleWebKit/537.36 (KHTML, like Gecko; compatible; GPTBot/1.4; +https://openai.com/gptbot)"
74.7.241.32 - - [23/Jun/2026:06:12:06 -0700] "GET /wp-json/wp/v2/posts/165628 HTTP/2" 200 4006 "https://dealzandfreebies.com/2026/06/23/decydujac-o-miejsca-do-obstawianie-priorytetem-zawsze-bezpieczny-transakcji-oraz-transparentnosc-warunkow-korzystania/" "Mozilla/5.0 AppleWebKit/537.36 (KHTML, like Gecko; compatible; GPTBot/1.4; +https://openai.com/gptbot)"
74.7.241.32 - - [23/Jun/2026:06:12:06 -0700] "GET /?p=165223 HTTP/2" 301 0 "https://dealzandfreebies.com/2026/06/23/100-percent-free-roulette-games/" "Mozilla/5.0 AppleWebKit/537.36 (KHTML, like Gecko; compatible; GPTBot/1.4; +https://openai.com/gptbot)"
136.243.228.180 - - [23/Jun/2026:06:12:06 -0700] "GET /2026/06/17/how-exactly-we-rated-the-most-common-united-kingdom-gaming-internet/ HTTP/1.1" 200 27739 "-" "Mozilla/5.0 (compatible; DataForSeoBot/1.0; +https://dataforseo.com/dataforseo-bot)"
74.7.241.32 - - [23/Jun/2026:06:12:07 -0700] "GET /2026/06/23/entsprechend-holt-guy-zigeunern-einen-vulkan-nevada-promo-sourcecode/ HTTP/2" 200 28262 "https://dealzandfreebies.com/2026/06/23/100-percent-free-roulette-games/" "Mozilla/5.0 AppleWebKit/537.36 (KHTML, like Gecko; compatible; GPTBot/1.4; +https://openai.com/gptbot)"
18.232.12.157 - - [23/Jun/2026:06:12:07 -0700] "GET /2026/06/22/ideal-online-casino-singapore-2026-top-a-real-income-sites/ HTTP/1.1" 200 33825 "-" "Mozilla/5.0 AppleWebKit/537.36 (KHTML, like Gecko; compatible; Amazonbot/0.1; +https://developer.amazon.com/support/amazonbot) Chrome/119.0.6045.214 Safari/537.36"
54.204.62.163 - - [23/Jun/2026:06:12:07 -0700] "GET /2026/06/20/ivybet-on-line-casino-official-website-prime-slots-live-on-line-casino-jackpots/ HTTP/1.1" 200 33628 "-" "Mozilla/5.0 AppleWebKit/537.36 (KHTML, like Gecko; compatible; Amazonbot/0.1; +https://developer.amazon.com/support/amazonbot) Chrome/119.0.6045.214 Safari/537.36"
74.7.241.32 - - [23/Jun/2026:06:12:08 -0700] "GET /wp-json/wp/v2/posts/165626 HTTP/2" 200 5288 "https://dealzandfreebies.com/2026/06/23/bonus-insa-varsare-iunie-2026-joaca-ho-ho-ho-online-32-oferte-casino-cand-rotiri-gratuite/" "Mozilla/5.0 AppleWebKit/537.36 (KHTML, like Gecko; compatible; GPTBot/1.4; +https://openai.com/gptbot)"
74.7.241.32 - - [23/Jun/2026:06:12:09 -0700] "GET /wp-json/wp/v2/posts/165223 HTTP/2" 200 3109 "https://dealzandfreebies.com/2026/06/23/100-percent-free-roulette-games/" "Mozilla/5.0 AppleWebKit/537.36 (KHTML, like Gecko; compatible; GPTBot/1.4; +https://openai.com/gptbot)"
43.173.178.133 - - [23/Jun/2026:06:12:08 -0700] "GET /wp-json/oembed/1.0/embed?format=xml&url=https%3A%2F%2Fdealzandfreebies.com%2F2026%2F06%2F11%2Fthe-newest-slot-machine-provides-over-six-incentive-possess-in-addition-to-5-progressive-jackpots%2F HTTP/1.1" 200 1237 "-" "Mozilla/5.0 (Windows NT 10.0; Win64; x64) AppleWebKit/537.36 (KHTML, like Gecko) Chrome/117.0.0.0 Safari/537.36"
128.14.102.150 - - [23/Jun/2026:06:12:08 -0700] "POST /xmlrpc.php HTTP/1.1" 200 16979 "-" "Mozilla/5.0 (Windows NT 10.0; Win64; x64) AppleWebKit/537.36 (KHTML, like Gecko) Chrome/114.0.0.0 Safari/537.36"
74.7.241.32 - - [23/Jun/2026:06:12:09 -0700] "GET /wp-json/oembed/1.0/embed?format=xml&url=https%3A%2F%2Fdealzandfreebies.com%2F2026%2F06%2F23%2Fdecydujac-o-miejsca-do-obstawianie-priorytetem-zawsze-bezpieczny-transakcji-oraz-transparentnosc-warunkow-korzystania%2F HTTP/2" 200 1179 "https://dealzandfreebies.com/2026/06/23/decydujac-o-miejsca-do-obstawianie-priorytetem-zawsze-bezpieczny-transakcji-oraz-transparentnosc-warunkow-korzystania/" "Mozilla/5.0 AppleWebKit/537.36 (KHTML, like Gecko; compatible; GPTBot/1.4; +https://openai.com/gptbot)"
74.7.241.32 - - [23/Jun/2026:06:12:10 -0700] "GET /wp-json/oembed/1.0/embed?url=https%3A%2F%2Fdealzandfreebies.com%2F2026%2F06%2F23%2F100-percent-free-roulette-games%2F HTTP/2" 200 1070 "https://dealzandfreebies.com/2026/06/23/100-percent-free-roulette-games/" "Mozilla/5.0 AppleWebKit/537.36 (KHTML, like Gecko; compatible; GPTBot/1.4; +https://openai.com/gptbot)"
74.7.241.32 - - [23/Jun/2026:06:12:10 -0700] "GET /wp-json/oembed/1.0/embed?url=https%3A%2F%2Fdealzandfreebies.com%2F2026%2F06%2F23%2Fbonus-insa-varsare-iunie-2026-joaca-ho-ho-ho-online-32-oferte-casino-cand-rotiri-gratuite%2F HTTP/2" 200 1164 "https://dealzandfreebies.com/2026/06/23/bonus-insa-varsare-iunie-2026-joaca-ho-ho-ho-online-32-oferte-casino-cand-rotiri-gratuite/" "Mozilla/5.0 AppleWebKit/537.36 (KHTML, like Gecko; compatible; GPTBot/1.4; +https://openai.com/gptbot)"
74.7.241.32 - - [23/Jun/2026:06:12:11 -0700] "GET /wp-json/oembed/1.0/embed?format=xml&url=https%3A%2F%2Fdealzandfreebies.com%2F2026%2F06%2F23%2Fgratis-blackjac-spelen-doch-alsmede-voor-echt-poen%2F HTTP/2" 200 1113 "https://dealzandfreebies.com/2026/06/23/gratis-blackjac-spelen-doch-alsmede-voor-echt-poen/" "Mozilla/5.0 AppleWebKit/537.36 (KHTML, like Gecko; compatible; GPTBot/1.4; +https://openai.com/gptbot)"
136.243.228.180 - - [23/Jun/2026:06:12:10 -0700] "GET /2026/06/17/totally-free-wagers-will-be-wagering-same-in-principle-as-no-deposit-incentives/ HTTP/1.1" 200 29382 "-" "Mozilla/5.0 (compatible; DataForSeoBot/1.0; +https://dataforseo.com/dataforseo-bot)"
74.7.241.32 - - [23/Jun/2026:06:12:11 -0700] "GET /wp-json/oembed/1.0/embed?format=xml&url=https%3A%2F%2Fdealzandfreebies.com%2F2026%2F06%2F23%2Fsterminio-verso-spid-sotto-la-cristallo-di-calciomercato-rso-sommita-operatori%2F HTTP/2" 200 1148 "https://dealzandfreebies.com/2026/06/23/sterminio-verso-spid-sotto-la-cristallo-di-calciomercato-rso-sommita-operatori/" "Mozilla/5.0 AppleWebKit/537.36 (KHTML, like Gecko; compatible; GPTBot/1.4; +https://openai.com/gptbot)"
104.255.170.81 - - [23/Jun/2026:06:12:12 -0700] "POST /wp-cron.php?doing_wp_cron=1782220332.0296249389648437500000 HTTP/1.1" 200 0 "-" "WordPress/7.0; https://dealzandfreebies.com"
74.7.241.32 - - [23/Jun/2026:06:12:12 -0700] "GET /wp-json/oembed/1.0/embed?format=xml&url=https%3A%2F%2Fdealzandfreebies.com%2F2026%2F06%2F23%2Fbonus-insa-varsare-iunie-2026-joaca-ho-ho-ho-online-32-oferte-casino-cand-rotiri-gratuite%2F HTTP/2" 200 1188 "https://dealzandfreebies.com/2026/06/23/bonus-insa-varsare-iunie-2026-joaca-ho-ho-ho-online-32-oferte-casino-cand-rotiri-gratuite/" "Mozilla/5.0 AppleWebKit/537.36 (KHTML, like Gecko; compatible; GPTBot/1.4; +https://openai.com/gptbot)"
128.14.102.150 - - [23/Jun/2026:06:12:11 -0700] "GET /2026/06/23/bedragen-het-mogelijk-150-gelegenheden-crime-afbeelden-afwisselend-majestic-megaways-afwisselend-de-demoversie-te-optreden/ HTTP/1.1" 200 147987 "-" "Mozilla/5.0 (Windows NT 10.0; Win64; x64) AppleWebKit/537.36 (KHTML, like Gecko) Chrome/124.0.0.0 Safari/537.36 Edg/124.0.0.0"
74.7.241.32 - - [23/Jun/2026:06:12:12 -0700] "GET /wp-json/oembed/1.0/embed?format=xml&url=https%3A%2F%2Fdealzandfreebies.com%2F2026%2F06%2F23%2F100-percent-free-roulette-games%2F HTTP/2" 200 1097 "https://dealzandfreebies.com/2026/06/23/100-percent-free-roulette-games/" "Mozilla/5.0 AppleWebKit/537.36 (KHTML, like Gecko; compatible; GPTBot/1.4; +https://openai.com/gptbot)"
74.7.241.32 - - [23/Jun/2026:06:12:13 -0700] "GET /?p=165221 HTTP/2" 301 0 "https://dealzandfreebies.com/2026/06/23/entsprechend-holt-guy-zigeunern-einen-vulkan-nevada-promo-sourcecode/" "Mozilla/5.0 AppleWebKit/537.36 (KHTML, like Gecko; compatible; GPTBot/1.4; +https://openai.com/gptbot)"
74.7.241.32 - - [23/Jun/2026:06:12:13 -0700] "GET /2026/06/23/prelievi-addirittura-depositi-i-metodi-di-intricato-accettati/ HTTP/2" 200 27993 "https://dealzandfreebies.com/2026/06/23/entsprechend-holt-guy-zigeunern-einen-vulkan-nevada-promo-sourcecode/" "Mozilla/5.0 AppleWebKit/537.36 (KHTML, like Gecko; compatible; GPTBot/1.4; +https://openai.com/gptbot)"
57.141.18.24 - - [23/Jun/2026:06:12:14 -0700] "GET /wp-json/wp/v2/posts/153265 HTTP/2" 200 10783 "-" "meta-externalagent/1.1 (+https://developers.facebook.com/docs/sharing/webmasters/crawler)"
43.163.1.166 - - [23/Jun/2026:06:12:14 -0700] "GET /2026/05/01/ice-fishing-live-casino-game-by-evolution-how-to-play-on-mobile/ HTTP/2" 200 29193 "https://dealzandfreebies.com/2026/05/01/ice-fishing-live-casino-game-by-evolution-how-to-play-on-mobile/#t2" "Mozilla/5.0 (Macintosh; Intel Mac OS X 10_15_7) AppleWebKit/537.36 (KHTML, like Gecko) Chrome/123.0.0.0 Safari/537.36"
52.3.26.180 - - [23/Jun/2026:06:12:14 -0700] "GET /2026/06/11/fortune-rabbit-slot-machine-jogue-gratis-fortune-4/ HTTP/1.1" 200 32648 "-" "Mozilla/5.0 AppleWebKit/537.36 (KHTML, like Gecko; compatible; Amazonbot/0.1; +https://developer.amazon.com/support/amazonbot) Chrome/119.0.6045.214 Safari/537.36"
74.7.241.32 - - [23/Jun/2026:06:12:14 -0700] "GET /2026/06/23/bedragen-het-mogelijk-150-gelegenheden-crime-afbeelden-afwisselend-majestic-megaways-afwisselend-de-demoversie-te-optreden/ HTTP/2" 200 31125 "https://dealzandfreebies.com/2026/06/23/entsprechend-holt-guy-zigeunern-einen-vulkan-nevada-promo-sourcecode/" "Mozilla/5.0 AppleWebKit/537.36 (KHTML, like Gecko; compatible; GPTBot/1.4; +https://openai.com/gptbot)"
136.243.228.180 - - [23/Jun/2026:06:12:15 -0700] "GET /2026/06/17/getting-a-new-peak-form-overcoming-a-milestone-and-therefore-includes-rewards/ HTTP/1.1" 200 29026 "-" "Mozilla/5.0 (compatible; DataForSeoBot/1.0; +https://dataforseo.com/dataforseo-bot)"
185.191.171.7 - - [23/Jun/2026:06:12:15 -0700] "GET /2026/06/22/the-fresh-new-app-is-validated-and-you-may-safer-which-consists-of-zero-phishing-programs/ HTTP/1.1" 200 32752 "-" "Mozilla/5.0 (compatible; SemrushBot/7~bl; +http://www.semrush.com/bot.html)"
45.83.178.17 - - [23/Jun/2026:06:12:15 -0700] "POST /xmlrpc.php HTTP/1.1" 200 181 "-" "Mozilla/5.0 (Windows NT 10.0; Win64; x64) AppleWebKit/537.36 (KHTML, like Gecko) Chrome/114.0.0.0 Safari/537.36"
74.7.241.32 - - [23/Jun/2026:06:12:15 -0700] "GET /wp-json/oembed/1.0/embed?url=https%3A%2F%2Fdealzandfreebies.com%2F2026%2F06%2F23%2Fentsprechend-holt-guy-zigeunern-einen-vulkan-nevada-promo-sourcecode%2F HTTP/2" 200 1124 "https://dealzandfreebies.com/2026/06/23/entsprechend-holt-guy-zigeunern-einen-vulkan-nevada-promo-sourcecode/" "Mozilla/5.0 AppleWebKit/537.36 (KHTML, like Gecko; compatible; GPTBot/1.4; +https://openai.com/gptbot)"
18.204.89.56 - - [23/Jun/2026:06:12:15 -0700] "GET /wp-json/wp/v2/categories/1994 HTTP/1.1" 200 316 "-" "Mozilla/5.0 AppleWebKit/537.36 (KHTML, like Gecko; compatible; Amazonbot/0.1; +https://developer.amazon.com/support/amazonbot) Chrome/119.0.6045.214 Safari/537.36"
74.7.241.32 - - [23/Jun/2026:06:12:16 -0700] "GET /wp-json/wp/v2/posts/165221 HTTP/2" 200 3434 "https://dealzandfreebies.com/2026/06/23/entsprechend-holt-guy-zigeunern-einen-vulkan-nevada-promo-sourcecode/" "Mozilla/5.0 AppleWebKit/537.36 (KHTML, like Gecko; compatible; GPTBot/1.4; +https://openai.com/gptbot)"
74.7.241.32 - - [23/Jun/2026:06:12:16 -0700] "GET /wp-json/oembed/1.0/embed?format=xml&url=https%3A%2F%2Fdealzandfreebies.com%2F2026%2F06%2F23%2Fentsprechend-holt-guy-zigeunern-einen-vulkan-nevada-promo-sourcecode%2F HTTP/2" 200 1139 "https://dealzandfreebies.com/2026/06/23/entsprechend-holt-guy-zigeunern-einen-vulkan-nevada-promo-sourcecode/" "Mozilla/5.0 AppleWebKit/537.36 (KHTML, like Gecko; compatible; GPTBot/1.4; +https://openai.com/gptbot)"
45.83.178.38 - - [23/Jun/2026:06:12:16 -0700] "POST /xmlrpc.php HTTP/1.1" 200 181 "-" "Mozilla/5.0 (Windows NT 10.0; Win64; x64) AppleWebKit/537.36 (KHTML, like Gecko) Chrome/114.0.0.0 Safari/537.36"
74.7.241.32 - - [23/Jun/2026:06:12:17 -0700] "GET /?p=165219 HTTP/2" 301 0 "https://dealzandfreebies.com/2026/06/23/prelievi-addirittura-depositi-i-metodi-di-intricato-accettati/" "Mozilla/5.0 AppleWebKit/537.36 (KHTML, like Gecko; compatible; GPTBot/1.4; +https://openai.com/gptbot)"
74.7.241.32 - - [23/Jun/2026:06:12:17 -0700] "GET /wp-json/wp/v2/posts/165219 HTTP/2" 200 3011 "https://dealzandfreebies.com/2026/06/23/prelievi-addirittura-depositi-i-metodi-di-intricato-accettati/" "Mozilla/5.0 AppleWebKit/537.36 (KHTML, like Gecko; compatible; GPTBot/1.4; +https://openai.com/gptbot)"
74.7.241.32 - - [23/Jun/2026:06:12:18 -0700] "GET /2026/06/23/the-initial-group-s-the-%ef%bf%bddaily%ef%bf%bd-demands-accessible-to-players-every-a-day/ HTTP/2" 403 0 "https://dealzandfreebies.com/2026/06/23/prelievi-addirittura-depositi-i-metodi-di-intricato-accettati/" "Mozilla/5.0 AppleWebKit/537.36 (KHTML, like Gecko; compatible; GPTBot/1.4; +https://openai.com/gptbot)"
136.243.228.180 - - [23/Jun/2026:06:12:18 -0700] "GET /2026/06/17/zusammen-mit-montag-weiters-vierter-tag-der-woche-angebot-die-autoren-die-mehr-reload-gunst-der-stunde-in-betrieb/ HTTP/1.1" 200 29973 "-" "Mozilla/5.0 (compatible; DataForSeoBot/1.0; +https://dataforseo.com/dataforseo-bot)"
74.7.241.32 - - [23/Jun/2026:06:12:19 -0700] "GET /wp-json/oembed/1.0/embed?url=https%3A%2F%2Fdealzandfreebies.com%2F2026%2F06%2F23%2Fprelievi-addirittura-depositi-i-metodi-di-intricato-accettati%2F HTTP/2" 200 1100 "https://dealzandfreebies.com/2026/06/23/prelievi-addirittura-depositi-i-metodi-di-intricato-accettati/" "Mozilla/5.0 AppleWebKit/537.36 (KHTML, like Gecko; compatible; GPTBot/1.4; +https://openai.com/gptbot)"
74.7.241.32 - - [23/Jun/2026:06:12:19 -0700] "GET /wp-json/oembed/1.0/embed?format=xml&url=https%3A%2F%2Fdealzandfreebies.com%2F2026%2F06%2F23%2Fprelievi-addirittura-depositi-i-metodi-di-intricato-accettati%2F HTTP/2" 200 1119 "https://dealzandfreebies.com/2026/06/23/prelievi-addirittura-depositi-i-metodi-di-intricato-accettati/" "Mozilla/5.0 AppleWebKit/537.36 (KHTML, like Gecko; compatible; GPTBot/1.4; +https://openai.com/gptbot)"
52.45.194.165 - - [23/Jun/2026:06:12:19 -0700] "GET /wp-json/oembed/1.0/embed?format=xml&url=https://dealzandfreebies.com/2026/06/20/comparando-i-migliori-casino-online-non-aams-durante-i-siti-aams-linde-material-handling/ HTTP/1.1" 403 0 "-" "Mozilla/5.0 AppleWebKit/537.36 (KHTML, like Gecko; compatible; Amazonbot/0.1; +https://developer.amazon.com/support/amazonbot) Chrome/119.0.6045.214 Safari/537.36"
74.7.241.32 - - [23/Jun/2026:06:12:20 -0700] "GET /wp-json/wp/v2/posts/165630 HTTP/2" 200 6298 "https://dealzandfreebies.com/2026/06/23/bedragen-het-mogelijk-150-gelegenheden-crime-afbeelden-afwisselend-majestic-megaways-afwisselend-de-demoversie-te-optreden/" "Mozilla/5.0 AppleWebKit/537.36 (KHTML, like Gecko; compatible; GPTBot/1.4; +https://openai.com/gptbot)"
74.7.241.32 - - [23/Jun/2026:06:12:20 -0700] "GET /?p=165630 HTTP/2" 301 0 "https://dealzandfreebies.com/2026/06/23/bedragen-het-mogelijk-150-gelegenheden-crime-afbeelden-afwisselend-majestic-megaways-afwisselend-de-demoversie-te-optreden/" "Mozilla/5.0 AppleWebKit/537.36 (KHTML, like Gecko; compatible; GPTBot/1.4; +https://openai.com/gptbot)"
103.219.169.164 - - [23/Jun/2026:06:12:20 -0700] "POST /xmlrpc.php HTTP/1.1" 200 181 "-" "Mozilla/5.0 (Windows NT 10.0; Win64; x64) AppleWebKit/537.36 (KHTML, like Gecko) Chrome/114.0.0.0 Safari/537.36"
45.83.178.17 - - [23/Jun/2026:06:12:21 -0700] "POST /xmlrpc.php HTTP/1.1" 200 11354 "-" "Mozilla/5.0 (Windows NT 10.0; Win64; x64) AppleWebKit/537.36 (KHTML, like Gecko) Chrome/114.0.0.0 Safari/537.36"
57.141.18.31 - - [23/Jun/2026:06:12:21 -0700] "GET /2026/06/23/gioca-alle-slot-machine-a-scrocco-nel-bisca-online-4/ HTTP/2" 200 142303 "-" "meta-externalagent/1.1 (+https://developers.facebook.com/docs/sharing/webmasters/crawler)"
45.83.178.38 - - [23/Jun/2026:06:12:22 -0700] "POST /xmlrpc.php HTTP/1.1" 200 9701 "-" "Mozilla/5.0 (Windows NT 10.0; Win64; x64) AppleWebKit/537.36 (KHTML, like Gecko) Chrome/114.0.0.0 Safari/537.36"
74.7.241.32 - - [23/Jun/2026:06:12:21 -0700] "GET /2026/06/23/like-web-based-poker-advantages-continue-in-depth-notes-to-your-competitors-and-you-can-hands-consequences/ HTTP/2" 200 29071 "https://dealzandfreebies.com/2026/06/23/bedragen-het-mogelijk-150-gelegenheden-crime-afbeelden-afwisselend-majestic-megaways-afwisselend-de-demoversie-te-optreden/" "Mozilla/5.0 AppleWebKit/537.36 (KHTML, like Gecko; compatible; GPTBot/1.4; +https://openai.com/gptbot)"
136.243.228.180 - - [23/Jun/2026:06:12:22 -0700] "GET /2026/06/17/top-kazino-s-igrovymi-avtomatami-i-dzhekpotami-15/ HTTP/1.1" 200 32530 "-" "Mozilla/5.0 (compatible; DataForSeoBot/1.0; +https://dataforseo.com/dataforseo-bot)"
74.7.241.32 - - [23/Jun/2026:06:12:23 -0700] "GET /wp-json/oembed/1.0/embed?url=https%3A%2F%2Fdealzandfreebies.com%2F2026%2F06%2F23%2Fbedragen-het-mogelijk-150-gelegenheden-crime-afbeelden-afwisselend-majestic-megaways-afwisselend-de-demoversie-te-optreden%2F HTTP/2" 200 1165 "https://dealzandfreebies.com/2026/06/23/bedragen-het-mogelijk-150-gelegenheden-crime-afbeelden-afwisselend-majestic-megaways-afwisselend-de-demoversie-te-optreden/" "Mozilla/5.0 AppleWebKit/537.36 (KHTML, like Gecko; compatible; GPTBot/1.4; +https://openai.com/gptbot)"
45.83.178.17 - - [23/Jun/2026:06:12:22 -0700] "GET /2026/06/23/like-web-based-poker-advantages-continue-in-depth-notes-to-your-competitors-and-you-can-hands-consequences/ HTTP/1.1" 200 143522 "-" "Mozilla/5.0 (Windows NT 10.0; Win64; x64; rv:124.0) Gecko/20100101 Firefox/124.0"
74.7.241.32 - - [23/Jun/2026:06:12:23 -0700] "GET /wp-json/oembed/1.0/embed?format=xml&url=https%3A%2F%2Fdealzandfreebies.com%2F2026%2F06%2F23%2Fbedragen-het-mogelijk-150-gelegenheden-crime-afbeelden-afwisselend-majestic-megaways-afwisselend-de-demoversie-te-optreden%2F HTTP/2" 200 1192 "https://dealzandfreebies.com/2026/06/23/bedragen-het-mogelijk-150-gelegenheden-crime-afbeelden-afwisselend-majestic-megaways-afwisselend-de-demoversie-te-optreden/" "Mozilla/5.0 AppleWebKit/537.36 (KHTML, like Gecko; compatible; GPTBot/1.4; +https://openai.com/gptbot)"
45.83.178.38 - - [23/Jun/2026:06:12:23 -0700] "GET /2026/06/23/wiekszosc-cztery-projekty-musza-byc-osiagniete-w-ciagu-dziesiatka-tygodnie-kiedys-pierwszego-depozytu/ HTTP/1.1" 200 141920 "-" "Mozilla/5.0 (Windows NT 10.0; Win64; x64) AppleWebKit/537.36 (KHTML, like Gecko) Chrome/124.0.0.0 Safari/537.36 Edg/124.0.0.0"
34.202.88.37 - - [23/Jun/2026:06:12:24 -0700] "GET /wp-json/oembed/1.0/embed?format=xml&url=https://dealzandfreebies.com/2026/06/13/tilslutte-casino-i-danmark-forblive-danske-pa-casinoer-pr-2026/ HTTP/1.1" 403 0 "-" "Mozilla/5.0 AppleWebKit/537.36 (KHTML, like Gecko; compatible; Amazonbot/0.1; +https://developer.amazon.com/support/amazonbot) Chrome/119.0.6045.214 Safari/537.36"
74.7.241.32 - - [23/Jun/2026:06:12:24 -0700] "GET /2026/06/23/collect-most-recent-online-game-gift-ideas-freebies/ HTTP/2" 200 28937 "https://dealzandfreebies.com/2026/06/23/like-web-based-poker-advantages-continue-in-depth-notes-to-your-competitors-and-you-can-hands-consequences/" "Mozilla/5.0 AppleWebKit/537.36 (KHTML, like Gecko; compatible; GPTBot/1.4; +https://openai.com/gptbot)"
185.191.171.7 - - [23/Jun/2026:06:12:24 -0700] "GET /2026/06/22/next-i-fall-apart-the-top-sweepstakes-gambling-enterprises-one-accept-handmade-cards-to-own-money-bundle-purchases/ HTTP/1.1" 200 33980 "-" "Mozilla/5.0 (compatible; SemrushBot/7~bl; +http://www.semrush.com/bot.html)"
74.7.241.32 - - [23/Jun/2026:06:12:25 -0700] "GET /wp-json/oembed/1.0/embed?format=xml&url=https%3A%2F%2Fdealzandfreebies.com%2F2026%2F06%2F23%2Flike-web-based-poker-advantages-continue-in-depth-notes-to-your-competitors-and-you-can-hands-consequences%2F HTTP/2" 200 1175 "https://dealzandfreebies.com/2026/06/23/like-web-based-poker-advantages-continue-in-depth-notes-to-your-competitors-and-you-can-hands-consequences/" "Mozilla/5.0 AppleWebKit/537.36 (KHTML, like Gecko; compatible; GPTBot/1.4; +https://openai.com/gptbot)"
57.141.18.70 - - [23/Jun/2026:06:12:26 -0700] "GET /?p=157526 HTTP/2" 301 0 "-" "meta-externalagent/1.1 (+https://developers.facebook.com/docs/sharing/webmasters/crawler)"
74.7.241.32 - - [23/Jun/2026:06:12:25 -0700] "GET /2026/06/23/wiekszosc-cztery-projekty-musza-byc-osiagniete-w-ciagu-dziesiatka-tygodnie-kiedys-pierwszego-depozytu/ HTTP/2" 200 28521 "https://dealzandfreebies.com/2026/06/23/like-web-based-poker-advantages-continue-in-depth-notes-to-your-competitors-and-you-can-hands-consequences/" "Mozilla/5.0 AppleWebKit/537.36 (KHTML, like Gecko; compatible; GPTBot/1.4; +https://openai.com/gptbot)"
74.7.241.32 - - [23/Jun/2026:06:12:27 -0700] "GET /wp-json/wp/v2/posts/165632 HTTP/2" 200 4134 "https://dealzandfreebies.com/2026/06/23/like-web-based-poker-advantages-continue-in-depth-notes-to-your-competitors-and-you-can-hands-consequences/" "Mozilla/5.0 AppleWebKit/537.36 (KHTML, like Gecko; compatible; GPTBot/1.4; +https://openai.com/gptbot)"
136.243.228.180 - - [23/Jun/2026:06:12:27 -0700] "GET /2026/06/17/the-vip-system-has-exclusive-tournaments-individualized-cashback-now-offers-and-you-may-accessibility-premium-situations/ HTTP/1.1" 200 27810 "-" "Mozilla/5.0 (compatible; DataForSeoBot/1.0; +https://dataforseo.com/dataforseo-bot)"
74.7.241.32 - - [23/Jun/2026:06:12:27 -0700] "GET /?p=165632 HTTP/2" 301 0 "https://dealzandfreebies.com/2026/06/23/like-web-based-poker-advantages-continue-in-depth-notes-to-your-competitors-and-you-can-hands-consequences/" "Mozilla/5.0 AppleWebKit/537.36 (KHTML, like Gecko; compatible; GPTBot/1.4; +https://openai.com/gptbot)"
103.219.169.164 - - [23/Jun/2026:06:12:27 -0700] "POST /xmlrpc.php HTTP/1.1" 200 12392 "-" "Mozilla/5.0 (Windows NT 10.0; Win64; x64) AppleWebKit/537.36 (KHTML, like Gecko) Chrome/114.0.0.0 Safari/537.36"
74.7.241.32 - - [23/Jun/2026:06:12:28 -0700] "GET /wp-json/oembed/1.0/embed?url=https%3A%2F%2Fdealzandfreebies.com%2F2026%2F06%2F23%2Flike-web-based-poker-advantages-continue-in-depth-notes-to-your-competitors-and-you-can-hands-consequences%2F HTTP/2" 200 1151 "https://dealzandfreebies.com/2026/06/23/like-web-based-poker-advantages-continue-in-depth-notes-to-your-competitors-and-you-can-hands-consequences/" "Mozilla/5.0 AppleWebKit/537.36 (KHTML, like Gecko; compatible; GPTBot/1.4; +https://openai.com/gptbot)"
74.7.241.32 - - [23/Jun/2026:06:12:28 -0700] "GET /wp-json/oembed/1.0/embed?format=xml&url=https%3A%2F%2Fdealzandfreebies.com%2F2026%2F06%2F23%2Fcollect-most-recent-online-game-gift-ideas-freebies%2F HTTP/2" 200 1112 "https://dealzandfreebies.com/2026/06/23/collect-most-recent-online-game-gift-ideas-freebies/" "Mozilla/5.0 AppleWebKit/537.36 (KHTML, like Gecko; compatible; GPTBot/1.4; +https://openai.com/gptbot)"
74.7.241.32 - - [23/Jun/2026:06:12:29 -0700] "GET /wp-json/oembed/1.0/embed?url=https%3A%2F%2Fdealzandfreebies.com%2F2026%2F06%2F23%2Fcollect-most-recent-online-game-gift-ideas-freebies%2F HTTP/2" 200 1089 "https://dealzandfreebies.com/2026/06/23/collect-most-recent-online-game-gift-ideas-freebies/" "Mozilla/5.0 AppleWebKit/537.36 (KHTML, like Gecko; compatible; GPTBot/1.4; +https://openai.com/gptbot)"
74.7.241.32 - - [23/Jun/2026:06:12:29 -0700] "GET /?p=165636 HTTP/2" 301 0 "https://dealzandfreebies.com/2026/06/23/collect-most-recent-online-game-gift-ideas-freebies/" "Mozilla/5.0 AppleWebKit/537.36 (KHTML, like Gecko; compatible; GPTBot/1.4; +https://openai.com/gptbot)"
101.42.7.82 - - [23/Jun/2026:06:12:29 -0700] "GET /2026/05/04/die-entwicklungsmoglichkeiten-stehen-bei-keramiken-selber-mit-nachdruck-ausgefeilt-wie-bei-dem-deutschen-drawing/ HTTP/2" 200 29833 "https://dealzandfreebies.com/2026/05/04/die-entwicklungsmoglichkeiten-stehen-bei-keramiken-selber-mit-nachdruck-ausgefeilt-wie-bei-dem-deutschen-drawing/" "Mozilla/5.0 (Macintosh; Intel Mac OS X 10_15_7) AppleWebKit/537.36 (KHTML, like Gecko) Chrome/131.0.0.0 Safari/537.36"
74.7.241.32 - - [23/Jun/2026:06:12:30 -0700] "GET /wp-json/wp/v2/posts/165636 HTTP/2" 200 4345 "https://dealzandfreebies.com/2026/06/23/collect-most-recent-online-game-gift-ideas-freebies/" "Mozilla/5.0 AppleWebKit/537.36 (KHTML, like Gecko; compatible; GPTBot/1.4; +https://openai.com/gptbot)"
128.14.102.150 - - [23/Jun/2026:06:12:29 -0700] "POST /xmlrpc.php HTTP/1.1" 200 181 "-" "Mozilla/5.0 (Windows NT 10.0; Win64; x64) AppleWebKit/537.36 (KHTML, like Gecko) Chrome/114.0.0.0 Safari/537.36"
74.7.241.32 - - [23/Jun/2026:06:12:30 -0700] "GET /wp-json/oembed/1.0/embed?url=https%3A%2F%2Fdealzandfreebies.com%2F2026%2F06%2F23%2Fwiekszosc-cztery-projekty-musza-byc-osiagniete-w-ciagu-dziesiatka-tygodnie-kiedys-pierwszego-depozytu%2F HTTP/2" 200 1163 "https://dealzandfreebies.com/2026/06/23/wiekszosc-cztery-projekty-musza-byc-osiagniete-w-ciagu-dziesiatka-tygodnie-kiedys-pierwszego-depozytu/" "Mozilla/5.0 AppleWebKit/537.36 (KHTML, like Gecko; compatible; GPTBot/1.4; +https://openai.com/gptbot)"
103.219.169.164 - - [23/Jun/2026:06:12:28 -0700] "GET /2026/06/23/collect-most-recent-online-game-gift-ideas-freebies/ HTTP/1.1" 200 141981 "-" "Mozilla/5.0 (Windows NT 10.0; Win64; x64) AppleWebKit/537.36 (KHTML, like Gecko) Chrome/124.0.0.0 Safari/537.36 Edg/124.0.0.0"
3.219.81.66 - - [23/Jun/2026:06:12:30 -0700] "GET /2026/06/21/skrue-sammen-sharing-andefugl-storage-baccarat-online-casino-made-simple/ HTTP/1.1" 200 34177 "-" "Mozilla/5.0 AppleWebKit/537.36 (KHTML, like Gecko; compatible; Amazonbot/0.1; +https://developer.amazon.com/support/amazonbot) Chrome/119.0.6045.214 Safari/537.36"
74.7.241.32 - - [23/Jun/2026:06:12:31 -0700] "GET /wp-json/oembed/1.0/embed?format=xml&url=https%3A%2F%2Fdealzandfreebies.com%2F2026%2F06%2F23%2Fwiekszosc-cztery-projekty-musza-byc-osiagniete-w-ciagu-dziesiatka-tygodnie-kiedys-pierwszego-depozytu%2F HTTP/2" 200 1183 "https://dealzandfreebies.com/2026/06/23/wiekszosc-cztery-projekty-musza-byc-osiagniete-w-ciagu-dziesiatka-tygodnie-kiedys-pierwszego-depozytu/" "Mozilla/5.0 AppleWebKit/537.36 (KHTML, like Gecko; compatible; GPTBot/1.4; +https://openai.com/gptbot)"
136.243.228.180 - - [23/Jun/2026:06:12:31 -0700] "GET /2026/06/17/prove-the-fresh-provided-email-address-because-of-the-clicking-the-hyperlink-youll-discover-after-finishing-the-shape/ HTTP/1.1" 200 29073 "-" "Mozilla/5.0 (compatible; DataForSeoBot/1.0; +https://dataforseo.com/dataforseo-bot)"
74.7.241.32 - - [23/Jun/2026:06:12:31 -0700] "GET /?p=165634 HTTP/2" 301 0 "https://dealzandfreebies.com/2026/06/23/wiekszosc-cztery-projekty-musza-byc-osiagniete-w-ciagu-dziesiatka-tygodnie-kiedys-pierwszego-depozytu/" "Mozilla/5.0 AppleWebKit/537.36 (KHTML, like Gecko; compatible; GPTBot/1.4; +https://openai.com/gptbot)"
74.7.241.32 - - [23/Jun/2026:06:12:32 -0700] "GET /wp-json/wp/v2/posts/165634 HTTP/2" 200 3795 "https://dealzandfreebies.com/2026/06/23/wiekszosc-cztery-projekty-musza-byc-osiagniete-w-ciagu-dziesiatka-tygodnie-kiedys-pierwszego-depozytu/" "Mozilla/5.0 AppleWebKit/537.36 (KHTML, like Gecko; compatible; GPTBot/1.4; +https://openai.com/gptbot)"
185.250.39.54 - - [23/Jun/2026:06:12:32 -0700] "POST /xmlrpc.php HTTP/1.1" 403 0 "-" "Python-xmlrpc/3.14"
185.250.39.54 - - [23/Jun/2026:06:12:33 -0700] "POST /xmlrpc.php HTTP/1.1" 403 0 "-" "Python-xmlrpc/3.14"
185.250.39.54 - - [23/Jun/2026:06:12:33 -0700] "POST /xmlrpc.php HTTP/1.1" 403 0 "-" "Python-xmlrpc/3.14"
35.169.102.85 - - [23/Jun/2026:06:12:34 -0700] "GET /wp-json/oembed/1.0/embed?url=https://dealzandfreebies.com/2026/06/05/vegas-ports-gambling-games-777-apps-on-the-internet-gamble/ HTTP/1.1" 403 0 "-" "Mozilla/5.0 AppleWebKit/537.36 (KHTML, like Gecko; compatible; Amazonbot/0.1; +https://developer.amazon.com/support/amazonbot) Chrome/119.0.6045.214 Safari/537.36"
185.250.39.54 - - [23/Jun/2026:06:12:33 -0700] "POST /xmlrpc.php HTTP/1.1" 403 0 "-" "Python-xmlrpc/3.14"
136.243.228.180 - - [23/Jun/2026:06:12:35 -0700] "GET /2026/06/17/yard-casino-otzyvy-polzovatelej-i-vpechatlenija-ot-718/ HTTP/1.1" 200 28965 "-" "Mozilla/5.0 (compatible; DataForSeoBot/1.0; +https://dataforseo.com/dataforseo-bot)"
128.14.102.150 - - [23/Jun/2026:06:12:36 -0700] "POST /xmlrpc.php HTTP/1.1" 403 0 "-" "Mozilla/5.0 (Windows NT 10.0; Win64; x64) AppleWebKit/537.36 (KHTML, like Gecko) Chrome/114.0.0.0 Safari/537.36"
104.255.170.81 - - [23/Jun/2026:06:12:38 -0700] "POST /wp-cron.php?doing_wp_cron=1782220358.3335111141204833984375 HTTP/1.1" 200 0 "-" "WordPress/7.0; https://dealzandfreebies.com"
193.194.106.44 - - [23/Jun/2026:06:12:37 -0700] "GET /robots.txt HTTP/1.1" 200 70 "-" "Mozilla/5.0 (Linux; Android 6.0.1; Nexus 5X Build/MMB29P) AppleWebKit/537.36 (KHTML, like Gecko) Chrome/139.0.7258.156 Mobile Safari/537.36 (compatible; Googlebot/2.1; +http://www.google.com/bot.html)"
57.141.18.72 - - [23/Jun/2026:06:12:38 -0700] "GET /2026/06/22/play-totally-free-public-casino-games-on-line/ HTTP/2" 200 142167 "-" "meta-externalagent/1.1 (+https://developers.facebook.com/docs/sharing/webmasters/crawler)"
54.204.12.115 - - [23/Jun/2026:06:12:38 -0700] "GET /wp-json/wp/v2/posts/149726 HTTP/1.1" 200 3524 "-" "Mozilla/5.0 AppleWebKit/537.36 (KHTML, like Gecko; compatible; Amazonbot/0.1; +https://developer.amazon.com/support/amazonbot) Chrome/119.0.6045.214 Safari/537.36"
34.236.135.14 - - [23/Jun/2026:06:12:39 -0700] "GET /wp-json/oembed/1.0/embed?url=https://dealzandfreebies.com/2026/06/21/somit-ist-und-bleibt-parece-untergeordnet-elementar-sic-ein-euch-vorab-ideal-wissend-vor-das-durchstartet/ HTTP/1.1" 403 0 "-" "Mozilla/5.0 AppleWebKit/537.36 (KHTML, like Gecko; compatible; Amazonbot/0.1; +https://developer.amazon.com/support/amazonbot) Chrome/119.0.6045.214 Safari/537.36"
