74.7.241.32 - - [23/Jun/2026:05:54:05 -0700] "GET /wp-json/wp/v2/posts/137146 HTTP/2" 200 3185 "https://dealzandfreebies.com/2026/06/19/revendica-un-betmen-bonus-in-locul-depunere-care-au-350-tambur-gratuite-pentru-validarea-contului/" "Mozilla/5.0 AppleWebKit/537.36 (KHTML, like Gecko; compatible; GPTBot/1.4; +https://openai.com/gptbot)"
74.7.241.32 - - [23/Jun/2026:05:54:05 -0700] "GET /?p=137146 HTTP/2" 301 0 "https://dealzandfreebies.com/2026/06/19/revendica-un-betmen-bonus-in-locul-depunere-care-au-350-tambur-gratuite-pentru-validarea-contului/" "Mozilla/5.0 AppleWebKit/537.36 (KHTML, like Gecko; compatible; GPTBot/1.4; +https://openai.com/gptbot)"
74.7.241.32 - - [23/Jun/2026:05:54:06 -0700] "GET /wp-json/oembed/1.0/embed?url=https%3A%2F%2Fdealzandfreebies.com%2F2026%2F06%2F19%2Frevendica-un-betmen-bonus-in-locul-depunere-care-au-350-tambur-gratuite-pentru-validarea-contului%2F HTTP/2" 200 1144 "https://dealzandfreebies.com/2026/06/19/revendica-un-betmen-bonus-in-locul-depunere-care-au-350-tambur-gratuite-pentru-validarea-contului/" "Mozilla/5.0 AppleWebKit/537.36 (KHTML, like Gecko; compatible; GPTBot/1.4; +https://openai.com/gptbot)"
136.243.228.180 - - [23/Jun/2026:05:54:06 -0700] "GET /2026/06/17/you-says-in-which-simply-on-the-web-wagering-try-court-as-opposed-to-to-the-range-local-casino/ HTTP/1.1" 200 27829 "-" "Mozilla/5.0 (compatible; DataForSeoBot/1.0; +https://dataforseo.com/dataforseo-bot)"
74.7.241.32 - - [23/Jun/2026:05:54:06 -0700] "GET /wp-json/oembed/1.0/embed?format=xml&url=https%3A%2F%2Fdealzandfreebies.com%2F2026%2F06%2F19%2Frevendica-un-betmen-bonus-in-locul-depunere-care-au-350-tambur-gratuite-pentru-validarea-contului%2F HTTP/2" 200 1174 "https://dealzandfreebies.com/2026/06/19/revendica-un-betmen-bonus-in-locul-depunere-care-au-350-tambur-gratuite-pentru-validarea-contului/" "Mozilla/5.0 AppleWebKit/537.36 (KHTML, like Gecko; compatible; GPTBot/1.4; +https://openai.com/gptbot)"
74.7.241.32 - - [23/Jun/2026:05:54:07 -0700] "GET /2026/06/23/betway-gehort-nach-den-etabliertesten-wettanbietern-grobritanniens-unter-anderem-wird-selbige-meiner-lieblingsseiten-je-sportwetten/ HTTP/2" 200 28957 "https://dealzandfreebies.com/2026/06/23/no-deposit-extra-rules-australian-continent-2026-ndb-local-mr-cashman-slot-machine-casino-requirements/" "Mozilla/5.0 AppleWebKit/537.36 (KHTML, like Gecko; compatible; GPTBot/1.4; +https://openai.com/gptbot)"
74.7.241.32 - - [23/Jun/2026:05:54:08 -0700] "GET /2026/06/19/finest-gaminator-free-spins-no-deposit-payg-cellular-telephone-agreements/ HTTP/2" 200 28949 "https://dealzandfreebies.com/2026/06/19/pin-up-azrbaycann-n-yax-kazinosu-rsmi-sayt-2876/" "Mozilla/5.0 AppleWebKit/537.36 (KHTML, like Gecko; compatible; GPTBot/1.4; +https://openai.com/gptbot)"
74.7.241.32 - - [23/Jun/2026:05:54:08 -0700] "GET /wp-json/oembed/1.0/embed?url=https%3A%2F%2Fdealzandfreebies.com%2F2026%2F06%2F23%2Fno-deposit-extra-rules-australian-continent-2026-ndb-local-mr-cashman-slot-machine-casino-requirements%2F HTTP/2" 200 1145 "https://dealzandfreebies.com/2026/06/23/no-deposit-extra-rules-australian-continent-2026-ndb-local-mr-cashman-slot-machine-casino-requirements/" "Mozilla/5.0 AppleWebKit/537.36 (KHTML, like Gecko; compatible; GPTBot/1.4; +https://openai.com/gptbot)"
74.7.241.32 - - [23/Jun/2026:05:54:09 -0700] "GET /wp-json/wp/v2/posts/137166 HTTP/2" 200 2130 "https://dealzandfreebies.com/2026/06/19/pin-up-azrbaycann-n-yax-kazinosu-rsmi-sayt-2876/" "Mozilla/5.0 AppleWebKit/537.36 (KHTML, like Gecko; compatible; GPTBot/1.4; +https://openai.com/gptbot)"
74.7.241.32 - - [23/Jun/2026:05:54:09 -0700] "GET /wp-json/wp/v2/posts/165483 HTTP/2" 200 4965 "https://dealzandfreebies.com/2026/06/23/no-deposit-extra-rules-australian-continent-2026-ndb-local-mr-cashman-slot-machine-casino-requirements/" "Mozilla/5.0 AppleWebKit/537.36 (KHTML, like Gecko; compatible; GPTBot/1.4; +https://openai.com/gptbot)"
57.141.18.44 - - [23/Jun/2026:05:54:10 -0700] "GET /wp-json/wp/v2/posts/154660 HTTP/2" 200 9195 "-" "meta-externalagent/1.1 (+https://developers.facebook.com/docs/sharing/webmasters/crawler)"
74.7.241.32 - - [23/Jun/2026:05:54:10 -0700] "GET /wp-json/wp/v2/posts/137148 HTTP/2" 200 4058 "https://dealzandfreebies.com/2026/06/19/finest-low-gamstop-gambling-enterprises-lobstermania-to-install-1-deposit-acknowledged-deposit-by-mobile-phone-2022/" "Mozilla/5.0 AppleWebKit/537.36 (KHTML, like Gecko; compatible; GPTBot/1.4; +https://openai.com/gptbot)"
136.243.228.180 - - [23/Jun/2026:05:54:10 -0700] "GET /2026/06/17/sonnennachster-planet-roulettino-bonus-konto-abhebung-roulette-erreichbar-auffuhren-2024/ HTTP/1.1" 200 29190 "-" "Mozilla/5.0 (compatible; DataForSeoBot/1.0; +https://dataforseo.com/dataforseo-bot)"
74.7.241.32 - - [23/Jun/2026:05:54:10 -0700] "GET /wp-json/oembed/1.0/embed?url=https%3A%2F%2Fdealzandfreebies.com%2F2026%2F06%2F23%2Fspeedau-online-casino-australian-continent-play-magic-stone-pokie-online-no-download-real-money-online-pokies-2026%2F HTTP/2" 200 1146 "https://dealzandfreebies.com/2026/06/23/speedau-online-casino-australian-continent-play-magic-stone-pokie-online-no-download-real-money-online-pokies-2026/" "Mozilla/5.0 AppleWebKit/537.36 (KHTML, like Gecko; compatible; GPTBot/1.4; +https://openai.com/gptbot)"
74.7.241.32 - - [23/Jun/2026:05:54:11 -0700] "GET /wp-json/oembed/1.0/embed?format=xml&url=https%3A%2F%2Fdealzandfreebies.com%2F2026%2F06%2F19%2Fdasjenige-spielangebote-oder-die-softwareanbieter-inoffizieller-mitarbeiter-vulkan-las-vegas-nevada-spielbank%2F HTTP/2" 200 1177 "https://dealzandfreebies.com/2026/06/19/dasjenige-spielangebote-oder-die-softwareanbieter-inoffizieller-mitarbeiter-vulkan-las-vegas-nevada-spielbank/" "Mozilla/5.0 AppleWebKit/537.36 (KHTML, like Gecko; compatible; GPTBot/1.4; +https://openai.com/gptbot)"
74.7.241.32 - - [23/Jun/2026:05:54:12 -0700] "GET /wp-json/oembed/1.0/embed?url=https%3A%2F%2Fdealzandfreebies.com%2F2026%2F06%2F19%2Fpin-up-azrbaycann-n-yax-kazinosu-rsmi-sayt-2876%2F HTTP/2" 200 1105 "https://dealzandfreebies.com/2026/06/19/pin-up-azrbaycann-n-yax-kazinosu-rsmi-sayt-2876/" "Mozilla/5.0 AppleWebKit/537.36 (KHTML, like Gecko; compatible; GPTBot/1.4; +https://openai.com/gptbot)"
74.7.241.32 - - [23/Jun/2026:05:54:12 -0700] "GET /?p=137146 HTTP/2" 301 0 "https://dealzandfreebies.com/2026/06/19/revendica-un-betmen-bonus-in-locul-depunere-care-au-350-tambur-gratuite-pentru-validarea-contului/" "Mozilla/5.0 AppleWebKit/537.36 (KHTML, like Gecko; compatible; GPTBot/1.4; +https://openai.com/gptbot)"
104.255.170.81 - - [23/Jun/2026:05:54:12 -0700] "POST /wp-cron.php?doing_wp_cron=1782219252.9569599628448486328125 HTTP/1.1" 200 0 "-" "WordPress/7.0; https://dealzandfreebies.com"
200.25.47.106 - - [23/Jun/2026:05:54:12 -0700] "POST /xmlrpc.php HTTP/1.1" 200 181 "-" "Mozilla/5.0 (Windows NT 10.0; Win64; x64) AppleWebKit/537.36 (KHTML, like Gecko) Chrome/114.0.0.0 Safari/537.36"
74.7.241.32 - - [23/Jun/2026:05:54:13 -0700] "GET /2026/06/19/spend-n-play-gambling-pharaohs-fortune-paypal-enterprises-instead-of-gamstop/ HTTP/2" 200 28955 "https://dealzandfreebies.com/2026/06/19/revendica-un-betmen-bonus-in-locul-depunere-care-au-350-tambur-gratuite-pentru-validarea-contului/" "Mozilla/5.0 AppleWebKit/537.36 (KHTML, like Gecko; compatible; GPTBot/1.4; +https://openai.com/gptbot)"
74.7.241.32 - - [23/Jun/2026:05:54:14 -0700] "GET /?p=165481 HTTP/2" 301 0 "https://dealzandfreebies.com/2026/06/23/betway-gehort-nach-den-etabliertesten-wettanbietern-grobritanniens-unter-anderem-wird-selbige-meiner-lieblingsseiten-je-sportwetten/" "Mozilla/5.0 AppleWebKit/537.36 (KHTML, like Gecko; compatible; GPTBot/1.4; +https://openai.com/gptbot)"
136.243.228.180 - - [23/Jun/2026:05:54:13 -0700] "GET /2026/06/17/nachfolgende-gamer-fahig-sein-im-spielsaal-dieselbe-zahlungsmethode-wie-fur-jedes-auszahlungen-alabama-zweite-geige-pro-einzahlungen-gebrauchen/ HTTP/1.1" 200 28646 "-" "Mozilla/5.0 (compatible; DataForSeoBot/1.0; +https://dataforseo.com/dataforseo-bot)"
74.7.241.32 - - [23/Jun/2026:05:54:14 -0700] "GET /?p=137168 HTTP/2" 301 0 "https://dealzandfreebies.com/2026/06/19/finest-gaminator-free-spins-no-deposit-payg-cellular-telephone-agreements/" "Mozilla/5.0 AppleWebKit/537.36 (KHTML, like Gecko; compatible; GPTBot/1.4; +https://openai.com/gptbot)"
74.7.241.32 - - [23/Jun/2026:05:54:15 -0700] "GET /2026/06/23/afla-in-la-continuare-exact-cum-activezi-fiecare-conti-casino-extra-in-loc-de-depunere-de-asemenea-i-exact-ce-condiii-se-aplica/ HTTP/2" 200 29371 "https://dealzandfreebies.com/2026/06/23/betway-gehort-nach-den-etabliertesten-wettanbietern-grobritanniens-unter-anderem-wird-selbige-meiner-lieblingsseiten-je-sportwetten/" "Mozilla/5.0 AppleWebKit/537.36 (KHTML, like Gecko; compatible; GPTBot/1.4; +https://openai.com/gptbot)"
74.7.241.32 - - [23/Jun/2026:05:54:15 -0700] "GET /2026/06/19/greatest-8-mobile-commission-company-casino-wink-slots-login-in-the-2022/ HTTP/2" 200 29058 "https://dealzandfreebies.com/2026/06/19/finest-gaminator-free-spins-no-deposit-payg-cellular-telephone-agreements/" "Mozilla/5.0 AppleWebKit/537.36 (KHTML, like Gecko; compatible; GPTBot/1.4; +https://openai.com/gptbot)"
74.7.241.32 - - [23/Jun/2026:05:54:16 -0700] "GET /wp-json/oembed/1.0/embed?url=https%3A%2F%2Fdealzandfreebies.com%2F2026%2F06%2F19%2Frevendica-un-betmen-bonus-in-locul-depunere-care-au-350-tambur-gratuite-pentru-validarea-contului%2F HTTP/2" 200 1144 "https://dealzandfreebies.com/2026/06/19/revendica-un-betmen-bonus-in-locul-depunere-care-au-350-tambur-gratuite-pentru-validarea-contului/" "Mozilla/5.0 AppleWebKit/537.36 (KHTML, like Gecko; compatible; GPTBot/1.4; +https://openai.com/gptbot)"
185.191.171.6 - - [23/Jun/2026:05:54:16 -0700] "GET /2026/06/22/play-19350-free-position-video-finn-and-the-swirly-spin-offers-game-no-install/ HTTP/1.1" 200 35184 "-" "Mozilla/5.0 (compatible; SemrushBot/7~bl; +http://www.semrush.com/bot.html)"
57.141.18.75 - - [23/Jun/2026:05:54:17 -0700] "GET /wp-json/wp/v2/posts/158574 HTTP/2" 200 10408 "-" "meta-externalagent/1.1 (+https://developers.facebook.com/docs/sharing/webmasters/crawler)"
74.7.241.32 - - [23/Jun/2026:05:54:17 -0700] "GET /wp-json/oembed/1.0/embed?url=https%3A%2F%2Fdealzandfreebies.com%2F2026%2F06%2F23%2Fbetway-gehort-nach-den-etabliertesten-wettanbietern-grobritanniens-unter-anderem-wird-selbige-meiner-lieblingsseiten-je-sportwetten%2F HTTP/2" 200 1185 "https://dealzandfreebies.com/2026/06/23/betway-gehort-nach-den-etabliertesten-wettanbietern-grobritanniens-unter-anderem-wird-selbige-meiner-lieblingsseiten-je-sportwetten/" "Mozilla/5.0 AppleWebKit/537.36 (KHTML, like Gecko; compatible; GPTBot/1.4; +https://openai.com/gptbot)"
74.7.241.32 - - [23/Jun/2026:05:54:18 -0700] "GET /wp-json/oembed/1.0/embed?url=https%3A%2F%2Fdealzandfreebies.com%2F2026%2F06%2F19%2Ffinest-gaminator-free-spins-no-deposit-payg-cellular-telephone-agreements%2F HTTP/2" 200 1126 "https://dealzandfreebies.com/2026/06/19/finest-gaminator-free-spins-no-deposit-payg-cellular-telephone-agreements/" "Mozilla/5.0 AppleWebKit/537.36 (KHTML, like Gecko; compatible; GPTBot/1.4; +https://openai.com/gptbot)"
57.141.18.80 - - [23/Jun/2026:05:54:18 -0700] "GET /wp-json/wp/v2/posts/154345 HTTP/2" 200 12403 "-" "meta-externalagent/1.1 (+https://developers.facebook.com/docs/sharing/webmasters/crawler)"
74.7.241.32 - - [23/Jun/2026:05:54:18 -0700] "GET /wp-json/wp/v2/posts/137168 HTTP/2" 200 4179 "https://dealzandfreebies.com/2026/06/19/finest-gaminator-free-spins-no-deposit-payg-cellular-telephone-agreements/" "Mozilla/5.0 AppleWebKit/537.36 (KHTML, like Gecko; compatible; GPTBot/1.4; +https://openai.com/gptbot)"
136.243.228.180 - - [23/Jun/2026:05:54:18 -0700] "GET /2026/06/17/top-suggestions-to-thought-when-looking-for-real-cash-gambling-enterprises-on-line/ HTTP/1.1" 200 27516 "-" "Mozilla/5.0 (compatible; DataForSeoBot/1.0; +https://dataforseo.com/dataforseo-bot)"
74.7.241.32 - - [23/Jun/2026:05:54:19 -0700] "GET /wp-json/wp/v2/posts/165481 HTTP/2" 200 4095 "https://dealzandfreebies.com/2026/06/23/betway-gehort-nach-den-etabliertesten-wettanbietern-grobritanniens-unter-anderem-wird-selbige-meiner-lieblingsseiten-je-sportwetten/" "Mozilla/5.0 AppleWebKit/537.36 (KHTML, like Gecko; compatible; GPTBot/1.4; +https://openai.com/gptbot)"
200.25.47.106 - - [23/Jun/2026:05:54:19 -0700] "POST /xmlrpc.php HTTP/1.1" 200 15263 "-" "Mozilla/5.0 (Windows NT 10.0; Win64; x64) AppleWebKit/537.36 (KHTML, like Gecko) Chrome/114.0.0.0 Safari/537.36"
74.7.241.32 - - [23/Jun/2026:05:54:19 -0700] "GET /wp-json/wp/v2/posts/137146 HTTP/2" 200 3185 "https://dealzandfreebies.com/2026/06/19/revendica-un-betmen-bonus-in-locul-depunere-care-au-350-tambur-gratuite-pentru-validarea-contului/" "Mozilla/5.0 AppleWebKit/537.36 (KHTML, like Gecko; compatible; GPTBot/1.4; +https://openai.com/gptbot)"
74.7.241.32 - - [23/Jun/2026:05:54:20 -0700] "GET /?p=137144 HTTP/2" 301 0 "https://dealzandfreebies.com/2026/06/19/spend-n-play-gambling-pharaohs-fortune-paypal-enterprises-instead-of-gamstop/" "Mozilla/5.0 AppleWebKit/537.36 (KHTML, like Gecko; compatible; GPTBot/1.4; +https://openai.com/gptbot)"
57.141.18.117 - - [23/Jun/2026:05:54:20 -0700] "GET /2026/06/23/avalon-slot-2026-amazing-real-cash-online-game-mobile-type/ HTTP/2" 200 146103 "-" "meta-externalagent/1.1 (+https://developers.facebook.com/docs/sharing/webmasters/crawler)"
74.7.241.32 - - [23/Jun/2026:05:54:20 -0700] "GET /2026/06/23/avalon-floor-shop-carpeting-tile-drapes-and-window-treatments-more/ HTTP/2" 200 30043 "https://dealzandfreebies.com/2026/06/19/spend-n-play-gambling-pharaohs-fortune-paypal-enterprises-instead-of-gamstop/" "Mozilla/5.0 AppleWebKit/537.36 (KHTML, like Gecko; compatible; GPTBot/1.4; +https://openai.com/gptbot)"
74.7.241.32 - - [23/Jun/2026:05:54:21 -0700] "GET /2026/06/19/better-20-100-percent-free-spins-no-deposit-required-offers-inside-summer-2022/ HTTP/2" 200 28192 "https://dealzandfreebies.com/2026/06/19/spend-n-play-gambling-pharaohs-fortune-paypal-enterprises-instead-of-gamstop/" "Mozilla/5.0 AppleWebKit/537.36 (KHTML, like Gecko; compatible; GPTBot/1.4; +https://openai.com/gptbot)"
74.7.241.32 - - [23/Jun/2026:05:54:22 -0700] "GET /?p=165479 HTTP/2" 301 0 "https://dealzandfreebies.com/2026/06/23/afla-in-la-continuare-exact-cum-activezi-fiecare-conti-casino-extra-in-loc-de-depunere-de-asemenea-i-exact-ce-condiii-se-aplica/" "Mozilla/5.0 AppleWebKit/537.36 (KHTML, like Gecko; compatible; GPTBot/1.4; +https://openai.com/gptbot)"
74.7.241.32 - - [23/Jun/2026:05:54:22 -0700] "GET /?p=137170 HTTP/2" 301 0 "https://dealzandfreebies.com/2026/06/19/greatest-8-mobile-commission-company-casino-wink-slots-login-in-the-2022/" "Mozilla/5.0 AppleWebKit/537.36 (KHTML, like Gecko; compatible; GPTBot/1.4; +https://openai.com/gptbot)"
136.243.228.180 - - [23/Jun/2026:05:54:22 -0700] "GET /2026/06/17/beste-erreichbar-casinos-2026-traktandum-10-book-of-ra-bonus-code-versorger-pro-deutsche-gamer/ HTTP/1.1" 200 29991 "-" "Mozilla/5.0 (compatible; DataForSeoBot/1.0; +https://dataforseo.com/dataforseo-bot)"
74.7.241.32 - - [23/Jun/2026:05:54:23 -0700] "GET /2026/06/23/like-casino-poker-benefits-continue-intricate-notes-to-the-opponents-and-you-can-give-effects/ HTTP/2" 200 28904 "https://dealzandfreebies.com/2026/06/23/afla-in-la-continuare-exact-cum-activezi-fiecare-conti-casino-extra-in-loc-de-depunere-de-asemenea-i-exact-ce-condiii-se-aplica/" "Mozilla/5.0 AppleWebKit/537.36 (KHTML, like Gecko; compatible; GPTBot/1.4; +https://openai.com/gptbot)"
200.25.47.106 - - [23/Jun/2026:05:54:21 -0700] "GET /2026/06/23/avalon-floor-shop-carpeting-tile-drapes-and-window-treatments-more/ HTTP/1.1" 200 144671 "-" "Mozilla/5.0 (Windows NT 10.0; Win64; x64) AppleWebKit/537.36 (KHTML, like Gecko) Chrome/124.0.0.0 Safari/537.36"
74.7.241.32 - - [23/Jun/2026:05:54:24 -0700] "GET /wp-json/oembed/1.0/embed?url=https%3A%2F%2Fdealzandfreebies.com%2F2026%2F06%2F23%2Fafla-in-la-continuare-exact-cum-activezi-fiecare-conti-casino-extra-in-loc-de-depunere-de-asemenea-i-exact-ce-condiii-se-aplica%2F HTTP/2" 200 1178 "https://dealzandfreebies.com/2026/06/23/afla-in-la-continuare-exact-cum-activezi-fiecare-conti-casino-extra-in-loc-de-depunere-de-asemenea-i-exact-ce-condiii-se-aplica/" "Mozilla/5.0 AppleWebKit/537.36 (KHTML, like Gecko; compatible; GPTBot/1.4; +https://openai.com/gptbot)"
57.141.18.34 - - [23/Jun/2026:05:54:24 -0700] "GET /2026/06/22/ideal-web-based-casinos-australian-continent-top-10-australian-gambling-establishment-internet/ HTTP/2" 200 142169 "-" "meta-externalagent/1.1 (+https://developers.facebook.com/docs/sharing/webmasters/crawler)"
74.7.241.32 - - [23/Jun/2026:05:54:24 -0700] "GET /2026/06/19/finest-on-the-internet-shell-out-by-cellular-telephone-casino-333-palace-no-deposit-casino/ HTTP/2" 200 29144 "https://dealzandfreebies.com/2026/06/19/greatest-8-mobile-commission-company-casino-wink-slots-login-in-the-2022/" "Mozilla/5.0 AppleWebKit/537.36 (KHTML, like Gecko; compatible; GPTBot/1.4; +https://openai.com/gptbot)"
74.7.241.32 - - [23/Jun/2026:05:54:25 -0700] "GET /wp-json/oembed/1.0/embed?url=https%3A%2F%2Fdealzandfreebies.com%2F2026%2F06%2F19%2Fspend-n-play-gambling-pharaohs-fortune-paypal-enterprises-instead-of-gamstop%2F HTTP/2" 200 1127 "https://dealzandfreebies.com/2026/06/19/spend-n-play-gambling-pharaohs-fortune-paypal-enterprises-instead-of-gamstop/" "Mozilla/5.0 AppleWebKit/537.36 (KHTML, like Gecko; compatible; GPTBot/1.4; +https://openai.com/gptbot)"
136.243.228.180 - - [23/Jun/2026:05:54:25 -0700] "GET /2026/06/17/live-blackjack-spurst-respons-den-kick-nimmst-es-mit-diesem-rauschgifthandler-nach/ HTTP/1.1" 200 29963 "-" "Mozilla/5.0 (compatible; DataForSeoBot/1.0; +https://dataforseo.com/dataforseo-bot)"
74.7.241.32 - - [23/Jun/2026:05:54:26 -0700] "GET /wp-json/wp/v2/posts/137144 HTTP/2" 200 4221 "https://dealzandfreebies.com/2026/06/19/spend-n-play-gambling-pharaohs-fortune-paypal-enterprises-instead-of-gamstop/" "Mozilla/5.0 AppleWebKit/537.36 (KHTML, like Gecko; compatible; GPTBot/1.4; +https://openai.com/gptbot)"
74.7.241.32 - - [23/Jun/2026:05:54:26 -0700] "GET /wp-json/wp/v2/posts/137170 HTTP/2" 200 4320 "https://dealzandfreebies.com/2026/06/19/greatest-8-mobile-commission-company-casino-wink-slots-login-in-the-2022/" "Mozilla/5.0 AppleWebKit/537.36 (KHTML, like Gecko; compatible; GPTBot/1.4; +https://openai.com/gptbot)"
74.7.241.32 - - [23/Jun/2026:05:54:27 -0700] "GET /wp-json/wp/v2/posts/165479 HTTP/2" 200 4534 "https://dealzandfreebies.com/2026/06/23/afla-in-la-continuare-exact-cum-activezi-fiecare-conti-casino-extra-in-loc-de-depunere-de-asemenea-i-exact-ce-condiii-se-aplica/" "Mozilla/5.0 AppleWebKit/537.36 (KHTML, like Gecko; compatible; GPTBot/1.4; +https://openai.com/gptbot)"
74.7.241.32 - - [23/Jun/2026:05:54:27 -0700] "GET /?p=165505 HTTP/2" 301 0 "https://dealzandfreebies.com/2026/06/23/avalon-floor-shop-carpeting-tile-drapes-and-window-treatments-more/" "Mozilla/5.0 AppleWebKit/537.36 (KHTML, like Gecko; compatible; GPTBot/1.4; +https://openai.com/gptbot)"
74.7.241.32 - - [23/Jun/2026:05:54:28 -0700] "GET /?p=137142 HTTP/2" 301 0 "https://dealzandfreebies.com/2026/06/19/better-20-100-percent-free-spins-no-deposit-required-offers-inside-summer-2022/" "Mozilla/5.0 AppleWebKit/537.36 (KHTML, like Gecko; compatible; GPTBot/1.4; +https://openai.com/gptbot)"
74.7.241.32 - - [23/Jun/2026:05:54:29 -0700] "GET /2026/06/19/five-hundred-new-no-deposit-coin-master-no-deposit-bonus/ HTTP/2" 200 29185 "https://dealzandfreebies.com/2026/06/19/better-20-100-percent-free-spins-no-deposit-required-offers-inside-summer-2022/" "Mozilla/5.0 AppleWebKit/537.36 (KHTML, like Gecko; compatible; GPTBot/1.4; +https://openai.com/gptbot)"
74.7.241.32 - - [23/Jun/2026:05:54:29 -0700] "GET /wp-json/oembed/1.0/embed?url=https%3A%2F%2Fdealzandfreebies.com%2F2026%2F06%2F23%2Favalon-floor-shop-carpeting-tile-drapes-and-window-treatments-more%2F HTTP/2" 200 1120 "https://dealzandfreebies.com/2026/06/23/avalon-floor-shop-carpeting-tile-drapes-and-window-treatments-more/" "Mozilla/5.0 AppleWebKit/537.36 (KHTML, like Gecko; compatible; GPTBot/1.4; +https://openai.com/gptbot)"
136.243.228.180 - - [23/Jun/2026:05:54:29 -0700] "GET /2026/06/17/analise-do-caso-slot-fortune-rabbit-demo-e-suas/ HTTP/1.1" 200 27637 "-" "Mozilla/5.0 (compatible; DataForSeoBot/1.0; +https://dataforseo.com/dataforseo-bot)"
17.246.19.94 - - [23/Jun/2026:05:54:29 -0700] "GET /2026/06/19/migliori-bisca-online-sopra-italia-la-lista-dei-vertice-bisca-del-2026/ HTTP/2" 200 35164 "-" "Mozilla/5.0 (Macintosh; Intel Mac OS X 10_15_7) AppleWebKit/605.1.15 (KHTML, like Gecko) Version/17.4 Safari/605.1.15 (Applebot/0.1; +http://www.apple.com/go/applebot)"
74.7.241.32 - - [23/Jun/2026:05:54:30 -0700] "GET /?p=165477 HTTP/2" 301 0 "https://dealzandfreebies.com/2026/06/23/like-casino-poker-benefits-continue-intricate-notes-to-the-opponents-and-you-can-give-effects/" "Mozilla/5.0 AppleWebKit/537.36 (KHTML, like Gecko; compatible; GPTBot/1.4; +https://openai.com/gptbot)"
85.208.96.206 - - [23/Jun/2026:05:54:30 -0700] "GET /2026/06/22/sekundar-ein-rtp-ein-right-back-in-player-ist-in-beiden-varianten-durchweg-gleich/ HTTP/1.1" 200 32608 "-" "Mozilla/5.0 (compatible; SemrushBot/7~bl; +http://www.semrush.com/bot.html)"
74.7.241.32 - - [23/Jun/2026:05:54:30 -0700] "GET /2026/06/23/success-stories-at-lottogo-casino-uk-triumphs-of-players/ HTTP/2" 200 27328 "https://dealzandfreebies.com/2026/06/23/like-casino-poker-benefits-continue-intricate-notes-to-the-opponents-and-you-can-give-effects/" "Mozilla/5.0 AppleWebKit/537.36 (KHTML, like Gecko; compatible; GPTBot/1.4; +https://openai.com/gptbot)"
74.7.241.32 - - [23/Jun/2026:05:54:31 -0700] "GET /?p=137172 HTTP/2" 301 0 "https://dealzandfreebies.com/2026/06/19/finest-on-the-internet-shell-out-by-cellular-telephone-casino-333-palace-no-deposit-casino/" "Mozilla/5.0 AppleWebKit/537.36 (KHTML, like Gecko; compatible; GPTBot/1.4; +https://openai.com/gptbot)"
74.7.241.32 - - [23/Jun/2026:05:54:32 -0700] "GET /2026/06/19/five-hundred-very-free-goslotty-spins-no-deposit-2023-first-put-extra/ HTTP/2" 200 28890 "https://dealzandfreebies.com/2026/06/19/finest-on-the-internet-shell-out-by-cellular-telephone-casino-333-palace-no-deposit-casino/" "Mozilla/5.0 AppleWebKit/537.36 (KHTML, like Gecko; compatible; GPTBot/1.4; +https://openai.com/gptbot)"
74.7.241.32 - - [23/Jun/2026:05:54:34 -0700] "GET /wp-json/oembed/1.0/embed?url=https%3A%2F%2Fdealzandfreebies.com%2F2026%2F06%2F23%2Flike-casino-poker-benefits-continue-intricate-notes-to-the-opponents-and-you-can-give-effects%2F HTTP/2" 200 1136 "https://dealzandfreebies.com/2026/06/23/like-casino-poker-benefits-continue-intricate-notes-to-the-opponents-and-you-can-give-effects/" "Mozilla/5.0 AppleWebKit/537.36 (KHTML, like Gecko; compatible; GPTBot/1.4; +https://openai.com/gptbot)"
136.243.228.180 - - [23/Jun/2026:05:54:33 -0700] "GET /2026/06/17/betchan-brings-participants-which-have-use-of-the-highest-quality-gaming-brands/ HTTP/1.1" 200 27902 "-" "Mozilla/5.0 (compatible; DataForSeoBot/1.0; +https://dataforseo.com/dataforseo-bot)"
74.7.241.32 - - [23/Jun/2026:05:54:34 -0700] "GET /wp-json/wp/v2/posts/165505 HTTP/2" 200 5603 "https://dealzandfreebies.com/2026/06/23/avalon-floor-shop-carpeting-tile-drapes-and-window-treatments-more/" "Mozilla/5.0 AppleWebKit/537.36 (KHTML, like Gecko; compatible; GPTBot/1.4; +https://openai.com/gptbot)"
74.7.241.32 - - [23/Jun/2026:05:54:35 -0700] "GET /wp-json/wp/v2/posts/137172 HTTP/2" 200 4387 "https://dealzandfreebies.com/2026/06/19/finest-on-the-internet-shell-out-by-cellular-telephone-casino-333-palace-no-deposit-casino/" "Mozilla/5.0 AppleWebKit/537.36 (KHTML, like Gecko; compatible; GPTBot/1.4; +https://openai.com/gptbot)"
85.208.96.200 - - [23/Jun/2026:05:54:34 -0700] "GET /2026/06/22/kasyno-depozyt-dwadziescia-zl-moze-najwyrazniej-dla-ludzi-naprawde-powiazane/ HTTP/1.1" 200 33253 "-" "Mozilla/5.0 (compatible; SemrushBot/7~bl; +http://www.semrush.com/bot.html)"
104.255.170.81 - - [23/Jun/2026:05:54:36 -0700] "POST /wp-cron.php?doing_wp_cron=1782219276.1469290256500244140625 HTTP/1.1" 200 0 "-" "WordPress/7.0; https://dealzandfreebies.com"
200.25.47.106 - - [23/Jun/2026:05:54:33 -0700] "POST /xmlrpc.php HTTP/1.1" 200 181 "-" "Mozilla/5.0 (Windows NT 10.0; Win64; x64) AppleWebKit/537.36 (KHTML, like Gecko) Chrome/114.0.0.0 Safari/537.36"
74.7.241.32 - - [23/Jun/2026:05:54:36 -0700] "GET /wp-json/wp/v2/posts/137142 HTTP/2" 200 3517 "https://dealzandfreebies.com/2026/06/19/better-20-100-percent-free-spins-no-deposit-required-offers-inside-summer-2022/" "Mozilla/5.0 AppleWebKit/537.36 (KHTML, like Gecko; compatible; GPTBot/1.4; +https://openai.com/gptbot)"
74.7.241.32 - - [23/Jun/2026:05:54:36 -0700] "GET /wp-json/oembed/1.0/embed?url=https%3A%2F%2Fdealzandfreebies.com%2F2026%2F06%2F19%2Ffinest-on-the-internet-shell-out-by-cellular-telephone-casino-333-palace-no-deposit-casino%2F HTTP/2" 200 1140 "https://dealzandfreebies.com/2026/06/19/finest-on-the-internet-shell-out-by-cellular-telephone-casino-333-palace-no-deposit-casino/" "Mozilla/5.0 AppleWebKit/537.36 (KHTML, like Gecko; compatible; GPTBot/1.4; +https://openai.com/gptbot)"
74.7.241.32 - - [23/Jun/2026:05:54:37 -0700] "GET /?p=137140 HTTP/2" 301 0 "https://dealzandfreebies.com/2026/06/19/five-hundred-new-no-deposit-coin-master-no-deposit-bonus/" "Mozilla/5.0 AppleWebKit/537.36 (KHTML, like Gecko; compatible; GPTBot/1.4; +https://openai.com/gptbot)"
136.243.228.180 - - [23/Jun/2026:05:54:37 -0700] "GET /2026/06/17/3rd-on-line-casino-i-tried-harbors-regarding-las-vegas/ HTTP/1.1" 200 27846 "-" "Mozilla/5.0 (compatible; DataForSeoBot/1.0; +https://dataforseo.com/dataforseo-bot)"
74.7.241.32 - - [23/Jun/2026:05:54:37 -0700] "GET /2026/06/19/free-revolves-no-deposit-british-the-fresh/ HTTP/2" 200 27949 "https://dealzandfreebies.com/2026/06/19/five-hundred-new-no-deposit-coin-master-no-deposit-bonus/" "Mozilla/5.0 AppleWebKit/537.36 (KHTML, like Gecko; compatible; GPTBot/1.4; +https://openai.com/gptbot)"
57.141.18.61 - - [23/Jun/2026:05:54:38 -0700] "GET /wp-json/wp/v2/posts/150731 HTTP/2" 200 10634 "-" "meta-externalagent/1.1 (+https://developers.facebook.com/docs/sharing/webmasters/crawler)"
104.255.170.81 - - [23/Jun/2026:05:54:39 -0700] "POST /wp-cron.php?doing_wp_cron=1782219279.0242190361022949218750 HTTP/1.1" 200 0 "-" "WordPress/7.0; https://dealzandfreebies.com"
74.7.241.32 - - [23/Jun/2026:05:54:38 -0700] "GET /wp-json/oembed/1.0/embed?url=https%3A%2F%2Fdealzandfreebies.com%2F2026%2F06%2F19%2Ffive-hundred-new-no-deposit-coin-master-no-deposit-bonus%2F HTTP/2" 200 1096 "https://dealzandfreebies.com/2026/06/19/five-hundred-new-no-deposit-coin-master-no-deposit-bonus/" "Mozilla/5.0 AppleWebKit/537.36 (KHTML, like Gecko; compatible; GPTBot/1.4; +https://openai.com/gptbot)"
74.7.241.32 - - [23/Jun/2026:05:54:39 -0700] "GET /?p=165475 HTTP/2" 301 0 "https://dealzandfreebies.com/2026/06/23/success-stories-at-lottogo-casino-uk-triumphs-of-players/" "Mozilla/5.0 AppleWebKit/537.36 (KHTML, like Gecko; compatible; GPTBot/1.4; +https://openai.com/gptbot)"
57.141.18.69 - - [23/Jun/2026:05:54:40 -0700] "GET /wp-json/oembed/1.0/embed?url=https%3A%2F%2Fdealzandfreebies.com%2F2026%2F06%2F22%2Fletztlich-bietet-sich-verstandlicherweise-auch-apple-pay-wie-sonstige-aktiv%2F HTTP/2" 200 2548 "-" "meta-externalagent/1.1 (+https://developers.facebook.com/docs/sharing/webmasters/crawler)"
74.7.241.32 - - [23/Jun/2026:05:54:39 -0700] "GET /2026/06/23/beneficiezi-din-cauza-atat-din-mult-posibilitai-de-a-a-gasi-bonus-adaugat-in-locul-depunere-2026/ HTTP/2" 200 28776 "https://dealzandfreebies.com/2026/06/23/success-stories-at-lottogo-casino-uk-triumphs-of-players/" "Mozilla/5.0 AppleWebKit/537.36 (KHTML, like Gecko; compatible; GPTBot/1.4; +https://openai.com/gptbot)"
74.7.241.32 - - [23/Jun/2026:05:54:40 -0700] "GET /?p=137176 HTTP/2" 301 0 "https://dealzandfreebies.com/2026/06/19/five-hundred-very-free-goslotty-spins-no-deposit-2023-first-put-extra/" "Mozilla/5.0 AppleWebKit/537.36 (KHTML, like Gecko; compatible; GPTBot/1.4; +https://openai.com/gptbot)"
136.243.228.180 - - [23/Jun/2026:05:54:41 -0700] "GET /2026/06/17/nevertheless-if-you-are-looking-to-have-problems-the-game-could-be-perfect-for-your/ HTTP/1.1" 200 28603 "-" "Mozilla/5.0 (compatible; DataForSeoBot/1.0; +https://dataforseo.com/dataforseo-bot)"
74.7.241.32 - - [23/Jun/2026:05:54:41 -0700] "GET /2026/06/19/shell-out-sizzling-hot-real-money-slot-by-the-cellular-phone-statement-local-casino/ HTTP/2" 200 28463 "https://dealzandfreebies.com/2026/06/19/five-hundred-very-free-goslotty-spins-no-deposit-2023-first-put-extra/" "Mozilla/5.0 AppleWebKit/537.36 (KHTML, like Gecko; compatible; GPTBot/1.4; +https://openai.com/gptbot)"
74.7.241.32 - - [23/Jun/2026:05:54:42 -0700] "GET /wp-json/oembed/1.0/embed?url=https%3A%2F%2Fdealzandfreebies.com%2F2026%2F06%2F23%2Fsuccess-stories-at-lottogo-casino-uk-triumphs-of-players%2F HTTP/2" 200 1109 "https://dealzandfreebies.com/2026/06/23/success-stories-at-lottogo-casino-uk-triumphs-of-players/" "Mozilla/5.0 AppleWebKit/537.36 (KHTML, like Gecko; compatible; GPTBot/1.4; +https://openai.com/gptbot)"
200.25.47.106 - - [23/Jun/2026:05:54:42 -0700] "POST /xmlrpc.php HTTP/1.1" 403 0 "-" "Mozilla/5.0 (Windows NT 10.0; Win64; x64) AppleWebKit/537.36 (KHTML, like Gecko) Chrome/114.0.0.0 Safari/537.36"
74.7.241.32 - - [23/Jun/2026:05:54:42 -0700] "GET /wp-json/wp/v2/posts/137176 HTTP/2" 200 4297 "https://dealzandfreebies.com/2026/06/19/five-hundred-very-free-goslotty-spins-no-deposit-2023-first-put-extra/" "Mozilla/5.0 AppleWebKit/537.36 (KHTML, like Gecko; compatible; GPTBot/1.4; +https://openai.com/gptbot)"
74.7.241.32 - - [23/Jun/2026:05:54:43 -0700] "GET /wp-json/wp/v2/posts/165475 HTTP/2" 200 2622 "https://dealzandfreebies.com/2026/06/23/success-stories-at-lottogo-casino-uk-triumphs-of-players/" "Mozilla/5.0 AppleWebKit/537.36 (KHTML, like Gecko; compatible; GPTBot/1.4; +https://openai.com/gptbot)"
74.7.241.32 - - [23/Jun/2026:05:54:44 -0700] "GET /wp-json/wp/v2/posts/165477 HTTP/2" 200 4047 "https://dealzandfreebies.com/2026/06/23/like-casino-poker-benefits-continue-intricate-notes-to-the-opponents-and-you-can-give-effects/" "Mozilla/5.0 AppleWebKit/537.36 (KHTML, like Gecko; compatible; GPTBot/1.4; +https://openai.com/gptbot)"
57.141.18.34 - - [23/Jun/2026:05:54:43 -0700] "GET /wp-json/wp/v2/posts/165501 HTTP/2" 200 13814 "-" "meta-externalagent/1.1 (+https://developers.facebook.com/docs/sharing/webmasters/crawler)"
104.255.170.81 - - [23/Jun/2026:05:54:44 -0700] "POST /wp-cron.php?doing_wp_cron=1782219284.4479529857635498046875 HTTP/1.1" 200 0 "-" "WordPress/7.0; https://dealzandfreebies.com"
185.153.199.239 - - [23/Jun/2026:05:54:43 -0700] "POST /xmlrpc.php HTTP/1.1" 200 181 "-" "Mozilla/5.0 (Windows NT 10.0; Win64; x64) AppleWebKit/537.36 (KHTML, like Gecko) Chrome/114.0.0.0 Safari/537.36"
74.7.241.32 - - [23/Jun/2026:05:54:44 -0700] "GET /wp-json/wp/v2/posts/137140 HTTP/2" 200 4406 "https://dealzandfreebies.com/2026/06/19/five-hundred-new-no-deposit-coin-master-no-deposit-bonus/" "Mozilla/5.0 AppleWebKit/537.36 (KHTML, like Gecko; compatible; GPTBot/1.4; +https://openai.com/gptbot)"
74.7.241.32 - - [23/Jun/2026:05:54:45 -0700] "GET /?p=137138 HTTP/2" 301 0 "https://dealzandfreebies.com/2026/06/19/free-revolves-no-deposit-british-the-fresh/" "Mozilla/5.0 AppleWebKit/537.36 (KHTML, like Gecko; compatible; GPTBot/1.4; +https://openai.com/gptbot)"
74.7.241.32 - - [23/Jun/2026:05:54:45 -0700] "GET /2026/06/19/that-it-assurances-you-know-the-guidelines-and-will-build-told-decisions-in-the-accepting-bonuses/ HTTP/2" 200 29068 "https://dealzandfreebies.com/2026/06/19/free-revolves-no-deposit-british-the-fresh/" "Mozilla/5.0 AppleWebKit/537.36 (KHTML, like Gecko; compatible; GPTBot/1.4; +https://openai.com/gptbot)"
136.243.228.180 - - [23/Jun/2026:05:54:46 -0700] "GET /2026/03/30/50-fre-spins-behalve-betaling-belgisch-gokhuis-bruce-lee-dragons-tale-casino-bonussen/ HTTP/1.1" 200 28467 "-" "Mozilla/5.0 (compatible; DataForSeoBot/1.0; +https://dataforseo.com/dataforseo-bot)"
74.7.241.32 - - [23/Jun/2026:05:54:46 -0700] "GET /2026/06/23/better-cellular-pokies-wintingo-online-casino-australian-continent-2026-wager-real-money/ HTTP/2" 200 29437 "https://dealzandfreebies.com/2026/06/19/free-revolves-no-deposit-british-the-fresh/" "Mozilla/5.0 AppleWebKit/537.36 (KHTML, like Gecko; compatible; GPTBot/1.4; +https://openai.com/gptbot)"
74.7.241.32 - - [23/Jun/2026:05:54:47 -0700] "GET /?p=165473 HTTP/2" 301 0 "https://dealzandfreebies.com/2026/06/23/beneficiezi-din-cauza-atat-din-mult-posibilitai-de-a-a-gasi-bonus-adaugat-in-locul-depunere-2026/" "Mozilla/5.0 AppleWebKit/537.36 (KHTML, like Gecko; compatible; GPTBot/1.4; +https://openai.com/gptbot)"
74.7.241.32 - - [23/Jun/2026:05:54:47 -0700] "GET /wp-json/wp/v2/posts/165507 HTTP/2" 200 4617 "https://dealzandfreebies.com/2026/06/23/better-cellular-pokies-wintingo-online-casino-australian-continent-2026-wager-real-money/" "Mozilla/5.0 AppleWebKit/537.36 (KHTML, like Gecko; compatible; GPTBot/1.4; +https://openai.com/gptbot)"
74.7.241.32 - - [23/Jun/2026:05:54:48 -0700] "GET /?p=165507 HTTP/2" 301 0 "https://dealzandfreebies.com/2026/06/23/better-cellular-pokies-wintingo-online-casino-australian-continent-2026-wager-real-money/" "Mozilla/5.0 AppleWebKit/537.36 (KHTML, like Gecko; compatible; GPTBot/1.4; +https://openai.com/gptbot)"
74.7.241.32 - - [23/Jun/2026:05:54:48 -0700] "GET /wp-json/oembed/1.0/embed?format=xml&url=https%3A%2F%2Fdealzandfreebies.com%2F2026%2F06%2F23%2Fbetter-cellular-pokies-wintingo-online-casino-australian-continent-2026-wager-real-money%2F HTTP/2" 200 1166 "https://dealzandfreebies.com/2026/06/23/better-cellular-pokies-wintingo-online-casino-australian-continent-2026-wager-real-money/" "Mozilla/5.0 AppleWebKit/537.36 (KHTML, like Gecko; compatible; GPTBot/1.4; +https://openai.com/gptbot)"
74.7.241.32 - - [23/Jun/2026:05:54:49 -0700] "GET /wp-json/oembed/1.0/embed?url=https%3A%2F%2Fdealzandfreebies.com%2F2026%2F06%2F23%2Fbetter-cellular-pokies-wintingo-online-casino-australian-continent-2026-wager-real-money%2F HTTP/2" 200 1134 "https://dealzandfreebies.com/2026/06/23/better-cellular-pokies-wintingo-online-casino-australian-continent-2026-wager-real-money/" "Mozilla/5.0 AppleWebKit/537.36 (KHTML, like Gecko; compatible; GPTBot/1.4; +https://openai.com/gptbot)"
185.153.199.239 - - [23/Jun/2026:05:54:49 -0700] "POST /xmlrpc.php HTTP/1.1" 200 11316 "-" "Mozilla/5.0 (Windows NT 10.0; Win64; x64) AppleWebKit/537.36 (KHTML, like Gecko) Chrome/114.0.0.0 Safari/537.36"
136.243.228.180 - - [23/Jun/2026:05:54:49 -0700] "GET /2026/03/30/obtain-the-new-apk-out-of-uptodown/ HTTP/1.1" 200 29465 "-" "Mozilla/5.0 (compatible; DataForSeoBot/1.0; +https://dataforseo.com/dataforseo-bot)"
74.7.241.32 - - [23/Jun/2026:05:54:49 -0700] "GET /2026/06/23/that-requires-the-latest-casinos-conditions-and-terms-issues-from-professionals-estimated-earnings-blacklists-and-others/ HTTP/2" 200 28799 "https://dealzandfreebies.com/2026/06/23/beneficiezi-din-cauza-atat-din-mult-posibilitai-de-a-a-gasi-bonus-adaugat-in-locul-depunere-2026/" "Mozilla/5.0 AppleWebKit/537.36 (KHTML, like Gecko; compatible; GPTBot/1.4; +https://openai.com/gptbot)"
74.7.241.32 - - [23/Jun/2026:05:54:50 -0700] "GET /?p=137178 HTTP/2" 301 0 "https://dealzandfreebies.com/2026/06/19/shell-out-sizzling-hot-real-money-slot-by-the-cellular-phone-statement-local-casino/" "Mozilla/5.0 AppleWebKit/537.36 (KHTML, like Gecko; compatible; GPTBot/1.4; +https://openai.com/gptbot)"
185.153.199.239 - - [23/Jun/2026:05:54:50 -0700] "GET /2026/06/23/most-useful-online-slots-games-having-2024-2025-the-ideal-20-need-play-selections/ HTTP/1.1" 200 141523 "-" "Mozilla/5.0 (Windows NT 10.0; Win64; x64; rv:125.0) Gecko/20100101 Firefox/125.0"
74.7.241.32 - - [23/Jun/2026:05:54:51 -0700] "GET /2026/06/19/pin-up-casino-azrbaycan-1618/ HTTP/2" 200 27051 "https://dealzandfreebies.com/2026/06/19/shell-out-sizzling-hot-real-money-slot-by-the-cellular-phone-statement-local-casino/" "Mozilla/5.0 AppleWebKit/537.36 (KHTML, like Gecko; compatible; GPTBot/1.4; +https://openai.com/gptbot)"
74.7.241.32 - - [23/Jun/2026:05:54:51 -0700] "GET /wp-json/oembed/1.0/embed?url=https%3A%2F%2Fdealzandfreebies.com%2F2026%2F06%2F19%2Fshell-out-sizzling-hot-real-money-slot-by-the-cellular-phone-statement-local-casino%2F HTTP/2" 200 1139 "https://dealzandfreebies.com/2026/06/19/shell-out-sizzling-hot-real-money-slot-by-the-cellular-phone-statement-local-casino/" "Mozilla/5.0 AppleWebKit/537.36 (KHTML, like Gecko; compatible; GPTBot/1.4; +https://openai.com/gptbot)"
74.7.241.32 - - [23/Jun/2026:05:54:52 -0700] "GET /wp-json/oembed/1.0/embed?url=https%3A%2F%2Fdealzandfreebies.com%2F2026%2F06%2F23%2Fbeneficiezi-din-cauza-atat-din-mult-posibilitai-de-a-a-gasi-bonus-adaugat-in-locul-depunere-2026%2F HTTP/2" 200 1151 "https://dealzandfreebies.com/2026/06/23/beneficiezi-din-cauza-atat-din-mult-posibilitai-de-a-a-gasi-bonus-adaugat-in-locul-depunere-2026/" "Mozilla/5.0 AppleWebKit/537.36 (KHTML, like Gecko; compatible; GPTBot/1.4; +https://openai.com/gptbot)"
74.7.241.32 - - [23/Jun/2026:05:54:53 -0700] "GET /wp-json/wp/v2/posts/137178 HTTP/2" 200 3877 "https://dealzandfreebies.com/2026/06/19/shell-out-sizzling-hot-real-money-slot-by-the-cellular-phone-statement-local-casino/" "Mozilla/5.0 AppleWebKit/537.36 (KHTML, like Gecko; compatible; GPTBot/1.4; +https://openai.com/gptbot)"
74.7.241.32 - - [23/Jun/2026:05:54:53 -0700] "GET /wp-json/wp/v2/posts/137138 HTTP/2" 200 3324 "https://dealzandfreebies.com/2026/06/19/free-revolves-no-deposit-british-the-fresh/" "Mozilla/5.0 AppleWebKit/537.36 (KHTML, like Gecko; compatible; GPTBot/1.4; +https://openai.com/gptbot)"
74.7.241.32 - - [23/Jun/2026:05:54:54 -0700] "GET /wp-json/wp/v2/posts/165473 HTTP/2" 200 3984 "https://dealzandfreebies.com/2026/06/23/beneficiezi-din-cauza-atat-din-mult-posibilitai-de-a-a-gasi-bonus-adaugat-in-locul-depunere-2026/" "Mozilla/5.0 AppleWebKit/537.36 (KHTML, like Gecko; compatible; GPTBot/1.4; +https://openai.com/gptbot)"
136.243.228.180 - - [23/Jun/2026:05:54:54 -0700] "GET /2026/06/17/at-the-same-time-live-sports-betting-involves-setting-bets-while-in-the-an-enthusiastic-skills/ HTTP/1.1" 200 27636 "-" "Mozilla/5.0 (compatible; DataForSeoBot/1.0; +https://dataforseo.com/dataforseo-bot)"
74.7.241.32 - - [23/Jun/2026:05:54:54 -0700] "GET /?p=137136 HTTP/2" 301 0 "https://dealzandfreebies.com/2026/06/19/that-it-assurances-you-know-the-guidelines-and-will-build-told-decisions-in-the-accepting-bonuses/" "Mozilla/5.0 AppleWebKit/537.36 (KHTML, like Gecko; compatible; GPTBot/1.4; +https://openai.com/gptbot)"
74.7.241.32 - - [23/Jun/2026:05:54:55 -0700] "GET /?p=165507 HTTP/2" 301 0 "https://dealzandfreebies.com/2026/06/23/better-cellular-pokies-wintingo-online-casino-australian-continent-2026-wager-real-money/" "Mozilla/5.0 AppleWebKit/537.36 (KHTML, like Gecko; compatible; GPTBot/1.4; +https://openai.com/gptbot)"
74.7.241.32 - - [23/Jun/2026:05:54:55 -0700] "GET /2026/06/19/tocmai-de-ce-atunci-exista-o-serie-dintre-acestea-mod-de-a-cram-mana-la-un-fillip-in-schimb-depunere/ HTTP/2" 200 28240 "https://dealzandfreebies.com/2026/06/19/that-it-assurances-you-know-the-guidelines-and-will-build-told-decisions-in-the-accepting-bonuses/" "Mozilla/5.0 AppleWebKit/537.36 (KHTML, like Gecko; compatible; GPTBot/1.4; +https://openai.com/gptbot)"
105.158.235.219 - - [23/Jun/2026:05:54:55 -0700] "GET /2026/06/21/the-newest-video-play-lucky-dragons-slot-game/ HTTP/1.1" 200 29613 "-" "Opera/9.28.(Windows 95; crh-UA) Presto/2.9.166 Version/12.00"
74.7.241.32 - - [23/Jun/2026:05:54:56 -0700] "GET /?p=165471 HTTP/2" 301 0 "https://dealzandfreebies.com/2026/06/23/that-requires-the-latest-casinos-conditions-and-terms-issues-from-professionals-estimated-earnings-blacklists-and-others/" "Mozilla/5.0 AppleWebKit/537.36 (KHTML, like Gecko; compatible; GPTBot/1.4; +https://openai.com/gptbot)"
74.7.241.32 - - [23/Jun/2026:05:54:56 -0700] "GET /2026/06/23/gleichformig-z-hd-unser-ersten-drei-transaktionen-wirst-respons-alabama-neuer-glucksspieler-belohnt/ HTTP/2" 200 29445 "https://dealzandfreebies.com/2026/06/23/that-requires-the-latest-casinos-conditions-and-terms-issues-from-professionals-estimated-earnings-blacklists-and-others/" "Mozilla/5.0 AppleWebKit/537.36 (KHTML, like Gecko; compatible; GPTBot/1.4; +https://openai.com/gptbot)"
74.7.241.32 - - [23/Jun/2026:05:54:57 -0700] "GET /?p=137180 HTTP/2" 301 0 "https://dealzandfreebies.com/2026/06/19/pin-up-casino-azrbaycan-1618/" "Mozilla/5.0 AppleWebKit/537.36 (KHTML, like Gecko; compatible; GPTBot/1.4; +https://openai.com/gptbot)"
136.243.228.180 - - [23/Jun/2026:05:54:57 -0700] "GET /2026/06/17/lay-at-only-1-this-is-certainly-a-lot-less-than-the-brand-new-ten-discovered-at-almost-every-other-casinos/ HTTP/1.1" 200 27853 "-" "Mozilla/5.0 (compatible; DataForSeoBot/1.0; +https://dataforseo.com/dataforseo-bot)"
57.141.18.107 - - [23/Jun/2026:05:54:58 -0700] "GET /wp-json/wp/v2/posts/153147 HTTP/2" 200 10154 "-" "meta-externalagent/1.1 (+https://developers.facebook.com/docs/sharing/webmasters/crawler)"
57.141.18.107 - - [23/Jun/2026:05:54:58 -0700] "GET /2026/06/22/the-newest-cashback-is-during-real-cash-to-withdraw-with-straightaway-if-you-would-like/ HTTP/2" 200 143164 "-" "meta-externalagent/1.1 (+https://developers.facebook.com/docs/sharing/webmasters/crawler)"
74.7.241.32 - - [23/Jun/2026:05:54:58 -0700] "GET /2026/06/19/pay-by-the-smartphone-gambling-slot-machines-multiple-3125-paylines-establishment/ HTTP/2" 200 28526 "https://dealzandfreebies.com/2026/06/19/pin-up-casino-azrbaycan-1618/" "Mozilla/5.0 AppleWebKit/537.36 (KHTML, like Gecko; compatible; GPTBot/1.4; +https://openai.com/gptbot)"
74.7.241.32 - - [23/Jun/2026:05:54:59 -0700] "GET /2026/06/23/most-useful-online-slots-games-having-2024-2025-the-ideal-20-need-play-selections/ HTTP/2" 200 29021 "https://dealzandfreebies.com/2026/06/19/that-it-assurances-you-know-the-guidelines-and-will-build-told-decisions-in-the-accepting-bonuses/" "Mozilla/5.0 AppleWebKit/537.36 (KHTML, like Gecko; compatible; GPTBot/1.4; +https://openai.com/gptbot)"
74.7.241.32 - - [23/Jun/2026:05:54:59 -0700] "GET /wp-json/oembed/1.0/embed?url=https%3A%2F%2Fdealzandfreebies.com%2F2026%2F06%2F23%2Fthat-requires-the-latest-casinos-conditions-and-terms-issues-from-professionals-estimated-earnings-blacklists-and-others%2F HTTP/2" 200 1162 "https://dealzandfreebies.com/2026/06/23/that-requires-the-latest-casinos-conditions-and-terms-issues-from-professionals-estimated-earnings-blacklists-and-others/" "Mozilla/5.0 AppleWebKit/537.36 (KHTML, like Gecko; compatible; GPTBot/1.4; +https://openai.com/gptbot)"
74.7.241.32 - - [23/Jun/2026:05:55:00 -0700] "GET /wp-json/oembed/1.0/embed?url=https%3A%2F%2Fdealzandfreebies.com%2F2026%2F06%2F19%2Fthat-it-assurances-you-know-the-guidelines-and-will-build-told-decisions-in-the-accepting-bonuses%2F HTTP/2" 200 1135 "https://dealzandfreebies.com/2026/06/19/that-it-assurances-you-know-the-guidelines-and-will-build-told-decisions-in-the-accepting-bonuses/" "Mozilla/5.0 AppleWebKit/537.36 (KHTML, like Gecko; compatible; GPTBot/1.4; +https://openai.com/gptbot)"
74.7.241.32 - - [23/Jun/2026:05:55:00 -0700] "GET /wp-json/wp/v2/posts/137136 HTTP/2" 200 4234 "https://dealzandfreebies.com/2026/06/19/that-it-assurances-you-know-the-guidelines-and-will-build-told-decisions-in-the-accepting-bonuses/" "Mozilla/5.0 AppleWebKit/537.36 (KHTML, like Gecko; compatible; GPTBot/1.4; +https://openai.com/gptbot)"
74.7.241.32 - - [23/Jun/2026:05:55:01 -0700] "GET /wp-json/wp/v2/posts/137180 HTTP/2" 200 2204 "https://dealzandfreebies.com/2026/06/19/pin-up-casino-azrbaycan-1618/" "Mozilla/5.0 AppleWebKit/537.36 (KHTML, like Gecko; compatible; GPTBot/1.4; +https://openai.com/gptbot)"
74.7.241.32 - - [23/Jun/2026:05:55:02 -0700] "GET /wp-json/wp/v2/posts/165471 HTTP/2" 200 3809 "https://dealzandfreebies.com/2026/06/23/that-requires-the-latest-casinos-conditions-and-terms-issues-from-professionals-estimated-earnings-blacklists-and-others/" "Mozilla/5.0 AppleWebKit/537.36 (KHTML, like Gecko; compatible; GPTBot/1.4; +https://openai.com/gptbot)"
74.7.241.32 - - [23/Jun/2026:05:55:02 -0700] "GET /?p=137134 HTTP/2" 301 0 "https://dealzandfreebies.com/2026/06/19/tocmai-de-ce-atunci-exista-o-serie-dintre-acestea-mod-de-a-cram-mana-la-un-fillip-in-schimb-depunere/" "Mozilla/5.0 AppleWebKit/537.36 (KHTML, like Gecko; compatible; GPTBot/1.4; +https://openai.com/gptbot)"
185.191.171.4 - - [23/Jun/2026:05:55:01 -0700] "GET /2026/06/22/air-wager-offers-a-variety-of-areas-in-addition-to-5-2-troy-parrot-when-scorer/ HTTP/1.1" 200 33576 "-" "Mozilla/5.0 (compatible; SemrushBot/7~bl; +http://www.semrush.com/bot.html)"
136.243.228.180 - - [23/Jun/2026:05:55:02 -0700] "GET /2026/06/17/delaware-turned-a-good-trailblazer-in-the-us-gambling-on-line-surroundings-from-the-legalising-affairs-within-sector-into-the-the-latest-2012/ HTTP/1.1" 200 27702 "-" "Mozilla/5.0 (compatible; DataForSeoBot/1.0; +https://dataforseo.com/dataforseo-bot)"
74.7.241.32 - - [23/Jun/2026:05:55:03 -0700] "GET /2026/06/19/shell-out-200-casino-bonus-apple-pay-and-gamble-casinos-united-kingdom-2021/ HTTP/2" 200 29298 "https://dealzandfreebies.com/2026/06/19/tocmai-de-ce-atunci-exista-o-serie-dintre-acestea-mod-de-a-cram-mana-la-un-fillip-in-schimb-depunere/" "Mozilla/5.0 AppleWebKit/537.36 (KHTML, like Gecko; compatible; GPTBot/1.4; +https://openai.com/gptbot)"
74.7.241.32 - - [23/Jun/2026:05:55:04 -0700] "GET /?p=165469 HTTP/2" 301 0 "https://dealzandfreebies.com/2026/06/23/gleichformig-z-hd-unser-ersten-drei-transaktionen-wirst-respons-alabama-neuer-glucksspieler-belohnt/" "Mozilla/5.0 AppleWebKit/537.36 (KHTML, like Gecko; compatible; GPTBot/1.4; +https://openai.com/gptbot)"
185.191.171.4 - - [23/Jun/2026:05:55:04 -0700] "GET /2026/06/22/the-fresh-no-deposit-added-bonus-claim-new-gambling-establishment-also-offers-six-2026/ HTTP/1.1" 200 33954 "-" "Mozilla/5.0 (compatible; SemrushBot/7~bl; +http://www.semrush.com/bot.html)"
74.7.241.32 - - [23/Jun/2026:05:55:05 -0700] "GET /2026/06/23/erreichbar-casinos-vorbeigehen-bedingungen-immer-wieder-wettanforderungen-event-damit-sicherzustellen-so-sehr-eltern-ne-gegenleistung-beibehalten/ HTTP/2" 200 28494 "https://dealzandfreebies.com/2026/06/23/gleichformig-z-hd-unser-ersten-drei-transaktionen-wirst-respons-alabama-neuer-glucksspieler-belohnt/" "Mozilla/5.0 AppleWebKit/537.36 (KHTML, like Gecko; compatible; GPTBot/1.4; +https://openai.com/gptbot)"
74.7.241.32 - - [23/Jun/2026:05:55:06 -0700] "GET /?p=137182 HTTP/2" 301 0 "https://dealzandfreebies.com/2026/06/19/pay-by-the-smartphone-gambling-slot-machines-multiple-3125-paylines-establishment/" "Mozilla/5.0 AppleWebKit/537.36 (KHTML, like Gecko; compatible; GPTBot/1.4; +https://openai.com/gptbot)"
136.243.228.180 - - [23/Jun/2026:05:55:06 -0700] "GET /2026/06/17/di-consenso-riportiamo-alcune-informazioni-importanti-come-gli-utenti-devono-nondimeno-rilevare-a-utilizzarli-al-ideale/ HTTP/1.1" 200 27708 "-" "Mozilla/5.0 (compatible; DataForSeoBot/1.0; +https://dataforseo.com/dataforseo-bot)"
74.7.241.32 - - [23/Jun/2026:05:55:06 -0700] "GET /?p=165509 HTTP/2" 301 0 "https://dealzandfreebies.com/2026/06/23/most-useful-online-slots-games-having-2024-2025-the-ideal-20-need-play-selections/" "Mozilla/5.0 AppleWebKit/537.36 (KHTML, like Gecko; compatible; GPTBot/1.4; +https://openai.com/gptbot)"
85.208.96.208 - - [23/Jun/2026:05:55:06 -0700] "GET /2026/06/22/whether-or-not-spectacular-customers-or-relaxing-your-self-ho-amount-gambling-lodge-now-offers-meeting-area-fun-and-an-excellent-food/ HTTP/1.1" 200 33790 "-" "Mozilla/5.0 (compatible; SemrushBot/7~bl; +http://www.semrush.com/bot.html)"
74.7.241.32 - - [23/Jun/2026:05:55:07 -0700] "GET /2026/06/19/best-shell-out-from-the-casino-super-gaminator-mobile-cellular-telephone-gambling-enterprises/ HTTP/2" 200 28680 "https://dealzandfreebies.com/2026/06/19/pay-by-the-smartphone-gambling-slot-machines-multiple-3125-paylines-establishment/" "Mozilla/5.0 AppleWebKit/537.36 (KHTML, like Gecko; compatible; GPTBot/1.4; +https://openai.com/gptbot)"
74.7.241.32 - - [23/Jun/2026:05:55:08 -0700] "GET /wp-json/oembed/1.0/embed?url=https%3A%2F%2Fdealzandfreebies.com%2F2026%2F06%2F19%2Ftocmai-de-ce-atunci-exista-o-serie-dintre-acestea-mod-de-a-cram-mana-la-un-fillip-in-schimb-depunere%2F HTTP/2" 200 1165 "https://dealzandfreebies.com/2026/06/19/tocmai-de-ce-atunci-exista-o-serie-dintre-acestea-mod-de-a-cram-mana-la-un-fillip-in-schimb-depunere/" "Mozilla/5.0 AppleWebKit/537.36 (KHTML, like Gecko; compatible; GPTBot/1.4; +https://openai.com/gptbot)"
216.73.217.103 - - [23/Jun/2026:05:55:08 -0700] "GET /sitemap.xml HTTP/2" 301 0 "-" "Mozilla/5.0 AppleWebKit/537.36 (KHTML, like Gecko; compatible; ClaudeBot/1.0; +claudebot@anthropic.com)"
74.7.241.32 - - [23/Jun/2026:05:55:08 -0700] "GET /wp-json/oembed/1.0/embed?url=https%3A%2F%2Fdealzandfreebies.com%2F2026%2F06%2F23%2Fgleichformig-z-hd-unser-ersten-drei-transaktionen-wirst-respons-alabama-neuer-glucksspieler-belohnt%2F HTTP/2" 200 1136 "https://dealzandfreebies.com/2026/06/23/gleichformig-z-hd-unser-ersten-drei-transaktionen-wirst-respons-alabama-neuer-glucksspieler-belohnt/" "Mozilla/5.0 AppleWebKit/537.36 (KHTML, like Gecko; compatible; GPTBot/1.4; +https://openai.com/gptbot)"
74.7.241.32 - - [23/Jun/2026:05:55:09 -0700] "GET /wp-json/oembed/1.0/embed?url=https%3A%2F%2Fdealzandfreebies.com%2F2026%2F06%2F19%2Fpay-by-the-smartphone-gambling-slot-machines-multiple-3125-paylines-establishment%2F HTTP/2" 200 1121 "https://dealzandfreebies.com/2026/06/19/pay-by-the-smartphone-gambling-slot-machines-multiple-3125-paylines-establishment/" "Mozilla/5.0 AppleWebKit/537.36 (KHTML, like Gecko; compatible; GPTBot/1.4; +https://openai.com/gptbot)"
216.73.217.103 - - [23/Jun/2026:05:55:08 -0700] "GET /sitemaps.xml HTTP/2" 200 331 "https://dealzandfreebies.com/sitemap.xml" "Mozilla/5.0 AppleWebKit/537.36 (KHTML, like Gecko; compatible; ClaudeBot/1.0; +claudebot@anthropic.com)"
