43.173.175.116 - - [23/Jun/2026:05:47:56 -0700] "POST /wp-admin/admin-ajax.php HTTP/1.1" 200 22 "https://dealzandfreebies.com/2026/06/17/sie-im-stande-sein-die-bedienoberflache-der-internetseite-in-mehreren-sprachen-verwenden-des-ofteren-auch-uff-teutonisch/" "Mozilla/5.0 (Windows NT 10.0; Win64; x64) AppleWebKit/537.36 (KHTML, like Gecko) Chrome/117.0.0.0 Safari/537.36"
136.243.228.180 - - [23/Jun/2026:05:47:55 -0700] "GET /2026/06/17/when-you-yourself-have-registered-you-can-to-begin-with-delight-in-men-and-women-60-100-free-spins-no-deposit/ HTTP/1.1" 200 28675 "-" "Mozilla/5.0 (compatible; DataForSeoBot/1.0; +https://dataforseo.com/dataforseo-bot)"
193.36.38.87 - - [23/Jun/2026:05:47:55 -0700] "POST /xmlrpc.php HTTP/1.1" 200 8787 "-" "Mozilla/5.0 (Windows NT 10.0; Win64; x64) AppleWebKit/537.36 (KHTML, like Gecko) Chrome/114.0.0.0 Safari/537.36"
216.73.217.103 - - [23/Jun/2026:05:47:55 -0700] "GET /2026/06/23/pragmatic-play-izvoditor-jocuri-prezentare-examina-site-ul-generala-si-cazinouri-partenere/ HTTP/2" 200 30423 "https://dealzandfreebies.com/?p=163996" "Mozilla/5.0 AppleWebKit/537.36 (KHTML, like Gecko; compatible; ClaudeBot/1.0; +claudebot@anthropic.com)"
104.105.80.104 - - [23/Jun/2026:05:47:55 -0700] "GET /2026/06/23/hellspin-holds-lucrurile-simple-oferind-doar-visa-de-asemenea-i-mastercard-pentru-ca-metode-din-plata/ HTTP/1.1" 200 140359 "-" "Mozilla/5.0 (Windows NT 10.0; Win64; x64) AppleWebKit/537.36 (KHTML, like Gecko) Chrome/122.0.0.0 Safari/537.36"
43.173.175.63 - - [23/Jun/2026:05:47:57 -0700] "GET /2026/06/17/sie-im-stande-sein-die-bedienoberflache-der-internetseite-in-mehreren-sprachen-verwenden-des-ofteren-auch-uff-teutonisch HTTP/1.1" 301 0 "-" "Mozilla/5.0 (Windows NT 10.0; Win64; x64) AppleWebKit/537.36 (KHTML, like Gecko) Chrome/133.0.0.0 Safari/537.36"
43.172.198.71 - - [23/Jun/2026:05:47:57 -0700] "GET /2026/06/09/titles-we-expect-to-see-tend-to-be-slots-tables-e/ HTTP/1.1" 200 33340 "-" "Mozilla/5.0 (Windows NT 10.0; Win64; x64) AppleWebKit/537.36 (KHTML, like Gecko) Chrome/116.0.0.0 Safari/537.36"
193.36.38.87 - - [23/Jun/2026:05:47:57 -0700] "GET /2026/06/23/come-registrarsi-al-scompiglio-betflag-per-la-cie/ HTTP/1.1" 200 138585 "-" "Mozilla/5.0 (Windows NT 10.0; rv:125.0) Gecko/20100101 Firefox/125.0"
43.173.175.63 - - [23/Jun/2026:05:47:58 -0700] "GET /2026/06/17/sie-im-stande-sein-die-bedienoberflache-der-internetseite-in-mehreren-sprachen-verwenden-des-ofteren-auch-uff-teutonisch/ HTTP/1.1" 200 35193 "https://dealzandfreebies.com/2026/06/17/sie-im-stande-sein-die-bedienoberflache-der-internetseite-in-mehreren-sprachen-verwenden-des-ofteren-auch-uff-teutonisch" "Mozilla/5.0 (Windows NT 10.0; Win64; x64) AppleWebKit/537.36 (KHTML, like Gecko) Chrome/133.0.0.0 Safari/537.36"
43.173.178.61 - - [23/Jun/2026:05:47:59 -0700] "GET /2026/06/18/if-your-player-places-an-enthusiastic-ante-both-parties-was-dealt-a-give-of-five-notes HTTP/1.1" 301 0 "-" "Mozilla/5.0 (Windows NT 10.0; Win64; x64) AppleWebKit/537.36 (KHTML, like Gecko) Chrome/110.0.0.0 Safari/537.36"
136.243.228.180 - - [23/Jun/2026:05:48:00 -0700] "GET /2026/06/17/nachfolgende-glucksspieler-im-stande-sein-im-spielbank-dieselbe-zahlungsmethode-wie-je-auszahlungen-denn-sekundar-fur-einzahlungen-verwenden/ HTTP/1.1" 200 28440 "-" "Mozilla/5.0 (compatible; DataForSeoBot/1.0; +https://dataforseo.com/dataforseo-bot)"
43.173.178.61 - - [23/Jun/2026:05:48:00 -0700] "GET /2026/06/18/if-your-player-places-an-enthusiastic-ante-both-parties-was-dealt-a-give-of-five-notes/ HTTP/1.1" 200 32468 "https://dealzandfreebies.com/2026/06/18/if-your-player-places-an-enthusiastic-ante-both-parties-was-dealt-a-give-of-five-notes" "Mozilla/5.0 (Windows NT 10.0; Win64; x64) AppleWebKit/537.36 (KHTML, like Gecko) Chrome/110.0.0.0 Safari/537.36"
216.73.217.103 - - [23/Jun/2026:05:48:00 -0700] "GET /2026/06/23/gonzos-quest-position-comment-2026-rtp-and-trial/ HTTP/2" 200 28808 "-" "Mozilla/5.0 AppleWebKit/537.36 (KHTML, like Gecko; compatible; ClaudeBot/1.0; +claudebot@anthropic.com)"
216.73.217.103 - - [23/Jun/2026:05:48:01 -0700] "GET /2026/06/23/a-complete-guide-to-betfair-registration-step-by-step/ HTTP/2" 200 27339 "-" "Mozilla/5.0 AppleWebKit/537.36 (KHTML, like Gecko; compatible; ClaudeBot/1.0; +claudebot@anthropic.com)"
216.73.217.103 - - [23/Jun/2026:05:48:02 -0700] "GET /2026/06/23/marvels-wolverine-wikipedia/ HTTP/2" 200 30539 "-" "Mozilla/5.0 AppleWebKit/537.36 (KHTML, like Gecko; compatible; ClaudeBot/1.0; +claudebot@anthropic.com)"
216.73.217.103 - - [23/Jun/2026:05:48:03 -0700] "GET /category/pereezd-kaliningrad-ru-b/ HTTP/2" 200 22781 "-" "Mozilla/5.0 AppleWebKit/537.36 (KHTML, like Gecko; compatible; ClaudeBot/1.0; +claudebot@anthropic.com)"
85.208.96.202 - - [23/Jun/2026:05:48:04 -0700] "GET /2026/06/21/con-mayoria-para-juegos-de-casino-online-suelen-continuar-la-tematica-especi%EF%BF%BDfica/ HTTP/1.1" 403 0 "-" "Mozilla/5.0 (compatible; SemrushBot/7~bl; +http://www.semrush.com/bot.html)"
136.243.228.180 - - [23/Jun/2026:05:48:04 -0700] "GET /2026/06/17/wir-mochten-der-fon-auf-keinen-fall-unter-einsatz-von-zusatzlicher-softwareanwendungen-zu-viel-sein-oder-tragen-diese-dinge-einfach/ HTTP/1.1" 200 30758 "-" "Mozilla/5.0 (compatible; DataForSeoBot/1.0; +https://dataforseo.com/dataforseo-bot)"
45.83.178.17 - - [23/Jun/2026:05:48:05 -0700] "POST /xmlrpc.php HTTP/1.1" 200 181 "-" "Mozilla/5.0 (Windows NT 10.0; Win64; x64) AppleWebKit/537.36 (KHTML, like Gecko) Chrome/114.0.0.0 Safari/537.36"
136.243.228.180 - - [23/Jun/2026:05:48:07 -0700] "GET /2026/06/17/opinion-the-most-famous-possibilities-lower-than-to-determine-the-prime-one-to-you/ HTTP/1.1" 200 27818 "-" "Mozilla/5.0 (compatible; DataForSeoBot/1.0; +https://dataforseo.com/dataforseo-bot)"
85.208.96.198 - - [23/Jun/2026:05:48:09 -0700] "GET /2026/06/21/lbv-public-llc-the-brand-new-agent-possess-created-its-system-as-lawfully-easily-obtainable-in-really-u/ HTTP/1.1" 200 34095 "-" "Mozilla/5.0 (compatible; SemrushBot/7~bl; +http://www.semrush.com/bot.html)"
216.73.217.103 - - [23/Jun/2026:05:48:10 -0700] "GET /2026/06/23/discover-hidden-advantages-of-hello-login/ HTTP/2" 200 27493 "-" "Mozilla/5.0 AppleWebKit/537.36 (KHTML, like Gecko; compatible; ClaudeBot/1.0; +claudebot@anthropic.com)"
216.73.217.103 - - [23/Jun/2026:05:48:10 -0700] "GET /2026/06/23/attention-casino-superlines-bonus-codes-2023-required-cloudflare/ HTTP/2" 200 31222 "-" "Mozilla/5.0 AppleWebKit/537.36 (KHTML, like Gecko; compatible; ClaudeBot/1.0; +claudebot@anthropic.com)"
216.73.217.103 - - [23/Jun/2026:05:48:11 -0700] "GET /2026/06/23/must-i-down-load-one-software-to-experience-live-gambling-establishment-video-game/ HTTP/2" 200 28041 "-" "Mozilla/5.0 AppleWebKit/537.36 (KHTML, like Gecko; compatible; ClaudeBot/1.0; +claudebot@anthropic.com)"
185.191.171.9 - - [23/Jun/2026:05:48:11 -0700] "GET /2026/06/21/laissez-je-me-nous-produire-connaitre-pas-loin-du-revue-les-nombreux-jeu-proposees-par-lunubet/ HTTP/1.1" 200 33418 "-" "Mozilla/5.0 (compatible; SemrushBot/7~bl; +http://www.semrush.com/bot.html)"
45.83.178.17 - - [23/Jun/2026:05:48:12 -0700] "POST /xmlrpc.php HTTP/1.1" 200 8648 "-" "Mozilla/5.0 (Windows NT 10.0; Win64; x64) AppleWebKit/537.36 (KHTML, like Gecko) Chrome/114.0.0.0 Safari/537.36"
216.73.217.103 - - [23/Jun/2026:05:48:11 -0700] "GET /2026/06/23/no-deposit-incentive-requirements-updated-2026/ HTTP/2" 200 30978 "-" "Mozilla/5.0 AppleWebKit/537.36 (KHTML, like Gecko; compatible; ClaudeBot/1.0; +claudebot@anthropic.com)"
136.243.228.180 - - [23/Jun/2026:05:48:11 -0700] "GET /2026/06/17/have-fun-with-the-ideal-online-slots-regarding-the-world-inside-spacecasino/ HTTP/1.1" 200 27617 "-" "Mozilla/5.0 (compatible; DataForSeoBot/1.0; +https://dataforseo.com/dataforseo-bot)"
45.83.178.38 - - [23/Jun/2026:05:48:12 -0700] "POST /xmlrpc.php HTTP/1.1" 200 181 "-" "Mozilla/5.0 (Windows NT 10.0; Win64; x64) AppleWebKit/537.36 (KHTML, like Gecko) Chrome/114.0.0.0 Safari/537.36"
136.243.228.180 - - [23/Jun/2026:05:48:15 -0700] "GET /2026/06/17/tra-volte-temi-piu-amati-troviamo-quelli-legati-alle-personalita-con-laggiunta-di-influenti-del-societa-della-melodia/ HTTP/1.1" 200 29324 "-" "Mozilla/5.0 (compatible; DataForSeoBot/1.0; +https://dataforseo.com/dataforseo-bot)"
45.83.178.17 - - [23/Jun/2026:05:48:12 -0700] "GET /2026/06/23/for-each-and-every-gambling-establishment-sets-its-own-gambling-constraints-considering-business-method-and-you-can-pro-demographics/ HTTP/1.1" 200 139842 "-" "Mozilla/5.0 (Windows NT 10.0; Win64; x64) AppleWebKit/537.36 (KHTML, like Gecko) Chrome/124.0.0.0 Safari/537.36"
45.83.178.38 - - [23/Jun/2026:05:48:19 -0700] "POST /xmlrpc.php HTTP/1.1" 403 181 "-" "Mozilla/5.0 (Windows NT 10.0; Win64; x64) AppleWebKit/537.36 (KHTML, like Gecko) Chrome/114.0.0.0 Safari/537.36"
104.255.170.81 - - [23/Jun/2026:05:48:21 -0700] "POST /wp-cron.php?doing_wp_cron=1782218901.3855700492858886718750 HTTP/1.1" 200 0 "-" "WordPress/7.0; https://dealzandfreebies.com"
136.243.228.180 - - [23/Jun/2026:05:48:19 -0700] "GET /2026/06/17/the-battle-of-online-casinos-which-option-reigns-supreme-in-2026/ HTTP/1.1" 200 27725 "-" "Mozilla/5.0 (compatible; DataForSeoBot/1.0; +https://dataforseo.com/dataforseo-bot)"
136.243.228.180 - - [23/Jun/2026:05:48:23 -0700] "GET /2026/06/17/sportwetten-award-hinter-handen-den-besten-anbieter-hier-stimmt-unser-gesamtpaket/ HTTP/1.1" 200 28415 "-" "Mozilla/5.0 (compatible; DataForSeoBot/1.0; +https://dataforseo.com/dataforseo-bot)"
136.243.228.180 - - [23/Jun/2026:05:48:28 -0700] "GET /2025/04/07/l-influence-des-casinos-sur-le-tourisme-3/ HTTP/1.1" 200 26732 "-" "Mozilla/5.0 (compatible; DataForSeoBot/1.0; +https://dataforseo.com/dataforseo-bot)"
193.36.38.87 - - [23/Jun/2026:05:48:28 -0700] "POST /xmlrpc.php HTTP/1.1" 200 181 "-" "Mozilla/5.0 (Windows NT 10.0; Win64; x64) AppleWebKit/537.36 (KHTML, like Gecko) Chrome/114.0.0.0 Safari/537.36"
104.166.189.244 - - [23/Jun/2026:05:48:30 -0700] "POST /xmlrpc.php HTTP/1.1" 200 181 "-" "Mozilla/5.0 (Windows NT 10.0; Win64; x64) AppleWebKit/537.36 (KHTML, like Gecko) Chrome/114.0.0.0 Safari/537.36"
136.243.228.180 - - [23/Jun/2026:05:48:32 -0700] "GET /2026/06/17/kazino-zerkalo-rabochee-zerkalo-na-segodnja-2026-10/ HTTP/1.1" 200 30618 "-" "Mozilla/5.0 (compatible; DataForSeoBot/1.0; +https://dataforseo.com/dataforseo-bot)"
85.208.96.198 - - [23/Jun/2026:05:48:34 -0700] "GET /2026/06/22/seek-out-safety-certificates-certification-guidance-and-you-will-self-confident-athlete-analysis-before-you-sign-right-up/ HTTP/1.1" 200 33061 "-" "Mozilla/5.0 (compatible; SemrushBot/7~bl; +http://www.semrush.com/bot.html)"
193.36.38.87 - - [23/Jun/2026:05:48:35 -0700] "POST /xmlrpc.php HTTP/1.1" 200 8791 "-" "Mozilla/5.0 (Windows NT 10.0; Win64; x64) AppleWebKit/537.36 (KHTML, like Gecko) Chrome/114.0.0.0 Safari/537.36"
57.141.18.18 - - [23/Jun/2026:05:48:36 -0700] "GET /wp-json/wp/v2/posts/151794 HTTP/2" 200 12492 "-" "meta-externalagent/1.1 (+https://developers.facebook.com/docs/sharing/webmasters/crawler)"
136.243.228.180 - - [23/Jun/2026:05:48:35 -0700] "GET /2026/06/17/we-recommend-that-you-lay-sensible-constraints-and-avoid-spending-a-lot-more-than-simply-you-really-can-afford/ HTTP/1.1" 200 29316 "-" "Mozilla/5.0 (compatible; DataForSeoBot/1.0; +https://dataforseo.com/dataforseo-bot)"
85.208.96.198 - - [23/Jun/2026:05:48:36 -0700] "GET /2026/06/22/zweitrangig-konnte-der-rat-passieren-so-sehr-diese-inoffizieller-mitarbeiter-bethard-kasino-verfugbaren-spiele-von-namhaften-partnern-herkommen/ HTTP/1.1" 200 34658 "-" "Mozilla/5.0 (compatible; SemrushBot/7~bl; +http://www.semrush.com/bot.html)"
104.166.189.244 - - [23/Jun/2026:05:48:37 -0700] "POST /xmlrpc.php HTTP/1.1" 200 13217 "-" "Mozilla/5.0 (Windows NT 10.0; Win64; x64) AppleWebKit/537.36 (KHTML, like Gecko) Chrome/114.0.0.0 Safari/537.36"
193.36.38.87 - - [23/Jun/2026:05:48:36 -0700] "GET /2026/06/23/rso-turbamento-online-svizzeri-dovranno-assicurare-pagamenti-subitanei-come-ogni-gli-gente/ HTTP/1.1" 200 141539 "-" "Mozilla/5.0 (Windows NT 10.0; Win64; x64) AppleWebKit/537.36 (KHTML, like Gecko) Chrome/123.0.0.0 Safari/537.36 OPR/109.0.0.0"
146.70.99.148 - - [23/Jun/2026:05:48:36 -0700] "POST /xmlrpc.php HTTP/1.1" 200 181 "-" "Mozilla/5.0 (Windows NT 10.0; Win64; x64) AppleWebKit/537.36 (KHTML, like Gecko) Chrome/114.0.0.0 Safari/537.36"
104.255.170.81 - - [23/Jun/2026:05:48:39 -0700] "POST /wp-cron.php?doing_wp_cron=1782218919.0314960479736328125000 HTTP/1.1" 200 0 "-" "WordPress/7.0; https://dealzandfreebies.com"
57.141.18.78 - - [23/Jun/2026:05:48:38 -0700] "GET /2026/06/22/unlocking-adventure-with-jacktop-apk-beyond-the-ordinary/ HTTP/2" 200 139671 "-" "meta-externalagent/1.1 (+https://developers.facebook.com/docs/sharing/webmasters/crawler)"
104.166.189.244 - - [23/Jun/2026:05:48:37 -0700] "GET /2026/06/23/in-diesem-musizieren-beherrschen-sie-ihre-gewinne-unter-zuhilfenahme-von-diverse-perfekte-zahlungsmethoden-lohnen-lizenzieren/ HTTP/1.1" 200 146714 "-" "Mozilla/5.0 (Windows NT 10.0; rv:109.0) Gecko/20100101 Firefox/115.0"
185.191.171.6 - - [23/Jun/2026:05:48:39 -0700] "GET /2026/06/22/excite-content-us-from-the-contact-us-option-from-the-configurations-web-page-wed-like-to-pay-attention-to-your-viewpoints-and-you-can-try-to-build-something-better-obtain-now-an/ HTTP/1.1" 200 32805 "-" "Mozilla/5.0 (compatible; SemrushBot/7~bl; +http://www.semrush.com/bot.html)"
116.98.3.132 - - [23/Jun/2026:05:48:39 -0700] "GET /2026/06/22/volte-migliori-tempesta-online-che-li-abbiamo-scelti/ HTTP/1.1" 200 28142 "-" "Mozilla/5.0 (Windows NT 5.1; lb-LU; rv:1.9.2.20) Gecko/8366-02-26 07:31:29.338715 Firefox/3.6.2"
136.243.228.180 - - [23/Jun/2026:05:48:40 -0700] "GET /2026/06/17/betlabel-gambling-enterprise-is-a-worldwide-website-focusing-on-potential-clients-for-the-more-than-100-countries/ HTTP/1.1" 200 28392 "-" "Mozilla/5.0 (compatible; DataForSeoBot/1.0; +https://dataforseo.com/dataforseo-bot)"
146.70.99.148 - - [23/Jun/2026:05:48:43 -0700] "POST /xmlrpc.php HTTP/1.1" 200 10835 "-" "Mozilla/5.0 (Windows NT 10.0; Win64; x64) AppleWebKit/537.36 (KHTML, like Gecko) Chrome/114.0.0.0 Safari/537.36"
185.191.171.16 - - [23/Jun/2026:05:48:43 -0700] "GET /2026/06/22/w-polsce-pelna-licencje-z-jezdzenie-kasyna-online-posiada-calkowicie-totalizator-jazzowy/ HTTP/1.1" 200 33041 "-" "Mozilla/5.0 (compatible; SemrushBot/7~bl; +http://www.semrush.com/bot.html)"
104.255.170.81 - - [23/Jun/2026:05:48:45 -0700] "POST /wp-cron.php?doing_wp_cron=1782218924.9674139022827148437500 HTTP/1.1" 200 0 "-" "WordPress/7.0; https://dealzandfreebies.com"
104.166.189.244 - - [23/Jun/2026:05:48:43 -0700] "POST /xmlrpc.php HTTP/1.1" 200 181 "-" "Mozilla/5.0 (Windows NT 10.0; Win64; x64) AppleWebKit/537.36 (KHTML, like Gecko) Chrome/114.0.0.0 Safari/537.36"
136.243.228.180 - - [23/Jun/2026:05:48:43 -0700] "GET /2026/06/17/die-10-besten-echtgeld-verbunden-gold-of-ra-online-slot-casinos-spielotheken-2026/ HTTP/1.1" 200 30639 "-" "Mozilla/5.0 (compatible; DataForSeoBot/1.0; +https://dataforseo.com/dataforseo-bot)"
104.255.170.81 - - [23/Jun/2026:05:48:46 -0700] "POST /wp-cron.php?doing_wp_cron=1782218925.9425098896026611328125 HTTP/1.1" 200 0 "-" "WordPress/7.0; https://dealzandfreebies.com"
104.105.80.104 - - [23/Jun/2026:05:48:43 -0700] "POST /xmlrpc.php HTTP/1.1" 200 181 "-" "Mozilla/5.0 (Windows NT 10.0; Win64; x64) AppleWebKit/537.36 (KHTML, like Gecko) Chrome/114.0.0.0 Safari/537.36"
216.73.217.103 - - [23/Jun/2026:05:48:44 -0700] "GET /2026/06/23/iskusnaja-kollekcija-azartnyh-igr-s-olimp-kaz/ HTTP/2" 200 31643 "-" "Mozilla/5.0 AppleWebKit/537.36 (KHTML, like Gecko; compatible; ClaudeBot/1.0; +claudebot@anthropic.com)"
43.172.196.52 - - [23/Jun/2026:05:48:46 -0700] "GET /2026/06/12/iscriviti-aborda-nostra-newsletter-verso-bonus-senza-base-tornei-gratuiti-nuove-slot-di-nuovo-seguente-anche HTTP/1.1" 301 0 "-" "Mozilla/5.0 (Windows NT 10.0; Win64; x64) AppleWebKit/537.36 (KHTML, like Gecko) Chrome/116.0.0.0 Safari/537.36"
43.173.181.20 - - [23/Jun/2026:05:48:46 -0700] "GET /wp-json/oembed/1.0/embed?url=https%3A%2F%2Fdealzandfreebies.com%2F2026%2F06%2F12%2Fmoment-pierwotna-interes-bukmacherska-pochodzace-z-polskim-galezi-z-2020-zaliczyla-duzy-rollercoaster%2F HTTP/1.1" 200 1237 "-" "Mozilla/5.0 (Windows NT 10.0; Win64; x64) AppleWebKit/537.36 (KHTML, like Gecko) Chrome/133.0.0.0 Safari/537.36"
43.172.197.62 - - [23/Jun/2026:05:48:46 -0700] "GET /wp-json/wp/v2/posts/121355 HTTP/1.1" 200 2818 "-" "Mozilla/5.0 (Windows NT 10.0; Win64; x64) AppleWebKit/537.36 (KHTML, like Gecko) Chrome/116.0.0.0 Safari/537.36"
216.73.217.103 - - [23/Jun/2026:05:48:45 -0700] "GET /2026/06/23/welcome-to-the-fresh-mega-moolah-online-slot-minecraft-certified-web-site/ HTTP/2" 200 29121 "-" "Mozilla/5.0 AppleWebKit/537.36 (KHTML, like Gecko; compatible; ClaudeBot/1.0; +claudebot@anthropic.com)"
146.70.99.148 - - [23/Jun/2026:05:48:45 -0700] "GET /2026/06/23/hinein-wunderino-wissen-wir-wirklich-so-gern-wissen-wollen-hinten-verifizierungen-zahlungsmodalitaten-ferner-spielmechaniken-fix-geklart-man-sagt-sie-seien-zu-tun-sein/ HTTP/1.1" 200 145084 "-" "Mozilla/5.0 (Windows NT 10.0; rv:109.0) Gecko/20100101 Firefox/115.0"
216.73.217.103 - - [23/Jun/2026:05:48:46 -0700] "GET /2026/06/23/top-ten-gambling-games-to-own-android-equipment-in-2025/ HTTP/2" 200 29541 "-" "Mozilla/5.0 AppleWebKit/537.36 (KHTML, like Gecko; compatible; ClaudeBot/1.0; +claudebot@anthropic.com)"
43.172.194.69 - - [23/Jun/2026:05:48:47 -0700] "GET /2026/06/12/iscriviti-aborda-nostra-newsletter-verso-bonus-senza-base-tornei-gratuiti-nuove-slot-di-nuovo-seguente-anche/ HTTP/1.1" 200 33642 "-" "Mozilla/5.0 (Windows NT 10.0; Win64; x64) AppleWebKit/537.36 (KHTML, like Gecko) Chrome/116.0.0.0 Safari/537.36"
136.243.228.180 - - [23/Jun/2026:05:48:47 -0700] "GET /2026/06/17/unser-besten-billionairespin-app-kostenlos-herunterladen-angeschlossen-casinos-in-teutonia-2026/ HTTP/1.1" 200 31683 "-" "Mozilla/5.0 (compatible; DataForSeoBot/1.0; +https://dataforseo.com/dataforseo-bot)"
185.191.171.4 - - [23/Jun/2026:05:48:47 -0700] "GET /2026/06/22/separate-studies-courses-pointers/ HTTP/1.1" 200 33488 "-" "Mozilla/5.0 (compatible; SemrushBot/7~bl; +http://www.semrush.com/bot.html)"
216.73.217.103 - - [23/Jun/2026:05:48:47 -0700] "GET /2026/06/23/gonzos-trip-slot-game-play-on-line-for-free/ HTTP/2" 200 28807 "-" "Mozilla/5.0 AppleWebKit/537.36 (KHTML, like Gecko; compatible; ClaudeBot/1.0; +claudebot@anthropic.com)"
197.249.230.90 - - [23/Jun/2026:05:48:49 -0700] "GET /2026/06/10/pinpointing-situations-you-to-dictate-online-gambling-experience/ HTTP/1.1" 200 27409 "-" "Mozilla/5.0 (Windows 95) AppleWebKit/533.0 (KHTML, like Gecko) Chrome/44.0.808.0 Safari/533.0"
57.141.18.36 - - [23/Jun/2026:05:48:49 -0700] "GET /2026/06/22/check-out-your-natural-favourite-sweepstakes-sites-one-people-in-america-can-access-immediately/ HTTP/2" 200 144044 "-" "meta-externalagent/1.1 (+https://developers.facebook.com/docs/sharing/webmasters/crawler)"
193.36.38.87 - - [23/Jun/2026:05:48:49 -0700] "POST /xmlrpc.php HTTP/1.1" 200 181 "-" "Mozilla/5.0 (Windows NT 10.0; Win64; x64) AppleWebKit/537.36 (KHTML, like Gecko) Chrome/114.0.0.0 Safari/537.36"
104.255.170.81 - - [23/Jun/2026:05:48:51 -0700] "POST /wp-cron.php?doing_wp_cron=1782218931.9176290035247802734375 HTTP/1.1" 200 0 "-" "WordPress/7.0; https://dealzandfreebies.com"
104.166.189.244 - - [23/Jun/2026:05:48:50 -0700] "POST /xmlrpc.php HTTP/1.1" 200 10279 "-" "Mozilla/5.0 (Windows NT 10.0; Win64; x64) AppleWebKit/537.36 (KHTML, like Gecko) Chrome/114.0.0.0 Safari/537.36"
104.105.80.104 - - [23/Jun/2026:05:48:51 -0700] "POST /xmlrpc.php HTTP/1.1" 200 10933 "-" "Mozilla/5.0 (Windows NT 10.0; Win64; x64) AppleWebKit/537.36 (KHTML, like Gecko) Chrome/114.0.0.0 Safari/537.36"
136.243.228.180 - - [23/Jun/2026:05:48:51 -0700] "GET /2026/06/17/casino-oficialnyj-sajt-dlja-novichkov-i-21/ HTTP/1.1" 200 31028 "-" "Mozilla/5.0 (compatible; DataForSeoBot/1.0; +https://dataforseo.com/dataforseo-bot)"
104.166.189.244 - - [23/Jun/2026:05:48:52 -0700] "GET /2026/06/23/folgende-benutzerfreundliche-seite-die-eine-groiye-selektion-eingeschaltet-zum-besten-geben-oder-schnelle-auszahlungen/ HTTP/1.1" 200 143089 "-" "Mozilla/5.0 (Windows NT 10.0; rv:109.0) Gecko/20100101 Firefox/115.0"
104.105.80.104 - - [23/Jun/2026:05:48:53 -0700] "GET /2026/06/23/senzaia-de-participant-furnizata-de-titlurile-mai-tinereasca-aparute-chamfer-sa-faca-uitate-jocurile-anterior-clasice/ HTTP/1.1" 200 143452 "-" "Mozilla/5.0 (Windows NT 10.0; Win64; x64) AppleWebKit/537.36 (KHTML, like Gecko) Chrome/123.0.0.0 Safari/537.36 OPR/109.0.0.0"
57.141.18.58 - - [23/Jun/2026:05:48:54 -0700] "GET /?p=160190 HTTP/2" 301 0 "-" "meta-externalagent/1.1 (+https://developers.facebook.com/docs/sharing/webmasters/crawler)"
43.173.179.79 - - [23/Jun/2026:05:48:55 -0700] "POST /wp-admin/admin-ajax.php HTTP/1.1" 200 22 "https://dealzandfreebies.com/2026/06/12/iscriviti-aborda-nostra-newsletter-verso-bonus-senza-base-tornei-gratuiti-nuove-slot-di-nuovo-seguente-anche/" "Mozilla/5.0 (Windows NT 10.0; Win64; x64) AppleWebKit/537.36 (KHTML, like Gecko) Chrome/116.0.0.0 Safari/537.36"
102.158.68.104 - - [23/Jun/2026:05:48:55 -0700] "GET /2026/06/21/wirklich-jede-gerust-von-god-for-silver-and-gold-coins-spielbank-freispiele-ist-aktiv-bedingungen-geknupft/ HTTP/1.1" 200 29070 "-" "Mozilla/5.0 (Macintosh; Intel Mac OS X 10_5_3 rv:2.0; byn-ER) AppleWebKit/534.45.6 (KHTML, like Gecko) Version/4.0.2 Safari/534.45.6"
136.243.228.180 - - [23/Jun/2026:05:48:55 -0700] "GET /2026/06/17/judge-reputation-off-gambling-on-line-in-the-us-2024/ HTTP/1.1" 200 27702 "-" "Mozilla/5.0 (compatible; DataForSeoBot/1.0; +https://dataforseo.com/dataforseo-bot)"
193.36.38.87 - - [23/Jun/2026:05:48:57 -0700] "POST /xmlrpc.php HTTP/1.1" 403 181 "-" "Mozilla/5.0 (Windows NT 10.0; Win64; x64) AppleWebKit/537.36 (KHTML, like Gecko) Chrome/114.0.0.0 Safari/537.36"
104.255.170.81 - - [23/Jun/2026:05:48:57 -0700] "POST /wp-cron.php?doing_wp_cron=1782218937.9109320640563964843750 HTTP/1.1" 200 0 "-" "WordPress/7.0; https://dealzandfreebies.com"
45.83.178.17 - - [23/Jun/2026:05:48:56 -0700] "POST /xmlrpc.php HTTP/1.1" 200 181 "-" "Mozilla/5.0 (Windows NT 10.0; Win64; x64) AppleWebKit/537.36 (KHTML, like Gecko) Chrome/114.0.0.0 Safari/537.36"
200.25.47.106 - - [23/Jun/2026:05:48:57 -0700] "POST /xmlrpc.php HTTP/1.1" 200 181 "-" "Mozilla/5.0 (Windows NT 10.0; Win64; x64) AppleWebKit/537.36 (KHTML, like Gecko) Chrome/114.0.0.0 Safari/537.36"
136.243.228.180 - - [23/Jun/2026:05:49:00 -0700] "GET /2026/06/17/nuts-bull-gambling-enterprise-used-to-be-sensed-a-good-dependable-platform-so-youre-able-to-play-on-the-web/ HTTP/1.1" 200 27814 "-" "Mozilla/5.0 (compatible; DataForSeoBot/1.0; +https://dataforseo.com/dataforseo-bot)"
45.83.178.17 - - [23/Jun/2026:05:49:03 -0700] "POST /xmlrpc.php HTTP/1.1" 200 8844 "-" "Mozilla/5.0 (Windows NT 10.0; Win64; x64) AppleWebKit/537.36 (KHTML, like Gecko) Chrome/114.0.0.0 Safari/537.36"
136.243.228.180 - - [23/Jun/2026:05:49:03 -0700] "GET /2026/06/17/making-certain-that-security-and-safety-how-quick-payout-online-casinos-cover-players-money/ HTTP/1.1" 200 27613 "-" "Mozilla/5.0 (compatible; DataForSeoBot/1.0; +https://dataforseo.com/dataforseo-bot)"
200.25.47.106 - - [23/Jun/2026:05:49:04 -0700] "POST /xmlrpc.php HTTP/1.1" 200 13370 "-" "Mozilla/5.0 (Windows NT 10.0; Win64; x64) AppleWebKit/537.36 (KHTML, like Gecko) Chrome/114.0.0.0 Safari/537.36"
104.255.170.81 - - [23/Jun/2026:05:49:06 -0700] "POST /wp-cron.php?doing_wp_cron=1782218946.8744409084320068359375 HTTP/1.1" 200 0 "-" "WordPress/7.0; https://dealzandfreebies.com"
45.83.178.17 - - [23/Jun/2026:05:49:04 -0700] "GET /2026/06/23/experienced-crypto-pages-who-want-more-advanced-equipment-and-features/ HTTP/1.1" 200 138814 "-" "Mozilla/5.0 (Windows NT 10.0; Win64; x64; rv:125.0) Gecko/20100101 Firefox/125.0"
136.243.228.180 - - [23/Jun/2026:05:49:07 -0700] "GET /2026/06/17/ebendiese-perron-stellt-eine-ein-umfangreichsten-spielbibliotheken-inoffizieller-mitarbeiter-deutschsprachigen-bereich-bereit-liegend/ HTTP/1.1" 200 28739 "-" "Mozilla/5.0 (compatible; DataForSeoBot/1.0; +https://dataforseo.com/dataforseo-bot)"
200.25.47.106 - - [23/Jun/2026:05:49:06 -0700] "GET /2026/06/23/a-real-income-pokies-programs-to-have-pills-vegas-world-casino-in-australia-2026/ HTTP/1.1" 200 144362 "-" "Mozilla/5.0 (Windows NT 10.0; rv:109.0) Gecko/20100101 Firefox/115.0"
104.255.170.81 - - [23/Jun/2026:05:49:11 -0700] "POST /wp-cron.php?doing_wp_cron=1782218951.0736439228057861328125 HTTP/1.1" 200 0 "-" "WordPress/7.0; https://dealzandfreebies.com"
104.166.189.244 - - [23/Jun/2026:05:49:09 -0700] "POST /xmlrpc.php HTTP/1.1" 200 181 "-" "Mozilla/5.0 (Windows NT 10.0; Win64; x64) AppleWebKit/537.36 (KHTML, like Gecko) Chrome/114.0.0.0 Safari/537.36"
136.243.228.180 - - [23/Jun/2026:05:49:12 -0700] "GET /2026/06/17/playzilla-ware-unser-zweites-spielsaal-within-welchem-ein-einen-jede-menge-starken-vermittlungsgebuhr-finden-konnt/ HTTP/1.1" 200 29952 "-" "Mozilla/5.0 (compatible; DataForSeoBot/1.0; +https://dataforseo.com/dataforseo-bot)"
104.255.170.81 - - [23/Jun/2026:05:49:15 -0700] "POST /wp-cron.php?doing_wp_cron=1782218955.8257179260253906250000 HTTP/1.1" 200 0 "-" "WordPress/7.0; https://dealzandfreebies.com"
146.70.99.148 - - [23/Jun/2026:05:49:15 -0700] "POST /xmlrpc.php HTTP/1.1" 200 181 "-" "Mozilla/5.0 (Windows NT 10.0; Win64; x64) AppleWebKit/537.36 (KHTML, like Gecko) Chrome/114.0.0.0 Safari/537.36"
136.243.228.180 - - [23/Jun/2026:05:49:15 -0700] "GET /2026/06/17/sechster-monat-des-reel-rush-online-slot-jahres-2026/ HTTP/1.1" 200 29900 "-" "Mozilla/5.0 (compatible; DataForSeoBot/1.0; +https://dataforseo.com/dataforseo-bot)"
104.166.189.244 - - [23/Jun/2026:05:49:16 -0700] "POST /xmlrpc.php HTTP/1.1" 403 181 "-" "Mozilla/5.0 (Windows NT 10.0; Win64; x64) AppleWebKit/537.36 (KHTML, like Gecko) Chrome/114.0.0.0 Safari/537.36"
17.246.23.114 - - [23/Jun/2026:05:49:19 -0700] "POST /wp-admin/admin-ajax.php HTTP/2" 200 6 "https://dealzandfreebies.com/2026/02/10/glory-online-casino-customer-support-628/" "Mozilla/5.0 (Macintosh; Intel Mac OS X 10_15_7) AppleWebKit/605.1.15 (KHTML, like Gecko) Version/17.4 Safari/605.1.15 (Applebot/0.1; +http://www.apple.com/go/applebot)"
136.243.228.180 - - [23/Jun/2026:05:49:19 -0700] "GET /2026/06/17/candyspinz-casino-attraktive-willkommensangebote-20/ HTTP/1.1" 200 28109 "-" "Mozilla/5.0 (compatible; DataForSeoBot/1.0; +https://dataforseo.com/dataforseo-bot)"
146.70.99.148 - - [23/Jun/2026:05:49:21 -0700] "POST /xmlrpc.php HTTP/1.1" 200 9665 "-" "Mozilla/5.0 (Windows NT 10.0; Win64; x64) AppleWebKit/537.36 (KHTML, like Gecko) Chrome/114.0.0.0 Safari/537.36"
146.70.99.148 - - [23/Jun/2026:05:49:23 -0700] "GET /2026/06/23/erreichbar-casinos-vorbeigehen-bedingungen-immer-wieder-wettanforderungen-event-damit-sicherzustellen-so-sehr-eltern-ne-gegenleistung-beibehalten/ HTTP/1.1" 200 141681 "-" "Mozilla/5.0 (Windows NT 10.0; Win64; x64) AppleWebKit/537.36 (KHTML, like Gecko) Chrome/123.0.0.0 Safari/537.36"
136.243.228.180 - - [23/Jun/2026:05:49:24 -0700] "GET /2026/06/17/local-casino-enforce-withdrawal-limitations-so-youre-able-to-progressive-jackpot-victories/ HTTP/1.1" 200 27633 "-" "Mozilla/5.0 (compatible; DataForSeoBot/1.0; +https://dataforseo.com/dataforseo-bot)"
185.191.171.12 - - [23/Jun/2026:05:49:26 -0700] "GET /2026/06/22/play-for-fun-spree/ HTTP/1.1" 200 34693 "-" "Mozilla/5.0 (compatible; SemrushBot/7~bl; +http://www.semrush.com/bot.html)"
57.141.18.61 - - [23/Jun/2026:05:49:27 -0700] "GET /2026/06/21/plus-our-recommended-agent-also-offers-a-fantastic-choice-off-alive-roulette-dining-tables/ HTTP/2" 200 142925 "-" "meta-externalagent/1.1 (+https://developers.facebook.com/docs/sharing/webmasters/crawler)"
136.243.228.180 - - [23/Jun/2026:05:49:27 -0700] "GET /2026/06/17/allehelgensaften-wikipedia-den-frie-choy-sun-doa-slot-jackpot-handbog/ HTTP/1.1" 200 29822 "-" "Mozilla/5.0 (compatible; DataForSeoBot/1.0; +https://dataforseo.com/dataforseo-bot)"
57.141.18.45 - - [23/Jun/2026:05:49:28 -0700] "GET /wp-json/wp/v2/posts/152997 HTTP/2" 200 13534 "-" "meta-externalagent/1.1 (+https://developers.facebook.com/docs/sharing/webmasters/crawler)"
185.191.171.13 - - [23/Jun/2026:05:49:29 -0700] "GET /2026/06/22/elenco-dei-migliori-scompiglio-onorario-segreto-di-tenuta-svelto/ HTTP/1.1" 200 33589 "-" "Mozilla/5.0 (compatible; SemrushBot/7~bl; +http://www.semrush.com/bot.html)"
216.73.217.103 - - [23/Jun/2026:05:49:31 -0700] "GET /2026/06/23/aceasta-platforma-scapa-de-preia-incarcate-pentru-mai-multe-grile-threesometrine-43/ HTTP/2" 200 28023 "-" "Mozilla/5.0 AppleWebKit/537.36 (KHTML, like Gecko; compatible; ClaudeBot/1.0; +claudebot@anthropic.com)"
136.243.228.180 - - [23/Jun/2026:05:49:31 -0700] "GET /2026/06/17/la-procedura-demo-funziona-durante-crediti-virtuali-anche-permette-di-verificare-il-incontro-sopra-maniera-diretto/ HTTP/1.1" 200 27767 "-" "Mozilla/5.0 (compatible; DataForSeoBot/1.0; +https://dataforseo.com/dataforseo-bot)"
216.73.217.103 - - [23/Jun/2026:05:49:31 -0700] "GET /2026/06/23/hbo-releases-official-game-away-from-thrones-timeline-for-new-spin-from-suggests/ HTTP/2" 200 28871 "-" "Mozilla/5.0 AppleWebKit/537.36 (KHTML, like Gecko; compatible; ClaudeBot/1.0; +claudebot@anthropic.com)"
216.73.217.103 - - [23/Jun/2026:05:49:32 -0700] "GET /2026/06/23/step-by-step-guide-to-aus96-casino-australia-join-the-fun/ HTTP/2" 200 27721 "-" "Mozilla/5.0 AppleWebKit/537.36 (KHTML, like Gecko; compatible; ClaudeBot/1.0; +claudebot@anthropic.com)"
216.73.217.103 - - [23/Jun/2026:05:49:33 -0700] "GET /2026/06/23/kakim-obrazom-ii-analiziruet-simvoly-8/ HTTP/2" 200 31840 "-" "Mozilla/5.0 AppleWebKit/537.36 (KHTML, like Gecko; compatible; ClaudeBot/1.0; +claudebot@anthropic.com)"
136.243.228.180 - - [23/Jun/2026:05:49:36 -0700] "GET /2026/06/17/have-fun-with-the-best-online-slots-toward-sector-in-the-spacecasino/ HTTP/1.1" 200 27621 "-" "Mozilla/5.0 (compatible; DataForSeoBot/1.0; +https://dataforseo.com/dataforseo-bot)"
104.255.170.81 - - [23/Jun/2026:05:49:37 -0700] "POST /wp-cron.php?doing_wp_cron=1782218977.0926089286804199218750 HTTP/1.1" 200 0 "-" "WordPress/7.0; https://dealzandfreebies.com"
146.70.99.148 - - [23/Jun/2026:05:49:36 -0700] "POST /xmlrpc.php HTTP/1.1" 200 181 "-" "Mozilla/5.0 (Windows NT 10.0; Win64; x64) AppleWebKit/537.36 (KHTML, like Gecko) Chrome/114.0.0.0 Safari/537.36"
104.255.170.81 - - [23/Jun/2026:05:49:40 -0700] "POST /wp-cron.php?doing_wp_cron=1782218980.1829619407653808593750 HTTP/1.1" 200 0 "-" "WordPress/7.0; https://dealzandfreebies.com"
45.83.178.17 - - [23/Jun/2026:05:49:38 -0700] "POST /xmlrpc.php HTTP/1.1" 200 181 "-" "Mozilla/5.0 (Windows NT 10.0; Win64; x64) AppleWebKit/537.36 (KHTML, like Gecko) Chrome/114.0.0.0 Safari/537.36"
136.243.228.180 - - [23/Jun/2026:05:49:39 -0700] "GET /2026/06/17/each-slot-operates-effortlessly-with-clear-image-liquid-animations-and-you-will-contact-amicable-keys-which-make-game-play-easy/ HTTP/1.1" 200 28085 "-" "Mozilla/5.0 (compatible; DataForSeoBot/1.0; +https://dataforseo.com/dataforseo-bot)"
216.73.217.103 - - [23/Jun/2026:05:49:42 -0700] "GET /2026/06/23/now-it%ef%bf%bds-belonging-to-paysafe-class-and-contains-over-thirty-five-billion-pages/ HTTP/2" 403 0 "-" "Mozilla/5.0 AppleWebKit/537.36 (KHTML, like Gecko; compatible; ClaudeBot/1.0; +claudebot@anthropic.com)"
216.73.217.103 - - [23/Jun/2026:05:49:42 -0700] "GET /2026/06/23/expert-guide-to-roospins-casino-welcome-bonus-for-new-player/ HTTP/2" 200 27322 "-" "Mozilla/5.0 AppleWebKit/537.36 (KHTML, like Gecko; compatible; ClaudeBot/1.0; +claudebot@anthropic.com)"
146.70.99.148 - - [23/Jun/2026:05:49:42 -0700] "POST /xmlrpc.php HTTP/1.1" 200 11553 "-" "Mozilla/5.0 (Windows NT 10.0; Win64; x64) AppleWebKit/537.36 (KHTML, like Gecko) Chrome/114.0.0.0 Safari/537.36"
216.73.217.103 - - [23/Jun/2026:05:49:43 -0700] "GET /2026/06/23/online-roulett-acteren-begint-hier-fooien-gokhuis-bonussen/ HTTP/2" 200 28924 "-" "Mozilla/5.0 AppleWebKit/537.36 (KHTML, like Gecko; compatible; ClaudeBot/1.0; +claudebot@anthropic.com)"
104.105.80.104 - - [23/Jun/2026:05:49:43 -0700] "POST /xmlrpc.php HTTP/1.1" 200 181 "-" "Mozilla/5.0 (Windows NT 10.0; Win64; x64) AppleWebKit/537.36 (KHTML, like Gecko) Chrome/114.0.0.0 Safari/537.36"
216.73.217.103 - - [23/Jun/2026:05:49:43 -0700] "GET /2026/06/23/exactly-what-gambling-enterprise-dining-table-game-has-the-ideal-opportunity-euro-online-game-tech/ HTTP/2" 200 27659 "-" "Mozilla/5.0 AppleWebKit/537.36 (KHTML, like Gecko; compatible; ClaudeBot/1.0; +claudebot@anthropic.com)"
146.70.99.148 - - [23/Jun/2026:05:49:44 -0700] "GET /2026/06/23/gleichformig-z-hd-unser-ersten-drei-transaktionen-wirst-respons-alabama-neuer-glucksspieler-belohnt/ HTTP/1.1" 200 144394 "-" "Mozilla/5.0 (Windows NT 10.0; Win64; x64) AppleWebKit/537.36 (KHTML, like Gecko) Chrome/109.0.0.0 Safari/537.36"
136.243.228.180 - - [23/Jun/2026:05:49:43 -0700] "GET /2026/06/17/verificare-cont-publicwin-2026-validare-si-7/ HTTP/1.1" 200 219827 "-" "Mozilla/5.0 (compatible; DataForSeoBot/1.0; +https://dataforseo.com/dataforseo-bot)"
104.255.170.81 - - [23/Jun/2026:05:49:47 -0700] "POST /wp-cron.php?doing_wp_cron=1782218987.0081388950347900390625 HTTP/1.1" 200 0 "-" "WordPress/7.0; https://dealzandfreebies.com"
45.83.178.17 - - [23/Jun/2026:05:49:45 -0700] "POST /xmlrpc.php HTTP/1.1" 200 10524 "-" "Mozilla/5.0 (Windows NT 10.0; Win64; x64) AppleWebKit/537.36 (KHTML, like Gecko) Chrome/114.0.0.0 Safari/537.36"
216.73.217.103 - - [23/Jun/2026:05:49:47 -0700] "GET /2026/06/23/adu-la-daca-alegi-complet-operatori-licenai-onjn-clasa-i-on-jocuri-la-distana/ HTTP/2" 200 28978 "-" "Mozilla/5.0 AppleWebKit/537.36 (KHTML, like Gecko; compatible; ClaudeBot/1.0; +claudebot@anthropic.com)"
43.173.178.84 - - [23/Jun/2026:05:49:48 -0700] "GET /2026/06/20/fruits-adore-apk-omistaa-android-kayttojarjestelman-slots-n-play-bonussaannot-ilmainen-lataus-ja-voit-lukea-sovellusarvioita HTTP/1.1" 301 0 "-" "Mozilla/5.0 (Windows NT 10.0; Win64; x64) AppleWebKit/537.36 (KHTML, like Gecko) Chrome/120.0.0.0 Safari/537.36"
43.172.196.176 - - [23/Jun/2026:05:49:48 -0700] "GET /2026/06/17/start-with-likely-to-the-curated-listing-and-you-will-searching-for-a-deal-one-caters-to-your-personal-style HTTP/1.1" 301 0 "-" "Mozilla/5.0 (Windows NT 10.0; Win64; x64) AppleWebKit/537.36 (KHTML, like Gecko) Chrome/106.0.5249.119 Safari/537.36"
43.173.179.151 - - [23/Jun/2026:05:49:48 -0700] "GET /wp-json/oembed/1.0/embed?format=xml&url=https%3A%2F%2Fdealzandfreebies.com%2F2026%2F06%2F11%2Fmaximising-your-bankroll-that-have-real-money-casino-bonuses-2%2F HTTP/1.1" 200 1208 "-" "Mozilla/5.0 (Windows NT 10.0; Win64; x64) AppleWebKit/537.36 (KHTML, like Gecko) Chrome/117.0.0.0 Safari/537.36"
43.173.182.10 - - [23/Jun/2026:05:49:48 -0700] "GET /wp-json/oembed/1.0/embed?url=https%3A%2F%2Fdealzandfreebies.com%2F2026%2F06%2F03%2Fobzor-rejting-kazino-2023-chto-nuzhno-znat-igrokam%2F HTTP/1.1" 200 1252 "-" "Mozilla/5.0 (Windows NT 10.0; Win64; x64) AppleWebKit/537.36 (KHTML, like Gecko) Chrome/116.0.0.0 Safari/537.36"
43.173.179.214 - - [23/Jun/2026:05:49:48 -0700] "GET /wp-json/oembed/1.0/embed?format=xml&url=https%3A%2F%2Fdealzandfreebies.com%2F2026%2F06%2F13%2Flet-we-regret-to-let-you-know-that-your-internet-protocol-address-provides-started-blocked%2F HTTP/1.1" 200 1227 "-" "Mozilla/5.0 (Windows NT 10.0; Win64; x64) AppleWebKit/537.36 (KHTML, like Gecko) Chrome/111.0.0.0 Safari/537.36"
146.70.99.148 - - [23/Jun/2026:05:49:48 -0700] "POST /xmlrpc.php HTTP/1.1" 403 0 "-" "Mozilla/5.0 (Windows NT 10.0; Win64; x64) AppleWebKit/537.36 (KHTML, like Gecko) Chrome/114.0.0.0 Safari/537.36"
216.73.217.103 - - [23/Jun/2026:05:49:48 -0700] "GET /2026/06/23/top-online-casino-games-to-possess-android-os-products-in-2025/ HTTP/2" 200 29501 "-" "Mozilla/5.0 AppleWebKit/537.36 (KHTML, like Gecko; compatible; ClaudeBot/1.0; +claudebot@anthropic.com)"
43.172.198.61 - - [23/Jun/2026:05:49:48 -0700] "GET /wp-json/wp/v2/posts/120442 HTTP/1.1" 200 3687 "-" "Mozilla/5.0 (Windows NT 10.0; Win64; x64) AppleWebKit/537.36 (KHTML, like Gecko) Chrome/108.0.0.0 Safari/537.36"
136.243.228.180 - - [23/Jun/2026:05:49:48 -0700] "GET /2026/06/17/this-is-certainly-a-primary-disadvantage-when-you-compare-betway-with-other-casinos-on-the-internet/ HTTP/1.1" 200 27749 "-" "Mozilla/5.0 (compatible; DataForSeoBot/1.0; +https://dataforseo.com/dataforseo-bot)"
216.73.217.103 - - [23/Jun/2026:05:49:49 -0700] "GET /2026/06/23/online-slots-2026-%ef%b8%8f-ideal-slot-video-game-to-experience/ HTTP/2" 403 0 "-" "Mozilla/5.0 AppleWebKit/537.36 (KHTML, like Gecko; compatible; ClaudeBot/1.0; +claudebot@anthropic.com)"
43.173.175.75 - - [23/Jun/2026:05:49:49 -0700] "GET /2026/06/20/fruits-adore-apk-omistaa-android-kayttojarjestelman-slots-n-play-bonussaannot-ilmainen-lataus-ja-voit-lukea-sovellusarvioita/ HTTP/1.1" 200 33639 "-" "Mozilla/5.0 (Windows NT 10.0; Win64; x64) AppleWebKit/537.36 (KHTML, like Gecko) Chrome/120.0.0.0 Safari/537.36"
43.172.198.128 - - [23/Jun/2026:05:49:49 -0700] "GET /2026/06/17/start-with-likely-to-the-curated-listing-and-you-will-searching-for-a-deal-one-caters-to-your-personal-style/ HTTP/1.1" 200 33423 "-" "Mozilla/5.0 (Windows NT 10.0; Win64; x64) AppleWebKit/537.36 (KHTML, like Gecko) Chrome/106.0.5249.119 Safari/537.36"
216.73.217.103 - - [23/Jun/2026:05:49:49 -0700] "GET /2026/06/23/an-unforgettable-thrill-on-the-new-world-gonzos-quest-slot-game-comment/ HTTP/2" 200 29233 "-" "Mozilla/5.0 AppleWebKit/537.36 (KHTML, like Gecko; compatible; ClaudeBot/1.0; +claudebot@anthropic.com)"
104.105.80.104 - - [23/Jun/2026:05:49:49 -0700] "POST /xmlrpc.php HTTP/1.1" 200 10609 "-" "Mozilla/5.0 (Windows NT 10.0; Win64; x64) AppleWebKit/537.36 (KHTML, like Gecko) Chrome/114.0.0.0 Safari/537.36"
179.57.168.194 - - [23/Jun/2026:05:49:49 -0700] "GET /2026/06/21/you-should-also-consider-ssl-degree-to-guarantee-the-system-works-legally-online/ HTTP/1.1" 200 27864 "-" "Mozilla/5.0 (Macintosh; Intel Mac OS X 10_5_9 rv:5.0; ff-SN) AppleWebKit/531.33.5 (KHTML, like Gecko) Version/5.1 Safari/531.33.5"
43.173.180.53 - - [23/Jun/2026:05:49:51 -0700] "POST /wp-admin/admin-ajax.php HTTP/1.1" 200 22 "https://dealzandfreebies.com/2026/06/20/fruits-adore-apk-omistaa-android-kayttojarjestelman-slots-n-play-bonussaannot-ilmainen-lataus-ja-voit-lukea-sovellusarvioita/" "Mozilla/5.0 (Windows NT 10.0; Win64; x64) AppleWebKit/537.36 (KHTML, like Gecko) Chrome/120.0.0.0 Safari/537.36"
43.173.181.37 - - [23/Jun/2026:05:49:51 -0700] "GET /2026/06/15/hinein-jeweiligen-casinospielen-war-diese-auszahlungsquote-jedoch-ausnahmslos-unmissverstandlich-gekennzeichnet HTTP/1.1" 301 0 "-" "Mozilla/5.0 (Windows NT 10.0; Win64; x64) AppleWebKit/537.36 (KHTML, like Gecko) Chrome/133.0.0.0 Safari/537.36"
57.141.18.108 - - [23/Jun/2026:05:49:51 -0700] "GET /wp-json/wp/v2/posts/153377 HTTP/2" 200 13251 "-" "meta-externalagent/1.1 (+https://developers.facebook.com/docs/sharing/webmasters/crawler)"
104.105.80.104 - - [23/Jun/2026:05:49:51 -0700] "GET /2026/06/23/beneficiezi-din-cauza-atat-din-mult-posibilitai-de-a-a-gasi-bonus-adaugat-in-locul-depunere-2026/ HTTP/1.1" 200 141485 "-" "Mozilla/5.0 (Windows NT 10.0; Win64; x64) AppleWebKit/537.36 (KHTML, like Gecko) Chrome/124.0.0.0 Safari/537.36"
136.243.228.180 - - [23/Jun/2026:05:49:51 -0700] "GET /2026/06/17/bonusy-i-akcii-dlja-novyh-i-postojannyh-igrokov-974/ HTTP/1.1" 200 27890 "-" "Mozilla/5.0 (compatible; DataForSeoBot/1.0; +https://dataforseo.com/dataforseo-bot)"
185.191.171.8 - - [23/Jun/2026:05:49:51 -0700] "GET /2026/06/22/totally-free-casino-games-wager-fun-22900-trial-games/ HTTP/1.1" 200 33984 "-" "Mozilla/5.0 (compatible; SemrushBot/7~bl; +http://www.semrush.com/bot.html)"
45.83.178.17 - - [23/Jun/2026:05:49:47 -0700] "GET /2026/06/23/that-requires-the-latest-casinos-conditions-and-terms-issues-from-professionals-estimated-earnings-blacklists-and-others/ HTTP/1.1" 200 143241 "-" "Mozilla/5.0 (Windows NT 10.0; Win64; x64) AppleWebKit/537.36 (KHTML, like Gecko) Chrome/124.0.0.0 Safari/537.36 Edg/124.0.0.0"
43.173.176.62 - - [23/Jun/2026:05:49:52 -0700] "GET /2026/06/15/hinein-jeweiligen-casinospielen-war-diese-auszahlungsquote-jedoch-ausnahmslos-unmissverstandlich-gekennzeichnet/ HTTP/1.1" 200 33429 "-" "Mozilla/5.0 (Windows NT 10.0; Win64; x64) AppleWebKit/537.36 (KHTML, like Gecko) Chrome/133.0.0.0 Safari/537.36"
57.141.18.69 - - [23/Jun/2026:05:49:52 -0700] "GET /2026/06/22/insecable-stabilito-singolare-della-erotico-e-la-evidente-disgrazia-di-cippo-verso-manca-della-rapporto/ HTTP/2" 200 140716 "-" "meta-externalagent/1.1 (+https://developers.facebook.com/docs/sharing/webmasters/crawler)"
136.243.228.180 - - [23/Jun/2026:05:49:55 -0700] "GET /2026/06/17/leaderboards-competitions-and-you-may-racing-%EF%BF%BD-many-different-brands-for-the-same-form-of-bonuses/ HTTP/1.1" 403 0 "-" "Mozilla/5.0 (compatible; DataForSeoBot/1.0; +https://dataforseo.com/dataforseo-bot)"
43.173.174.44 - - [23/Jun/2026:05:49:56 -0700] "POST /wp-admin/admin-ajax.php HTTP/1.1" 200 22 "https://dealzandfreebies.com/2026/06/15/hinein-jeweiligen-casinospielen-war-diese-auszahlungsquote-jedoch-ausnahmslos-unmissverstandlich-gekennzeichnet/" "Mozilla/5.0 (Windows NT 10.0; Win64; x64) AppleWebKit/537.36 (KHTML, like Gecko) Chrome/133.0.0.0 Safari/537.36"
43.173.181.197 - - [23/Jun/2026:05:49:58 -0700] "GET /2026/06/17/start-with-likely-to-the-curated-listing-and-you-will-searching-for-a-deal-one-caters-to-your-personal-style HTTP/1.1" 301 0 "-" "Mozilla/5.0 (Windows NT 10.0; Win64; x64) AppleWebKit/537.36 (KHTML, like Gecko) Chrome/104.0.5112.81 Safari/537.36"
185.191.171.6 - - [23/Jun/2026:05:49:59 -0700] "GET /2026/06/22/ihr-rote-teppich-ist-und-bleibt-z-hd-zocker-ausgelegt-die-mit-vergnugen-groe-geldbetrage-zum-eins-z-bringen/ HTTP/1.1" 200 34948 "-" "Mozilla/5.0 (compatible; SemrushBot/7~bl; +http://www.semrush.com/bot.html)"
43.173.181.197 - - [23/Jun/2026:05:49:59 -0700] "GET /2026/06/17/start-with-likely-to-the-curated-listing-and-you-will-searching-for-a-deal-one-caters-to-your-personal-style/ HTTP/1.1" 200 33529 "https://dealzandfreebies.com/2026/06/17/start-with-likely-to-the-curated-listing-and-you-will-searching-for-a-deal-one-caters-to-your-personal-style" "Mozilla/5.0 (Windows NT 10.0; Win64; x64) AppleWebKit/537.36 (KHTML, like Gecko) Chrome/104.0.5112.81 Safari/537.36"
136.243.228.180 - - [23/Jun/2026:05:50:00 -0700] "GET /2026/06/17/pour-en-comprendre-pas-loin-via-nos-prestation-cela-vous-permettra-de-voir-sa-site-casinosbarriere/ HTTP/1.1" 200 28062 "-" "Mozilla/5.0 (compatible; DataForSeoBot/1.0; +https://dataforseo.com/dataforseo-bot)"
89.43.79.198 - - [23/Jun/2026:05:50:02 -0700] "POST /xmlrpc.php HTTP/2" 200 249 "https://dealzandfreebies.com/wp-login.php" "Mozilla/5.0 (Windows NT 10.0; Win64; x64) AppleWebKit/537.36 (KHTML, like Gecko) Chrome/124.0.0.0 Safari/537.36"
136.243.228.180 - - [23/Jun/2026:05:50:03 -0700] "GET /2026/06/17/selbige-unterschiede-bei-diesseitigen-hochsten-limits-werden-deutlich-passender/ HTTP/1.1" 200 30146 "-" "Mozilla/5.0 (compatible; DataForSeoBot/1.0; +https://dataforseo.com/dataforseo-bot)"
104.255.170.81 - - [23/Jun/2026:05:50:04 -0700] "POST /wp-cron.php?doing_wp_cron=1782219004.7152080535888671875000 HTTP/1.1" 200 0 "-" "WordPress/7.0; https://dealzandfreebies.com"
65.48.185.47 - - [23/Jun/2026:05:50:04 -0700] "POST /xmlrpc.php HTTP/2" 200 107 "-" "Mozilla/5.0 (Macintosh; Intel Mac OS X 10_15_7) AppleWebKit/537.36 (KHTML, like Gecko) Chrome/120.0.0.0 Safari/537.36"
136.243.228.180 - - [23/Jun/2026:05:50:07 -0700] "GET /2026/06/17/tagesordnungspunkt-golden-dunes-150-kostenlose-spins-bewertungen-iphone-casinos-pro-echtgeld-spiele-as-part-of-brd-2026/ HTTP/1.1" 200 29857 "-" "Mozilla/5.0 (compatible; DataForSeoBot/1.0; +https://dataforseo.com/dataforseo-bot)"
216.73.217.103 - - [23/Jun/2026:05:50:11 -0700] "GET /2026/06/23/best-wellness-cruises-from-uk-ports-your-guide-to-75-4/ HTTP/2" 200 28301 "-" "Mozilla/5.0 AppleWebKit/537.36 (KHTML, like Gecko; compatible; ClaudeBot/1.0; +claudebot@anthropic.com)"
216.73.217.103 - - [23/Jun/2026:05:50:11 -0700] "GET /2026/06/23/tasse-sul-casino-online-al-di-facciata-dellue/ HTTP/2" 200 28026 "-" "Mozilla/5.0 AppleWebKit/537.36 (KHTML, like Gecko; compatible; ClaudeBot/1.0; +claudebot@anthropic.com)"
57.141.18.81 - - [23/Jun/2026:05:50:11 -0700] "GET /2026/06/21/greatest-10-dollar-minimum-slot-temple-of-dead-put-online-casinos-team-insider-africa/ HTTP/2" 200 144459 "-" "meta-externalagent/1.1 (+https://developers.facebook.com/docs/sharing/webmasters/crawler)"
216.73.217.103 - - [23/Jun/2026:05:50:12 -0700] "GET /2026/06/23/top-ten-gambling-games-on-the-myspace-mobile-cell-phones-position-freebies-game-incentives/ HTTP/2" 200 27478 "-" "Mozilla/5.0 AppleWebKit/537.36 (KHTML, like Gecko; compatible; ClaudeBot/1.0; +claudebot@anthropic.com)"
216.73.217.103 - - [23/Jun/2026:05:50:12 -0700] "GET /2026/06/23/kak-internet-vlijaet-na-formirovanie-trevozhnyh-7/ HTTP/2" 200 32485 "-" "Mozilla/5.0 AppleWebKit/537.36 (KHTML, like Gecko; compatible; ClaudeBot/1.0; +claudebot@anthropic.com)"
136.243.228.180 - - [23/Jun/2026:05:50:12 -0700] "GET /2026/06/17/10-eur-bonus-exklusive-einzahlung-spielen-sie-den-eye-of-horus-echtgeld-spielautomaten-casino/ HTTP/1.1" 200 29051 "-" "Mozilla/5.0 (compatible; DataForSeoBot/1.0; +https://dataforseo.com/dataforseo-bot)"
57.141.18.123 - - [23/Jun/2026:05:50:14 -0700] "GET /2026/06/21/the-new-partycasino-playing-system-has-a-large-amount-of-slots-with-large-partycasino-payout-rates/ HTTP/2" 200 141972 "-" "meta-externalagent/1.1 (+https://developers.facebook.com/docs/sharing/webmasters/crawler)"
136.243.228.180 - - [23/Jun/2026:05:50:15 -0700] "GET /2026/06/17/beoordeling-van-online-casinos-in-belgi-985-3/ HTTP/1.1" 200 27122 "-" "Mozilla/5.0 (compatible; DataForSeoBot/1.0; +https://dataforseo.com/dataforseo-bot)"
188.137.248.157 - - [23/Jun/2026:05:50:17 -0700] "HEAD /?p=165475 HTTP/1.1" 301 0 "-" "CombatLinks/1.0"
188.137.248.157 - - [23/Jun/2026:05:50:18 -0700] "HEAD /2026/06/23/success-stories-at-lottogo-casino-uk-triumphs-of-players/ HTTP/1.1" 200 0 "-" "CombatLinks/1.0"
104.255.170.81 - - [23/Jun/2026:05:50:19 -0700] "POST /wp-cron.php?doing_wp_cron=1782219019.4288918972015380859375 HTTP/1.1" 200 0 "-" "WordPress/7.0; https://dealzandfreebies.com"
45.83.178.17 - - [23/Jun/2026:05:50:17 -0700] "POST /xmlrpc.php HTTP/1.1" 200 181 "-" "Mozilla/5.0 (Windows NT 10.0; Win64; x64) AppleWebKit/537.36 (KHTML, like Gecko) Chrome/114.0.0.0 Safari/537.36"
100.38.133.127 - - [23/Jun/2026:05:50:19 -0700] "GET /2026/06/23/success-stories-at-lottogo-casino-uk-triumphs-of-players/ HTTP/2" 200 27227 "-" "Mozilla/5.0 (Macintosh; Intel Mac OS X 10_15_7) AppleWebKit/537.36 (KHTML, like Gecko) Chrome/120.0.0.0 Safari/537.36"
185.191.171.14 - - [23/Jun/2026:05:50:19 -0700] "GET /2026/06/22/abritee-de-poney-quelques-numeros-de-percevoir-17-fois-le-reconnue-a-la-roulette/ HTTP/1.1" 200 33031 "-" "Mozilla/5.0 (compatible; SemrushBot/7~bl; +http://www.semrush.com/bot.html)"
136.243.228.180 - - [23/Jun/2026:05:50:20 -0700] "GET /2026/06/17/que-vous-soyez-adoptez-le-toilettage-en-compagnie-de-meuble-cet-salle-de-jeu-attache-a-egalement-le-qui-vous-interesse/ HTTP/1.1" 200 28907 "-" "Mozilla/5.0 (compatible; DataForSeoBot/1.0; +https://dataforseo.com/dataforseo-bot)"
104.105.80.104 - - [23/Jun/2026:05:50:22 -0700] "POST /xmlrpc.php HTTP/1.1" 200 181 "-" "Mozilla/5.0 (Windows NT 10.0; Win64; x64) AppleWebKit/537.36 (KHTML, like Gecko) Chrome/114.0.0.0 Safari/537.36"
185.191.171.10 - - [23/Jun/2026:05:50:23 -0700] "GET /2026/06/15/kak-rabotajut-poiskovikovye-roboty-i-pauki-46/ HTTP/1.1" 200 37625 "-" "Mozilla/5.0 (compatible; SemrushBot/7~bl; +http://www.semrush.com/bot.html)"
185.191.206.69 - - [23/Jun/2026:05:50:23 -0700] "POST /xmlrpc.php HTTP/1.1" 200 181 "-" "Mozilla/5.0 (Windows NT 10.0; Win64; x64) AppleWebKit/537.36 (KHTML, like Gecko) Chrome/114.0.0.0 Safari/537.36"
57.141.18.106 - - [23/Jun/2026:05:50:24 -0700] "GET /wp-json/oembed/1.0/embed?url=https%3A%2F%2Fdealzandfreebies.com%2F2026%2F06%2F22%2Fthis-dash-is-actually-microsoft-fuel-bi-that-could-perhaps-not-fully-assistance-all-of-the-entry-to-demands%2F HTTP/2" 200 2708 "-" "meta-externalagent/1.1 (+https://developers.facebook.com/docs/sharing/webmasters/crawler)"
136.243.228.180 - - [23/Jun/2026:05:50:23 -0700] "GET /2026/06/17/erreichbar-spielsaal-via-5-euro-einzahlung-via-paysafecard/ HTTP/1.1" 200 29961 "-" "Mozilla/5.0 (compatible; DataForSeoBot/1.0; +https://dataforseo.com/dataforseo-bot)"
45.83.178.17 - - [23/Jun/2026:05:50:25 -0700] "POST /xmlrpc.php HTTP/1.1" 403 181 "-" "Mozilla/5.0 (Windows NT 10.0; Win64; x64) AppleWebKit/537.36 (KHTML, like Gecko) Chrome/114.0.0.0 Safari/537.36"
136.243.228.180 - - [23/Jun/2026:05:50:27 -0700] "GET /2026/06/17/brand-new-players-pub-are-sweeptastics-technique-for-ensuring-that-of-a-lot-loyal-experts-get-the-positives-it-deserve/ HTTP/1.1" 200 27753 "-" "Mozilla/5.0 (compatible; DataForSeoBot/1.0; +https://dataforseo.com/dataforseo-bot)"
104.255.170.81 - - [23/Jun/2026:05:50:29 -0700] "POST /wp-cron.php?doing_wp_cron=1782219029.2159740924835205078125 HTTP/1.1" 200 0 "-" "WordPress/7.0; https://dealzandfreebies.com"
104.105.80.104 - - [23/Jun/2026:05:50:28 -0700] "POST /xmlrpc.php HTTP/1.1" 200 12532 "-" "Mozilla/5.0 (Windows NT 10.0; Win64; x64) AppleWebKit/537.36 (KHTML, like Gecko) Chrome/114.0.0.0 Safari/537.36"
200.25.47.106 - - [23/Jun/2026:05:50:28 -0700] "POST /xmlrpc.php HTTP/1.1" 200 181 "-" "Mozilla/5.0 (Windows NT 10.0; Win64; x64) AppleWebKit/537.36 (KHTML, like Gecko) Chrome/114.0.0.0 Safari/537.36"
216.73.217.103 - - [23/Jun/2026:05:50:29 -0700] "GET /2026/06/23/so-it-relates-to-actual-money-position-victories-web-based-poker-earnings-otherwise-earnings-from-blackjack-and-other-table-game/ HTTP/2" 200 28814 "-" "Mozilla/5.0 AppleWebKit/537.36 (KHTML, like Gecko; compatible; ClaudeBot/1.0; +claudebot@anthropic.com)"
