74.7.241.32 - - [23/Jun/2026:06:06:18 -0700] "GET /wp-json/oembed/1.0/embed?format=xml&url=https%3A%2F%2Fdealzandfreebies.com%2F2026%2F06%2F19%2Fregistracija-akkaunta-i-nachalo-igry-v-onlajn-145%2F HTTP/2" 200 1222 "https://dealzandfreebies.com/2026/06/19/registracija-akkaunta-i-nachalo-igry-v-onlajn-145/" "Mozilla/5.0 AppleWebKit/537.36 (KHTML, like Gecko; compatible; GPTBot/1.4; +https://openai.com/gptbot)"
74.7.241.32 - - [23/Jun/2026:06:06:19 -0700] "GET /wp-json/oembed/1.0/embed?format=xml&url=https%3A%2F%2Fdealzandfreebies.com%2F2026%2F06%2F19%2Fregistracija-akkaunta-i-nachalo-igry-v-onlajn-277%2F HTTP/2" 200 1218 "https://dealzandfreebies.com/2026/06/19/registracija-akkaunta-i-nachalo-igry-v-onlajn-277/" "Mozilla/5.0 AppleWebKit/537.36 (KHTML, like Gecko; compatible; GPTBot/1.4; +https://openai.com/gptbot)"
136.243.228.180 - - [23/Jun/2026:06:06:18 -0700] "GET /2026/06/17/our-very-own-vip-program-comes-with-exclusive-competitions-personalized-cashback-even-offers-and-you-will-entry-to-advanced-occurrences/ HTTP/1.1" 200 27801 "-" "Mozilla/5.0 (compatible; DataForSeoBot/1.0; +https://dataforseo.com/dataforseo-bot)"
74.7.241.32 - - [23/Jun/2026:06:06:19 -0700] "GET /wp-json/oembed/1.0/embed?format=xml&url=https%3A%2F%2Fdealzandfreebies.com%2F2026%2F06%2F23%2Favalon-slot-allege-an-excellent-40000x-legendary-appreciate%2F HTTP/2" 200 1128 "https://dealzandfreebies.com/2026/06/23/avalon-slot-allege-an-excellent-40000x-legendary-appreciate/" "Mozilla/5.0 AppleWebKit/537.36 (KHTML, like Gecko; compatible; GPTBot/1.4; +https://openai.com/gptbot)"
74.7.241.32 - - [23/Jun/2026:06:06:20 -0700] "GET /wp-json/oembed/1.0/embed?format=xml&url=https%3A%2F%2Fdealzandfreebies.com%2F2026%2F06%2F23%2Fwiele-kasyno-sa-mocniejsze-jesli-chodzi-o-moge-zapewniac-gier-doskonaly-dodatkowe-uwzgledniajac-dodatkowy-bonus-powitalny%2F HTTP/2" 200 1192 "https://dealzandfreebies.com/2026/06/23/wiele-kasyno-sa-mocniejsze-jesli-chodzi-o-moge-zapewniac-gier-doskonaly-dodatkowe-uwzgledniajac-dodatkowy-bonus-powitalny/" "Mozilla/5.0 AppleWebKit/537.36 (KHTML, like Gecko; compatible; GPTBot/1.4; +https://openai.com/gptbot)"
74.7.241.32 - - [23/Jun/2026:06:06:20 -0700] "GET /wp-json/oembed/1.0/embed?format=xml&url=https%3A%2F%2Fdealzandfreebies.com%2F2026%2F06%2F23%2Fnetbet-netbet-war-ne-beliebte-bevorzugung-je-spieler-nachfolgende-ein-sicheres-und-zuverlassiges-spielerlebnis-stobern%2F HTTP/2" 200 1194 "https://dealzandfreebies.com/2026/06/23/netbet-netbet-war-ne-beliebte-bevorzugung-je-spieler-nachfolgende-ein-sicheres-und-zuverlassiges-spielerlebnis-stobern/" "Mozilla/5.0 AppleWebKit/537.36 (KHTML, like Gecko; compatible; GPTBot/1.4; +https://openai.com/gptbot)"
74.7.241.32 - - [23/Jun/2026:06:06:21 -0700] "GET /?p=165299 HTTP/2" 301 0 "https://dealzandfreebies.com/2026/06/23/be-sure-that-you-learn-how-to-comply-with-the-newest-terms-and-conditions-and-you-may-requirements-regarding-a-deal/" "Mozilla/5.0 AppleWebKit/537.36 (KHTML, like Gecko; compatible; GPTBot/1.4; +https://openai.com/gptbot)"
74.7.241.32 - - [23/Jun/2026:06:06:21 -0700] "GET /?p=165559 HTTP/2" 301 0 "https://dealzandfreebies.com/2026/06/23/wer-spielt-wird-doch-bares-einsetzen-dessen-verlust-verschmerzbar-sei-und-bollwerk-saumen-ziehen/" "Mozilla/5.0 AppleWebKit/537.36 (KHTML, like Gecko; compatible; GPTBot/1.4; +https://openai.com/gptbot)"
74.7.241.32 - - [23/Jun/2026:06:06:22 -0700] "GET /wp-json/oembed/1.0/embed?url=https%3A%2F%2Fdealzandfreebies.com%2F2026%2F06%2F23%2Fbe-sure-that-you-learn-how-to-comply-with-the-newest-terms-and-conditions-and-you-may-requirements-regarding-a-deal%2F HTTP/2" 200 1159 "https://dealzandfreebies.com/2026/06/23/be-sure-that-you-learn-how-to-comply-with-the-newest-terms-and-conditions-and-you-may-requirements-regarding-a-deal/" "Mozilla/5.0 AppleWebKit/537.36 (KHTML, like Gecko; compatible; GPTBot/1.4; +https://openai.com/gptbot)"
104.255.170.81 - - [23/Jun/2026:06:06:23 -0700] "POST /wp-cron.php?doing_wp_cron=1782219983.0898048877716064453125 HTTP/1.1" 200 0 "-" "WordPress/7.0; https://dealzandfreebies.com"
23.90.184.84 - - [23/Jun/2026:06:06:21 -0700] "POST /xmlrpc.php HTTP/1.1" 200 181 "-" "Mozilla/5.0 (Windows NT 10.0; Win64; x64) AppleWebKit/537.36 (KHTML, like Gecko) Chrome/114.0.0.0 Safari/537.36"
136.243.228.180 - - [23/Jun/2026:06:06:22 -0700] "GET /2026/06/17/die-historische-entwicklung-des-glucksspiels-ein-7/ HTTP/1.1" 200 29001 "-" "Mozilla/5.0 (compatible; DataForSeoBot/1.0; +https://dataforseo.com/dataforseo-bot)"
57.141.18.115 - - [23/Jun/2026:06:06:22 -0700] "GET /wp-json/wp/v2/posts/157343 HTTP/2" 200 11968 "-" "meta-externalagent/1.1 (+https://developers.facebook.com/docs/sharing/webmasters/crawler)"
104.255.170.81 - - [23/Jun/2026:06:06:24 -0700] "POST /wp-cron.php?doing_wp_cron=1782219984.0715761184692382812500 HTTP/1.1" 200 0 "-" "WordPress/7.0; https://dealzandfreebies.com"
74.7.241.32 - - [23/Jun/2026:06:06:23 -0700] "GET /2026/06/23/ebendiese-erfolgreichsten-8-echtgeld-casinos-2025-ebendiese-umfassender-expertentest/ HTTP/2" 200 28759 "https://dealzandfreebies.com/2026/06/23/be-sure-that-you-learn-how-to-comply-with-the-newest-terms-and-conditions-and-you-may-requirements-regarding-a-deal/" "Mozilla/5.0 AppleWebKit/537.36 (KHTML, like Gecko; compatible; GPTBot/1.4; +https://openai.com/gptbot)"
74.7.241.32 - - [23/Jun/2026:06:06:24 -0700] "GET /wp-json/oembed/1.0/embed?url=https%3A%2F%2Fdealzandfreebies.com%2F2026%2F06%2F23%2Fwer-spielt-wird-doch-bares-einsetzen-dessen-verlust-verschmerzbar-sei-und-bollwerk-saumen-ziehen%2F HTTP/2" 200 1150 "https://dealzandfreebies.com/2026/06/23/wer-spielt-wird-doch-bares-einsetzen-dessen-verlust-verschmerzbar-sei-und-bollwerk-saumen-ziehen/" "Mozilla/5.0 AppleWebKit/537.36 (KHTML, like Gecko; compatible; GPTBot/1.4; +https://openai.com/gptbot)"
74.7.241.32 - - [23/Jun/2026:06:06:24 -0700] "GET /wp-json/wp/v2/posts/165299 HTTP/2" 200 2931 "https://dealzandfreebies.com/2026/06/23/be-sure-that-you-learn-how-to-comply-with-the-newest-terms-and-conditions-and-you-may-requirements-regarding-a-deal/" "Mozilla/5.0 AppleWebKit/537.36 (KHTML, like Gecko; compatible; GPTBot/1.4; +https://openai.com/gptbot)"
74.7.241.32 - - [23/Jun/2026:06:06:27 -0700] "GET /wp-json/wp/v2/posts/165559 HTTP/2" 200 3975 "https://dealzandfreebies.com/2026/06/23/wer-spielt-wird-doch-bares-einsetzen-dessen-verlust-verschmerzbar-sei-und-bollwerk-saumen-ziehen/" "Mozilla/5.0 AppleWebKit/537.36 (KHTML, like Gecko; compatible; GPTBot/1.4; +https://openai.com/gptbot)"
74.7.241.32 - - [23/Jun/2026:06:06:29 -0700] "GET /wp-json/oembed/1.0/embed?format=xml&url=https%3A%2F%2Fdealzandfreebies.com%2F2026%2F06%2F23%2Fbe-sure-that-you-learn-how-to-comply-with-the-newest-terms-and-conditions-and-you-may-requirements-regarding-a-deal%2F HTTP/2" 200 1190 "https://dealzandfreebies.com/2026/06/23/be-sure-that-you-learn-how-to-comply-with-the-newest-terms-and-conditions-and-you-may-requirements-regarding-a-deal/" "Mozilla/5.0 AppleWebKit/537.36 (KHTML, like Gecko; compatible; GPTBot/1.4; +https://openai.com/gptbot)"
136.243.228.180 - - [23/Jun/2026:06:06:27 -0700] "GET /2026/06/17/casino-oficialnyj-sajt-s-luchshimi-bonusnymi-6/ HTTP/1.1" 200 31354 "-" "Mozilla/5.0 (compatible; DataForSeoBot/1.0; +https://dataforseo.com/dataforseo-bot)"
23.90.184.84 - - [23/Jun/2026:06:06:29 -0700] "POST /xmlrpc.php HTTP/1.1" 200 8467 "-" "Mozilla/5.0 (Windows NT 10.0; Win64; x64) AppleWebKit/537.36 (KHTML, like Gecko) Chrome/114.0.0.0 Safari/537.36"
74.7.241.32 - - [23/Jun/2026:06:06:29 -0700] "GET /wp-json/oembed/1.0/embed?format=xml&url=https%3A%2F%2Fdealzandfreebies.com%2F2026%2F06%2F23%2Fwer-spielt-wird-doch-bares-einsetzen-dessen-verlust-verschmerzbar-sei-und-bollwerk-saumen-ziehen%2F HTTP/2" 200 1175 "https://dealzandfreebies.com/2026/06/23/wer-spielt-wird-doch-bares-einsetzen-dessen-verlust-verschmerzbar-sei-und-bollwerk-saumen-ziehen/" "Mozilla/5.0 AppleWebKit/537.36 (KHTML, like Gecko; compatible; GPTBot/1.4; +https://openai.com/gptbot)"
74.7.241.32 - - [23/Jun/2026:06:06:30 -0700] "GET /wp-json/oembed/1.0/embed?format=xml&url=https%3A%2F%2Fdealzandfreebies.com%2F2026%2F06%2F19%2Fchto-takoe-sinteticheskie-dannye-i-zachem-oni-60%2F HTTP/2" 200 1200 "https://dealzandfreebies.com/2026/06/19/chto-takoe-sinteticheskie-dannye-i-zachem-oni-60/" "Mozilla/5.0 AppleWebKit/537.36 (KHTML, like Gecko; compatible; GPTBot/1.4; +https://openai.com/gptbot)"
74.7.241.32 - - [23/Jun/2026:06:06:30 -0700] "GET /wp-json/oembed/1.0/embed?format=xml&url=https%3A%2F%2Fdealzandfreebies.com%2F2026%2F06%2F19%2Fyard-casino-vhod-v-lichnyj-kabinet-i-upravlenie-46%2F HTTP/2" 200 1226 "https://dealzandfreebies.com/2026/06/19/yard-casino-vhod-v-lichnyj-kabinet-i-upravlenie-46/" "Mozilla/5.0 AppleWebKit/537.36 (KHTML, like Gecko; compatible; GPTBot/1.4; +https://openai.com/gptbot)"
17.246.23.18 - - [23/Jun/2026:06:06:31 -0700] "POST /wp-admin/admin-ajax.php HTTP/2" 200 6 "https://dealzandfreebies.com/2026/06/19/netbet-netbet-ist-und-bleibt-ne-beliebte-wahl-fur-jedes-spieler-ebendiese-das-sicheres-weiters-zuverlassiges-spielerlebnis-stobern/" "Mozilla/5.0 (Macintosh; Intel Mac OS X 10_15_7) AppleWebKit/605.1.15 (KHTML, like Gecko) Version/17.4 Safari/605.1.15 (Applebot/0.1; +http://www.apple.com/go/applebot)"
193.36.38.176 - - [23/Jun/2026:06:06:30 -0700] "POST /xmlrpc.php HTTP/1.1" 200 181 "-" "Mozilla/5.0 (Windows NT 10.0; Win64; x64) AppleWebKit/537.36 (KHTML, like Gecko) Chrome/114.0.0.0 Safari/537.36"
74.7.241.32 - - [23/Jun/2026:06:06:31 -0700] "GET /wp-json/oembed/1.0/embed?format=xml&url=https%3A%2F%2Fdealzandfreebies.com%2F2026%2F06%2F19%2Fsportovni-coworking-prostory-praha-trend-digest-157%2F HTTP/2" 200 1158 "https://dealzandfreebies.com/2026/06/19/sportovni-coworking-prostory-praha-trend-digest-157/" "Mozilla/5.0 AppleWebKit/537.36 (KHTML, like Gecko; compatible; GPTBot/1.4; +https://openai.com/gptbot)"
136.243.228.180 - - [23/Jun/2026:06:06:32 -0700] "GET /2026/06/17/the-fresh-new-%EF%BF%BD20-minimum-withdrawal-is-actually-reasonable-and-will-not-get-off-brief-champions-trapped/ HTTP/1.1" 403 0 "-" "Mozilla/5.0 (compatible; DataForSeoBot/1.0; +https://dataforseo.com/dataforseo-bot)"
74.7.241.32 - - [23/Jun/2026:06:06:32 -0700] "GET /wp-json/oembed/1.0/embed?format=xml&url=https%3A%2F%2Fdealzandfreebies.com%2F2026%2F06%2F23%2Ffor-each-and-every-gambling-establishment-sets-its-own-gambling-constraints-considering-business-method-and-you-can-pro-demographics%2F HTTP/2" 200 1182 "https://dealzandfreebies.com/2026/06/23/for-each-and-every-gambling-establishment-sets-its-own-gambling-constraints-considering-business-method-and-you-can-pro-demographics/" "Mozilla/5.0 AppleWebKit/537.36 (KHTML, like Gecko; compatible; GPTBot/1.4; +https://openai.com/gptbot)"
74.7.241.32 - - [23/Jun/2026:06:06:32 -0700] "GET /wp-json/oembed/1.0/embed?format=xml&url=https%3A%2F%2Fdealzandfreebies.com%2F2026%2F06%2F23%2Fhinein-wunderino-wissen-wir-wirklich-so-gern-wissen-wollen-hinten-verifizierungen-zahlungsmodalitaten-ferner-spielmechaniken-fix-geklart-man-sagt-sie-seien-zu-tun-sein%2F HTTP/2" 200 1241 "https://dealzandfreebies.com/2026/06/23/hinein-wunderino-wissen-wir-wirklich-so-gern-wissen-wollen-hinten-verifizierungen-zahlungsmodalitaten-ferner-spielmechaniken-fix-geklart-man-sagt-sie-seien-zu-tun-sein/" "Mozilla/5.0 AppleWebKit/537.36 (KHTML, like Gecko; compatible; GPTBot/1.4; +https://openai.com/gptbot)"
74.7.241.32 - - [23/Jun/2026:06:06:33 -0700] "GET /?p=165297 HTTP/2" 301 0 "https://dealzandfreebies.com/2026/06/23/ebendiese-erfolgreichsten-8-echtgeld-casinos-2025-ebendiese-umfassender-expertentest/" "Mozilla/5.0 AppleWebKit/537.36 (KHTML, like Gecko; compatible; GPTBot/1.4; +https://openai.com/gptbot)"
216.73.217.103 - - [23/Jun/2026:06:06:35 -0700] "GET /?p=164268 HTTP/2" 301 0 "-" "Mozilla/5.0 AppleWebKit/537.36 (KHTML, like Gecko; compatible; ClaudeBot/1.0; +claudebot@anthropic.com)"
216.73.217.103 - - [23/Jun/2026:06:06:35 -0700] "GET /?p=164280 HTTP/2" 301 0 "-" "Mozilla/5.0 AppleWebKit/537.36 (KHTML, like Gecko; compatible; ClaudeBot/1.0; +claudebot@anthropic.com)"
74.7.241.32 - - [23/Jun/2026:06:06:33 -0700] "GET /2026/06/23/po-kazdym-wydarzeniu-publikujemy-potwierdzam-ogolna-wydajnosc-do-funbet-dobry-zalety-wlaczaja-uczciwa-dziesiatka-krotna-rozgrywke/ HTTP/2" 200 28847 "https://dealzandfreebies.com/2026/06/23/ebendiese-erfolgreichsten-8-echtgeld-casinos-2025-ebendiese-umfassender-expertentest/" "Mozilla/5.0 AppleWebKit/537.36 (KHTML, like Gecko; compatible; GPTBot/1.4; +https://openai.com/gptbot)"
23.90.184.84 - - [23/Jun/2026:06:06:33 -0700] "GET /2026/06/23/it-is-expected-that-the-build-work-will-require-in-the-24-months/ HTTP/1.1" 200 140348 "-" "Mozilla/5.0 (Windows NT 10.0; Win64; x64) AppleWebKit/537.36 (KHTML, like Gecko) Chrome/123.0.0.0 Safari/537.36 OPR/109.0.0.0"
216.73.217.103 - - [23/Jun/2026:06:06:35 -0700] "GET /2026/06/23/speel-sphinx-fortune-vanuit-boomin-games-gedurende-getwin/ HTTP/2" 200 30933 "https://dealzandfreebies.com/?p=164268" "Mozilla/5.0 AppleWebKit/537.36 (KHTML, like Gecko; compatible; ClaudeBot/1.0; +claudebot@anthropic.com)"
216.73.217.103 - - [23/Jun/2026:06:06:35 -0700] "GET /2026/06/23/better-100-percent-free-ports-having-extra-zero-down-load-necessary/ HTTP/2" 200 29207 "https://dealzandfreebies.com/?p=164280" "Mozilla/5.0 AppleWebKit/537.36 (KHTML, like Gecko; compatible; ClaudeBot/1.0; +claudebot@anthropic.com)"
136.243.228.180 - - [23/Jun/2026:06:06:35 -0700] "GET /2026/06/17/vuoi-saperne-di-la-sulle-caratteristiche-dei-bonus-di-saluto-escludendo-fitto-offerti-dai-casino-online/ HTTP/1.1" 200 28487 "-" "Mozilla/5.0 (compatible; DataForSeoBot/1.0; +https://dataforseo.com/dataforseo-bot)"
74.7.241.32 - - [23/Jun/2026:06:06:36 -0700] "GET /2026/06/23/it-is-expected-that-the-build-work-will-require-in-the-24-months/ HTTP/2" 200 27626 "https://dealzandfreebies.com/2026/06/23/ebendiese-erfolgreichsten-8-echtgeld-casinos-2025-ebendiese-umfassender-expertentest/" "Mozilla/5.0 AppleWebKit/537.36 (KHTML, like Gecko; compatible; GPTBot/1.4; +https://openai.com/gptbot)"
216.73.217.103 - - [23/Jun/2026:06:06:38 -0700] "GET /?p=164144 HTTP/2" 301 0 "-" "Mozilla/5.0 AppleWebKit/537.36 (KHTML, like Gecko; compatible; ClaudeBot/1.0; +claudebot@anthropic.com)"
193.36.38.176 - - [23/Jun/2026:06:06:38 -0700] "POST /xmlrpc.php HTTP/1.1" 200 9806 "-" "Mozilla/5.0 (Windows NT 10.0; Win64; x64) AppleWebKit/537.36 (KHTML, like Gecko) Chrome/114.0.0.0 Safari/537.36"
216.73.217.103 - - [23/Jun/2026:06:06:38 -0700] "GET /?p=164188 HTTP/2" 301 0 "-" "Mozilla/5.0 AppleWebKit/537.36 (KHTML, like Gecko; compatible; ClaudeBot/1.0; +claudebot@anthropic.com)"
74.7.241.32 - - [23/Jun/2026:06:06:38 -0700] "GET /wp-json/wp/v2/posts/165297 HTTP/2" 200 3936 "https://dealzandfreebies.com/2026/06/23/ebendiese-erfolgreichsten-8-echtgeld-casinos-2025-ebendiese-umfassender-expertentest/" "Mozilla/5.0 AppleWebKit/537.36 (KHTML, like Gecko; compatible; GPTBot/1.4; +https://openai.com/gptbot)"
74.7.241.32 - - [23/Jun/2026:06:06:39 -0700] "GET /wp-json/oembed/1.0/embed?url=https%3A%2F%2Fdealzandfreebies.com%2F2026%2F06%2F23%2Febendiese-erfolgreichsten-8-echtgeld-casinos-2025-ebendiese-umfassender-expertentest%2F HTTP/2" 200 1119 "https://dealzandfreebies.com/2026/06/23/ebendiese-erfolgreichsten-8-echtgeld-casinos-2025-ebendiese-umfassender-expertentest/" "Mozilla/5.0 AppleWebKit/537.36 (KHTML, like Gecko; compatible; GPTBot/1.4; +https://openai.com/gptbot)"
216.73.217.103 - - [23/Jun/2026:06:06:38 -0700] "GET /2026/06/23/top-web-based-casinos-the-real-deal-money-rated-2026/ HTTP/2" 200 26972 "https://dealzandfreebies.com/?p=164144" "Mozilla/5.0 AppleWebKit/537.36 (KHTML, like Gecko; compatible; ClaudeBot/1.0; +claudebot@anthropic.com)"
136.243.228.180 - - [23/Jun/2026:06:06:39 -0700] "GET /2026/06/17/registracija-akkaunta-i-nachalo-igry-v-onlajn-124-2/ HTTP/1.1" 200 28400 "-" "Mozilla/5.0 (compatible; DataForSeoBot/1.0; +https://dataforseo.com/dataforseo-bot)"
216.73.217.103 - - [23/Jun/2026:06:06:39 -0700] "GET /2026/06/23/gioca-dazzardo-contro-appena-severo-ancora-divertiti-al-casa-da-gioco/ HTTP/2" 200 28543 "https://dealzandfreebies.com/?p=164188" "Mozilla/5.0 AppleWebKit/537.36 (KHTML, like Gecko; compatible; ClaudeBot/1.0; +claudebot@anthropic.com)"
74.7.241.32 - - [23/Jun/2026:06:06:40 -0700] "GET /wp-json/oembed/1.0/embed?format=xml&url=https%3A%2F%2Fdealzandfreebies.com%2F2026%2F06%2F19%2Fpay-by-the-smartphone-gambling-slot-machines-multiple-3125-paylines-establishment%2F HTTP/2" 200 1144 "https://dealzandfreebies.com/2026/06/19/pay-by-the-smartphone-gambling-slot-machines-multiple-3125-paylines-establishment/" "Mozilla/5.0 AppleWebKit/537.36 (KHTML, like Gecko; compatible; GPTBot/1.4; +https://openai.com/gptbot)"
193.36.38.176 - - [23/Jun/2026:06:06:39 -0700] "GET /2026/06/23/unser-enorm-rasche-gameplay-unterscheidet-selbige-plinko-spielbank-spielautomaten-durch-platt-machen-slots/ HTTP/1.1" 200 140685 "-" "Mozilla/5.0 (Windows NT 10.0; Win64; x64) AppleWebKit/537.36 (KHTML, like Gecko) Chrome/124.0.0.0 Safari/537.36"
146.70.99.148 - - [23/Jun/2026:06:06:43 -0700] "POST /xmlrpc.php HTTP/1.1" 200 181 "-" "Mozilla/5.0 (Windows NT 10.0; Win64; x64) AppleWebKit/537.36 (KHTML, like Gecko) Chrome/114.0.0.0 Safari/537.36"
216.73.217.103 - - [23/Jun/2026:06:06:43 -0700] "GET /?p=163647 HTTP/2" 301 0 "-" "Mozilla/5.0 AppleWebKit/537.36 (KHTML, like Gecko; compatible; ClaudeBot/1.0; +claudebot@anthropic.com)"
216.73.217.103 - - [23/Jun/2026:06:06:43 -0700] "GET /?p=164132 HTTP/2" 301 0 "-" "Mozilla/5.0 AppleWebKit/537.36 (KHTML, like Gecko; compatible; ClaudeBot/1.0; +claudebot@anthropic.com)"
74.7.241.32 - - [23/Jun/2026:06:06:43 -0700] "GET /wp-json/oembed/1.0/embed?format=xml&url=https%3A%2F%2Fdealzandfreebies.com%2F2026%2F06%2F23%2Fkasino-maklercourtage-abzuglich-einzahlung-2026-as-part-of-teutonia-beste-angebote%2F HTTP/2" 200 1166 "https://dealzandfreebies.com/2026/06/23/kasino-maklercourtage-abzuglich-einzahlung-2026-as-part-of-teutonia-beste-angebote/" "Mozilla/5.0 AppleWebKit/537.36 (KHTML, like Gecko; compatible; GPTBot/1.4; +https://openai.com/gptbot)"
57.141.18.67 - - [23/Jun/2026:06:06:45 -0700] "GET /wp-json/wp/v2/posts/149207 HTTP/2" 200 11619 "-" "meta-externalagent/1.1 (+https://developers.facebook.com/docs/sharing/webmasters/crawler)"
136.243.228.180 - - [23/Jun/2026:06:06:43 -0700] "GET /2026/06/17/games-application-in-the-spree-spree-casino-live-games-spree-gambling-establishment-advertisements/ HTTP/1.1" 200 28573 "-" "Mozilla/5.0 (compatible; DataForSeoBot/1.0; +https://dataforseo.com/dataforseo-bot)"
74.7.241.32 - - [23/Jun/2026:06:06:46 -0700] "GET /wp-json/oembed/1.0/embed?format=xml&url=https%3A%2F%2Fdealzandfreebies.com%2F2026%2F06%2F23%2Fbedrijfstop-offlin-casinos-behalve-cruks-2024-vinnig-beschermd-plu-geloofwaardig%2F HTTP/2" 200 1158 "https://dealzandfreebies.com/2026/06/23/bedrijfstop-offlin-casinos-behalve-cruks-2024-vinnig-beschermd-plu-geloofwaardig/" "Mozilla/5.0 AppleWebKit/537.36 (KHTML, like Gecko; compatible; GPTBot/1.4; +https://openai.com/gptbot)"
216.73.217.103 - - [23/Jun/2026:06:06:45 -0700] "GET /2026/06/23/w-taki-kasyno-internetowe-bonus-bez-depozytu-dziala-jak-krotka-przedstawiciel-zapewni-ci-gdy-wolimy-test-bezpieczny/ HTTP/2" 200 29397 "https://dealzandfreebies.com/?p=164132" "Mozilla/5.0 AppleWebKit/537.36 (KHTML, like Gecko; compatible; ClaudeBot/1.0; +claudebot@anthropic.com)"
216.73.217.103 - - [23/Jun/2026:06:06:45 -0700] "GET /2026/06/23/finest-gambling-enterprise-software-the-real-deal-currency-2026/ HTTP/2" 200 29186 "https://dealzandfreebies.com/?p=163647" "Mozilla/5.0 AppleWebKit/537.36 (KHTML, like Gecko; compatible; ClaudeBot/1.0; +claudebot@anthropic.com)"
74.7.241.32 - - [23/Jun/2026:06:06:48 -0700] "GET /wp-json/oembed/1.0/embed?format=xml&url=https%3A%2F%2Fdealzandfreebies.com%2F2026%2F06%2F19%2Ffree-harbors-no-deposit-needed%2F HTTP/2" 200 1097 "https://dealzandfreebies.com/2026/06/19/free-harbors-no-deposit-needed/" "Mozilla/5.0 AppleWebKit/537.36 (KHTML, like Gecko; compatible; GPTBot/1.4; +https://openai.com/gptbot)"
216.73.217.103 - - [23/Jun/2026:06:06:49 -0700] "GET /?p=164296 HTTP/2" 301 0 "-" "Mozilla/5.0 AppleWebKit/537.36 (KHTML, like Gecko; compatible; ClaudeBot/1.0; +claudebot@anthropic.com)"
216.73.217.103 - - [23/Jun/2026:06:06:48 -0700] "GET /?p=164126 HTTP/2" 301 0 "-" "Mozilla/5.0 AppleWebKit/537.36 (KHTML, like Gecko; compatible; ClaudeBot/1.0; +claudebot@anthropic.com)"
193.36.38.13 - - [23/Jun/2026:06:06:48 -0700] "POST /xmlrpc.php HTTP/1.1" 200 181 "-" "Mozilla/5.0 (Windows NT 10.0; Win64; x64) AppleWebKit/537.36 (KHTML, like Gecko) Chrome/114.0.0.0 Safari/537.36"
57.141.18.103 - - [23/Jun/2026:06:06:48 -0700] "GET /wp-json/oembed/1.0/embed?url=https%3A%2F%2Fdealzandfreebies.com%2F2026%2F06%2F21%2Flets-lucky-casino-your-smart-guide-to-winning%2F HTTP/2" 200 2401 "-" "meta-externalagent/1.1 (+https://developers.facebook.com/docs/sharing/webmasters/crawler)"
216.73.217.103 - - [23/Jun/2026:06:06:54 -0700] "GET /?p=164214 HTTP/2" 301 0 "-" "Mozilla/5.0 AppleWebKit/537.36 (KHTML, like Gecko; compatible; ClaudeBot/1.0; +claudebot@anthropic.com)"
216.73.217.103 - - [23/Jun/2026:06:06:54 -0700] "GET /2026/06/23/attract-needed-cloudflare-3/ HTTP/2" 200 30147 "-" "Mozilla/5.0 AppleWebKit/537.36 (KHTML, like Gecko; compatible; ClaudeBot/1.0; +claudebot@anthropic.com)"
136.243.228.180 - - [23/Jun/2026:06:06:49 -0700] "GET /2026/06/17/if-you-would-like-higher-volatility-choose-signature-headings-having-multiple-part-extra-cycles-age/ HTTP/1.1" 200 28581 "-" "Mozilla/5.0 (compatible; DataForSeoBot/1.0; +https://dataforseo.com/dataforseo-bot)"
185.191.171.9 - - [23/Jun/2026:06:06:54 -0700] "GET /2026/06/21/auf-ein-gesonderten-rand-beschreibt-der-casinoanbieter-gegenseitig-selbst/ HTTP/1.1" 200 34403 "-" "Mozilla/5.0 (compatible; SemrushBot/7~bl; +http://www.semrush.com/bot.html)"
74.7.241.32 - - [23/Jun/2026:06:06:55 -0700] "GET /wp-json/oembed/1.0/embed?format=xml&url=https%3A%2F%2Fdealzandfreebies.com%2F2026%2F06%2F23%2Fonline-casino-werkelijk-poen-offlin-speculeren-in-echt-poen-om-holland%2F HTTP/2" 200 1143 "https://dealzandfreebies.com/2026/06/23/online-casino-werkelijk-poen-offlin-speculeren-in-echt-poen-om-holland/" "Mozilla/5.0 AppleWebKit/537.36 (KHTML, like Gecko; compatible; GPTBot/1.4; +https://openai.com/gptbot)"
146.70.99.148 - - [23/Jun/2026:06:06:55 -0700] "POST /xmlrpc.php HTTP/1.1" 200 10382 "-" "Mozilla/5.0 (Windows NT 10.0; Win64; x64) AppleWebKit/537.36 (KHTML, like Gecko) Chrome/114.0.0.0 Safari/537.36"
216.73.217.103 - - [23/Jun/2026:06:06:58 -0700] "GET /2026/06/23/step-by-step-guide-to-jackbit-casino-uk/ HTTP/2" 200 0 "https://dealzandfreebies.com/?p=164296" "Mozilla/5.0 AppleWebKit/537.36 (KHTML, like Gecko; compatible; ClaudeBot/1.0; +claudebot@anthropic.com)"
216.73.217.103 - - [23/Jun/2026:06:06:58 -0700] "GET /2026/06/23/caesars-launches-on-line-casino-live-broker-from-inside-the-pennsylvania/ HTTP/2" 200 0 "https://dealzandfreebies.com/?p=164214" "Mozilla/5.0 AppleWebKit/537.36 (KHTML, like Gecko; compatible; ClaudeBot/1.0; +claudebot@anthropic.com)"
216.73.217.103 - - [23/Jun/2026:06:06:58 -0700] "GET /?p=164163 HTTP/2" 301 0 "-" "Mozilla/5.0 AppleWebKit/537.36 (KHTML, like Gecko; compatible; ClaudeBot/1.0; +claudebot@anthropic.com)"
74.7.241.32 - - [23/Jun/2026:06:07:01 -0700] "GET /wp-json/oembed/1.0/embed?format=xml&url=https%3A%2F%2Fdealzandfreebies.com%2F2026%2F06%2F19%2Fpin-up-azrbaycann-n-yax-kazinosu-rsmi-sayt-2876%2F HTTP/2" 200 1131 "https://dealzandfreebies.com/2026/06/19/pin-up-azrbaycann-n-yax-kazinosu-rsmi-sayt-2876/" "Mozilla/5.0 AppleWebKit/537.36 (KHTML, like Gecko; compatible; GPTBot/1.4; +https://openai.com/gptbot)"
216.73.217.103 - - [23/Jun/2026:06:07:01 -0700] "GET /?p=163131 HTTP/2" 301 0 "-" "Mozilla/5.0 AppleWebKit/537.36 (KHTML, like Gecko; compatible; ClaudeBot/1.0; +claudebot@anthropic.com)"
57.141.18.108 - - [23/Jun/2026:06:07:02 -0700] "GET /?p=150112 HTTP/2" 301 0 "-" "meta-externalagent/1.1 (+https://developers.facebook.com/docs/sharing/webmasters/crawler)"
193.36.38.13 - - [23/Jun/2026:06:07:02 -0700] "POST /xmlrpc.php HTTP/1.1" 200 7938 "-" "Mozilla/5.0 (Windows NT 10.0; Win64; x64) AppleWebKit/537.36 (KHTML, like Gecko) Chrome/114.0.0.0 Safari/537.36"
201.43.91.33 - - [23/Jun/2026:06:07:02 -0700] "GET /2026/06/12/de-psychologische-valkuilen-van-gokken-hoe-je/ HTTP/1.1" 200 28288 "-" "Mozilla/5.0 (X11; Linux x86_64; rv:1.9.7.20) Gecko/8562-04-10 18:08:03.857849 Firefox/6.0"
74.7.241.32 - - [23/Jun/2026:06:07:03 -0700] "GET /wp-json/oembed/1.0/embed?format=xml&url=https%3A%2F%2Fdealzandfreebies.com%2F2026%2F06%2F19%2Fpin-up-azrbaycann-n-yax-kazinosu-rsmi-sayt-3113%2F HTTP/2" 200 1126 "https://dealzandfreebies.com/2026/06/19/pin-up-azrbaycann-n-yax-kazinosu-rsmi-sayt-3113/" "Mozilla/5.0 AppleWebKit/537.36 (KHTML, like Gecko; compatible; GPTBot/1.4; +https://openai.com/gptbot)"
129.226.54.72 - - [23/Jun/2026:06:07:02 -0700] "GET /2026/03/15/onlajn-demo-rezhim-bez-vlozhenij-225-2/ HTTP/2" 200 28662 "https://dealzandfreebies.com/2026/03/15/onlajn-demo-rezhim-bez-vlozhenij-225-2/#t1" "Mozilla/5.0 (Macintosh; Intel Mac OS X 10_15_7) AppleWebKit/537.36 (KHTML, like Gecko) Chrome/119.0.0.0 Safari/537.36"
136.243.228.180 - - [23/Jun/2026:06:07:02 -0700] "GET /2026/06/17/in-conclusione-circa-casino-squad-puoi-selezionare-la-slot-a-sbafo-in-punto-ad-un-qualunque-parametri-ancora-provarla/ HTTP/1.1" 200 28144 "-" "Mozilla/5.0 (compatible; DataForSeoBot/1.0; +https://dataforseo.com/dataforseo-bot)"
43.172.195.242 - - [23/Jun/2026:06:07:03 -0700] "GET /2026/06/17/casino-pramie-ace-adventure-hd-slot-exklusive-einzahlung-juno-2026-aktuelle-register HTTP/1.1" 301 0 "-" "Mozilla/5.0 (Windows NT 10.0; Win64; x64) AppleWebKit/537.36 (KHTML, like Gecko) Chrome/107.0.0.0 Safari/537.36"
216.73.217.103 - - [23/Jun/2026:06:07:02 -0700] "GET /2026/06/23/virginia-real-money-web-based-casinos-gaming-internet-sites-from-inside-the-virtual-assistant-2026/ HTTP/2" 200 27638 "https://dealzandfreebies.com/?p=164163" "Mozilla/5.0 AppleWebKit/537.36 (KHTML, like Gecko; compatible; ClaudeBot/1.0; +claudebot@anthropic.com)"
74.7.241.32 - - [23/Jun/2026:06:07:04 -0700] "GET /?p=165295 HTTP/2" 301 0 "https://dealzandfreebies.com/2026/06/23/po-kazdym-wydarzeniu-publikujemy-potwierdzam-ogolna-wydajnosc-do-funbet-dobry-zalety-wlaczaja-uczciwa-dziesiatka-krotna-rozgrywke/" "Mozilla/5.0 AppleWebKit/537.36 (KHTML, like Gecko; compatible; GPTBot/1.4; +https://openai.com/gptbot)"
146.70.99.148 - - [23/Jun/2026:06:07:02 -0700] "GET /2026/06/23/unser-freispiele-abzuglich-einzahlung-sie-sind-as-part-of-den-lizenzierten-erreichbar-casinos-inside-deutschland-akzentuiert-haufiger-anzutreffen/ HTTP/1.1" 200 143685 "-" "Mozilla/5.0 (Windows NT 10.0; Win64; x64) AppleWebKit/537.36 (KHTML, like Gecko) Chrome/123.0.0.0 Safari/537.36"
216.73.217.103 - - [23/Jun/2026:06:07:03 -0700] "GET /2026/06/23/offlin-poker-ervoor-echt-geld-het-lieve-apps-plus-sites-2026/ HTTP/2" 200 29404 "https://dealzandfreebies.com/?p=163131" "Mozilla/5.0 AppleWebKit/537.36 (KHTML, like Gecko; compatible; ClaudeBot/1.0; +claudebot@anthropic.com)"
74.7.241.32 - - [23/Jun/2026:06:07:04 -0700] "GET /?p=165561 HTTP/2" 301 0 "https://dealzandfreebies.com/2026/06/23/it-is-expected-that-the-build-work-will-require-in-the-24-months/" "Mozilla/5.0 AppleWebKit/537.36 (KHTML, like Gecko; compatible; GPTBot/1.4; +https://openai.com/gptbot)"
193.36.38.13 - - [23/Jun/2026:06:07:04 -0700] "GET /2026/06/23/e-wallets-such-paypal-or-skrill-always-techniques-within-24-hours/ HTTP/1.1" 200 138545 "-" "Mozilla/5.0 (Windows NT 10.0; rv:109.0) Gecko/20100101 Firefox/115.0"
43.173.182.217 - - [23/Jun/2026:06:07:04 -0700] "GET /2026/06/10/greatest-cheerful-farmer-slot-free-spins-internet-casino-bonuses-coupons-june-2026/ HTTP/1.1" 200 35090 "-" "Mozilla/5.0 (Windows NT 10.0; Win64; x64) AppleWebKit/537.36 (KHTML, like Gecko) Chrome/108.0.0.0 Safari/537.36"
177.226.143.226 - - [23/Jun/2026:06:07:04 -0700] "GET /2026/06/21/przede-wszystkim-nalezy-ja-zalozyc-i-dlatego-wydac-praca-spinow/ HTTP/1.1" 200 29275 "-" "Opera/9.15.(Windows NT 6.1; ik-CA) Presto/2.9.181 Version/10.00"
43.173.182.198 - - [23/Jun/2026:06:07:04 -0700] "GET /2026/06/17/casino-pramie-ace-adventure-hd-slot-exklusive-einzahlung-juno-2026-aktuelle-register/ HTTP/1.1" 200 33574 "-" "Mozilla/5.0 (Windows NT 10.0; Win64; x64) AppleWebKit/537.36 (KHTML, like Gecko) Chrome/107.0.0.0 Safari/537.36"
74.7.241.32 - - [23/Jun/2026:06:07:05 -0700] "GET /2026/06/23/unser-enorm-rasche-gameplay-unterscheidet-selbige-plinko-spielbank-spielautomaten-durch-platt-machen-slots/ HTTP/2" 200 28531 "https://dealzandfreebies.com/2026/06/23/po-kazdym-wydarzeniu-publikujemy-potwierdzam-ogolna-wydajnosc-do-funbet-dobry-zalety-wlaczaja-uczciwa-dziesiatka-krotna-rozgrywke/" "Mozilla/5.0 AppleWebKit/537.36 (KHTML, like Gecko; compatible; GPTBot/1.4; +https://openai.com/gptbot)"
136.243.228.180 - - [23/Jun/2026:06:07:05 -0700] "GET /2026/06/17/samtliche-freispiele-ohne-eye-of-horus-ohne-anmeldung-online-slot-einzahlung-inside-helvetische-republik-feber-2024/ HTTP/1.1" 200 29272 "-" "Mozilla/5.0 (compatible; DataForSeoBot/1.0; +https://dataforseo.com/dataforseo-bot)"
146.70.99.148 - - [23/Jun/2026:06:07:06 -0700] "POST /xmlrpc.php HTTP/1.1" 200 181 "-" "Mozilla/5.0 (Windows NT 10.0; Win64; x64) AppleWebKit/537.36 (KHTML, like Gecko) Chrome/114.0.0.0 Safari/537.36"
74.7.241.32 - - [23/Jun/2026:06:07:06 -0700] "GET /2026/06/23/rotiri-gratuite-insa-achitare-iunie-queen-of-the-nile-120-rotiri-gratuite-2026-tu-cazinouri-onjn/ HTTP/2" 200 30575 "https://dealzandfreebies.com/2026/06/23/po-kazdym-wydarzeniu-publikujemy-potwierdzam-ogolna-wydajnosc-do-funbet-dobry-zalety-wlaczaja-uczciwa-dziesiatka-krotna-rozgrywke/" "Mozilla/5.0 AppleWebKit/537.36 (KHTML, like Gecko; compatible; GPTBot/1.4; +https://openai.com/gptbot)"
74.7.241.32 - - [23/Jun/2026:06:07:08 -0700] "GET /wp-json/wp/v2/posts/165561 HTTP/2" 200 2887 "https://dealzandfreebies.com/2026/06/23/it-is-expected-that-the-build-work-will-require-in-the-24-months/" "Mozilla/5.0 AppleWebKit/537.36 (KHTML, like Gecko; compatible; GPTBot/1.4; +https://openai.com/gptbot)"
74.7.241.32 - - [23/Jun/2026:06:07:08 -0700] "GET /wp-json/oembed/1.0/embed?url=https%3A%2F%2Fdealzandfreebies.com%2F2026%2F06%2F23%2Fpo-kazdym-wydarzeniu-publikujemy-potwierdzam-ogolna-wydajnosc-do-funbet-dobry-zalety-wlaczaja-uczciwa-dziesiatka-krotna-rozgrywke%2F HTTP/2" 200 1187 "https://dealzandfreebies.com/2026/06/23/po-kazdym-wydarzeniu-publikujemy-potwierdzam-ogolna-wydajnosc-do-funbet-dobry-zalety-wlaczaja-uczciwa-dziesiatka-krotna-rozgrywke/" "Mozilla/5.0 AppleWebKit/537.36 (KHTML, like Gecko; compatible; GPTBot/1.4; +https://openai.com/gptbot)"
43.173.178.84 - - [23/Jun/2026:06:07:09 -0700] "POST /wp-admin/admin-ajax.php HTTP/1.1" 200 22 "https://dealzandfreebies.com/2026/06/17/casino-pramie-ace-adventure-hd-slot-exklusive-einzahlung-juno-2026-aktuelle-register/" "Mozilla/5.0 (Windows NT 10.0; Win64; x64) AppleWebKit/537.36 (KHTML, like Gecko) Chrome/107.0.0.0 Safari/537.36"
74.7.241.32 - - [23/Jun/2026:06:07:09 -0700] "GET /wp-json/wp/v2/posts/165295 HTTP/2" 200 3814 "https://dealzandfreebies.com/2026/06/23/po-kazdym-wydarzeniu-publikujemy-potwierdzam-ogolna-wydajnosc-do-funbet-dobry-zalety-wlaczaja-uczciwa-dziesiatka-krotna-rozgrywke/" "Mozilla/5.0 AppleWebKit/537.36 (KHTML, like Gecko; compatible; GPTBot/1.4; +https://openai.com/gptbot)"
74.7.241.32 - - [23/Jun/2026:06:07:10 -0700] "GET /wp-json/oembed/1.0/embed?url=https%3A%2F%2Fdealzandfreebies.com%2F2026%2F06%2F23%2Fit-is-expected-that-the-build-work-will-require-in-the-24-months%2F HTTP/2" 200 1102 "https://dealzandfreebies.com/2026/06/23/it-is-expected-that-the-build-work-will-require-in-the-24-months/" "Mozilla/5.0 AppleWebKit/537.36 (KHTML, like Gecko; compatible; GPTBot/1.4; +https://openai.com/gptbot)"
74.7.241.32 - - [23/Jun/2026:06:07:10 -0700] "GET /wp-json/oembed/1.0/embed?format=xml&url=https%3A%2F%2Fdealzandfreebies.com%2F2026%2F06%2F23%2Fpo-kazdym-wydarzeniu-publikujemy-potwierdzam-ogolna-wydajnosc-do-funbet-dobry-zalety-wlaczaja-uczciwa-dziesiatka-krotna-rozgrywke%2F HTTP/2" 200 1211 "https://dealzandfreebies.com/2026/06/23/po-kazdym-wydarzeniu-publikujemy-potwierdzam-ogolna-wydajnosc-do-funbet-dobry-zalety-wlaczaja-uczciwa-dziesiatka-krotna-rozgrywke/" "Mozilla/5.0 AppleWebKit/537.36 (KHTML, like Gecko; compatible; GPTBot/1.4; +https://openai.com/gptbot)"
136.243.228.180 - - [23/Jun/2026:06:07:09 -0700] "GET /2026/06/17/following-the-bucks-have-been-around-in-the-revolut-membership-within-the-1-so-youre-able-to-twenty-three-business-days/ HTTP/1.1" 200 27867 "-" "Mozilla/5.0 (compatible; DataForSeoBot/1.0; +https://dataforseo.com/dataforseo-bot)"
74.7.241.32 - - [23/Jun/2026:06:07:11 -0700] "GET /wp-json/oembed/1.0/embed?format=xml&url=https%3A%2F%2Fdealzandfreebies.com%2F2026%2F06%2F23%2Fit-is-expected-that-the-build-work-will-require-in-the-24-months%2F HTTP/2" 200 1130 "https://dealzandfreebies.com/2026/06/23/it-is-expected-that-the-build-work-will-require-in-the-24-months/" "Mozilla/5.0 AppleWebKit/537.36 (KHTML, like Gecko; compatible; GPTBot/1.4; +https://openai.com/gptbot)"
57.141.18.4 - - [23/Jun/2026:06:07:11 -0700] "GET /wp-json/oembed/1.0/embed?url=https%3A%2F%2Fdealzandfreebies.com%2F2026%2F06%2F21%2Fvergleiche-dazu-einfach-as-part-of-unserer-topliste-uff-ferner-ernte-unsre-casinobewertungen%2F HTTP/2" 200 2633 "-" "meta-externalagent/1.1 (+https://developers.facebook.com/docs/sharing/webmasters/crawler)"
74.7.241.32 - - [23/Jun/2026:06:07:12 -0700] "GET /wp-json/oembed/1.0/embed?format=xml&url=https%3A%2F%2Fdealzandfreebies.com%2F2026%2F06%2F19%2Foficialnyi-sait-igrat-v-onlain-kazino-pinco4254%2F HTTP/2" 200 1208 "https://dealzandfreebies.com/2026/06/19/oficialnyi-sait-igrat-v-onlain-kazino-pinco4254/" "Mozilla/5.0 AppleWebKit/537.36 (KHTML, like Gecko; compatible; GPTBot/1.4; +https://openai.com/gptbot)"
74.7.241.32 - - [23/Jun/2026:06:07:12 -0700] "GET /wp-json/oembed/1.0/embed?format=xml&url=https%3A%2F%2Fdealzandfreebies.com%2F2026%2F06%2F19%2Fkak-organizovany-sovremennye-crm-sistemy-2%2F HTTP/2" 200 1184 "https://dealzandfreebies.com/2026/06/19/kak-organizovany-sovremennye-crm-sistemy-2/" "Mozilla/5.0 AppleWebKit/537.36 (KHTML, like Gecko; compatible; GPTBot/1.4; +https://openai.com/gptbot)"
23.90.184.84 - - [23/Jun/2026:06:07:10 -0700] "POST /xmlrpc.php HTTP/1.1" 200 181 "-" "Mozilla/5.0 (Windows NT 10.0; Win64; x64) AppleWebKit/537.36 (KHTML, like Gecko) Chrome/114.0.0.0 Safari/537.36"
74.7.241.32 - - [23/Jun/2026:06:07:13 -0700] "GET /wp-json/oembed/1.0/embed?format=xml&url=https%3A%2F%2Fdealzandfreebies.com%2F2026%2F06%2F19%2Fkak-postroeny-nyneshnie-obozrevateli-66%2F HTTP/2" 200 1182 "https://dealzandfreebies.com/2026/06/19/kak-postroeny-nyneshnie-obozrevateli-66/" "Mozilla/5.0 AppleWebKit/537.36 (KHTML, like Gecko; compatible; GPTBot/1.4; +https://openai.com/gptbot)"
146.70.99.148 - - [23/Jun/2026:06:07:12 -0700] "POST /xmlrpc.php HTTP/1.1" 200 9622 "-" "Mozilla/5.0 (Windows NT 10.0; Win64; x64) AppleWebKit/537.36 (KHTML, like Gecko) Chrome/114.0.0.0 Safari/537.36"
74.7.241.32 - - [23/Jun/2026:06:07:14 -0700] "GET /?p=165563 HTTP/2" 301 0 "https://dealzandfreebies.com/2026/06/23/unser-enorm-rasche-gameplay-unterscheidet-selbige-plinko-spielbank-spielautomaten-durch-platt-machen-slots/" "Mozilla/5.0 AppleWebKit/537.36 (KHTML, like Gecko; compatible; GPTBot/1.4; +https://openai.com/gptbot)"
74.7.241.32 - - [23/Jun/2026:06:07:14 -0700] "GET /?p=165293 HTTP/2" 301 0 "https://dealzandfreebies.com/2026/06/23/rotiri-gratuite-insa-achitare-iunie-queen-of-the-nile-120-rotiri-gratuite-2026-tu-cazinouri-onjn/" "Mozilla/5.0 AppleWebKit/537.36 (KHTML, like Gecko; compatible; GPTBot/1.4; +https://openai.com/gptbot)"
43.173.181.172 - - [23/Jun/2026:06:07:14 -0700] "POST /wp-admin/admin-ajax.php HTTP/1.1" 200 22 "https://dealzandfreebies.com/2026/06/10/greatest-cheerful-farmer-slot-free-spins-internet-casino-bonuses-coupons-june-2026/" "Mozilla/5.0 (Windows NT 10.0; Win64; x64) AppleWebKit/537.36 (KHTML, like Gecko) Chrome/108.0.0.0 Safari/537.36"
85.208.96.207 - - [23/Jun/2026:06:07:14 -0700] "GET /2026/06/21/the-new-skyrocket-vip-pub-are-a-strange-collection-of-places-that-you-should-buy-intergalactic-rewards/ HTTP/1.1" 200 33909 "-" "Mozilla/5.0 (compatible; SemrushBot/7~bl; +http://www.semrush.com/bot.html)"
136.243.228.180 - - [23/Jun/2026:06:07:13 -0700] "GET /2026/06/17/questi-simboli-sono-diventati-come-famosi-come-le-slot-nel-autorita-unito-sinon-chiamano-fruit-machine/ HTTP/1.1" 200 29393 "-" "Mozilla/5.0 (compatible; DataForSeoBot/1.0; +https://dataforseo.com/dataforseo-bot)"
74.7.241.32 - - [23/Jun/2026:06:07:15 -0700] "GET /2026/06/23/unser-freispiele-abzuglich-einzahlung-sie-sind-as-part-of-den-lizenzierten-erreichbar-casinos-inside-deutschland-akzentuiert-haufiger-anzutreffen/ HTTP/2" 200 28666 "https://dealzandfreebies.com/2026/06/23/unser-enorm-rasche-gameplay-unterscheidet-selbige-plinko-spielbank-spielautomaten-durch-platt-machen-slots/" "Mozilla/5.0 AppleWebKit/537.36 (KHTML, like Gecko; compatible; GPTBot/1.4; +https://openai.com/gptbot)"
146.70.99.148 - - [23/Jun/2026:06:07:14 -0700] "GET /2026/06/23/unser-einzahlungen-im-stande-sein-via-diverse-zahlungsmethoden-passieren-dieweil-diese-nachfolgende-mindestanforderungen-abschlieen/ HTTP/1.1" 200 142377 "-" "Mozilla/5.0 (Windows NT 10.0; rv:125.0) Gecko/20100101 Firefox/125.0"
74.7.241.32 - - [23/Jun/2026:06:07:16 -0700] "GET /2026/06/23/unser-einzahlungen-im-stande-sein-via-diverse-zahlungsmethoden-passieren-dieweil-diese-nachfolgende-mindestanforderungen-abschlieen/ HTTP/2" 200 28436 "https://dealzandfreebies.com/2026/06/23/unser-enorm-rasche-gameplay-unterscheidet-selbige-plinko-spielbank-spielautomaten-durch-platt-machen-slots/" "Mozilla/5.0 AppleWebKit/537.36 (KHTML, like Gecko; compatible; GPTBot/1.4; +https://openai.com/gptbot)"
74.7.241.32 - - [23/Jun/2026:06:07:17 -0700] "GET /2026/06/23/e-wallets-such-paypal-or-skrill-always-techniques-within-24-hours/ HTTP/2" 200 27693 "https://dealzandfreebies.com/2026/06/23/unser-enorm-rasche-gameplay-unterscheidet-selbige-plinko-spielbank-spielautomaten-durch-platt-machen-slots/" "Mozilla/5.0 AppleWebKit/537.36 (KHTML, like Gecko; compatible; GPTBot/1.4; +https://openai.com/gptbot)"
136.243.228.180 - - [23/Jun/2026:06:07:17 -0700] "GET /2026/06/17/in-the-the-new-southern-area-out-of-asia-it-is-called-punto-banco-player-banker/ HTTP/1.1" 200 27713 "-" "Mozilla/5.0 (compatible; DataForSeoBot/1.0; +https://dataforseo.com/dataforseo-bot)"
57.141.18.89 - - [23/Jun/2026:06:07:17 -0700] "GET /2026/06/22/girls-productive-therefore-thunderstruck-repaired-1-put-2025-can-also-be-manner-gowns/ HTTP/2" 200 148106 "-" "meta-externalagent/1.1 (+https://developers.facebook.com/docs/sharing/webmasters/crawler)"
23.90.184.84 - - [23/Jun/2026:06:07:18 -0700] "POST /xmlrpc.php HTTP/1.1" 200 8897 "-" "Mozilla/5.0 (Windows NT 10.0; Win64; x64) AppleWebKit/537.36 (KHTML, like Gecko) Chrome/114.0.0.0 Safari/537.36"
74.7.241.32 - - [23/Jun/2026:06:07:18 -0700] "GET /2026/06/23/10-finest-online-casinos-the-real-deal-money-usa-into-the-2026/ HTTP/2" 200 28500 "https://dealzandfreebies.com/2026/06/23/rotiri-gratuite-insa-achitare-iunie-queen-of-the-nile-120-rotiri-gratuite-2026-tu-cazinouri-onjn/" "Mozilla/5.0 AppleWebKit/537.36 (KHTML, like Gecko; compatible; GPTBot/1.4; +https://openai.com/gptbot)"
74.7.241.32 - - [23/Jun/2026:06:07:19 -0700] "GET /wp-json/oembed/1.0/embed?url=https%3A%2F%2Fdealzandfreebies.com%2F2026%2F06%2F23%2Funser-enorm-rasche-gameplay-unterscheidet-selbige-plinko-spielbank-spielautomaten-durch-platt-machen-slots%2F HTTP/2" 200 1159 "https://dealzandfreebies.com/2026/06/23/unser-enorm-rasche-gameplay-unterscheidet-selbige-plinko-spielbank-spielautomaten-durch-platt-machen-slots/" "Mozilla/5.0 AppleWebKit/537.36 (KHTML, like Gecko; compatible; GPTBot/1.4; +https://openai.com/gptbot)"
74.7.241.32 - - [23/Jun/2026:06:07:20 -0700] "GET /wp-json/wp/v2/posts/165563 HTTP/2" 200 3627 "https://dealzandfreebies.com/2026/06/23/unser-enorm-rasche-gameplay-unterscheidet-selbige-plinko-spielbank-spielautomaten-durch-platt-machen-slots/" "Mozilla/5.0 AppleWebKit/537.36 (KHTML, like Gecko; compatible; GPTBot/1.4; +https://openai.com/gptbot)"
74.7.241.32 - - [23/Jun/2026:06:07:21 -0700] "GET /wp-json/wp/v2/posts/165293 HTTP/2" 200 5728 "https://dealzandfreebies.com/2026/06/23/rotiri-gratuite-insa-achitare-iunie-queen-of-the-nile-120-rotiri-gratuite-2026-tu-cazinouri-onjn/" "Mozilla/5.0 AppleWebKit/537.36 (KHTML, like Gecko; compatible; GPTBot/1.4; +https://openai.com/gptbot)"
23.90.184.84 - - [23/Jun/2026:06:07:19 -0700] "GET /2026/06/23/is-an-insight-into-how-exactly-we-determine-sweepstakes-local-casino-internet/ HTTP/1.1" 200 139293 "-" "Mozilla/5.0 (Windows NT 10.0; Win64; x64) AppleWebKit/537.36 (KHTML, like Gecko) Chrome/124.0.0.0 Safari/537.36 Edg/124.0.0.0"
74.7.241.32 - - [23/Jun/2026:06:07:21 -0700] "GET /wp-json/oembed/1.0/embed?url=https%3A%2F%2Fdealzandfreebies.com%2F2026%2F06%2F23%2Frotiri-gratuite-insa-achitare-iunie-queen-of-the-nile-120-rotiri-gratuite-2026-tu-cazinouri-onjn%2F HTTP/2" 200 1149 "https://dealzandfreebies.com/2026/06/23/rotiri-gratuite-insa-achitare-iunie-queen-of-the-nile-120-rotiri-gratuite-2026-tu-cazinouri-onjn/" "Mozilla/5.0 AppleWebKit/537.36 (KHTML, like Gecko; compatible; GPTBot/1.4; +https://openai.com/gptbot)"
74.7.241.32 - - [23/Jun/2026:06:07:22 -0700] "GET /wp-json/oembed/1.0/embed?format=xml&url=https%3A%2F%2Fdealzandfreebies.com%2F2026%2F06%2F23%2Funser-enorm-rasche-gameplay-unterscheidet-selbige-plinko-spielbank-spielautomaten-durch-platt-machen-slots%2F HTTP/2" 200 1170 "https://dealzandfreebies.com/2026/06/23/unser-enorm-rasche-gameplay-unterscheidet-selbige-plinko-spielbank-spielautomaten-durch-platt-machen-slots/" "Mozilla/5.0 AppleWebKit/537.36 (KHTML, like Gecko; compatible; GPTBot/1.4; +https://openai.com/gptbot)"
136.243.228.180 - - [23/Jun/2026:06:07:21 -0700] "GET /2026/06/17/dowolne-odmiany-wiarygodne-kasyno-online-poddalo-masz-gra-online-szczegolowej-ocenie-specjalistom-ecogra-lub-itech-labs/ HTTP/1.1" 200 29440 "-" "Mozilla/5.0 (compatible; DataForSeoBot/1.0; +https://dataforseo.com/dataforseo-bot)"
185.191.171.14 - - [23/Jun/2026:06:07:21 -0700] "GET /2026/06/22/indi-lapprovazione-il-casa-da-gioco-trasmette-una-transazione-bitcoin-allindirizzo-del-giocatore/ HTTP/1.1" 200 32921 "-" "Mozilla/5.0 (compatible; SemrushBot/7~bl; +http://www.semrush.com/bot.html)"
74.7.241.32 - - [23/Jun/2026:06:07:22 -0700] "GET /wp-json/oembed/1.0/embed?format=xml&url=https%3A%2F%2Fdealzandfreebies.com%2F2026%2F06%2F19%2Fkak-sproektirovany-aktualnye-brauzery-50%2F HTTP/2" 200 1196 "https://dealzandfreebies.com/2026/06/19/kak-sproektirovany-aktualnye-brauzery-50/" "Mozilla/5.0 AppleWebKit/537.36 (KHTML, like Gecko; compatible; GPTBot/1.4; +https://openai.com/gptbot)"
74.7.241.32 - - [23/Jun/2026:06:07:23 -0700] "GET /wp-json/oembed/1.0/embed?format=xml&url=https%3A%2F%2Fdealzandfreebies.com%2F2026%2F06%2F19%2Fkak-organizovany-aktualnye-brauzery-69%2F HTTP/2" 200 1184 "https://dealzandfreebies.com/2026/06/19/kak-organizovany-aktualnye-brauzery-69/" "Mozilla/5.0 AppleWebKit/537.36 (KHTML, like Gecko; compatible; GPTBot/1.4; +https://openai.com/gptbot)"
57.141.18.97 - - [23/Jun/2026:06:07:23 -0700] "GET /2026/06/21/these-identify-the-way-you-use-the-main-benefit-you-are-considering/ HTTP/2" 200 142541 "-" "meta-externalagent/1.1 (+https://developers.facebook.com/docs/sharing/webmasters/crawler)"
74.7.241.32 - - [23/Jun/2026:06:07:23 -0700] "GET /?p=165565 HTTP/2" 301 0 "https://dealzandfreebies.com/2026/06/23/unser-freispiele-abzuglich-einzahlung-sie-sind-as-part-of-den-lizenzierten-erreichbar-casinos-inside-deutschland-akzentuiert-haufiger-anzutreffen/" "Mozilla/5.0 AppleWebKit/537.36 (KHTML, like Gecko; compatible; GPTBot/1.4; +https://openai.com/gptbot)"
104.255.170.81 - - [23/Jun/2026:06:07:24 -0700] "POST /wp-cron.php?doing_wp_cron=1782220044.5677599906921386718750 HTTP/1.1" 200 0 "-" "WordPress/7.0; https://dealzandfreebies.com"
74.7.241.32 - - [23/Jun/2026:06:07:24 -0700] "GET /?p=165569 HTTP/2" 301 0 "https://dealzandfreebies.com/2026/06/23/unser-einzahlungen-im-stande-sein-via-diverse-zahlungsmethoden-passieren-dieweil-diese-nachfolgende-mindestanforderungen-abschlieen/" "Mozilla/5.0 AppleWebKit/537.36 (KHTML, like Gecko; compatible; GPTBot/1.4; +https://openai.com/gptbot)"
74.7.241.32 - - [23/Jun/2026:06:07:24 -0700] "GET /?p=165567 HTTP/2" 301 0 "https://dealzandfreebies.com/2026/06/23/e-wallets-such-paypal-or-skrill-always-techniques-within-24-hours/" "Mozilla/5.0 AppleWebKit/537.36 (KHTML, like Gecko; compatible; GPTBot/1.4; +https://openai.com/gptbot)"
74.7.241.32 - - [23/Jun/2026:06:07:25 -0700] "GET /?p=165291 HTTP/2" 301 0 "https://dealzandfreebies.com/2026/06/23/10-finest-online-casinos-the-real-deal-money-usa-into-the-2026/" "Mozilla/5.0 AppleWebKit/537.36 (KHTML, like Gecko; compatible; GPTBot/1.4; +https://openai.com/gptbot)"
146.70.99.148 - - [23/Jun/2026:06:07:25 -0700] "POST /xmlrpc.php HTTP/1.1" 403 0 "-" "Mozilla/5.0 (Windows NT 10.0; Win64; x64) AppleWebKit/537.36 (KHTML, like Gecko) Chrome/114.0.0.0 Safari/537.36"
136.243.228.180 - - [23/Jun/2026:06:07:25 -0700] "GET /2026/06/17/grjadushhee-jelektronnyh-innovacij-i-robotizacii-25/ HTTP/1.1" 200 32306 "-" "Mozilla/5.0 (compatible; DataForSeoBot/1.0; +https://dataforseo.com/dataforseo-bot)"
74.7.241.32 - - [23/Jun/2026:06:07:25 -0700] "GET /2026/06/23/is-an-insight-into-how-exactly-we-determine-sweepstakes-local-casino-internet/ HTTP/2" 200 27834 "https://dealzandfreebies.com/2026/06/23/unser-freispiele-abzuglich-einzahlung-sie-sind-as-part-of-den-lizenzierten-erreichbar-casinos-inside-deutschland-akzentuiert-haufiger-anzutreffen/" "Mozilla/5.0 AppleWebKit/537.36 (KHTML, like Gecko; compatible; GPTBot/1.4; +https://openai.com/gptbot)"
216.73.217.103 - - [23/Jun/2026:06:07:26 -0700] "GET /2026/06/23/wms-industries-softwar-slots-plus-casino-spellen/ HTTP/2" 200 30792 "-" "Mozilla/5.0 AppleWebKit/537.36 (KHTML, like Gecko; compatible; ClaudeBot/1.0; +claudebot@anthropic.com)"
216.73.217.103 - - [23/Jun/2026:06:07:26 -0700] "GET /2026/06/23/wms-gokhal-games-gratis-optreden/ HTTP/2" 200 30413 "-" "Mozilla/5.0 AppleWebKit/537.36 (KHTML, like Gecko; compatible; ClaudeBot/1.0; +claudebot@anthropic.com)"
74.7.241.32 - - [23/Jun/2026:06:07:27 -0700] "GET /2026/06/23/unser-procuring-pramie-within-feuer-speiender-hohe-umgangssprachlich-vegas-wirklich-so-ist-und-bleibt-er-gutgeschrieben/ HTTP/2" 200 28635 "https://dealzandfreebies.com/2026/06/23/10-finest-online-casinos-the-real-deal-money-usa-into-the-2026/" "Mozilla/5.0 AppleWebKit/537.36 (KHTML, like Gecko; compatible; GPTBot/1.4; +https://openai.com/gptbot)"
104.255.170.81 - - [23/Jun/2026:06:07:28 -0700] "POST /wp-cron.php?doing_wp_cron=1782220048.9375259876251220703125 HTTP/1.1" 200 0 "-" "WordPress/7.0; https://dealzandfreebies.com"
193.36.38.176 - - [23/Jun/2026:06:07:27 -0700] "POST /xmlrpc.php HTTP/1.1" 200 181 "-" "Mozilla/5.0 (Windows NT 10.0; Win64; x64) AppleWebKit/537.36 (KHTML, like Gecko) Chrome/114.0.0.0 Safari/537.36"
74.7.241.32 - - [23/Jun/2026:06:07:28 -0700] "GET /wp-json/oembed/1.0/embed?url=https%3A%2F%2Fdealzandfreebies.com%2F2026%2F06%2F23%2Funser-freispiele-abzuglich-einzahlung-sie-sind-as-part-of-den-lizenzierten-erreichbar-casinos-inside-deutschland-akzentuiert-haufiger-anzutreffen%2F HTTP/2" 200 1194 "https://dealzandfreebies.com/2026/06/23/unser-freispiele-abzuglich-einzahlung-sie-sind-as-part-of-den-lizenzierten-erreichbar-casinos-inside-deutschland-akzentuiert-haufiger-anzutreffen/" "Mozilla/5.0 AppleWebKit/537.36 (KHTML, like Gecko; compatible; GPTBot/1.4; +https://openai.com/gptbot)"
216.73.217.103 - - [23/Jun/2026:06:07:28 -0700] "GET /2026/06/23/non-ce-lhai-e-e-vorresti-richiederla/ HTTP/2" 200 27957 "-" "Mozilla/5.0 AppleWebKit/537.36 (KHTML, like Gecko; compatible; ClaudeBot/1.0; +claudebot@anthropic.com)"
74.7.241.32 - - [23/Jun/2026:06:07:29 -0700] "GET /wp-json/wp/v2/posts/165291 HTTP/2" 200 3509 "https://dealzandfreebies.com/2026/06/23/10-finest-online-casinos-the-real-deal-money-usa-into-the-2026/" "Mozilla/5.0 AppleWebKit/537.36 (KHTML, like Gecko; compatible; GPTBot/1.4; +https://openai.com/gptbot)"
216.73.217.103 - - [23/Jun/2026:06:07:28 -0700] "GET /2026/06/23/comparing-options-for-sky-registration-a-comprehensive-guide/ HTTP/2" 200 27579 "-" "Mozilla/5.0 AppleWebKit/537.36 (KHTML, like Gecko; compatible; ClaudeBot/1.0; +claudebot@anthropic.com)"
74.7.241.32 - - [23/Jun/2026:06:07:29 -0700] "GET /wp-json/wp/v2/posts/165569 HTTP/2" 200 3579 "https://dealzandfreebies.com/2026/06/23/unser-einzahlungen-im-stande-sein-via-diverse-zahlungsmethoden-passieren-dieweil-diese-nachfolgende-mindestanforderungen-abschlieen/" "Mozilla/5.0 AppleWebKit/537.36 (KHTML, like Gecko; compatible; GPTBot/1.4; +https://openai.com/gptbot)"
185.191.171.19 - - [23/Jun/2026:06:07:29 -0700] "GET /2026/06/23/the-brand-new-casino-centers-on-getting-a-no-rubbish-enjoyable-position-expertise-in-a-great-rtp-video-game/ HTTP/1.1" 200 34093 "-" "Mozilla/5.0 (compatible; SemrushBot/7~bl; +http://www.semrush.com/bot.html)"
74.7.241.32 - - [23/Jun/2026:06:07:30 -0700] "GET /wp-json/wp/v2/posts/165567 HTTP/2" 200 2807 "https://dealzandfreebies.com/2026/06/23/e-wallets-such-paypal-or-skrill-always-techniques-within-24-hours/" "Mozilla/5.0 AppleWebKit/537.36 (KHTML, like Gecko; compatible; GPTBot/1.4; +https://openai.com/gptbot)"
136.243.228.180 - - [23/Jun/2026:06:07:30 -0700] "GET /2026/06/17/in-addition-work-regarding-real-time-customers-does-not-appear-to-include-some-thing-beyond-to-relax-and-play-casino-games/ HTTP/1.1" 200 27835 "-" "Mozilla/5.0 (compatible; DataForSeoBot/1.0; +https://dataforseo.com/dataforseo-bot)"
