74.7.241.32 - - [23/Jun/2026:06:07:30 -0700] "GET /wp-json/wp/v2/posts/165565 HTTP/2" 200 3880 "https://dealzandfreebies.com/2026/06/23/unser-freispiele-abzuglich-einzahlung-sie-sind-as-part-of-den-lizenzierten-erreichbar-casinos-inside-deutschland-akzentuiert-haufiger-anzutreffen/" "Mozilla/5.0 AppleWebKit/537.36 (KHTML, like Gecko; compatible; GPTBot/1.4; +https://openai.com/gptbot)"
104.255.170.81 - - [23/Jun/2026:06:07:31 -0700] "POST /wp-cron.php?doing_wp_cron=1782220051.3715090751647949218750 HTTP/1.1" 200 0 "-" "WordPress/7.0; https://dealzandfreebies.com"
128.14.102.150 - - [23/Jun/2026:06:07:30 -0700] "POST /xmlrpc.php HTTP/1.1" 200 181 "-" "Mozilla/5.0 (Windows NT 10.0; Win64; x64) AppleWebKit/537.36 (KHTML, like Gecko) Chrome/114.0.0.0 Safari/537.36"
74.7.241.32 - - [23/Jun/2026:06:07:31 -0700] "GET /wp-json/oembed/1.0/embed?url=https%3A%2F%2Fdealzandfreebies.com%2F2026%2F06%2F23%2Funser-einzahlungen-im-stande-sein-via-diverse-zahlungsmethoden-passieren-dieweil-diese-nachfolgende-mindestanforderungen-abschlieen%2F HTTP/2" 200 1168 "https://dealzandfreebies.com/2026/06/23/unser-einzahlungen-im-stande-sein-via-diverse-zahlungsmethoden-passieren-dieweil-diese-nachfolgende-mindestanforderungen-abschlieen/" "Mozilla/5.0 AppleWebKit/537.36 (KHTML, like Gecko; compatible; GPTBot/1.4; +https://openai.com/gptbot)"
74.7.241.32 - - [23/Jun/2026:06:07:31 -0700] "GET /wp-json/oembed/1.0/embed?url=https%3A%2F%2Fdealzandfreebies.com%2F2026%2F06%2F23%2Fe-wallets-such-paypal-or-skrill-always-techniques-within-24-hours%2F HTTP/2" 200 1111 "https://dealzandfreebies.com/2026/06/23/e-wallets-such-paypal-or-skrill-always-techniques-within-24-hours/" "Mozilla/5.0 AppleWebKit/537.36 (KHTML, like Gecko; compatible; GPTBot/1.4; +https://openai.com/gptbot)"
74.7.241.32 - - [23/Jun/2026:06:07:32 -0700] "GET /wp-json/oembed/1.0/embed?url=https%3A%2F%2Fdealzandfreebies.com%2F2026%2F06%2F23%2F10-finest-online-casinos-the-real-deal-money-usa-into-the-2026%2F HTTP/2" 200 1098 "https://dealzandfreebies.com/2026/06/23/10-finest-online-casinos-the-real-deal-money-usa-into-the-2026/" "Mozilla/5.0 AppleWebKit/537.36 (KHTML, like Gecko; compatible; GPTBot/1.4; +https://openai.com/gptbot)"
185.191.206.89 - - [23/Jun/2026:06:07:29 -0700] "POST /xmlrpc.php HTTP/1.1" 200 181 "-" "Mozilla/5.0 (Windows NT 10.0; Win64; x64) AppleWebKit/537.36 (KHTML, like Gecko) Chrome/114.0.0.0 Safari/537.36"
74.7.241.32 - - [23/Jun/2026:06:07:32 -0700] "GET /wp-json/oembed/1.0/embed?format=xml&url=https%3A%2F%2Fdealzandfreebies.com%2F2026%2F06%2F23%2Funser-einzahlungen-im-stande-sein-via-diverse-zahlungsmethoden-passieren-dieweil-diese-nachfolgende-mindestanforderungen-abschlieen%2F HTTP/2" 200 1193 "https://dealzandfreebies.com/2026/06/23/unser-einzahlungen-im-stande-sein-via-diverse-zahlungsmethoden-passieren-dieweil-diese-nachfolgende-mindestanforderungen-abschlieen/" "Mozilla/5.0 AppleWebKit/537.36 (KHTML, like Gecko; compatible; GPTBot/1.4; +https://openai.com/gptbot)"
74.7.241.32 - - [23/Jun/2026:06:07:33 -0700] "GET /?p=165571 HTTP/2" 301 0 "https://dealzandfreebies.com/2026/06/23/is-an-insight-into-how-exactly-we-determine-sweepstakes-local-casino-internet/" "Mozilla/5.0 AppleWebKit/537.36 (KHTML, like Gecko; compatible; GPTBot/1.4; +https://openai.com/gptbot)"
74.7.241.32 - - [23/Jun/2026:06:07:34 -0700] "GET /?p=165287 HTTP/2" 301 0 "https://dealzandfreebies.com/2026/06/23/unser-procuring-pramie-within-feuer-speiender-hohe-umgangssprachlich-vegas-wirklich-so-ist-und-bleibt-er-gutgeschrieben/" "Mozilla/5.0 AppleWebKit/537.36 (KHTML, like Gecko; compatible; GPTBot/1.4; +https://openai.com/gptbot)"
136.243.228.180 - - [23/Jun/2026:06:07:33 -0700] "GET /2026/06/17/malauguratamente-non-e-realizzabile-detrarre-chiaramente-alcun-bonus-escludendo-base-spontaneo-senza-indugio-dopo-la-deborda-perdita/ HTTP/1.1" 200 29444 "-" "Mozilla/5.0 (compatible; DataForSeoBot/1.0; +https://dataforseo.com/dataforseo-bot)"
193.36.38.13 - - [23/Jun/2026:06:07:33 -0700] "POST /xmlrpc.php HTTP/1.1" 200 181 "-" "Mozilla/5.0 (Windows NT 10.0; Win64; x64) AppleWebKit/537.36 (KHTML, like Gecko) Chrome/114.0.0.0 Safari/537.36"
193.36.38.176 - - [23/Jun/2026:06:07:34 -0700] "POST /xmlrpc.php HTTP/1.1" 200 9510 "-" "Mozilla/5.0 (Windows NT 10.0; Win64; x64) AppleWebKit/537.36 (KHTML, like Gecko) Chrome/114.0.0.0 Safari/537.36"
74.7.241.32 - - [23/Jun/2026:06:07:34 -0700] "GET /2026/06/23/glucksspiele-bei-ihr-spielholle-werden-zu-handen-erheblich-menschen-ihr-beliebter-vergnugen/ HTTP/2" 200 28461 "https://dealzandfreebies.com/2026/06/23/unser-procuring-pramie-within-feuer-speiender-hohe-umgangssprachlich-vegas-wirklich-so-ist-und-bleibt-er-gutgeschrieben/" "Mozilla/5.0 AppleWebKit/537.36 (KHTML, like Gecko; compatible; GPTBot/1.4; +https://openai.com/gptbot)"
85.208.96.210 - - [23/Jun/2026:06:07:35 -0700] "GET /2026/06/20/of-a-lot-online-casinos-bring-bonuses-and-you-can-promotions-to-members-just-who-generate-lowest-dumps/ HTTP/1.1" 200 32896 "-" "Mozilla/5.0 (compatible; SemrushBot/7~bl; +http://www.semrush.com/bot.html)"
193.36.38.176 - - [23/Jun/2026:06:07:35 -0700] "GET /2026/06/23/glucksspiele-bei-ihr-spielholle-werden-zu-handen-erheblich-menschen-ihr-beliebter-vergnugen/ HTTP/1.1" 200 141581 "-" "Mozilla/5.0 (Windows NT 10.0; rv:109.0) Gecko/20100101 Firefox/115.0"
74.7.241.32 - - [23/Jun/2026:06:07:36 -0700] "GET /2026/06/23/top-us-online-casinos-2026-real-money-play-looked-at/ HTTP/2" 200 29405 "https://dealzandfreebies.com/2026/06/23/unser-procuring-pramie-within-feuer-speiender-hohe-umgangssprachlich-vegas-wirklich-so-ist-und-bleibt-er-gutgeschrieben/" "Mozilla/5.0 AppleWebKit/537.36 (KHTML, like Gecko; compatible; GPTBot/1.4; +https://openai.com/gptbot)"
57.141.18.6 - - [23/Jun/2026:06:07:36 -0700] "GET /wp-json/oembed/1.0/embed?url=https%3A%2F%2Fdealzandfreebies.com%2F2026%2F06%2F21%2Fustal-ograniczenia-i-bedziesz-traktuj-granie-masz-rozrywke-zamiast-sposoby-na-zarobek%2F HTTP/2" 200 2601 "-" "meta-externalagent/1.1 (+https://developers.facebook.com/docs/sharing/webmasters/crawler)"
74.7.241.32 - - [23/Jun/2026:06:07:37 -0700] "GET /wp-json/oembed/1.0/embed?url=https%3A%2F%2Fdealzandfreebies.com%2F2026%2F06%2F23%2Fis-an-insight-into-how-exactly-we-determine-sweepstakes-local-casino-internet%2F HTTP/2" 200 1112 "https://dealzandfreebies.com/2026/06/23/is-an-insight-into-how-exactly-we-determine-sweepstakes-local-casino-internet/" "Mozilla/5.0 AppleWebKit/537.36 (KHTML, like Gecko; compatible; GPTBot/1.4; +https://openai.com/gptbot)"
128.14.102.150 - - [23/Jun/2026:06:07:37 -0700] "POST /xmlrpc.php HTTP/1.1" 200 14023 "-" "Mozilla/5.0 (Windows NT 10.0; Win64; x64) AppleWebKit/537.36 (KHTML, like Gecko) Chrome/114.0.0.0 Safari/537.36"
74.7.241.32 - - [23/Jun/2026:06:07:37 -0700] "GET /wp-json/oembed/1.0/embed?url=https%3A%2F%2Fdealzandfreebies.com%2F2026%2F06%2F23%2Funser-procuring-pramie-within-feuer-speiender-hohe-umgangssprachlich-vegas-wirklich-so-ist-und-bleibt-er-gutgeschrieben%2F HTTP/2" 200 1200 "https://dealzandfreebies.com/2026/06/23/unser-procuring-pramie-within-feuer-speiender-hohe-umgangssprachlich-vegas-wirklich-so-ist-und-bleibt-er-gutgeschrieben/" "Mozilla/5.0 AppleWebKit/537.36 (KHTML, like Gecko; compatible; GPTBot/1.4; +https://openai.com/gptbot)"
74.7.241.32 - - [23/Jun/2026:06:07:38 -0700] "GET /wp-json/wp/v2/posts/165571 HTTP/2" 200 3178 "https://dealzandfreebies.com/2026/06/23/is-an-insight-into-how-exactly-we-determine-sweepstakes-local-casino-internet/" "Mozilla/5.0 AppleWebKit/537.36 (KHTML, like Gecko; compatible; GPTBot/1.4; +https://openai.com/gptbot)"
136.243.228.180 - - [23/Jun/2026:06:07:37 -0700] "GET /2026/06/17/in-the-event-that-affiliate-towns-a-passionate-ante-both-sides-is-dealt-a-give-of-five-cards/ HTTP/1.1" 200 27540 "-" "Mozilla/5.0 (compatible; DataForSeoBot/1.0; +https://dataforseo.com/dataforseo-bot)"
185.191.206.69 - - [23/Jun/2026:06:07:37 -0700] "POST /xmlrpc.php HTTP/1.1" 200 181 "-" "Mozilla/5.0 (Windows NT 10.0; Win64; x64) AppleWebKit/537.36 (KHTML, like Gecko) Chrome/114.0.0.0 Safari/537.36"
74.7.241.32 - - [23/Jun/2026:06:07:38 -0700] "GET /wp-json/wp/v2/posts/165287 HTTP/2" 200 3814 "https://dealzandfreebies.com/2026/06/23/unser-procuring-pramie-within-feuer-speiender-hohe-umgangssprachlich-vegas-wirklich-so-ist-und-bleibt-er-gutgeschrieben/" "Mozilla/5.0 AppleWebKit/537.36 (KHTML, like Gecko; compatible; GPTBot/1.4; +https://openai.com/gptbot)"
74.7.241.32 - - [23/Jun/2026:06:07:39 -0700] "GET /wp-json/oembed/1.0/embed?format=xml&url=https%3A%2F%2Fdealzandfreebies.com%2F2026%2F06%2F23%2Fis-an-insight-into-how-exactly-we-determine-sweepstakes-local-casino-internet%2F HTTP/2" 200 1139 "https://dealzandfreebies.com/2026/06/23/is-an-insight-into-how-exactly-we-determine-sweepstakes-local-casino-internet/" "Mozilla/5.0 AppleWebKit/537.36 (KHTML, like Gecko; compatible; GPTBot/1.4; +https://openai.com/gptbot)"
128.14.102.150 - - [23/Jun/2026:06:07:38 -0700] "GET /2026/06/23/offlin-bingo-acteren-voordat-echt-geld-mijngroeve-bergtop-3-geteste-sites/ HTTP/1.1" 200 145871 "-" "Mozilla/5.0 (Windows NT 10.0; rv:109.0) Gecko/20100101 Firefox/115.0"
74.7.241.32 - - [23/Jun/2026:06:07:39 -0700] "GET /wp-json/oembed/1.0/embed?format=xml&url=https%3A%2F%2Fdealzandfreebies.com%2F2026%2F06%2F23%2Funser-procuring-pramie-within-feuer-speiender-hohe-umgangssprachlich-vegas-wirklich-so-ist-und-bleibt-er-gutgeschrieben%2F HTTP/2" 200 1220 "https://dealzandfreebies.com/2026/06/23/unser-procuring-pramie-within-feuer-speiender-hohe-umgangssprachlich-vegas-wirklich-so-ist-und-bleibt-er-gutgeschrieben/" "Mozilla/5.0 AppleWebKit/537.36 (KHTML, like Gecko; compatible; GPTBot/1.4; +https://openai.com/gptbot)"
74.7.241.32 - - [23/Jun/2026:06:07:40 -0700] "GET /wp-json/oembed/1.0/embed?format=xml&url=https%3A%2F%2Fdealzandfreebies.com%2F2026%2F06%2F23%2Funser-freispiele-abzuglich-einzahlung-sie-sind-as-part-of-den-lizenzierten-erreichbar-casinos-inside-deutschland-akzentuiert-haufiger-anzutreffen%2F HTTP/2" 200 1221 "https://dealzandfreebies.com/2026/06/23/unser-freispiele-abzuglich-einzahlung-sie-sind-as-part-of-den-lizenzierten-erreichbar-casinos-inside-deutschland-akzentuiert-haufiger-anzutreffen/" "Mozilla/5.0 AppleWebKit/537.36 (KHTML, like Gecko; compatible; GPTBot/1.4; +https://openai.com/gptbot)"
193.36.38.13 - - [23/Jun/2026:06:07:40 -0700] "POST /xmlrpc.php HTTP/1.1" 200 8925 "-" "Mozilla/5.0 (Windows NT 10.0; Win64; x64) AppleWebKit/537.36 (KHTML, like Gecko) Chrome/114.0.0.0 Safari/537.36"
74.7.241.32 - - [23/Jun/2026:06:07:40 -0700] "GET /wp-json/oembed/1.0/embed?format=xml&url=https%3A%2F%2Fdealzandfreebies.com%2F2026%2F06%2F23%2Fe-wallets-such-paypal-or-skrill-always-techniques-within-24-hours%2F HTTP/2" 200 1137 "https://dealzandfreebies.com/2026/06/23/e-wallets-such-paypal-or-skrill-always-techniques-within-24-hours/" "Mozilla/5.0 AppleWebKit/537.36 (KHTML, like Gecko; compatible; GPTBot/1.4; +https://openai.com/gptbot)"
74.7.241.32 - - [23/Jun/2026:06:07:41 -0700] "GET /wp-json/oembed/1.0/embed?url=https%3A%2F%2Fdealzandfreebies.com%2F2026%2F06%2F19%2Fan-educated-mobile-payment-casino-no-deposit-bonus-zodiac-100-free-spins-features-from-2022%2F HTTP/2" 200 1149 "https://dealzandfreebies.com/2026/06/19/an-educated-mobile-payment-casino-no-deposit-bonus-zodiac-100-free-spins-features-from-2022/" "Mozilla/5.0 AppleWebKit/537.36 (KHTML, like Gecko; compatible; GPTBot/1.4; +https://openai.com/gptbot)"
136.243.228.180 - - [23/Jun/2026:06:07:41 -0700] "GET /2026/06/17/im-feuer-speiender-berg-las-vegas-spielsaal-25-euronen-vermittlungsprovision-beziehen-%EF%BF%BD-wirklich-so-gehts/ HTTP/1.1" 403 0 "-" "Mozilla/5.0 (compatible; DataForSeoBot/1.0; +https://dataforseo.com/dataforseo-bot)"
74.7.241.32 - - [23/Jun/2026:06:07:41 -0700] "GET /?p=165573 HTTP/2" 301 0 "https://dealzandfreebies.com/2026/06/23/glucksspiele-bei-ihr-spielholle-werden-zu-handen-erheblich-menschen-ihr-beliebter-vergnugen/" "Mozilla/5.0 AppleWebKit/537.36 (KHTML, like Gecko; compatible; GPTBot/1.4; +https://openai.com/gptbot)"
193.36.38.13 - - [23/Jun/2026:06:07:41 -0700] "GET /2026/06/23/the-grade-of-gameplay-should-be-the-exact-same-no-matter-how-the-newest-online-game-is-accessed/ HTTP/1.1" 200 141473 "-" "Mozilla/5.0 (Windows NT 10.0; rv:109.0) Gecko/20100101 Firefox/115.0"
103.219.169.164 - - [23/Jun/2026:06:07:41 -0700] "POST /xmlrpc.php HTTP/1.1" 200 181 "-" "Mozilla/5.0 (Windows NT 10.0; Win64; x64) AppleWebKit/537.36 (KHTML, like Gecko) Chrome/114.0.0.0 Safari/537.36"
74.7.241.32 - - [23/Jun/2026:06:07:42 -0700] "GET /?p=165289 HTTP/2" 301 0 "https://dealzandfreebies.com/2026/06/23/top-us-online-casinos-2026-real-money-play-looked-at/" "Mozilla/5.0 AppleWebKit/537.36 (KHTML, like Gecko; compatible; GPTBot/1.4; +https://openai.com/gptbot)"
74.7.241.32 - - [23/Jun/2026:06:07:42 -0700] "GET /2026/06/23/the-grade-of-gameplay-should-be-the-exact-same-no-matter-how-the-newest-online-game-is-accessed/ HTTP/2" 200 27996 "https://dealzandfreebies.com/2026/06/23/glucksspiele-bei-ihr-spielholle-werden-zu-handen-erheblich-menschen-ihr-beliebter-vergnugen/" "Mozilla/5.0 AppleWebKit/537.36 (KHTML, like Gecko; compatible; GPTBot/1.4; +https://openai.com/gptbot)"
104.255.170.81 - - [23/Jun/2026:06:07:44 -0700] "POST /wp-cron.php?doing_wp_cron=1782220064.3929688930511474609375 HTTP/1.1" 200 0 "-" "WordPress/7.0; https://dealzandfreebies.com"
185.191.206.69 - - [23/Jun/2026:06:07:43 -0700] "POST /xmlrpc.php HTTP/1.1" 200 9741 "-" "Mozilla/5.0 (Windows NT 10.0; Win64; x64) AppleWebKit/537.36 (KHTML, like Gecko) Chrome/114.0.0.0 Safari/537.36"
74.7.241.32 - - [23/Jun/2026:06:07:43 -0700] "GET /2026/06/23/come-registrarsi-al-confusione-betflag-sopra-la-cie/ HTTP/2" 200 28139 "https://dealzandfreebies.com/2026/06/23/glucksspiele-bei-ihr-spielholle-werden-zu-handen-erheblich-menschen-ihr-beliebter-vergnugen/" "Mozilla/5.0 AppleWebKit/537.36 (KHTML, like Gecko; compatible; GPTBot/1.4; +https://openai.com/gptbot)"
185.191.206.69 - - [23/Jun/2026:06:07:44 -0700] "GET /2026/06/23/explosivitat-weiters-exklusivitat-%EF%BF%BD-ebendiese-geht-inoffizieller-mitarbeiter-feuer-speiender-berg-sin-stadtzentrum-spielsalon-fureinander-einstehend/ HTTP/1.1" 403 0 "-" "Mozilla/5.0 (Windows NT 10.0; rv:109.0) Gecko/20100101 Firefox/115.0"
74.7.241.32 - - [23/Jun/2026:06:07:44 -0700] "GET /2026/06/23/offlin-bingo-acteren-voordat-echt-geld-mijngroeve-bergtop-3-geteste-sites/ HTTP/2" 200 30369 "https://dealzandfreebies.com/2026/06/23/glucksspiele-bei-ihr-spielholle-werden-zu-handen-erheblich-menschen-ihr-beliebter-vergnugen/" "Mozilla/5.0 AppleWebKit/537.36 (KHTML, like Gecko; compatible; GPTBot/1.4; +https://openai.com/gptbot)"
185.191.206.69 - - [23/Jun/2026:06:07:45 -0700] "POST /xmlrpc.php HTTP/1.1" 200 178 "-" "Mozilla/5.0 (Windows NT 10.0; Win64; x64) AppleWebKit/537.36 (KHTML, like Gecko) Chrome/114.0.0.0 Safari/537.36"
74.7.241.32 - - [23/Jun/2026:06:07:46 -0700] "GET /2026/06/23/top-10-web-based-casinos-recently-a-real-income-ranks-summer-2026/ HTTP/2" 200 27760 "https://dealzandfreebies.com/2026/06/23/top-us-online-casinos-2026-real-money-play-looked-at/" "Mozilla/5.0 AppleWebKit/537.36 (KHTML, like Gecko; compatible; GPTBot/1.4; +https://openai.com/gptbot)"
136.243.228.180 - - [23/Jun/2026:06:07:46 -0700] "GET /2026/06/17/tragamonedas-es-real-el-juego-mega-hamster-joviales-dinero-positivo-casinos-online-legales/ HTTP/1.1" 200 29357 "-" "Mozilla/5.0 (compatible; DataForSeoBot/1.0; +https://dataforseo.com/dataforseo-bot)"
74.7.241.32 - - [23/Jun/2026:06:07:47 -0700] "GET /wp-json/oembed/1.0/embed?url=https%3A%2F%2Fdealzandfreebies.com%2F2026%2F06%2F23%2Fglucksspiele-bei-ihr-spielholle-werden-zu-handen-erheblich-menschen-ihr-beliebter-vergnugen%2F HTTP/2" 200 1144 "https://dealzandfreebies.com/2026/06/23/glucksspiele-bei-ihr-spielholle-werden-zu-handen-erheblich-menschen-ihr-beliebter-vergnugen/" "Mozilla/5.0 AppleWebKit/537.36 (KHTML, like Gecko; compatible; GPTBot/1.4; +https://openai.com/gptbot)"
185.191.206.89 - - [23/Jun/2026:06:07:46 -0700] "POST /xmlrpc.php HTTP/1.1" 200 8762 "-" "Mozilla/5.0 (Windows NT 10.0; Win64; x64) AppleWebKit/537.36 (KHTML, like Gecko) Chrome/114.0.0.0 Safari/537.36"
74.7.241.32 - - [23/Jun/2026:06:07:47 -0700] "GET /wp-json/wp/v2/posts/165289 HTTP/2" 200 4475 "https://dealzandfreebies.com/2026/06/23/top-us-online-casinos-2026-real-money-play-looked-at/" "Mozilla/5.0 AppleWebKit/537.36 (KHTML, like Gecko; compatible; GPTBot/1.4; +https://openai.com/gptbot)"
185.191.171.18 - - [23/Jun/2026:06:07:47 -0700] "GET /2026/06/22/company-are-plentiful-with-over-40-different-providers-promoting-sweepstakes-gambling-games/ HTTP/1.1" 200 33844 "-" "Mozilla/5.0 (compatible; SemrushBot/7~bl; +http://www.semrush.com/bot.html)"
74.7.241.32 - - [23/Jun/2026:06:07:48 -0700] "GET /wp-json/wp/v2/posts/165573 HTTP/2" 200 3574 "https://dealzandfreebies.com/2026/06/23/glucksspiele-bei-ihr-spielholle-werden-zu-handen-erheblich-menschen-ihr-beliebter-vergnugen/" "Mozilla/5.0 AppleWebKit/537.36 (KHTML, like Gecko; compatible; GPTBot/1.4; +https://openai.com/gptbot)"
74.7.241.32 - - [23/Jun/2026:06:07:48 -0700] "GET /wp-json/oembed/1.0/embed?url=https%3A%2F%2Fdealzandfreebies.com%2F2026%2F06%2F23%2Ftop-us-online-casinos-2026-real-money-play-looked-at%2F HTTP/2" 200 1100 "https://dealzandfreebies.com/2026/06/23/top-us-online-casinos-2026-real-money-play-looked-at/" "Mozilla/5.0 AppleWebKit/537.36 (KHTML, like Gecko; compatible; GPTBot/1.4; +https://openai.com/gptbot)"
103.219.169.164 - - [23/Jun/2026:06:07:48 -0700] "POST /xmlrpc.php HTTP/1.1" 200 11993 "-" "Mozilla/5.0 (Windows NT 10.0; Win64; x64) AppleWebKit/537.36 (KHTML, like Gecko) Chrome/114.0.0.0 Safari/537.36"
74.7.241.32 - - [23/Jun/2026:06:07:49 -0700] "GET /wp-json/oembed/1.0/embed?format=xml&url=https%3A%2F%2Fdealzandfreebies.com%2F2026%2F06%2F23%2Fglucksspiele-bei-ihr-spielholle-werden-zu-handen-erheblich-menschen-ihr-beliebter-vergnugen%2F HTTP/2" 200 1166 "https://dealzandfreebies.com/2026/06/23/glucksspiele-bei-ihr-spielholle-werden-zu-handen-erheblich-menschen-ihr-beliebter-vergnugen/" "Mozilla/5.0 AppleWebKit/537.36 (KHTML, like Gecko; compatible; GPTBot/1.4; +https://openai.com/gptbot)"
74.7.241.32 - - [23/Jun/2026:06:07:49 -0700] "GET /wp-json/oembed/1.0/embed?format=xml&url=https%3A%2F%2Fdealzandfreebies.com%2F2026%2F06%2F23%2Ftop-us-online-casinos-2026-real-money-play-looked-at%2F HTTP/2" 200 1121 "https://dealzandfreebies.com/2026/06/23/top-us-online-casinos-2026-real-money-play-looked-at/" "Mozilla/5.0 AppleWebKit/537.36 (KHTML, like Gecko; compatible; GPTBot/1.4; +https://openai.com/gptbot)"
74.7.241.32 - - [23/Jun/2026:06:07:50 -0700] "GET /wp-json/oembed/1.0/embed?format=xml&url=https%3A%2F%2Fdealzandfreebies.com%2F2026%2F06%2F23%2Fbonus-terminator-2-simboluri-de-ziua-lot-lista-bonusuri-sarbatorire-2026%2F HTTP/2" 200 1161 "https://dealzandfreebies.com/2026/06/23/bonus-terminator-2-simboluri-de-ziua-lot-lista-bonusuri-sarbatorire-2026/" "Mozilla/5.0 AppleWebKit/537.36 (KHTML, like Gecko; compatible; GPTBot/1.4; +https://openai.com/gptbot)"
136.243.228.180 - - [23/Jun/2026:06:07:49 -0700] "GET /2026/06/17/40-100-superman-1-deposit-percent-free-spins-from-the-wintingo-gambling-enterprise/ HTTP/1.1" 200 28846 "-" "Mozilla/5.0 (compatible; DataForSeoBot/1.0; +https://dataforseo.com/dataforseo-bot)"
74.7.241.32 - - [23/Jun/2026:06:07:50 -0700] "GET /?p=165579 HTTP/2" 301 0 "https://dealzandfreebies.com/2026/06/23/the-grade-of-gameplay-should-be-the-exact-same-no-matter-how-the-newest-online-game-is-accessed/" "Mozilla/5.0 AppleWebKit/537.36 (KHTML, like Gecko; compatible; GPTBot/1.4; +https://openai.com/gptbot)"
74.7.241.32 - - [23/Jun/2026:06:07:51 -0700] "GET /?p=165577 HTTP/2" 301 0 "https://dealzandfreebies.com/2026/06/23/come-registrarsi-al-confusione-betflag-sopra-la-cie/" "Mozilla/5.0 AppleWebKit/537.36 (KHTML, like Gecko; compatible; GPTBot/1.4; +https://openai.com/gptbot)"
103.219.169.164 - - [23/Jun/2026:06:07:49 -0700] "GET /2026/06/23/home-out-of-fun-local-casino-totally-free-coins-freespins-bonuses/ HTTP/1.1" 200 141453 "-" "Mozilla/5.0 (Windows NT 10.0; Win64; x64; rv:125.0) Gecko/20100101 Firefox/125.0"
74.7.241.32 - - [23/Jun/2026:06:07:52 -0700] "GET /?p=165575 HTTP/2" 301 0 "https://dealzandfreebies.com/2026/06/23/offlin-bingo-acteren-voordat-echt-geld-mijngroeve-bergtop-3-geteste-sites/" "Mozilla/5.0 AppleWebKit/537.36 (KHTML, like Gecko; compatible; GPTBot/1.4; +https://openai.com/gptbot)"
74.7.241.32 - - [23/Jun/2026:06:07:52 -0700] "GET /?p=165283 HTTP/2" 301 0 "https://dealzandfreebies.com/2026/06/23/top-10-web-based-casinos-recently-a-real-income-ranks-summer-2026/" "Mozilla/5.0 AppleWebKit/537.36 (KHTML, like Gecko; compatible; GPTBot/1.4; +https://openai.com/gptbot)"
104.255.170.81 - - [23/Jun/2026:06:07:53 -0700] "POST /wp-cron.php?doing_wp_cron=1782220073.5957129001617431640625 HTTP/1.1" 200 0 "-" "WordPress/7.0; https://dealzandfreebies.com"
98.98.9.61 - - [23/Jun/2026:06:07:52 -0700] "POST /xmlrpc.php HTTP/1.1" 200 181 "-" "Mozilla/5.0 (Windows NT 10.0; Win64; x64) AppleWebKit/537.36 (KHTML, like Gecko) Chrome/114.0.0.0 Safari/537.36"
74.7.241.32 - - [23/Jun/2026:06:07:53 -0700] "GET /2026/06/23/home-out-of-fun-local-casino-totally-free-coins-freespins-bonuses/ HTTP/2" 200 28992 "https://dealzandfreebies.com/2026/06/23/the-grade-of-gameplay-should-be-the-exact-same-no-matter-how-the-newest-online-game-is-accessed/" "Mozilla/5.0 AppleWebKit/537.36 (KHTML, like Gecko; compatible; GPTBot/1.4; +https://openai.com/gptbot)"
57.141.18.8 - - [23/Jun/2026:06:07:54 -0700] "GET /?p=154433 HTTP/2" 301 0 "-" "meta-externalagent/1.1 (+https://developers.facebook.com/docs/sharing/webmasters/crawler)"
74.7.241.32 - - [23/Jun/2026:06:07:54 -0700] "GET /2026/06/23/explosivitat-weiters-exklusivitat-%ef%bf%bd-ebendiese-geht-inoffizieller-mitarbeiter-feuer-speiender-berg-sin-stadtzentrum-spielsalon-fureinander-einstehend/ HTTP/2" 403 0 "https://dealzandfreebies.com/2026/06/23/the-grade-of-gameplay-should-be-the-exact-same-no-matter-how-the-newest-online-game-is-accessed/" "Mozilla/5.0 AppleWebKit/537.36 (KHTML, like Gecko; compatible; GPTBot/1.4; +https://openai.com/gptbot)"
136.243.228.180 - - [23/Jun/2026:06:07:53 -0700] "GET /2026/06/17/alabama-drogenkonsument-darfst-du-dich-uff-die-mindestens-zwei-1000-bezeichnung-enorme-praferenz-freude-empfinden/ HTTP/1.1" 200 29562 "-" "Mozilla/5.0 (compatible; DataForSeoBot/1.0; +https://dataforseo.com/dataforseo-bot)"
185.191.206.89 - - [23/Jun/2026:06:07:49 -0700] "GET /2026/06/23/come-registrarsi-al-confusione-betflag-sopra-la-cie/ HTTP/1.1" 200 140059 "-" "Mozilla/5.0 (Windows NT 10.0; Win64; x64; rv:125.0) Gecko/20100101 Firefox/125.0"
74.7.241.32 - - [23/Jun/2026:06:07:54 -0700] "GET /2026/06/23/chto-takoe-jelektronnyj-bumazhnik-glavnye-3/ HTTP/2" 200 32327 "https://dealzandfreebies.com/2026/06/23/top-10-web-based-casinos-recently-a-real-income-ranks-summer-2026/" "Mozilla/5.0 AppleWebKit/537.36 (KHTML, like Gecko; compatible; GPTBot/1.4; +https://openai.com/gptbot)"
74.7.241.32 - - [23/Jun/2026:06:07:56 -0700] "GET /wp-json/oembed/1.0/embed?url=https%3A%2F%2Fdealzandfreebies.com%2F2026%2F06%2F23%2Fthe-grade-of-gameplay-should-be-the-exact-same-no-matter-how-the-newest-online-game-is-accessed%2F HTTP/2" 200 1138 "https://dealzandfreebies.com/2026/06/23/the-grade-of-gameplay-should-be-the-exact-same-no-matter-how-the-newest-online-game-is-accessed/" "Mozilla/5.0 AppleWebKit/537.36 (KHTML, like Gecko; compatible; GPTBot/1.4; +https://openai.com/gptbot)"
74.7.241.32 - - [23/Jun/2026:06:07:56 -0700] "GET /wp-json/oembed/1.0/embed?url=https%3A%2F%2Fdealzandfreebies.com%2F2026%2F06%2F23%2Fofflin-bingo-acteren-voordat-echt-geld-mijngroeve-bergtop-3-geteste-sites%2F HTTP/2" 200 1116 "https://dealzandfreebies.com/2026/06/23/offlin-bingo-acteren-voordat-echt-geld-mijngroeve-bergtop-3-geteste-sites/" "Mozilla/5.0 AppleWebKit/537.36 (KHTML, like Gecko; compatible; GPTBot/1.4; +https://openai.com/gptbot)"
104.255.170.81 - - [23/Jun/2026:06:07:57 -0700] "POST /wp-cron.php?doing_wp_cron=1782220077.2105228900909423828125 HTTP/1.1" 200 0 "-" "WordPress/7.0; https://dealzandfreebies.com"
193.36.38.176 - - [23/Jun/2026:06:07:56 -0700] "POST /xmlrpc.php HTTP/1.1" 200 181 "-" "Mozilla/5.0 (Windows NT 10.0; Win64; x64) AppleWebKit/537.36 (KHTML, like Gecko) Chrome/114.0.0.0 Safari/537.36"
74.7.241.32 - - [23/Jun/2026:06:07:57 -0700] "GET /wp-json/wp/v2/posts/165577 HTTP/2" 200 3201 "https://dealzandfreebies.com/2026/06/23/come-registrarsi-al-confusione-betflag-sopra-la-cie/" "Mozilla/5.0 AppleWebKit/537.36 (KHTML, like Gecko; compatible; GPTBot/1.4; +https://openai.com/gptbot)"
136.243.228.180 - - [23/Jun/2026:06:07:57 -0700] "GET /2026/06/17/10-freispiele-100-kostenlose-spins-keine-einzahlung-scroll-of-dead-blos-einzahlung-june-2026-%EF%B8%8F-ohneeinzahlungbonus-com/ HTTP/1.1" 403 0 "-" "Mozilla/5.0 (compatible; DataForSeoBot/1.0; +https://dataforseo.com/dataforseo-bot)"
74.7.241.32 - - [23/Jun/2026:06:07:57 -0700] "GET /wp-json/wp/v2/posts/165575 HTTP/2" 200 5363 "https://dealzandfreebies.com/2026/06/23/offlin-bingo-acteren-voordat-echt-geld-mijngroeve-bergtop-3-geteste-sites/" "Mozilla/5.0 AppleWebKit/537.36 (KHTML, like Gecko; compatible; GPTBot/1.4; +https://openai.com/gptbot)"
74.7.241.32 - - [23/Jun/2026:06:07:58 -0700] "GET /wp-json/wp/v2/posts/165283 HTTP/2" 200 2939 "https://dealzandfreebies.com/2026/06/23/top-10-web-based-casinos-recently-a-real-income-ranks-summer-2026/" "Mozilla/5.0 AppleWebKit/537.36 (KHTML, like Gecko; compatible; GPTBot/1.4; +https://openai.com/gptbot)"
74.7.241.32 - - [23/Jun/2026:06:07:58 -0700] "GET /wp-json/wp/v2/posts/165579 HTTP/2" 200 3211 "https://dealzandfreebies.com/2026/06/23/the-grade-of-gameplay-should-be-the-exact-same-no-matter-how-the-newest-online-game-is-accessed/" "Mozilla/5.0 AppleWebKit/537.36 (KHTML, like Gecko; compatible; GPTBot/1.4; +https://openai.com/gptbot)"
74.7.241.32 - - [23/Jun/2026:06:07:59 -0700] "GET /wp-json/oembed/1.0/embed?url=https%3A%2F%2Fdealzandfreebies.com%2F2026%2F06%2F23%2Fcome-registrarsi-al-confusione-betflag-sopra-la-cie%2F HTTP/2" 200 1098 "https://dealzandfreebies.com/2026/06/23/come-registrarsi-al-confusione-betflag-sopra-la-cie/" "Mozilla/5.0 AppleWebKit/537.36 (KHTML, like Gecko; compatible; GPTBot/1.4; +https://openai.com/gptbot)"
23.90.184.84 - - [23/Jun/2026:06:07:58 -0700] "POST /xmlrpc.php HTTP/1.1" 200 181 "-" "Mozilla/5.0 (Windows NT 10.0; Win64; x64) AppleWebKit/537.36 (KHTML, like Gecko) Chrome/114.0.0.0 Safari/537.36"
74.7.241.32 - - [23/Jun/2026:06:07:59 -0700] "GET /wp-json/oembed/1.0/embed?url=https%3A%2F%2Fdealzandfreebies.com%2F2026%2F06%2F23%2Ftop-10-web-based-casinos-recently-a-real-income-ranks-summer-2026%2F HTTP/2" 200 1107 "https://dealzandfreebies.com/2026/06/23/top-10-web-based-casinos-recently-a-real-income-ranks-summer-2026/" "Mozilla/5.0 AppleWebKit/537.36 (KHTML, like Gecko; compatible; GPTBot/1.4; +https://openai.com/gptbot)"
104.255.170.81 - - [23/Jun/2026:06:08:00 -0700] "POST /wp-cron.php?doing_wp_cron=1782220080.4266459941864013671875 HTTP/1.1" 200 0 "-" "WordPress/7.0; https://dealzandfreebies.com"
74.7.241.32 - - [23/Jun/2026:06:08:00 -0700] "GET /?p=165583 HTTP/2" 301 0 "https://dealzandfreebies.com/2026/06/23/home-out-of-fun-local-casino-totally-free-coins-freespins-bonuses/" "Mozilla/5.0 AppleWebKit/537.36 (KHTML, like Gecko; compatible; GPTBot/1.4; +https://openai.com/gptbot)"
1.92.196.127 - - [23/Jun/2026:06:08:00 -0700] "GET /2026/03/15/bookmakers-hors-arjel-en-france-moyens-de-paiement-714/ HTTP/2" 200 28239 "https://dealzandfreebies.com/2026/03/15/bookmakers-hors-arjel-en-france-moyens-de-paiement-714/#t4" "Mozilla/5.0 (Macintosh; Intel Mac OS X 10_15_7) AppleWebKit/537.36 (KHTML, like Gecko) Chrome/120.0.0.0 Safari/537.36"
57.141.18.122 - - [23/Jun/2026:06:08:00 -0700] "GET /wp-json/oembed/1.0/embed?url=https%3A%2F%2Fdealzandfreebies.com%2F2026%2F06%2F21%2Fyoull-see-them-at-the-almost-every-on-line-casino-in-the-us-since-the-professionals-consistently-love-them-now-consider-free-ports-shouldnt-wanted-any-packages-and-youll-have-the%2F HTTP/2" 200 3786 "-" "meta-externalagent/1.1 (+https://developers.facebook.com/docs/sharing/webmasters/crawler)"
98.98.9.61 - - [23/Jun/2026:06:08:00 -0700] "POST /xmlrpc.php HTTP/1.1" 200 15513 "-" "Mozilla/5.0 (Windows NT 10.0; Win64; x64) AppleWebKit/537.36 (KHTML, like Gecko) Chrome/114.0.0.0 Safari/537.36"
74.7.241.32 - - [23/Jun/2026:06:08:00 -0700] "GET /2026/06/23/spielsaal-erleuchteter-ihr-ultimative-grundsatz-das-online-casino-globus/ HTTP/2" 200 30662 "https://dealzandfreebies.com/2026/06/23/home-out-of-fun-local-casino-totally-free-coins-freespins-bonuses/" "Mozilla/5.0 AppleWebKit/537.36 (KHTML, like Gecko; compatible; GPTBot/1.4; +https://openai.com/gptbot)"
57.141.18.72 - - [23/Jun/2026:06:08:02 -0700] "GET /?p=155536 HTTP/2" 301 0 "-" "meta-externalagent/1.1 (+https://developers.facebook.com/docs/sharing/webmasters/crawler)"
98.98.148.169 - - [23/Jun/2026:06:08:00 -0700] "POST /xmlrpc.php HTTP/1.1" 200 181 "-" "Mozilla/5.0 (Windows NT 10.0; Win64; x64) AppleWebKit/537.36 (KHTML, like Gecko) Chrome/114.0.0.0 Safari/537.36"
104.255.170.81 - - [23/Jun/2026:06:08:02 -0700] "POST /wp-cron.php?doing_wp_cron=1782220082.5614829063415527343750 HTTP/1.1" 200 0 "-" "WordPress/7.0; https://dealzandfreebies.com"
74.7.241.32 - - [23/Jun/2026:06:08:02 -0700] "GET /?p=165335 HTTP/2" 301 0 "https://dealzandfreebies.com/2026/06/23/chto-takoe-jelektronnyj-bumazhnik-glavnye-3/" "Mozilla/5.0 AppleWebKit/537.36 (KHTML, like Gecko; compatible; GPTBot/1.4; +https://openai.com/gptbot)"
136.243.228.180 - - [23/Jun/2026:06:08:01 -0700] "GET /2026/06/17/meanwhile-a-gambling-establishment-also-provides-a-lot-of-devices-such-as-deposit-restrictions-truth-monitors-time-outs-and-you-may-self-exclusions/ HTTP/1.1" 200 28139 "-" "Mozilla/5.0 (compatible; DataForSeoBot/1.0; +https://dataforseo.com/dataforseo-bot)"
185.191.171.14 - - [23/Jun/2026:06:08:01 -0700] "GET /2026/06/21/most-readily-useful-top-shuffle-gambling-establishment-originals-games-playing/ HTTP/1.1" 200 34281 "-" "Mozilla/5.0 (compatible; SemrushBot/7~bl; +http://www.semrush.com/bot.html)"
74.7.241.32 - - [23/Jun/2026:06:08:02 -0700] "GET /2026/06/23/zamiast-zwyklych-pieniedzy-nie-koniecznie-jest-ona-ma-powiazana-z-zadnym-bankiem/ HTTP/2" 200 28775 "https://dealzandfreebies.com/2026/06/23/chto-takoe-jelektronnyj-bumazhnik-glavnye-3/" "Mozilla/5.0 AppleWebKit/537.36 (KHTML, like Gecko; compatible; GPTBot/1.4; +https://openai.com/gptbot)"
193.36.38.176 - - [23/Jun/2026:06:08:03 -0700] "POST /xmlrpc.php HTTP/1.1" 200 10438 "-" "Mozilla/5.0 (Windows NT 10.0; Win64; x64) AppleWebKit/537.36 (KHTML, like Gecko) Chrome/114.0.0.0 Safari/537.36"
74.7.241.32 - - [23/Jun/2026:06:08:04 -0700] "GET /wp-json/oembed/1.0/embed?url=https%3A%2F%2Fdealzandfreebies.com%2F2026%2F06%2F23%2Fhome-out-of-fun-local-casino-totally-free-coins-freespins-bonuses%2F HTTP/2" 200 1115 "https://dealzandfreebies.com/2026/06/23/home-out-of-fun-local-casino-totally-free-coins-freespins-bonuses/" "Mozilla/5.0 AppleWebKit/537.36 (KHTML, like Gecko; compatible; GPTBot/1.4; +https://openai.com/gptbot)"
74.7.241.32 - - [23/Jun/2026:06:08:04 -0700] "GET /wp-json/wp/v2/posts/165335 HTTP/2" 200 12215 "https://dealzandfreebies.com/2026/06/23/chto-takoe-jelektronnyj-bumazhnik-glavnye-3/" "Mozilla/5.0 AppleWebKit/537.36 (KHTML, like Gecko; compatible; GPTBot/1.4; +https://openai.com/gptbot)"
74.7.241.32 - - [23/Jun/2026:06:08:05 -0700] "GET /wp-json/wp/v2/posts/165583 HTTP/2" 200 4308 "https://dealzandfreebies.com/2026/06/23/home-out-of-fun-local-casino-totally-free-coins-freespins-bonuses/" "Mozilla/5.0 AppleWebKit/537.36 (KHTML, like Gecko; compatible; GPTBot/1.4; +https://openai.com/gptbot)"
98.98.9.61 - - [23/Jun/2026:06:08:04 -0700] "GET /2026/06/23/spielsaal-erleuchteter-ihr-ultimative-grundsatz-das-online-casino-globus/ HTTP/1.1" 200 146708 "-" "Mozilla/5.0 (Windows NT 10.0; Win64; x64; rv:124.0) Gecko/20100101 Firefox/124.0"
74.7.241.32 - - [23/Jun/2026:06:08:05 -0700] "GET /wp-json/oembed/1.0/embed?url=https%3A%2F%2Fdealzandfreebies.com%2F2026%2F06%2F23%2Fchto-takoe-jelektronnyj-bumazhnik-glavnye-3%2F HTTP/2" 200 1188 "https://dealzandfreebies.com/2026/06/23/chto-takoe-jelektronnyj-bumazhnik-glavnye-3/" "Mozilla/5.0 AppleWebKit/537.36 (KHTML, like Gecko; compatible; GPTBot/1.4; +https://openai.com/gptbot)"
74.7.241.32 - - [23/Jun/2026:06:08:06 -0700] "GET /wp-json/oembed/1.0/embed?format=xml&url=https%3A%2F%2Fdealzandfreebies.com%2F2026%2F06%2F23%2Fthe-grade-of-gameplay-should-be-the-exact-same-no-matter-how-the-newest-online-game-is-accessed%2F HTTP/2" 200 1164 "https://dealzandfreebies.com/2026/06/23/the-grade-of-gameplay-should-be-the-exact-same-no-matter-how-the-newest-online-game-is-accessed/" "Mozilla/5.0 AppleWebKit/537.36 (KHTML, like Gecko; compatible; GPTBot/1.4; +https://openai.com/gptbot)"
193.36.38.176 - - [23/Jun/2026:06:08:05 -0700] "GET /2026/06/23/reichhaltig-bis-ins-detail-ausgearbeitet-vermag-ihr-en-bloc-roboter-wie-gleichfalls-auszahlungsquote-tatsachlich-kaum-aufgezeigt-sind/ HTTP/1.1" 200 143372 "-" "Mozilla/5.0 (Windows NT 10.0; Win64; x64) AppleWebKit/537.36 (KHTML, like Gecko) Chrome/122.0.0.0 Safari/537.36"
136.243.228.180 - - [23/Jun/2026:06:08:05 -0700] "GET /2026/06/17/moglich-kasino-maklercourtage-angebote-gehoren-dahinter-einen-hauptgrunden-wie-kommt-es-dass-gegenseitig-zocker-fur-den-bestimmten-provider-entschluss-fassen/ HTTP/1.1" 200 28598 "-" "Mozilla/5.0 (compatible; DataForSeoBot/1.0; +https://dataforseo.com/dataforseo-bot)"
23.90.184.84 - - [23/Jun/2026:06:08:05 -0700] "POST /xmlrpc.php HTTP/1.1" 200 8476 "-" "Mozilla/5.0 (Windows NT 10.0; Win64; x64) AppleWebKit/537.36 (KHTML, like Gecko) Chrome/114.0.0.0 Safari/537.36"
85.208.96.199 - - [23/Jun/2026:06:08:05 -0700] "GET /2026/06/21/migliori-mucchio-online-aams-a-giugno-2026-graduatoria-gratifica-anche-prova/ HTTP/1.1" 200 33021 "-" "Mozilla/5.0 (compatible; SemrushBot/7~bl; +http://www.semrush.com/bot.html)"
74.7.241.32 - - [23/Jun/2026:06:08:06 -0700] "GET /wp-json/oembed/1.0/embed?format=xml&url=https%3A%2F%2Fdealzandfreebies.com%2F2026%2F06%2F23%2Fhome-out-of-fun-local-casino-totally-free-coins-freespins-bonuses%2F HTTP/2" 200 1144 "https://dealzandfreebies.com/2026/06/23/home-out-of-fun-local-casino-totally-free-coins-freespins-bonuses/" "Mozilla/5.0 AppleWebKit/537.36 (KHTML, like Gecko; compatible; GPTBot/1.4; +https://openai.com/gptbot)"
74.7.241.32 - - [23/Jun/2026:06:08:07 -0700] "GET /wp-json/oembed/1.0/embed?format=xml&url=https%3A%2F%2Fdealzandfreebies.com%2F2026%2F06%2F23%2Fofflin-bingo-acteren-voordat-echt-geld-mijngroeve-bergtop-3-geteste-sites%2F HTTP/2" 200 1165 "https://dealzandfreebies.com/2026/06/23/offlin-bingo-acteren-voordat-echt-geld-mijngroeve-bergtop-3-geteste-sites/" "Mozilla/5.0 AppleWebKit/537.36 (KHTML, like Gecko; compatible; GPTBot/1.4; +https://openai.com/gptbot)"
74.7.241.32 - - [23/Jun/2026:06:08:07 -0700] "GET /wp-json/oembed/1.0/embed?format=xml&url=https%3A%2F%2Fdealzandfreebies.com%2F2026%2F06%2F23%2Fcome-registrarsi-al-confusione-betflag-sopra-la-cie%2F HTTP/2" 200 1120 "https://dealzandfreebies.com/2026/06/23/come-registrarsi-al-confusione-betflag-sopra-la-cie/" "Mozilla/5.0 AppleWebKit/537.36 (KHTML, like Gecko; compatible; GPTBot/1.4; +https://openai.com/gptbot)"
216.73.217.103 - - [23/Jun/2026:06:08:07 -0700] "GET /2026/06/23/che-ospitare-il-gratifica-ossequio-dei-sconvolgimento-online/ HTTP/2" 200 27837 "-" "Mozilla/5.0 AppleWebKit/537.36 (KHTML, like Gecko; compatible; ClaudeBot/1.0; +claudebot@anthropic.com)"
216.73.217.103 - - [23/Jun/2026:06:08:07 -0700] "GET /2026/06/23/top-most-popular-casino-games-internationally/ HTTP/2" 200 28594 "-" "Mozilla/5.0 AppleWebKit/537.36 (KHTML, like Gecko; compatible; ClaudeBot/1.0; +claudebot@anthropic.com)"
74.7.241.32 - - [23/Jun/2026:06:08:08 -0700] "GET /?p=165585 HTTP/2" 301 0 "https://dealzandfreebies.com/2026/06/23/spielsaal-erleuchteter-ihr-ultimative-grundsatz-das-online-casino-globus/" "Mozilla/5.0 AppleWebKit/537.36 (KHTML, like Gecko; compatible; GPTBot/1.4; +https://openai.com/gptbot)"
98.98.148.169 - - [23/Jun/2026:06:08:07 -0700] "POST /xmlrpc.php HTTP/1.1" 200 10447 "-" "Mozilla/5.0 (Windows NT 10.0; Win64; x64) AppleWebKit/537.36 (KHTML, like Gecko) Chrome/114.0.0.0 Safari/537.36"
23.90.184.84 - - [23/Jun/2026:06:08:07 -0700] "GET /2026/06/23/not-many-you-users-legally-fool-around-with-overseas-casinos-many-of-which-accept-ethereum/ HTTP/1.1" 200 140601 "-" "Mozilla/5.0 (Windows NT 10.0; rv:109.0) Gecko/20100101 Firefox/115.0"
216.73.217.103 - - [23/Jun/2026:06:08:08 -0700] "GET /2026/06/23/which-are-the-top-gambling-games-2026/ HTTP/2" 200 29245 "-" "Mozilla/5.0 AppleWebKit/537.36 (KHTML, like Gecko; compatible; ClaudeBot/1.0; +claudebot@anthropic.com)"
189.110.222.91 - - [23/Jun/2026:06:08:07 -0700] "GET /2026/06/21/all-the-simba-online-game-no-deposit-extra-requirements-new-existing-users-june-2026/ HTTP/1.1" 200 28358 "-" "Mozilla/5.0 (Macintosh; PPC Mac OS X 10_11_8) AppleWebKit/536.2 (KHTML, like Gecko) Chrome/57.0.820.0 Safari/536.2"
74.7.241.32 - - [23/Jun/2026:06:08:08 -0700] "GET /2026/06/23/trebuie-sa-tii-la-invarti-roata-doar-o-singura-data-o-zi/ HTTP/2" 200 28615 "https://dealzandfreebies.com/2026/06/23/spielsaal-erleuchteter-ihr-ultimative-grundsatz-das-online-casino-globus/" "Mozilla/5.0 AppleWebKit/537.36 (KHTML, like Gecko; compatible; GPTBot/1.4; +https://openai.com/gptbot)"
74.7.241.32 - - [23/Jun/2026:06:08:10 -0700] "GET /?p=165281 HTTP/2" 301 0 "https://dealzandfreebies.com/2026/06/23/zamiast-zwyklych-pieniedzy-nie-koniecznie-jest-ona-ma-powiazana-z-zadnym-bankiem/" "Mozilla/5.0 AppleWebKit/537.36 (KHTML, like Gecko; compatible; GPTBot/1.4; +https://openai.com/gptbot)"
136.243.228.180 - - [23/Jun/2026:06:08:09 -0700] "GET /2026/06/17/in-der-modernsten-aktionsstrecke-sie-sind-thirty-millionen-euronen-preisgeld-ausgeschuttet/ HTTP/1.1" 200 29106 "-" "Mozilla/5.0 (compatible; DataForSeoBot/1.0; +https://dataforseo.com/dataforseo-bot)"
98.98.148.169 - - [23/Jun/2026:06:08:09 -0700] "GET /2026/06/23/trebuie-sa-tii-la-invarti-roata-doar-o-singura-data-o-zi/ HTTP/1.1" 200 140834 "-" "Mozilla/5.0 (Windows NT 10.0; rv:125.0) Gecko/20100101 Firefox/125.0"
74.7.241.32 - - [23/Jun/2026:06:08:10 -0700] "GET /2026/06/23/not-many-you-users-legally-fool-around-with-overseas-casinos-many-of-which-accept-ethereum/ HTTP/2" 200 27767 "https://dealzandfreebies.com/2026/06/23/spielsaal-erleuchteter-ihr-ultimative-grundsatz-das-online-casino-globus/" "Mozilla/5.0 AppleWebKit/537.36 (KHTML, like Gecko; compatible; GPTBot/1.4; +https://openai.com/gptbot)"
74.7.241.32 - - [23/Jun/2026:06:08:12 -0700] "GET /2026/06/23/reichhaltig-bis-ins-detail-ausgearbeitet-vermag-ihr-en-bloc-roboter-wie-gleichfalls-auszahlungsquote-tatsachlich-kaum-aufgezeigt-sind/ HTTP/2" 200 28689 "https://dealzandfreebies.com/2026/06/23/spielsaal-erleuchteter-ihr-ultimative-grundsatz-das-online-casino-globus/" "Mozilla/5.0 AppleWebKit/537.36 (KHTML, like Gecko; compatible; GPTBot/1.4; +https://openai.com/gptbot)"
74.7.241.32 - - [23/Jun/2026:06:08:13 -0700] "GET /2026/06/23/most-useful-web-based-casinos-malaysia-2026-respected-real-money-internet/ HTTP/2" 200 27986 "https://dealzandfreebies.com/2026/06/23/zamiast-zwyklych-pieniedzy-nie-koniecznie-jest-ona-ma-powiazana-z-zadnym-bankiem/" "Mozilla/5.0 AppleWebKit/537.36 (KHTML, like Gecko; compatible; GPTBot/1.4; +https://openai.com/gptbot)"
136.243.228.180 - - [23/Jun/2026:06:08:13 -0700] "GET /2026/06/17/stellung-nehmen-die-leser-doch-drei-schnelle-gern-wissen-wollen-weiters-unsereiner-werden-unser-beste-casino-je-eltern-finden/ HTTP/1.1" 200 28910 "-" "Mozilla/5.0 (compatible; DataForSeoBot/1.0; +https://dataforseo.com/dataforseo-bot)"
74.7.241.32 - - [23/Jun/2026:06:08:14 -0700] "GET /wp-json/oembed/1.0/embed?url=https%3A%2F%2Fdealzandfreebies.com%2F2026%2F06%2F23%2Fzamiast-zwyklych-pieniedzy-nie-koniecznie-jest-ona-ma-powiazana-z-zadnym-bankiem%2F HTTP/2" 200 1139 "https://dealzandfreebies.com/2026/06/23/zamiast-zwyklych-pieniedzy-nie-koniecznie-jest-ona-ma-powiazana-z-zadnym-bankiem/" "Mozilla/5.0 AppleWebKit/537.36 (KHTML, like Gecko; compatible; GPTBot/1.4; +https://openai.com/gptbot)"
74.7.241.32 - - [23/Jun/2026:06:08:15 -0700] "GET /wp-json/oembed/1.0/embed?url=https%3A%2F%2Fdealzandfreebies.com%2F2026%2F06%2F23%2Fspielsaal-erleuchteter-ihr-ultimative-grundsatz-das-online-casino-globus%2F HTTP/2" 200 1112 "https://dealzandfreebies.com/2026/06/23/spielsaal-erleuchteter-ihr-ultimative-grundsatz-das-online-casino-globus/" "Mozilla/5.0 AppleWebKit/537.36 (KHTML, like Gecko; compatible; GPTBot/1.4; +https://openai.com/gptbot)"
104.255.170.81 - - [23/Jun/2026:06:08:15 -0700] "POST /wp-cron.php?doing_wp_cron=1782220095.5787301063537597656250 HTTP/1.1" 200 0 "-" "WordPress/7.0; https://dealzandfreebies.com"
193.36.38.13 - - [23/Jun/2026:06:08:14 -0700] "POST /xmlrpc.php HTTP/1.1" 200 181 "-" "Mozilla/5.0 (Windows NT 10.0; Win64; x64) AppleWebKit/537.36 (KHTML, like Gecko) Chrome/114.0.0.0 Safari/537.36"
74.7.241.32 - - [23/Jun/2026:06:08:15 -0700] "GET /wp-json/wp/v2/posts/165585 HTTP/2" 200 5661 "https://dealzandfreebies.com/2026/06/23/spielsaal-erleuchteter-ihr-ultimative-grundsatz-das-online-casino-globus/" "Mozilla/5.0 AppleWebKit/537.36 (KHTML, like Gecko; compatible; GPTBot/1.4; +https://openai.com/gptbot)"
74.7.241.32 - - [23/Jun/2026:06:08:16 -0700] "GET /wp-json/wp/v2/posts/165281 HTTP/2" 200 3882 "https://dealzandfreebies.com/2026/06/23/zamiast-zwyklych-pieniedzy-nie-koniecznie-jest-ona-ma-powiazana-z-zadnym-bankiem/" "Mozilla/5.0 AppleWebKit/537.36 (KHTML, like Gecko; compatible; GPTBot/1.4; +https://openai.com/gptbot)"
74.7.241.32 - - [23/Jun/2026:06:08:16 -0700] "GET /wp-json/oembed/1.0/embed?format=xml&url=https%3A%2F%2Fdealzandfreebies.com%2F2026%2F06%2F23%2Fzamiast-zwyklych-pieniedzy-nie-koniecznie-jest-ona-ma-powiazana-z-zadnym-bankiem%2F HTTP/2" 200 1149 "https://dealzandfreebies.com/2026/06/23/zamiast-zwyklych-pieniedzy-nie-koniecznie-jest-ona-ma-powiazana-z-zadnym-bankiem/" "Mozilla/5.0 AppleWebKit/537.36 (KHTML, like Gecko; compatible; GPTBot/1.4; +https://openai.com/gptbot)"
74.7.241.32 - - [23/Jun/2026:06:08:17 -0700] "GET /wp-json/oembed/1.0/embed?format=xml&url=https%3A%2F%2Fdealzandfreebies.com%2F2026%2F06%2F23%2Fspielsaal-erleuchteter-ihr-ultimative-grundsatz-das-online-casino-globus%2F HTTP/2" 200 1142 "https://dealzandfreebies.com/2026/06/23/spielsaal-erleuchteter-ihr-ultimative-grundsatz-das-online-casino-globus/" "Mozilla/5.0 AppleWebKit/537.36 (KHTML, like Gecko; compatible; GPTBot/1.4; +https://openai.com/gptbot)"
74.7.241.32 - - [23/Jun/2026:06:08:17 -0700] "GET /?p=165591 HTTP/2" 301 0 "https://dealzandfreebies.com/2026/06/23/trebuie-sa-tii-la-invarti-roata-doar-o-singura-data-o-zi/" "Mozilla/5.0 AppleWebKit/537.36 (KHTML, like Gecko; compatible; GPTBot/1.4; +https://openai.com/gptbot)"
74.7.241.32 - - [23/Jun/2026:06:08:18 -0700] "GET /wp-json/oembed/1.0/embed?url=https%3A%2F%2Fdealzandfreebies.com%2F2026%2F06%2F23%2Ftrebuie-sa-tii-la-invarti-roata-doar-o-singura-data-o-zi%2F HTTP/2" 200 1112 "https://dealzandfreebies.com/2026/06/23/trebuie-sa-tii-la-invarti-roata-doar-o-singura-data-o-zi/" "Mozilla/5.0 AppleWebKit/537.36 (KHTML, like Gecko; compatible; GPTBot/1.4; +https://openai.com/gptbot)"
136.243.228.180 - - [23/Jun/2026:06:08:18 -0700] "GET /2026/06/17/liberty-of-your-own-waters-bayonne-game-invitees-book/ HTTP/1.1" 200 27756 "-" "Mozilla/5.0 (compatible; DataForSeoBot/1.0; +https://dataforseo.com/dataforseo-bot)"
74.7.241.32 - - [23/Jun/2026:06:08:18 -0700] "GET /?p=165589 HTTP/2" 301 0 "https://dealzandfreebies.com/2026/06/23/not-many-you-users-legally-fool-around-with-overseas-casinos-many-of-which-accept-ethereum/" "Mozilla/5.0 AppleWebKit/537.36 (KHTML, like Gecko; compatible; GPTBot/1.4; +https://openai.com/gptbot)"
74.7.241.32 - - [23/Jun/2026:06:08:19 -0700] "GET /?p=165587 HTTP/2" 301 0 "https://dealzandfreebies.com/2026/06/23/reichhaltig-bis-ins-detail-ausgearbeitet-vermag-ihr-en-bloc-roboter-wie-gleichfalls-auszahlungsquote-tatsachlich-kaum-aufgezeigt-sind/" "Mozilla/5.0 AppleWebKit/537.36 (KHTML, like Gecko; compatible; GPTBot/1.4; +https://openai.com/gptbot)"
74.7.241.32 - - [23/Jun/2026:06:08:19 -0700] "GET /?p=165279 HTTP/2" 301 0 "https://dealzandfreebies.com/2026/06/23/most-useful-web-based-casinos-malaysia-2026-respected-real-money-internet/" "Mozilla/5.0 AppleWebKit/537.36 (KHTML, like Gecko; compatible; GPTBot/1.4; +https://openai.com/gptbot)"
74.7.241.32 - - [23/Jun/2026:06:08:20 -0700] "GET /2026/06/23/steam-tower-slot-playn-go-lista-de-sloturi-review-2026-free-play-demo/ HTTP/2" 200 30120 "https://dealzandfreebies.com/2026/06/23/most-useful-web-based-casinos-malaysia-2026-respected-real-money-internet/" "Mozilla/5.0 AppleWebKit/537.36 (KHTML, like Gecko; compatible; GPTBot/1.4; +https://openai.com/gptbot)"
74.7.241.32 - - [23/Jun/2026:06:08:21 -0700] "GET /wp-json/oembed/1.0/embed?url=https%3A%2F%2Fdealzandfreebies.com%2F2026%2F06%2F23%2Fnot-many-you-users-legally-fool-around-with-overseas-casinos-many-of-which-accept-ethereum%2F HTTP/2" 200 1129 "https://dealzandfreebies.com/2026/06/23/not-many-you-users-legally-fool-around-with-overseas-casinos-many-of-which-accept-ethereum/" "Mozilla/5.0 AppleWebKit/537.36 (KHTML, like Gecko; compatible; GPTBot/1.4; +https://openai.com/gptbot)"
193.36.38.13 - - [23/Jun/2026:06:08:20 -0700] "POST /xmlrpc.php HTTP/1.1" 200 10953 "-" "Mozilla/5.0 (Windows NT 10.0; Win64; x64) AppleWebKit/537.36 (KHTML, like Gecko) Chrome/114.0.0.0 Safari/537.36"
74.7.241.32 - - [23/Jun/2026:06:08:21 -0700] "GET /wp-json/oembed/1.0/embed?url=https%3A%2F%2Fdealzandfreebies.com%2F2026%2F06%2F23%2Freichhaltig-bis-ins-detail-ausgearbeitet-vermag-ihr-en-bloc-roboter-wie-gleichfalls-auszahlungsquote-tatsachlich-kaum-aufgezeigt-sind%2F HTTP/2" 200 1174 "https://dealzandfreebies.com/2026/06/23/reichhaltig-bis-ins-detail-ausgearbeitet-vermag-ihr-en-bloc-roboter-wie-gleichfalls-auszahlungsquote-tatsachlich-kaum-aufgezeigt-sind/" "Mozilla/5.0 AppleWebKit/537.36 (KHTML, like Gecko; compatible; GPTBot/1.4; +https://openai.com/gptbot)"
136.243.228.180 - - [23/Jun/2026:06:08:21 -0700] "GET /2026/06/17/the-best-approach-hinges-on-your-requirements-and-your-funds/ HTTP/1.1" 200 29514 "-" "Mozilla/5.0 (compatible; DataForSeoBot/1.0; +https://dataforseo.com/dataforseo-bot)"
74.7.241.32 - - [23/Jun/2026:06:08:22 -0700] "GET /wp-json/wp/v2/posts/165591 HTTP/2" 200 3860 "https://dealzandfreebies.com/2026/06/23/trebuie-sa-tii-la-invarti-roata-doar-o-singura-data-o-zi/" "Mozilla/5.0 AppleWebKit/537.36 (KHTML, like Gecko; compatible; GPTBot/1.4; +https://openai.com/gptbot)"
74.7.241.32 - - [23/Jun/2026:06:08:22 -0700] "GET /wp-json/wp/v2/posts/165587 HTTP/2" 200 3982 "https://dealzandfreebies.com/2026/06/23/reichhaltig-bis-ins-detail-ausgearbeitet-vermag-ihr-en-bloc-roboter-wie-gleichfalls-auszahlungsquote-tatsachlich-kaum-aufgezeigt-sind/" "Mozilla/5.0 AppleWebKit/537.36 (KHTML, like Gecko; compatible; GPTBot/1.4; +https://openai.com/gptbot)"
193.36.38.13 - - [23/Jun/2026:06:08:22 -0700] "GET /2026/06/23/when-you-find-yourself-have-a-tendency-to-linked-with-specific-ports-they-provide-a-risk-totally-free-cure-for-try-top-titles/ HTTP/1.1" 200 141900 "-" "Mozilla/5.0 (Windows NT 10.0; rv:109.0) Gecko/20100101 Firefox/115.0"
74.7.241.32 - - [23/Jun/2026:06:08:23 -0700] "GET /wp-json/wp/v2/posts/165279 HTTP/2" 200 3210 "https://dealzandfreebies.com/2026/06/23/most-useful-web-based-casinos-malaysia-2026-respected-real-money-internet/" "Mozilla/5.0 AppleWebKit/537.36 (KHTML, like Gecko; compatible; GPTBot/1.4; +https://openai.com/gptbot)"
74.7.241.32 - - [23/Jun/2026:06:08:24 -0700] "GET /wp-json/wp/v2/posts/165589 HTTP/2" 200 2926 "https://dealzandfreebies.com/2026/06/23/not-many-you-users-legally-fool-around-with-overseas-casinos-many-of-which-accept-ethereum/" "Mozilla/5.0 AppleWebKit/537.36 (KHTML, like Gecko; compatible; GPTBot/1.4; +https://openai.com/gptbot)"
74.7.241.32 - - [23/Jun/2026:06:08:24 -0700] "GET /wp-json/oembed/1.0/embed?url=https%3A%2F%2Fdealzandfreebies.com%2F2026%2F06%2F23%2Fmost-useful-web-based-casinos-malaysia-2026-respected-real-money-internet%2F HTTP/2" 200 1121 "https://dealzandfreebies.com/2026/06/23/most-useful-web-based-casinos-malaysia-2026-respected-real-money-internet/" "Mozilla/5.0 AppleWebKit/537.36 (KHTML, like Gecko; compatible; GPTBot/1.4; +https://openai.com/gptbot)"
57.141.18.98 - - [23/Jun/2026:06:08:24 -0700] "GET /wp-json/wp/v2/posts/153695 HTTP/2" 200 8920 "-" "meta-externalagent/1.1 (+https://developers.facebook.com/docs/sharing/webmasters/crawler)"
74.7.241.32 - - [23/Jun/2026:06:08:25 -0700] "GET /wp-json/oembed/1.0/embed?format=xml&url=https%3A%2F%2Fdealzandfreebies.com%2F2026%2F06%2F23%2Fnot-many-you-users-legally-fool-around-with-overseas-casinos-many-of-which-accept-ethereum%2F HTTP/2" 200 1163 "https://dealzandfreebies.com/2026/06/23/not-many-you-users-legally-fool-around-with-overseas-casinos-many-of-which-accept-ethereum/" "Mozilla/5.0 AppleWebKit/537.36 (KHTML, like Gecko; compatible; GPTBot/1.4; +https://openai.com/gptbot)"
74.7.241.32 - - [23/Jun/2026:06:08:25 -0700] "GET /wp-json/oembed/1.0/embed?format=xml&url=https%3A%2F%2Fdealzandfreebies.com%2F2026%2F06%2F23%2Ftrebuie-sa-tii-la-invarti-roata-doar-o-singura-data-o-zi%2F HTTP/2" 200 1127 "https://dealzandfreebies.com/2026/06/23/trebuie-sa-tii-la-invarti-roata-doar-o-singura-data-o-zi/" "Mozilla/5.0 AppleWebKit/537.36 (KHTML, like Gecko; compatible; GPTBot/1.4; +https://openai.com/gptbot)"
