74.7.241.32 - - [23/Jun/2026:06:00:34 -0700] "GET /wp-json/oembed/1.0/embed?url=https%3A%2F%2Fdealzandfreebies.com%2F2026%2F06%2F19%2Fbest-online-casinos-for-real-money-bally-slot-machines-games-2022%2F HTTP/2" 200 1103 "https://dealzandfreebies.com/2026/06/19/best-online-casinos-for-real-money-bally-slot-machines-games-2022/" "Mozilla/5.0 AppleWebKit/537.36 (KHTML, like Gecko; compatible; GPTBot/1.4; +https://openai.com/gptbot)"
157.100.105.240 - - [23/Jun/2026:06:00:33 -0700] "GET /2026/06/21/melbet-gambling-enterprise-review-2026-could-it-be-secure-legitimate/ HTTP/1.1" 200 28719 "-" "Mozilla/5.0 (iPhone; CPU iPhone OS 7_1_2 like Mac OS X) AppleWebKit/536.1 (KHTML, like Gecko) CriOS/26.0.887.0 Mobile/67V912 Safari/536.1"
74.7.241.32 - - [23/Jun/2026:06:00:34 -0700] "GET /2026/06/19/better-on-line-casino-sites-united-states-of-lord-of-the-ocean-casino-promo-code-play-slot-america-greatest-you-online-casinos-to-own-06/ HTTP/2" 200 28981 "https://dealzandfreebies.com/2026/06/19/enjoy-online-slots-games-for-free-and-press-this-site-a-real-income-at-the-frost-gambling-enterprise/" "Mozilla/5.0 AppleWebKit/537.36 (KHTML, like Gecko; compatible; GPTBot/1.4; +https://openai.com/gptbot)"
74.7.241.32 - - [23/Jun/2026:06:00:36 -0700] "GET /wp-json/oembed/1.0/embed?url=https%3A%2F%2Fdealzandfreebies.com%2F2026%2F06%2F19%2Fenjoy-online-slots-games-for-free-and-press-this-site-a-real-income-at-the-frost-gambling-enterprise%2F HTTP/2" 200 1151 "https://dealzandfreebies.com/2026/06/19/enjoy-online-slots-games-for-free-and-press-this-site-a-real-income-at-the-frost-gambling-enterprise/" "Mozilla/5.0 AppleWebKit/537.36 (KHTML, like Gecko; compatible; GPTBot/1.4; +https://openai.com/gptbot)"
74.7.241.32 - - [23/Jun/2026:06:00:36 -0700] "GET /?p=137260 HTTP/2" 301 0 "https://dealzandfreebies.com/2026/06/19/with-100-no-wager-spins-at-10p-you-may-be-to-acquire-a-great-ple-of-their-medium-volatility/" "Mozilla/5.0 AppleWebKit/537.36 (KHTML, like Gecko; compatible; GPTBot/1.4; +https://openai.com/gptbot)"
74.7.241.32 - - [23/Jun/2026:06:00:37 -0700] "GET /wp-json/oembed/1.0/embed?format=xml&url=https%3A%2F%2Fdealzandfreebies.com%2F2026%2F06%2F19%2Fwith-100-no-wager-spins-at-10p-you-may-be-to-acquire-a-great-ple-of-their-medium-volatility%2F HTTP/2" 200 1173 "https://dealzandfreebies.com/2026/06/19/with-100-no-wager-spins-at-10p-you-may-be-to-acquire-a-great-ple-of-their-medium-volatility/" "Mozilla/5.0 AppleWebKit/537.36 (KHTML, like Gecko; compatible; GPTBot/1.4; +https://openai.com/gptbot)"
74.7.241.32 - - [23/Jun/2026:06:00:37 -0700] "GET /wp-json/oembed/1.0/embed?url=https%3A%2F%2Fdealzandfreebies.com%2F2026%2F06%2F19%2Fwith-100-no-wager-spins-at-10p-you-may-be-to-acquire-a-great-ple-of-their-medium-volatility%2F HTTP/2" 200 1149 "https://dealzandfreebies.com/2026/06/19/with-100-no-wager-spins-at-10p-you-may-be-to-acquire-a-great-ple-of-their-medium-volatility/" "Mozilla/5.0 AppleWebKit/537.36 (KHTML, like Gecko; compatible; GPTBot/1.4; +https://openai.com/gptbot)"
57.141.18.64 - - [23/Jun/2026:06:00:37 -0700] "GET /2026/06/22/on-line-casino-cyprus-the-fresh-ten-most-readily-useful-gambling-enterprises-2025/ HTTP/2" 200 140282 "-" "meta-externalagent/1.1 (+https://developers.facebook.com/docs/sharing/webmasters/crawler)"
136.243.228.180 - - [23/Jun/2026:06:00:37 -0700] "GET /2026/06/17/un-plus-in-schimb-depunere-a-obine-o-reclama-gratuita-dedicata-jucatorilor-noi/ HTTP/1.1" 200 29104 "-" "Mozilla/5.0 (compatible; DataForSeoBot/1.0; +https://dataforseo.com/dataforseo-bot)"
74.7.241.32 - - [23/Jun/2026:06:00:38 -0700] "GET /wp-json/wp/v2/posts/137260 HTTP/2" 200 3771 "https://dealzandfreebies.com/2026/06/19/with-100-no-wager-spins-at-10p-you-may-be-to-acquire-a-great-ple-of-their-medium-volatility/" "Mozilla/5.0 AppleWebKit/537.36 (KHTML, like Gecko; compatible; GPTBot/1.4; +https://openai.com/gptbot)"
74.7.241.32 - - [23/Jun/2026:06:00:38 -0700] "GET /wp-json/wp/v2/posts/137048 HTTP/2" 200 4288 "https://dealzandfreebies.com/2026/06/19/enjoy-online-slots-games-for-free-and-press-this-site-a-real-income-at-the-frost-gambling-enterprise/" "Mozilla/5.0 AppleWebKit/537.36 (KHTML, like Gecko; compatible; GPTBot/1.4; +https://openai.com/gptbot)"
74.7.241.32 - - [23/Jun/2026:06:00:39 -0700] "GET /?p=165531 HTTP/2" 301 0 "https://dealzandfreebies.com/2026/06/23/gangsta-casino-sverige-for-och-nackdelar-med-spelande-online/" "Mozilla/5.0 AppleWebKit/537.36 (KHTML, like Gecko; compatible; GPTBot/1.4; +https://openai.com/gptbot)"
74.7.241.32 - - [23/Jun/2026:06:00:39 -0700] "GET /wp-json/oembed/1.0/embed?url=https%3A%2F%2Fdealzandfreebies.com%2F2026%2F06%2F23%2Fgangsta-casino-sverige-for-och-nackdelar-med-spelande-online%2F HTTP/2" 200 1114 "https://dealzandfreebies.com/2026/06/23/gangsta-casino-sverige-for-och-nackdelar-med-spelande-online/" "Mozilla/5.0 AppleWebKit/537.36 (KHTML, like Gecko; compatible; GPTBot/1.4; +https://openai.com/gptbot)"
74.7.241.32 - - [23/Jun/2026:06:00:40 -0700] "GET /wp-json/wp/v2/posts/165531 HTTP/2" 200 2672 "https://dealzandfreebies.com/2026/06/23/gangsta-casino-sverige-for-och-nackdelar-med-spelande-online/" "Mozilla/5.0 AppleWebKit/537.36 (KHTML, like Gecko; compatible; GPTBot/1.4; +https://openai.com/gptbot)"
74.7.241.32 - - [23/Jun/2026:06:00:40 -0700] "GET /wp-json/oembed/1.0/embed?url=https%3A%2F%2Fdealzandfreebies.com%2F2026%2F06%2F23%2Fa-real-income-pokies-programs-to-have-pills-vegas-world-casino-in-australia-2026%2F HTTP/2" 200 1128 "https://dealzandfreebies.com/2026/06/23/a-real-income-pokies-programs-to-have-pills-vegas-world-casino-in-australia-2026/" "Mozilla/5.0 AppleWebKit/537.36 (KHTML, like Gecko; compatible; GPTBot/1.4; +https://openai.com/gptbot)"
74.7.241.32 - - [23/Jun/2026:06:00:41 -0700] "GET /wp-json/oembed/1.0/embed?url=https%3A%2F%2Fdealzandfreebies.com%2F2026%2F06%2F23%2Fmost-useful-online-slots-2026-finest-real-cash-slots%2F HTTP/2" 200 1093 "https://dealzandfreebies.com/2026/06/23/most-useful-online-slots-2026-finest-real-cash-slots/" "Mozilla/5.0 AppleWebKit/537.36 (KHTML, like Gecko; compatible; GPTBot/1.4; +https://openai.com/gptbot)"
136.243.228.180 - - [23/Jun/2026:06:00:41 -0700] "GET /2026/06/17/quickest-detachment-casino-bonuses-ongoing-has-the-benefit-of/ HTTP/1.1" 200 27695 "-" "Mozilla/5.0 (compatible; DataForSeoBot/1.0; +https://dataforseo.com/dataforseo-bot)"
74.7.241.32 - - [23/Jun/2026:06:00:41 -0700] "GET /?p=137048 HTTP/2" 301 0 "https://dealzandfreebies.com/2026/06/19/enjoy-online-slots-games-for-free-and-press-this-site-a-real-income-at-the-frost-gambling-enterprise/" "Mozilla/5.0 AppleWebKit/537.36 (KHTML, like Gecko; compatible; GPTBot/1.4; +https://openai.com/gptbot)"
74.7.241.32 - - [23/Jun/2026:06:00:42 -0700] "GET /?p=165389 HTTP/2" 301 0 "https://dealzandfreebies.com/2026/06/23/ho-incominciato-dubbio-involontariamente-proposito-dalla-rarita-in-maggioranza/" "Mozilla/5.0 AppleWebKit/537.36 (KHTML, like Gecko; compatible; GPTBot/1.4; +https://openai.com/gptbot)"
74.7.241.32 - - [23/Jun/2026:06:00:42 -0700] "GET /?p=137046 HTTP/2" 301 0 "https://dealzandfreebies.com/2026/06/19/better-on-line-casino-sites-united-states-of-lord-of-the-ocean-casino-promo-code-play-slot-america-greatest-you-online-casinos-to-own-06/" "Mozilla/5.0 AppleWebKit/537.36 (KHTML, like Gecko; compatible; GPTBot/1.4; +https://openai.com/gptbot)"
74.7.241.32 - - [23/Jun/2026:06:00:43 -0700] "GET /?p=137260 HTTP/2" 301 0 "https://dealzandfreebies.com/2026/06/19/with-100-no-wager-spins-at-10p-you-may-be-to-acquire-a-great-ple-of-their-medium-volatility/" "Mozilla/5.0 AppleWebKit/537.36 (KHTML, like Gecko; compatible; GPTBot/1.4; +https://openai.com/gptbot)"
74.7.241.32 - - [23/Jun/2026:06:00:44 -0700] "GET /2026/06/19/sravnenie-bonusov-kazino-s-vyvodom-kakie-luchshie/ HTTP/2" 200 27821 "https://dealzandfreebies.com/2026/06/19/with-100-no-wager-spins-at-10p-you-may-be-to-acquire-a-great-ple-of-their-medium-volatility/" "Mozilla/5.0 AppleWebKit/537.36 (KHTML, like Gecko; compatible; GPTBot/1.4; +https://openai.com/gptbot)"
136.243.228.180 - - [23/Jun/2026:06:00:44 -0700] "GET /2026/06/17/this-can-lead-to-tall-emotional-proper-care-and-you-can-stress-with-the-dating-too/ HTTP/1.1" 200 27693 "-" "Mozilla/5.0 (compatible; DataForSeoBot/1.0; +https://dataforseo.com/dataforseo-bot)"
74.7.241.32 - - [23/Jun/2026:06:00:44 -0700] "GET /2026/06/19/greatest-online-casino-games-for-casino-wannabet-casino-united-states-of-america-professionals/ HTTP/2" 200 29026 "https://dealzandfreebies.com/2026/06/19/better-on-line-casino-sites-united-states-of-lord-of-the-ocean-casino-promo-code-play-slot-america-greatest-you-online-casinos-to-own-06/" "Mozilla/5.0 AppleWebKit/537.36 (KHTML, like Gecko; compatible; GPTBot/1.4; +https://openai.com/gptbot)"
85.208.96.210 - - [23/Jun/2026:06:00:45 -0700] "GET /category/redracer-casino/ HTTP/1.1" 200 28761 "-" "Mozilla/5.0 (compatible; SemrushBot/7~bl; +http://www.semrush.com/bot.html)"
74.7.241.32 - - [23/Jun/2026:06:00:45 -0700] "GET /2026/06/23/online-casino-werkelijk-poen-offlin-speculeren-in-echt-poen-om-holland/ HTTP/2" 200 30503 "https://dealzandfreebies.com/2026/06/23/ho-incominciato-dubbio-involontariamente-proposito-dalla-rarita-in-maggioranza/" "Mozilla/5.0 AppleWebKit/537.36 (KHTML, like Gecko; compatible; GPTBot/1.4; +https://openai.com/gptbot)"
74.7.241.32 - - [23/Jun/2026:06:00:46 -0700] "GET /wp-json/oembed/1.0/embed?url=https%3A%2F%2Fdealzandfreebies.com%2F2026%2F06%2F23%2Fho-incominciato-dubbio-involontariamente-proposito-dalla-rarita-in-maggioranza%2F HTTP/2" 200 1138 "https://dealzandfreebies.com/2026/06/23/ho-incominciato-dubbio-involontariamente-proposito-dalla-rarita-in-maggioranza/" "Mozilla/5.0 AppleWebKit/537.36 (KHTML, like Gecko; compatible; GPTBot/1.4; +https://openai.com/gptbot)"
74.7.241.32 - - [23/Jun/2026:06:00:46 -0700] "GET /wp-json/oembed/1.0/embed?url=https%3A%2F%2Fdealzandfreebies.com%2F2026%2F06%2F19%2Fbetter-on-line-casino-sites-united-states-of-lord-of-the-ocean-casino-promo-code-play-slot-america-greatest-you-online-casinos-to-own-06%2F HTTP/2" 200 1194 "https://dealzandfreebies.com/2026/06/19/better-on-line-casino-sites-united-states-of-lord-of-the-ocean-casino-promo-code-play-slot-america-greatest-you-online-casinos-to-own-06/" "Mozilla/5.0 AppleWebKit/537.36 (KHTML, like Gecko; compatible; GPTBot/1.4; +https://openai.com/gptbot)"
74.7.241.32 - - [23/Jun/2026:06:00:47 -0700] "GET /wp-json/wp/v2/posts/165389 HTTP/2" 200 2687 "https://dealzandfreebies.com/2026/06/23/ho-incominciato-dubbio-involontariamente-proposito-dalla-rarita-in-maggioranza/" "Mozilla/5.0 AppleWebKit/537.36 (KHTML, like Gecko; compatible; GPTBot/1.4; +https://openai.com/gptbot)"
74.7.241.32 - - [23/Jun/2026:06:00:47 -0700] "GET /wp-json/wp/v2/posts/137260 HTTP/2" 200 3771 "https://dealzandfreebies.com/2026/06/19/with-100-no-wager-spins-at-10p-you-may-be-to-acquire-a-great-ple-of-their-medium-volatility/" "Mozilla/5.0 AppleWebKit/537.36 (KHTML, like Gecko; compatible; GPTBot/1.4; +https://openai.com/gptbot)"
185.191.171.12 - - [23/Jun/2026:06:00:47 -0700] "GET /2026/06/21/tulalip-reopens-large-restriction-harbors-room/ HTTP/1.1" 200 34682 "-" "Mozilla/5.0 (compatible; SemrushBot/7~bl; +http://www.semrush.com/bot.html)"
57.141.18.6 - - [23/Jun/2026:06:00:47 -0700] "GET /2026/06/21/flush-crypto-gambling-casino-betfair-sign-up-establishment-sportsbook-real-time-gambling-enterprise-and-instantaneous-distributions/ HTTP/2" 200 145464 "-" "meta-externalagent/1.1 (+https://developers.facebook.com/docs/sharing/webmasters/crawler)"
74.7.241.32 - - [23/Jun/2026:06:00:48 -0700] "GET /wp-json/wp/v2/posts/137046 HTTP/2" 200 4266 "https://dealzandfreebies.com/2026/06/19/better-on-line-casino-sites-united-states-of-lord-of-the-ocean-casino-promo-code-play-slot-america-greatest-you-online-casinos-to-own-06/" "Mozilla/5.0 AppleWebKit/537.36 (KHTML, like Gecko; compatible; GPTBot/1.4; +https://openai.com/gptbot)"
74.7.241.32 - - [23/Jun/2026:06:00:48 -0700] "GET /wp-json/oembed/1.0/embed?url=https%3A%2F%2Fdealzandfreebies.com%2F2026%2F06%2F19%2Fwith-100-no-wager-spins-at-10p-you-may-be-to-acquire-a-great-ple-of-their-medium-volatility%2F HTTP/2" 200 1149 "https://dealzandfreebies.com/2026/06/19/with-100-no-wager-spins-at-10p-you-may-be-to-acquire-a-great-ple-of-their-medium-volatility/" "Mozilla/5.0 AppleWebKit/537.36 (KHTML, like Gecko; compatible; GPTBot/1.4; +https://openai.com/gptbot)"
57.141.18.2 - - [23/Jun/2026:06:00:49 -0700] "GET /wp-json/oembed/1.0/embed?url=https%3A%2F%2Fdealzandfreebies.com%2F2026%2F06%2F22%2Fan-informed-free-slot-programs-100percent-free-slots%2F HTTP/2" 200 2433 "-" "meta-externalagent/1.1 (+https://developers.facebook.com/docs/sharing/webmasters/crawler)"
74.7.241.32 - - [23/Jun/2026:06:00:49 -0700] "GET /wp-json/oembed/1.0/embed?url=https%3A%2F%2Fdealzandfreebies.com%2F2026%2F06%2F19%2Fslotv-gambling-no-verification-casino-uk-casino-mobile-app-establishment-no-deposit-extra-rules%2F HTTP/2" 200 1143 "https://dealzandfreebies.com/2026/06/19/slotv-gambling-no-verification-casino-uk-casino-mobile-app-establishment-no-deposit-extra-rules/" "Mozilla/5.0 AppleWebKit/537.36 (KHTML, like Gecko; compatible; GPTBot/1.4; +https://openai.com/gptbot)"
136.243.228.180 - - [23/Jun/2026:06:00:49 -0700] "GET /2026/06/17/western-roulette-has-a-double-no-00-plus-the-practical-no-increasing-the-family-border/ HTTP/1.1" 200 27936 "-" "Mozilla/5.0 (compatible; DataForSeoBot/1.0; +https://dataforseo.com/dataforseo-bot)"
74.7.241.32 - - [23/Jun/2026:06:00:50 -0700] "GET /wp-json/oembed/1.0/embed?url=https%3A%2F%2Fdealzandfreebies.com%2F2026%2F06%2F19%2Fchto-takoe-sinteticheskie-dannye-i-zachem-oni-66%2F HTTP/2" 200 1165 "https://dealzandfreebies.com/2026/06/19/chto-takoe-sinteticheskie-dannye-i-zachem-oni-66/" "Mozilla/5.0 AppleWebKit/537.36 (KHTML, like Gecko; compatible; GPTBot/1.4; +https://openai.com/gptbot)"
74.7.241.32 - - [23/Jun/2026:06:00:50 -0700] "GET /?p=137271 HTTP/2" 301 0 "https://dealzandfreebies.com/2026/06/19/sravnenie-bonusov-kazino-s-vyvodom-kakie-luchshie/" "Mozilla/5.0 AppleWebKit/537.36 (KHTML, like Gecko; compatible; GPTBot/1.4; +https://openai.com/gptbot)"
74.7.241.32 - - [23/Jun/2026:06:00:51 -0700] "GET /?p=137044 HTTP/2" 301 0 "https://dealzandfreebies.com/2026/06/19/greatest-online-casino-games-for-casino-wannabet-casino-united-states-of-america-professionals/" "Mozilla/5.0 AppleWebKit/537.36 (KHTML, like Gecko; compatible; GPTBot/1.4; +https://openai.com/gptbot)"
74.7.241.32 - - [23/Jun/2026:06:00:51 -0700] "GET /?p=165387 HTTP/2" 301 0 "https://dealzandfreebies.com/2026/06/23/online-casino-werkelijk-poen-offlin-speculeren-in-echt-poen-om-holland/" "Mozilla/5.0 AppleWebKit/537.36 (KHTML, like Gecko; compatible; GPTBot/1.4; +https://openai.com/gptbot)"
74.7.241.32 - - [23/Jun/2026:06:00:52 -0700] "GET /2026/06/23/jucatorii-i-asta-activeaza-notificarile-la-platforma-devin-ambele-invitaii-la-turnee-speciale-de-asemenea-i-evenimente-fillip/ HTTP/2" 200 27823 "https://dealzandfreebies.com/2026/06/23/online-casino-werkelijk-poen-offlin-speculeren-in-echt-poen-om-holland/" "Mozilla/5.0 AppleWebKit/537.36 (KHTML, like Gecko; compatible; GPTBot/1.4; +https://openai.com/gptbot)"
136.243.228.180 - - [23/Jun/2026:06:00:52 -0700] "GET /2026/06/17/angelique-visser-is-simply-an-enthusiastic-igaming-experienced-with-more-than-five-years-of-carrying-out-sense-for-local-casino-therefore-get-wagering-web-sites/ HTTP/1.1" 200 27677 "-" "Mozilla/5.0 (compatible; DataForSeoBot/1.0; +https://dataforseo.com/dataforseo-bot)"
74.7.241.32 - - [23/Jun/2026:06:00:52 -0700] "GET /2026/06/19/credible-customer-support-not-merely-solves-things-effortlessly-and-advances-faith-and-you-can-affiliate-pleasure/ HTTP/2" 200 28450 "https://dealzandfreebies.com/2026/06/19/greatest-online-casino-games-for-casino-wannabet-casino-united-states-of-america-professionals/" "Mozilla/5.0 AppleWebKit/537.36 (KHTML, like Gecko; compatible; GPTBot/1.4; +https://openai.com/gptbot)"
74.7.241.32 - - [23/Jun/2026:06:00:53 -0700] "GET /2026/06/19/speaking-of-constantly-having-particular-harbors-selected-by-the-agent/ HTTP/2" 200 28812 "https://dealzandfreebies.com/2026/06/19/sravnenie-bonusov-kazino-s-vyvodom-kakie-luchshie/" "Mozilla/5.0 AppleWebKit/537.36 (KHTML, like Gecko; compatible; GPTBot/1.4; +https://openai.com/gptbot)"
74.7.241.32 - - [23/Jun/2026:06:00:54 -0700] "GET /category/skolko-seriy-rucasinos-vyvodom-20/ HTTP/2" 200 22845 "https://dealzandfreebies.com/2026/06/19/sravnenie-bonusov-kazino-s-vyvodom-kakie-luchshie/" "Mozilla/5.0 AppleWebKit/537.36 (KHTML, like Gecko; compatible; GPTBot/1.4; +https://openai.com/gptbot)"
74.7.241.32 - - [23/Jun/2026:06:00:55 -0700] "GET /wp-json/oembed/1.0/embed?url=https%3A%2F%2Fdealzandfreebies.com%2F2026%2F06%2F19%2Fgreatest-online-casino-games-for-casino-wannabet-casino-united-states-of-america-professionals%2F HTTP/2" 200 1121 "https://dealzandfreebies.com/2026/06/19/greatest-online-casino-games-for-casino-wannabet-casino-united-states-of-america-professionals/" "Mozilla/5.0 AppleWebKit/537.36 (KHTML, like Gecko; compatible; GPTBot/1.4; +https://openai.com/gptbot)"
74.7.241.32 - - [23/Jun/2026:06:00:55 -0700] "GET /wp-json/oembed/1.0/embed?url=https%3A%2F%2Fdealzandfreebies.com%2F2026%2F06%2F23%2Fonline-casino-werkelijk-poen-offlin-speculeren-in-echt-poen-om-holland%2F HTTP/2" 200 1114 "https://dealzandfreebies.com/2026/06/23/online-casino-werkelijk-poen-offlin-speculeren-in-echt-poen-om-holland/" "Mozilla/5.0 AppleWebKit/537.36 (KHTML, like Gecko; compatible; GPTBot/1.4; +https://openai.com/gptbot)"
74.7.241.32 - - [23/Jun/2026:06:00:56 -0700] "GET /wp-json/wp/v2/posts/137271 HTTP/2" 200 3530 "https://dealzandfreebies.com/2026/06/19/sravnenie-bonusov-kazino-s-vyvodom-kakie-luchshie/" "Mozilla/5.0 AppleWebKit/537.36 (KHTML, like Gecko; compatible; GPTBot/1.4; +https://openai.com/gptbot)"
74.7.241.32 - - [23/Jun/2026:06:00:56 -0700] "GET /wp-json/wp/v2/posts/137044 HTTP/2" 200 4280 "https://dealzandfreebies.com/2026/06/19/greatest-online-casino-games-for-casino-wannabet-casino-united-states-of-america-professionals/" "Mozilla/5.0 AppleWebKit/537.36 (KHTML, like Gecko; compatible; GPTBot/1.4; +https://openai.com/gptbot)"
85.208.96.212 - - [23/Jun/2026:06:00:56 -0700] "GET /2026/06/22/durch-willkommensangeboten-bis-in-die-bruche-gegangen-nach-laufenden-aktionen-gibt-es-jede-menge-chancen-dein-gameplay-nach-verbessern/ HTTP/1.1" 200 33307 "-" "Mozilla/5.0 (compatible; SemrushBot/7~bl; +http://www.semrush.com/bot.html)"
136.243.228.180 - - [23/Jun/2026:06:00:57 -0700] "GET /2026/06/17/moj-opyt-top-10-kazino-kotorye-ja-posetil-i-chto-2/ HTTP/1.1" 200 28704 "-" "Mozilla/5.0 (compatible; DataForSeoBot/1.0; +https://dataforseo.com/dataforseo-bot)"
74.7.241.32 - - [23/Jun/2026:06:00:57 -0700] "GET /wp-json/wp/v2/posts/165387 HTTP/2" 200 5532 "https://dealzandfreebies.com/2026/06/23/online-casino-werkelijk-poen-offlin-speculeren-in-echt-poen-om-holland/" "Mozilla/5.0 AppleWebKit/537.36 (KHTML, like Gecko; compatible; GPTBot/1.4; +https://openai.com/gptbot)"
74.7.241.32 - - [23/Jun/2026:06:00:57 -0700] "GET /wp-json/oembed/1.0/embed?url=https%3A%2F%2Fdealzandfreebies.com%2F2026%2F06%2F19%2Fsravnenie-bonusov-kazino-s-vyvodom-kakie-luchshie%2F HTTP/2" 200 1200 "https://dealzandfreebies.com/2026/06/19/sravnenie-bonusov-kazino-s-vyvodom-kakie-luchshie/" "Mozilla/5.0 AppleWebKit/537.36 (KHTML, like Gecko; compatible; GPTBot/1.4; +https://openai.com/gptbot)"
74.7.241.32 - - [23/Jun/2026:06:00:58 -0700] "GET /wp-json/oembed/1.0/embed?url=https%3A%2F%2Fdealzandfreebies.com%2F2026%2F06%2F19%2Fchto-takoe-sinteticheskie-dannye-i-zachem-oni-60%2F HTTP/2" 200 1165 "https://dealzandfreebies.com/2026/06/19/chto-takoe-sinteticheskie-dannye-i-zachem-oni-60/" "Mozilla/5.0 AppleWebKit/537.36 (KHTML, like Gecko; compatible; GPTBot/1.4; +https://openai.com/gptbot)"
74.7.241.32 - - [23/Jun/2026:06:00:58 -0700] "GET /?p=165385 HTTP/2" 301 0 "https://dealzandfreebies.com/2026/06/23/jucatorii-i-asta-activeaza-notificarile-la-platforma-devin-ambele-invitaii-la-turnee-speciale-de-asemenea-i-evenimente-fillip/" "Mozilla/5.0 AppleWebKit/537.36 (KHTML, like Gecko; compatible; GPTBot/1.4; +https://openai.com/gptbot)"
74.7.241.32 - - [23/Jun/2026:06:00:59 -0700] "GET /?p=137042 HTTP/2" 301 0 "https://dealzandfreebies.com/2026/06/19/credible-customer-support-not-merely-solves-things-effortlessly-and-advances-faith-and-you-can-affiliate-pleasure/" "Mozilla/5.0 AppleWebKit/537.36 (KHTML, like Gecko; compatible; GPTBot/1.4; +https://openai.com/gptbot)"
74.7.241.32 - - [23/Jun/2026:06:01:00 -0700] "GET /?p=137263 HTTP/2" 301 0 "https://dealzandfreebies.com/2026/06/19/speaking-of-constantly-having-particular-harbors-selected-by-the-agent/" "Mozilla/5.0 AppleWebKit/537.36 (KHTML, like Gecko; compatible; GPTBot/1.4; +https://openai.com/gptbot)"
216.73.217.103 - - [23/Jun/2026:06:01:00 -0700] "GET /?p=61326 HTTP/2" 301 0 "-" "Mozilla/5.0 AppleWebKit/537.36 (KHTML, like Gecko; compatible; ClaudeBot/1.0; +claudebot@anthropic.com)"
216.73.217.103 - - [23/Jun/2026:06:01:00 -0700] "GET /2025/07/30/the-future-of-virtual-reality-in-casinos-11/ HTTP/2" 200 26317 "https://dealzandfreebies.com/?p=61326" "Mozilla/5.0 AppleWebKit/537.36 (KHTML, like Gecko; compatible; ClaudeBot/1.0; +claudebot@anthropic.com)"
74.7.241.32 - - [23/Jun/2026:06:01:00 -0700] "GET /2026/06/23/start-with-the-fresh-partner-platforms-top-picks-such-orion-superstars-for-free-spins/ HTTP/2" 200 28104 "https://dealzandfreebies.com/2026/06/23/jucatorii-i-asta-activeaza-notificarile-la-platforma-devin-ambele-invitaii-la-turnee-speciale-de-asemenea-i-evenimente-fillip/" "Mozilla/5.0 AppleWebKit/537.36 (KHTML, like Gecko; compatible; GPTBot/1.4; +https://openai.com/gptbot)"
136.243.228.180 - - [23/Jun/2026:06:01:01 -0700] "GET /2026/06/17/brief-on-line-casino-positives-downsides/ HTTP/1.1" 200 27712 "-" "Mozilla/5.0 (compatible; DataForSeoBot/1.0; +https://dataforseo.com/dataforseo-bot)"
85.208.96.204 - - [23/Jun/2026:06:01:01 -0700] "GET /robots.txt HTTP/1.1" 200 70 "-" "Mozilla/5.0 (compatible; SemrushBot/7~bl; +http://www.semrush.com/bot.html)"
74.7.241.32 - - [23/Jun/2026:06:01:01 -0700] "GET /2026/06/19/spel-trendy-fruit-ranch-spelautomat/ HTTP/2" 200 28071 "https://dealzandfreebies.com/2026/06/19/speaking-of-constantly-having-particular-harbors-selected-by-the-agent/" "Mozilla/5.0 AppleWebKit/537.36 (KHTML, like Gecko; compatible; GPTBot/1.4; +https://openai.com/gptbot)"
74.7.241.32 - - [23/Jun/2026:06:01:02 -0700] "GET /2026/06/19/slots-normally-have-a-house-line-4%ef%bf%bd8-but-not-provide-the-prominent-jackpots/ HTTP/2" 403 0 "https://dealzandfreebies.com/2026/06/19/credible-customer-support-not-merely-solves-things-effortlessly-and-advances-faith-and-you-can-affiliate-pleasure/" "Mozilla/5.0 AppleWebKit/537.36 (KHTML, like Gecko; compatible; GPTBot/1.4; +https://openai.com/gptbot)"
85.208.96.210 - - [23/Jun/2026:06:01:02 -0700] "GET /2026/06/22/19-top-crypto-bitcoin-gambling-enterprises-in-may-2026/ HTTP/1.1" 200 34807 "-" "Mozilla/5.0 (compatible; SemrushBot/7~bl; +http://www.semrush.com/bot.html)"
74.7.241.32 - - [23/Jun/2026:06:01:03 -0700] "GET /wp-json/oembed/1.0/embed?url=https%3A%2F%2Fdealzandfreebies.com%2F2026%2F06%2F19%2Fcredible-customer-support-not-merely-solves-things-effortlessly-and-advances-faith-and-you-can-affiliate-pleasure%2F HTTP/2" 200 1140 "https://dealzandfreebies.com/2026/06/19/credible-customer-support-not-merely-solves-things-effortlessly-and-advances-faith-and-you-can-affiliate-pleasure/" "Mozilla/5.0 AppleWebKit/537.36 (KHTML, like Gecko; compatible; GPTBot/1.4; +https://openai.com/gptbot)"
74.7.241.32 - - [23/Jun/2026:06:01:03 -0700] "GET /wp-json/oembed/1.0/embed?url=https%3A%2F%2Fdealzandfreebies.com%2F2026%2F06%2F23%2Fjucatorii-i-asta-activeaza-notificarile-la-platforma-devin-ambele-invitaii-la-turnee-speciale-de-asemenea-i-evenimente-fillip%2F HTTP/2" 200 1166 "https://dealzandfreebies.com/2026/06/23/jucatorii-i-asta-activeaza-notificarile-la-platforma-devin-ambele-invitaii-la-turnee-speciale-de-asemenea-i-evenimente-fillip/" "Mozilla/5.0 AppleWebKit/537.36 (KHTML, like Gecko; compatible; GPTBot/1.4; +https://openai.com/gptbot)"
74.7.241.32 - - [23/Jun/2026:06:01:04 -0700] "GET /wp-json/oembed/1.0/embed?url=https%3A%2F%2Fdealzandfreebies.com%2F2026%2F06%2F19%2Fspeaking-of-constantly-having-particular-harbors-selected-by-the-agent%2F HTTP/2" 200 1103 "https://dealzandfreebies.com/2026/06/19/speaking-of-constantly-having-particular-harbors-selected-by-the-agent/" "Mozilla/5.0 AppleWebKit/537.36 (KHTML, like Gecko; compatible; GPTBot/1.4; +https://openai.com/gptbot)"
74.7.241.32 - - [23/Jun/2026:06:01:04 -0700] "GET /wp-json/wp/v2/categories/2167 HTTP/2" 200 319 "https://dealzandfreebies.com/category/skolko-seriy-rucasinos-vyvodom-20/" "Mozilla/5.0 AppleWebKit/537.36 (KHTML, like Gecko; compatible; GPTBot/1.4; +https://openai.com/gptbot)"
136.243.228.180 - - [23/Jun/2026:06:01:04 -0700] "GET /2026/06/17/neue-online-casinos-unter-einsatz-von-pramie-ohne-einzahlung-2026-diese-kalte-arztpraxis-zu-mr-green-casino-kein-einzahlungscode-dem-werbeplakat/ HTTP/1.1" 200 29035 "-" "Mozilla/5.0 (compatible; DataForSeoBot/1.0; +https://dataforseo.com/dataforseo-bot)"
74.7.241.32 - - [23/Jun/2026:06:01:05 -0700] "GET /wp-json/wp/v2/posts/137263 HTTP/2" 200 3989 "https://dealzandfreebies.com/2026/06/19/speaking-of-constantly-having-particular-harbors-selected-by-the-agent/" "Mozilla/5.0 AppleWebKit/537.36 (KHTML, like Gecko; compatible; GPTBot/1.4; +https://openai.com/gptbot)"
74.7.241.32 - - [23/Jun/2026:06:01:05 -0700] "GET /wp-json/wp/v2/posts/137042 HTTP/2" 200 3606 "https://dealzandfreebies.com/2026/06/19/credible-customer-support-not-merely-solves-things-effortlessly-and-advances-faith-and-you-can-affiliate-pleasure/" "Mozilla/5.0 AppleWebKit/537.36 (KHTML, like Gecko; compatible; GPTBot/1.4; +https://openai.com/gptbot)"
74.7.241.32 - - [23/Jun/2026:06:01:06 -0700] "GET /wp-json/wp/v2/posts/165385 HTTP/2" 200 3010 "https://dealzandfreebies.com/2026/06/23/jucatorii-i-asta-activeaza-notificarile-la-platforma-devin-ambele-invitaii-la-turnee-speciale-de-asemenea-i-evenimente-fillip/" "Mozilla/5.0 AppleWebKit/537.36 (KHTML, like Gecko; compatible; GPTBot/1.4; +https://openai.com/gptbot)"
74.7.241.32 - - [23/Jun/2026:06:01:06 -0700] "GET /wp-json/oembed/1.0/embed?url=https%3A%2F%2Fdealzandfreebies.com%2F2026%2F06%2F19%2Foficialnyi-sait-igrat-v-onlain-kazino-pinco4254%2F HTTP/2" 200 1160 "https://dealzandfreebies.com/2026/06/19/oficialnyi-sait-igrat-v-onlain-kazino-pinco4254/" "Mozilla/5.0 AppleWebKit/537.36 (KHTML, like Gecko; compatible; GPTBot/1.4; +https://openai.com/gptbot)"
74.7.241.32 - - [23/Jun/2026:06:01:07 -0700] "GET /?p=165383 HTTP/2" 301 0 "https://dealzandfreebies.com/2026/06/23/start-with-the-fresh-partner-platforms-top-picks-such-orion-superstars-for-free-spins/" "Mozilla/5.0 AppleWebKit/537.36 (KHTML, like Gecko; compatible; GPTBot/1.4; +https://openai.com/gptbot)"
74.7.241.32 - - [23/Jun/2026:06:01:07 -0700] "GET /2026/06/23/werkelijk-poen-gokhuis-de-uitgelezene-goksites-betreffende-iedereen-betaalmethodes/ HTTP/2" 200 29429 "https://dealzandfreebies.com/2026/06/23/start-with-the-fresh-partner-platforms-top-picks-such-orion-superstars-for-free-spins/" "Mozilla/5.0 AppleWebKit/537.36 (KHTML, like Gecko; compatible; GPTBot/1.4; +https://openai.com/gptbot)"
74.7.241.32 - - [23/Jun/2026:06:01:09 -0700] "GET /?p=137267 HTTP/2" 301 0 "https://dealzandfreebies.com/2026/06/19/spel-trendy-fruit-ranch-spelautomat/" "Mozilla/5.0 AppleWebKit/537.36 (KHTML, like Gecko; compatible; GPTBot/1.4; +https://openai.com/gptbot)"
136.243.228.180 - - [23/Jun/2026:06:01:08 -0700] "GET /2026/06/17/in-many-cases-the-fresh-new-limits-was-high-enough-to-not-ever-affect-the-greater-part-of-users/ HTTP/1.1" 200 29435 "-" "Mozilla/5.0 (compatible; DataForSeoBot/1.0; +https://dataforseo.com/dataforseo-bot)"
74.7.241.32 - - [23/Jun/2026:06:01:09 -0700] "GET /2026/06/19/kak-sproektirovany-aktualnye-obozrevateli-44/ HTTP/2" 200 32338 "https://dealzandfreebies.com/2026/06/19/spel-trendy-fruit-ranch-spelautomat/" "Mozilla/5.0 AppleWebKit/537.36 (KHTML, like Gecko; compatible; GPTBot/1.4; +https://openai.com/gptbot)"
185.191.171.12 - - [23/Jun/2026:06:01:09 -0700] "GET /2026/06/22/de-lensemble-il-convient-dun-excellent-casino-du-chemin-au-sujets-des-sportifs-metropolitain/ HTTP/1.1" 200 32815 "-" "Mozilla/5.0 (compatible; SemrushBot/7~bl; +http://www.semrush.com/bot.html)"
74.7.241.32 - - [23/Jun/2026:06:01:10 -0700] "GET /wp-json/oembed/1.0/embed?url=https%3A%2F%2Fdealzandfreebies.com%2F2026%2F06%2F23%2Fstart-with-the-fresh-partner-platforms-top-picks-such-orion-superstars-for-free-spins%2F HTTP/2" 200 1138 "https://dealzandfreebies.com/2026/06/23/start-with-the-fresh-partner-platforms-top-picks-such-orion-superstars-for-free-spins/" "Mozilla/5.0 AppleWebKit/537.36 (KHTML, like Gecko; compatible; GPTBot/1.4; +https://openai.com/gptbot)"
57.141.18.110 - - [23/Jun/2026:06:01:10 -0700] "GET /wp-json/oembed/1.0/embed?url=https%3A%2F%2Fdealzandfreebies.com%2F2026%2F06%2F22%2Fcome-ricevere-pagamenti-rapidi-dai-bisca-non-aams-su-farantube%2F HTTP/2" 200 2483 "-" "meta-externalagent/1.1 (+https://developers.facebook.com/docs/sharing/webmasters/crawler)"
74.7.241.32 - - [23/Jun/2026:06:01:10 -0700] "GET /wp-json/wp/v2/posts/137267 HTTP/2" 200 3414 "https://dealzandfreebies.com/2026/06/19/spel-trendy-fruit-ranch-spelautomat/" "Mozilla/5.0 AppleWebKit/537.36 (KHTML, like Gecko; compatible; GPTBot/1.4; +https://openai.com/gptbot)"
74.7.241.32 - - [23/Jun/2026:06:01:11 -0700] "GET /wp-json/wp/v2/posts/165383 HTTP/2" 200 3255 "https://dealzandfreebies.com/2026/06/23/start-with-the-fresh-partner-platforms-top-picks-such-orion-superstars-for-free-spins/" "Mozilla/5.0 AppleWebKit/537.36 (KHTML, like Gecko; compatible; GPTBot/1.4; +https://openai.com/gptbot)"
74.7.241.32 - - [23/Jun/2026:06:01:11 -0700] "GET /wp-json/oembed/1.0/embed?url=https%3A%2F%2Fdealzandfreebies.com%2F2026%2F06%2F19%2Fspel-trendy-fruit-ranch-spelautomat%2F HTTP/2" 200 1074 "https://dealzandfreebies.com/2026/06/19/spel-trendy-fruit-ranch-spelautomat/" "Mozilla/5.0 AppleWebKit/537.36 (KHTML, like Gecko; compatible; GPTBot/1.4; +https://openai.com/gptbot)"
74.7.241.32 - - [23/Jun/2026:06:01:12 -0700] "GET /wp-json/oembed/1.0/embed?url=https%3A%2F%2Fdealzandfreebies.com%2F2026%2F06%2F19%2Fkak-organizovany-sovremennye-crm-sistemy-2%2F HTTP/2" 200 1145 "https://dealzandfreebies.com/2026/06/19/kak-organizovany-sovremennye-crm-sistemy-2/" "Mozilla/5.0 AppleWebKit/537.36 (KHTML, like Gecko; compatible; GPTBot/1.4; +https://openai.com/gptbot)"
74.7.241.32 - - [23/Jun/2026:06:01:12 -0700] "GET /wp-json/oembed/1.0/embed?url=https%3A%2F%2Fdealzandfreebies.com%2F2026%2F06%2F19%2Ffree-harbors-no-deposit-needed%2F HTTP/2" 200 1069 "https://dealzandfreebies.com/2026/06/19/free-harbors-no-deposit-needed/" "Mozilla/5.0 AppleWebKit/537.36 (KHTML, like Gecko; compatible; GPTBot/1.4; +https://openai.com/gptbot)"
74.7.241.32 - - [23/Jun/2026:06:01:13 -0700] "GET /wp-json/oembed/1.0/embed?url=https%3A%2F%2Fdealzandfreebies.com%2F2026%2F06%2F19%2Fpin-up-casino-azrbaycan-6358-2%2F HTTP/2" 200 1078 "https://dealzandfreebies.com/2026/06/19/pin-up-casino-azrbaycan-6358-2/" "Mozilla/5.0 AppleWebKit/537.36 (KHTML, like Gecko; compatible; GPTBot/1.4; +https://openai.com/gptbot)"
136.243.228.180 - - [23/Jun/2026:06:01:13 -0700] "GET /2026/06/17/5-eur-casino-provision-exklusive-einzahlung-5-kostenfrei/ HTTP/1.1" 200 29304 "-" "Mozilla/5.0 (compatible; DataForSeoBot/1.0; +https://dataforseo.com/dataforseo-bot)"
74.7.241.32 - - [23/Jun/2026:06:01:13 -0700] "GET /wp-json/oembed/1.0/embed?url=https%3A%2F%2Fdealzandfreebies.com%2F2026%2F06%2F23%2Fleovegas-onore-privo-di-pieno-50-free-spins%2F HTTP/2" 200 1088 "https://dealzandfreebies.com/2026/06/23/leovegas-onore-privo-di-pieno-50-free-spins/" "Mozilla/5.0 AppleWebKit/537.36 (KHTML, like Gecko; compatible; GPTBot/1.4; +https://openai.com/gptbot)"
74.7.241.32 - - [23/Jun/2026:06:01:14 -0700] "GET /?p=165381 HTTP/2" 301 0 "https://dealzandfreebies.com/2026/06/23/werkelijk-poen-gokhuis-de-uitgelezene-goksites-betreffende-iedereen-betaalmethodes/" "Mozilla/5.0 AppleWebKit/537.36 (KHTML, like Gecko; compatible; GPTBot/1.4; +https://openai.com/gptbot)"
74.7.241.32 - - [23/Jun/2026:06:01:15 -0700] "GET /2026/06/23/betbeast-features-the-full-let-heart-that-includes-faqs-for-the-information-for-example-bonuses-games-and-you-may-costs/ HTTP/2" 200 28708 "https://dealzandfreebies.com/2026/06/23/werkelijk-poen-gokhuis-de-uitgelezene-goksites-betreffende-iedereen-betaalmethodes/" "Mozilla/5.0 AppleWebKit/537.36 (KHTML, like Gecko; compatible; GPTBot/1.4; +https://openai.com/gptbot)"
74.7.241.32 - - [23/Jun/2026:06:01:15 -0700] "GET /?p=137418 HTTP/2" 301 0 "https://dealzandfreebies.com/2026/06/19/kak-sproektirovany-aktualnye-obozrevateli-44/" "Mozilla/5.0 AppleWebKit/537.36 (KHTML, like Gecko; compatible; GPTBot/1.4; +https://openai.com/gptbot)"
104.255.170.81 - - [23/Jun/2026:06:01:16 -0700] "POST /wp-cron.php?doing_wp_cron=1782219676.0869410037994384765625 HTTP/1.1" 200 0 "-" "WordPress/7.0; https://dealzandfreebies.com"
104.166.189.244 - - [23/Jun/2026:06:01:15 -0700] "POST /xmlrpc.php HTTP/1.1" 200 181 "-" "Mozilla/5.0 (Windows NT 10.0; Win64; x64) AppleWebKit/537.36 (KHTML, like Gecko) Chrome/114.0.0.0 Safari/537.36"
74.7.241.32 - - [23/Jun/2026:06:01:16 -0700] "GET /2026/06/19/enjoy-totally-free-slots-on-line-no-register/ HTTP/2" 200 28113 "https://dealzandfreebies.com/2026/06/19/kak-sproektirovany-aktualnye-obozrevateli-44/" "Mozilla/5.0 AppleWebKit/537.36 (KHTML, like Gecko; compatible; GPTBot/1.4; +https://openai.com/gptbot)"
136.243.228.180 - - [23/Jun/2026:06:01:16 -0700] "GET /2026/06/17/haufig-mussen-die-kunden-zaster-einzahlen-damit-unser-umsatzbedingungen-siegreich-nachdem-erledigen/ HTTP/1.1" 200 29401 "-" "Mozilla/5.0 (compatible; DataForSeoBot/1.0; +https://dataforseo.com/dataforseo-bot)"
74.7.241.32 - - [23/Jun/2026:06:01:17 -0700] "GET /wp-json/oembed/1.0/embed?url=https%3A%2F%2Fdealzandfreebies.com%2F2026%2F06%2F23%2Fwerkelijk-poen-gokhuis-de-uitgelezene-goksites-betreffende-iedereen-betaalmethodes%2F HTTP/2" 200 1114 "https://dealzandfreebies.com/2026/06/23/werkelijk-poen-gokhuis-de-uitgelezene-goksites-betreffende-iedereen-betaalmethodes/" "Mozilla/5.0 AppleWebKit/537.36 (KHTML, like Gecko; compatible; GPTBot/1.4; +https://openai.com/gptbot)"
74.7.241.32 - - [23/Jun/2026:06:01:17 -0700] "GET /wp-json/wp/v2/posts/137418 HTTP/2" 200 12180 "https://dealzandfreebies.com/2026/06/19/kak-sproektirovany-aktualnye-obozrevateli-44/" "Mozilla/5.0 AppleWebKit/537.36 (KHTML, like Gecko; compatible; GPTBot/1.4; +https://openai.com/gptbot)"
74.7.241.32 - - [23/Jun/2026:06:01:18 -0700] "GET /wp-json/wp/v2/posts/165381 HTTP/2" 200 4553 "https://dealzandfreebies.com/2026/06/23/werkelijk-poen-gokhuis-de-uitgelezene-goksites-betreffende-iedereen-betaalmethodes/" "Mozilla/5.0 AppleWebKit/537.36 (KHTML, like Gecko; compatible; GPTBot/1.4; +https://openai.com/gptbot)"
74.7.241.32 - - [23/Jun/2026:06:01:18 -0700] "GET /wp-json/oembed/1.0/embed?format=xml&url=https%3A%2F%2Fdealzandfreebies.com%2F2026%2F06%2F19%2Ftocmai-de-ce-atunci-exista-o-serie-dintre-acestea-mod-de-a-cram-mana-la-un-fillip-in-schimb-depunere%2F HTTP/2" 200 1183 "https://dealzandfreebies.com/2026/06/19/tocmai-de-ce-atunci-exista-o-serie-dintre-acestea-mod-de-a-cram-mana-la-un-fillip-in-schimb-depunere/" "Mozilla/5.0 AppleWebKit/537.36 (KHTML, like Gecko; compatible; GPTBot/1.4; +https://openai.com/gptbot)"
57.141.18.102 - - [23/Jun/2026:06:01:19 -0700] "GET /wp-json/oembed/1.0/embed?url=https%3A%2F%2Fdealzandfreebies.com%2F2026%2F06%2F22%2Fdies-erzahlen-nachfolgende-gamer-qua-ebendiese-apps-nutzerbewertungen-im-performance-search-application-shop%2F HTTP/2" 200 2752 "-" "meta-externalagent/1.1 (+https://developers.facebook.com/docs/sharing/webmasters/crawler)"
74.7.241.32 - - [23/Jun/2026:06:01:19 -0700] "GET /wp-json/oembed/1.0/embed?url=https%3A%2F%2Fdealzandfreebies.com%2F2026%2F06%2F23%2Ften-most-useful-real-money-online-slots-games-sites-of-2026%2F HTTP/2" 200 1098 "https://dealzandfreebies.com/2026/06/23/ten-most-useful-real-money-online-slots-games-sites-of-2026/" "Mozilla/5.0 AppleWebKit/537.36 (KHTML, like Gecko; compatible; GPTBot/1.4; +https://openai.com/gptbot)"
74.7.241.32 - - [23/Jun/2026:06:01:20 -0700] "GET /wp-json/oembed/1.0/embed?url=https%3A%2F%2Fdealzandfreebies.com%2F2026%2F06%2F19%2Fshell-out-200-casino-bonus-apple-pay-and-gamble-casinos-united-kingdom-2021%2F HTTP/2" 200 1129 "https://dealzandfreebies.com/2026/06/19/shell-out-200-casino-bonus-apple-pay-and-gamble-casinos-united-kingdom-2021/" "Mozilla/5.0 AppleWebKit/537.36 (KHTML, like Gecko; compatible; GPTBot/1.4; +https://openai.com/gptbot)"
74.7.241.32 - - [23/Jun/2026:06:01:20 -0700] "GET /wp-json/oembed/1.0/embed?url=https%3A%2F%2Fdealzandfreebies.com%2F2026%2F06%2F19%2Fpin-up-casino-azrbaycan-1618%2F HTTP/2" 200 1072 "https://dealzandfreebies.com/2026/06/19/pin-up-casino-azrbaycan-1618/" "Mozilla/5.0 AppleWebKit/537.36 (KHTML, like Gecko; compatible; GPTBot/1.4; +https://openai.com/gptbot)"
74.7.241.32 - - [23/Jun/2026:06:01:21 -0700] "GET /wp-json/oembed/1.0/embed?url=https%3A%2F%2Fdealzandfreebies.com%2F2026%2F06%2F23%2Fcasinos-online-em-portugal-os-melhores-em-casinos-11%2F HTTP/2" 200 1093 "https://dealzandfreebies.com/2026/06/23/casinos-online-em-portugal-os-melhores-em-casinos-11/" "Mozilla/5.0 AppleWebKit/537.36 (KHTML, like Gecko; compatible; GPTBot/1.4; +https://openai.com/gptbot)"
74.7.241.32 - - [23/Jun/2026:06:01:21 -0700] "GET /?p=165379 HTTP/2" 301 0 "https://dealzandfreebies.com/2026/06/23/betbeast-features-the-full-let-heart-that-includes-faqs-for-the-information-for-example-bonuses-games-and-you-may-costs/" "Mozilla/5.0 AppleWebKit/537.36 (KHTML, like Gecko; compatible; GPTBot/1.4; +https://openai.com/gptbot)"
136.243.228.180 - - [23/Jun/2026:06:01:20 -0700] "GET /2026/06/17/contare-alle-slot-gratuite-acquitte-con-laggiunta-di-facile-toccare-alle-slot-con-premi-per-ricchezza/ HTTP/1.1" 200 27940 "-" "Mozilla/5.0 (compatible; DataForSeoBot/1.0; +https://dataforseo.com/dataforseo-bot)"
104.166.189.244 - - [23/Jun/2026:06:01:21 -0700] "POST /xmlrpc.php HTTP/1.1" 200 10435 "-" "Mozilla/5.0 (Windows NT 10.0; Win64; x64) AppleWebKit/537.36 (KHTML, like Gecko) Chrome/114.0.0.0 Safari/537.36"
74.7.241.32 - - [23/Jun/2026:06:01:22 -0700] "GET /2026/06/23/najwazniejsze-percepcja-zrobila-wszystko-to-samo-zarobki-od-wskazowki-sa-widoczne-z-koncie-bardzo-prawie-teraz/ HTTP/2" 200 28305 "https://dealzandfreebies.com/2026/06/23/betbeast-features-the-full-let-heart-that-includes-faqs-for-the-information-for-example-bonuses-games-and-you-may-costs/" "Mozilla/5.0 AppleWebKit/537.36 (KHTML, like Gecko; compatible; GPTBot/1.4; +https://openai.com/gptbot)"
104.166.189.244 - - [23/Jun/2026:06:01:22 -0700] "GET /2026/06/23/denn-je-deutsche-gamer-wird-eres-zu-guter-letzt-zulassig-eine-durchsetzbar-spielholle-hinten-sich-begeben-zu-little/ HTTP/1.1" 200 141324 "-" "Mozilla/5.0 (Windows NT 10.0; Win64; x64) AppleWebKit/537.36 (KHTML, like Gecko) Chrome/122.0.0.0 Safari/537.36"
74.7.241.32 - - [23/Jun/2026:06:01:23 -0700] "GET /?p=137275 HTTP/2" 301 0 "https://dealzandfreebies.com/2026/06/19/enjoy-totally-free-slots-on-line-no-register/" "Mozilla/5.0 AppleWebKit/537.36 (KHTML, like Gecko; compatible; GPTBot/1.4; +https://openai.com/gptbot)"
74.7.241.32 - - [23/Jun/2026:06:01:23 -0700] "GET /2026/06/23/denn-je-deutsche-gamer-wird-eres-zu-guter-letzt-zulassig-eine-durchsetzbar-spielholle-hinten-sich-begeben-zu-little/ HTTP/2" 200 28561 "https://dealzandfreebies.com/2026/06/19/enjoy-totally-free-slots-on-line-no-register/" "Mozilla/5.0 AppleWebKit/537.36 (KHTML, like Gecko; compatible; GPTBot/1.4; +https://openai.com/gptbot)"
74.7.241.32 - - [23/Jun/2026:06:01:24 -0700] "GET /2026/06/19/kak-sproektirovany-aktualnye-brauzery-50/ HTTP/2" 200 32225 "https://dealzandfreebies.com/2026/06/19/enjoy-totally-free-slots-on-line-no-register/" "Mozilla/5.0 AppleWebKit/537.36 (KHTML, like Gecko; compatible; GPTBot/1.4; +https://openai.com/gptbot)"
136.243.228.180 - - [23/Jun/2026:06:01:24 -0700] "GET /2026/06/17/when-you-are-a-fan-of-progressive-member-interfaces-and-snappy-quick-gamble-gambling-enterprises-it-is-possible-to-like-mrq/ HTTP/1.1" 200 29267 "-" "Mozilla/5.0 (compatible; DataForSeoBot/1.0; +https://dataforseo.com/dataforseo-bot)"
74.7.241.32 - - [23/Jun/2026:06:01:25 -0700] "GET /wp-json/oembed/1.0/embed?url=https%3A%2F%2Fdealzandfreebies.com%2F2026%2F06%2F23%2Fbetbeast-features-the-full-let-heart-that-includes-faqs-for-the-information-for-example-bonuses-games-and-you-may-costs%2F HTTP/2" 200 1159 "https://dealzandfreebies.com/2026/06/23/betbeast-features-the-full-let-heart-that-includes-faqs-for-the-information-for-example-bonuses-games-and-you-may-costs/" "Mozilla/5.0 AppleWebKit/537.36 (KHTML, like Gecko; compatible; GPTBot/1.4; +https://openai.com/gptbot)"
74.7.241.32 - - [23/Jun/2026:06:01:25 -0700] "GET /wp-json/wp/v2/posts/137275 HTTP/2" 200 3355 "https://dealzandfreebies.com/2026/06/19/enjoy-totally-free-slots-on-line-no-register/" "Mozilla/5.0 AppleWebKit/537.36 (KHTML, like Gecko; compatible; GPTBot/1.4; +https://openai.com/gptbot)"
74.7.241.32 - - [23/Jun/2026:06:01:26 -0700] "GET /wp-json/wp/v2/posts/165379 HTTP/2" 200 3849 "https://dealzandfreebies.com/2026/06/23/betbeast-features-the-full-let-heart-that-includes-faqs-for-the-information-for-example-bonuses-games-and-you-may-costs/" "Mozilla/5.0 AppleWebKit/537.36 (KHTML, like Gecko; compatible; GPTBot/1.4; +https://openai.com/gptbot)"
74.7.241.32 - - [23/Jun/2026:06:01:26 -0700] "GET /wp-json/oembed/1.0/embed?url=https%3A%2F%2Fdealzandfreebies.com%2F2026%2F06%2F19%2Fcomparativa-de-plataformas-de-apuestas-1win%2F HTTP/2" 200 1126 "https://dealzandfreebies.com/2026/06/19/comparativa-de-plataformas-de-apuestas-1win/" "Mozilla/5.0 AppleWebKit/537.36 (KHTML, like Gecko; compatible; GPTBot/1.4; +https://openai.com/gptbot)"
74.7.241.32 - - [23/Jun/2026:06:01:27 -0700] "GET /wp-json/oembed/1.0/embed?url=https%3A%2F%2Fdealzandfreebies.com%2F2026%2F06%2F23%2Fgreatest-online-slots-games-top-ten-casino-harbors-2026%2F HTTP/2" 200 1097 "https://dealzandfreebies.com/2026/06/23/greatest-online-slots-games-top-ten-casino-harbors-2026/" "Mozilla/5.0 AppleWebKit/537.36 (KHTML, like Gecko; compatible; GPTBot/1.4; +https://openai.com/gptbot)"
74.7.241.32 - - [23/Jun/2026:06:01:27 -0700] "GET /wp-json/oembed/1.0/embed?url=https%3A%2F%2Fdealzandfreebies.com%2F2026%2F06%2F19%2Fbest-shell-out-from-the-casino-super-gaminator-mobile-cellular-telephone-gambling-enterprises%2F HTTP/2" 200 1144 "https://dealzandfreebies.com/2026/06/19/best-shell-out-from-the-casino-super-gaminator-mobile-cellular-telephone-gambling-enterprises/" "Mozilla/5.0 AppleWebKit/537.36 (KHTML, like Gecko; compatible; GPTBot/1.4; +https://openai.com/gptbot)"
74.7.241.32 - - [23/Jun/2026:06:01:28 -0700] "GET /wp-json/oembed/1.0/embed?format=xml&url=https%3A%2F%2Fdealzandfreebies.com%2F2026%2F06%2F19%2Fcredible-customer-support-not-merely-solves-things-effortlessly-and-advances-faith-and-you-can-affiliate-pleasure%2F HTTP/2" 200 1167 "https://dealzandfreebies.com/2026/06/19/credible-customer-support-not-merely-solves-things-effortlessly-and-advances-faith-and-you-can-affiliate-pleasure/" "Mozilla/5.0 AppleWebKit/537.36 (KHTML, like Gecko; compatible; GPTBot/1.4; +https://openai.com/gptbot)"
172.216.169.248 - - [23/Jun/2026:06:01:28 -0700] "POST /wp-login.php/wp-login.php HTTP/1.1" 404 17779 "-" "Mozilla"
74.7.241.32 - - [23/Jun/2026:06:01:28 -0700] "GET /?p=165377 HTTP/2" 301 0 "https://dealzandfreebies.com/2026/06/23/najwazniejsze-percepcja-zrobila-wszystko-to-samo-zarobki-od-wskazowki-sa-widoczne-z-koncie-bardzo-prawie-teraz/" "Mozilla/5.0 AppleWebKit/537.36 (KHTML, like Gecko; compatible; GPTBot/1.4; +https://openai.com/gptbot)"
136.243.228.180 - - [23/Jun/2026:06:01:29 -0700] "GET /2026/06/17/the-latest-users-discover-an-effective-2-hundred-desired-added-bonus-to-explore-casino-games-and-you-will-common-harbors/ HTTP/1.1" 200 29377 "-" "Mozilla/5.0 (compatible; DataForSeoBot/1.0; +https://dataforseo.com/dataforseo-bot)"
74.7.241.32 - - [23/Jun/2026:06:01:29 -0700] "GET /2026/06/23/che-tipo-di-registrarsi-al-scompiglio-betflag-in-la-cie/ HTTP/2" 200 28139 "https://dealzandfreebies.com/2026/06/23/najwazniejsze-percepcja-zrobila-wszystko-to-samo-zarobki-od-wskazowki-sa-widoczne-z-koncie-bardzo-prawie-teraz/" "Mozilla/5.0 AppleWebKit/537.36 (KHTML, like Gecko; compatible; GPTBot/1.4; +https://openai.com/gptbot)"
74.7.241.32 - - [23/Jun/2026:06:01:30 -0700] "GET /?p=165533 HTTP/2" 301 0 "https://dealzandfreebies.com/2026/06/23/denn-je-deutsche-gamer-wird-eres-zu-guter-letzt-zulassig-eine-durchsetzbar-spielholle-hinten-sich-begeben-zu-little/" "Mozilla/5.0 AppleWebKit/537.36 (KHTML, like Gecko; compatible; GPTBot/1.4; +https://openai.com/gptbot)"
74.7.241.32 - - [23/Jun/2026:06:01:31 -0700] "GET /?p=137428 HTTP/2" 301 0 "https://dealzandfreebies.com/2026/06/19/kak-sproektirovany-aktualnye-brauzery-50/" "Mozilla/5.0 AppleWebKit/537.36 (KHTML, like Gecko; compatible; GPTBot/1.4; +https://openai.com/gptbot)"
74.7.241.32 - - [23/Jun/2026:06:01:31 -0700] "GET /2026/06/19/kak-organizovany-aktualnye-brauzery-69/ HTTP/2" 200 32328 "https://dealzandfreebies.com/2026/06/19/kak-sproektirovany-aktualnye-brauzery-50/" "Mozilla/5.0 AppleWebKit/537.36 (KHTML, like Gecko; compatible; GPTBot/1.4; +https://openai.com/gptbot)"
74.7.241.32 - - [23/Jun/2026:06:01:32 -0700] "GET /wp-json/oembed/1.0/embed?url=https%3A%2F%2Fdealzandfreebies.com%2F2026%2F06%2F23%2Fnajwazniejsze-percepcja-zrobila-wszystko-to-samo-zarobki-od-wskazowki-sa-widoczne-z-koncie-bardzo-prawie-teraz%2F HTTP/2" 200 1157 "https://dealzandfreebies.com/2026/06/23/najwazniejsze-percepcja-zrobila-wszystko-to-samo-zarobki-od-wskazowki-sa-widoczne-z-koncie-bardzo-prawie-teraz/" "Mozilla/5.0 AppleWebKit/537.36 (KHTML, like Gecko; compatible; GPTBot/1.4; +https://openai.com/gptbot)"
74.7.241.32 - - [23/Jun/2026:06:01:32 -0700] "GET /wp-json/oembed/1.0/embed?url=https%3A%2F%2Fdealzandfreebies.com%2F2026%2F06%2F23%2Fdenn-je-deutsche-gamer-wird-eres-zu-guter-letzt-zulassig-eine-durchsetzbar-spielholle-hinten-sich-begeben-zu-little%2F HTTP/2" 200 1173 "https://dealzandfreebies.com/2026/06/23/denn-je-deutsche-gamer-wird-eres-zu-guter-letzt-zulassig-eine-durchsetzbar-spielholle-hinten-sich-begeben-zu-little/" "Mozilla/5.0 AppleWebKit/537.36 (KHTML, like Gecko; compatible; GPTBot/1.4; +https://openai.com/gptbot)"
136.243.228.180 - - [23/Jun/2026:06:01:32 -0700] "GET /2026/06/17/die-kunden-vorschlag-zudem-vertrauensperson-within-unsicherheiten-und-welcher-beginnenden-spielsucht/ HTTP/1.1" 200 28610 "-" "Mozilla/5.0 (compatible; DataForSeoBot/1.0; +https://dataforseo.com/dataforseo-bot)"
74.7.241.32 - - [23/Jun/2026:06:01:33 -0700] "GET /wp-json/wp/v2/posts/165533 HTTP/2" 200 3996 "https://dealzandfreebies.com/2026/06/23/denn-je-deutsche-gamer-wird-eres-zu-guter-letzt-zulassig-eine-durchsetzbar-spielholle-hinten-sich-begeben-zu-little/" "Mozilla/5.0 AppleWebKit/537.36 (KHTML, like Gecko; compatible; GPTBot/1.4; +https://openai.com/gptbot)"
74.7.241.32 - - [23/Jun/2026:06:01:33 -0700] "GET /wp-json/wp/v2/posts/137428 HTTP/2" 200 12189 "https://dealzandfreebies.com/2026/06/19/kak-sproektirovany-aktualnye-brauzery-50/" "Mozilla/5.0 AppleWebKit/537.36 (KHTML, like Gecko; compatible; GPTBot/1.4; +https://openai.com/gptbot)"
74.7.241.32 - - [23/Jun/2026:06:01:34 -0700] "GET /wp-json/wp/v2/posts/165377 HTTP/2" 200 3441 "https://dealzandfreebies.com/2026/06/23/najwazniejsze-percepcja-zrobila-wszystko-to-samo-zarobki-od-wskazowki-sa-widoczne-z-koncie-bardzo-prawie-teraz/" "Mozilla/5.0 AppleWebKit/537.36 (KHTML, like Gecko; compatible; GPTBot/1.4; +https://openai.com/gptbot)"
74.7.241.32 - - [23/Jun/2026:06:01:34 -0700] "GET /wp-json/oembed/1.0/embed?url=https%3A%2F%2Fdealzandfreebies.com%2F2026%2F06%2F19%2Fkak-sproektirovany-aktualnye-brauzery-50%2F HTTP/2" 200 1149 "https://dealzandfreebies.com/2026/06/19/kak-sproektirovany-aktualnye-brauzery-50/" "Mozilla/5.0 AppleWebKit/537.36 (KHTML, like Gecko; compatible; GPTBot/1.4; +https://openai.com/gptbot)"
74.7.241.32 - - [23/Jun/2026:06:01:35 -0700] "GET /wp-json/oembed/1.0/embed?url=https%3A%2F%2Fdealzandfreebies.com%2F2026%2F06%2F19%2Fspend-because-of-the-cell-no-deposit-mr-play-for-real-money-casinos-phone-mobile-casinos%2F HTTP/2" 200 1148 "https://dealzandfreebies.com/2026/06/19/spend-because-of-the-cell-no-deposit-mr-play-for-real-money-casinos-phone-mobile-casinos/" "Mozilla/5.0 AppleWebKit/537.36 (KHTML, like Gecko; compatible; GPTBot/1.4; +https://openai.com/gptbot)"
74.7.241.32 - - [23/Jun/2026:06:01:35 -0700] "GET /?p=165375 HTTP/2" 301 0 "https://dealzandfreebies.com/2026/06/23/che-tipo-di-registrarsi-al-scompiglio-betflag-in-la-cie/" "Mozilla/5.0 AppleWebKit/537.36 (KHTML, like Gecko; compatible; GPTBot/1.4; +https://openai.com/gptbot)"
74.7.241.32 - - [23/Jun/2026:06:01:36 -0700] "GET /2026/06/23/defense-and-licensing-is-the-reason-twenty-five-your-overall-get/ HTTP/2" 200 27787 "https://dealzandfreebies.com/2026/06/23/che-tipo-di-registrarsi-al-scompiglio-betflag-in-la-cie/" "Mozilla/5.0 AppleWebKit/537.36 (KHTML, like Gecko; compatible; GPTBot/1.4; +https://openai.com/gptbot)"
136.243.228.180 - - [23/Jun/2026:06:01:36 -0700] "GET /2026/06/17/casinos-via-house-of-fun-spielautomat-provision-ohne-einzahlung/ HTTP/1.1" 200 29154 "-" "Mozilla/5.0 (compatible; DataForSeoBot/1.0; +https://dataforseo.com/dataforseo-bot)"
74.7.241.32 - - [23/Jun/2026:06:01:37 -0700] "GET /wp-json/oembed/1.0/embed?url=https%3A%2F%2Fdealzandfreebies.com%2F2026%2F06%2F23%2Fche-tipo-di-registrarsi-al-scompiglio-betflag-in-la-cie%2F HTTP/2" 200 1104 "https://dealzandfreebies.com/2026/06/23/che-tipo-di-registrarsi-al-scompiglio-betflag-in-la-cie/" "Mozilla/5.0 AppleWebKit/537.36 (KHTML, like Gecko; compatible; GPTBot/1.4; +https://openai.com/gptbot)"
