74.7.241.32 - - [23/Jun/2026:05:55:09 -0700] "GET /wp-json/wp/v2/posts/137182 HTTP/2" 200 3878 "https://dealzandfreebies.com/2026/06/19/pay-by-the-smartphone-gambling-slot-machines-multiple-3125-paylines-establishment/" "Mozilla/5.0 AppleWebKit/537.36 (KHTML, like Gecko; compatible; GPTBot/1.4; +https://openai.com/gptbot)"
136.243.228.180 - - [23/Jun/2026:05:55:09 -0700] "GET /2026/06/17/selbige-blauer-planet-das-moglich-spielautomaten-war-immens-divers-welches-aktiv-ihr-diversitat-aktiv-unterschiedlichsten-themen-liegt/ HTTP/1.1" 200 28901 "-" "Mozilla/5.0 (compatible; DataForSeoBot/1.0; +https://dataforseo.com/dataforseo-bot)"
74.7.241.32 - - [23/Jun/2026:05:55:10 -0700] "GET /wp-json/wp/v2/posts/137134 HTTP/2" 200 3354 "https://dealzandfreebies.com/2026/06/19/tocmai-de-ce-atunci-exista-o-serie-dintre-acestea-mod-de-a-cram-mana-la-un-fillip-in-schimb-depunere/" "Mozilla/5.0 AppleWebKit/537.36 (KHTML, like Gecko; compatible; GPTBot/1.4; +https://openai.com/gptbot)"
74.7.241.32 - - [23/Jun/2026:05:55:10 -0700] "GET /?p=137132 HTTP/2" 301 0 "https://dealzandfreebies.com/2026/06/19/shell-out-200-casino-bonus-apple-pay-and-gamble-casinos-united-kingdom-2021/" "Mozilla/5.0 AppleWebKit/537.36 (KHTML, like Gecko; compatible; GPTBot/1.4; +https://openai.com/gptbot)"
74.7.241.32 - - [23/Jun/2026:05:55:11 -0700] "GET /2026/06/19/700-no-deposit-slots-2022-score-20-30-fifty-100-100-percent-free-spins/ HTTP/2" 200 27854 "https://dealzandfreebies.com/2026/06/19/shell-out-200-casino-bonus-apple-pay-and-gamble-casinos-united-kingdom-2021/" "Mozilla/5.0 AppleWebKit/537.36 (KHTML, like Gecko; compatible; GPTBot/1.4; +https://openai.com/gptbot)"
74.7.241.32 - - [23/Jun/2026:05:55:12 -0700] "GET /?p=165467 HTTP/2" 301 0 "https://dealzandfreebies.com/2026/06/23/erreichbar-casinos-vorbeigehen-bedingungen-immer-wieder-wettanforderungen-event-damit-sicherzustellen-so-sehr-eltern-ne-gegenleistung-beibehalten/" "Mozilla/5.0 AppleWebKit/537.36 (KHTML, like Gecko; compatible; GPTBot/1.4; +https://openai.com/gptbot)"
74.7.241.32 - - [23/Jun/2026:05:55:13 -0700] "GET /2026/06/23/netbet-netbet-war-ne-beliebte-bevorzugung-je-spieler-nachfolgende-ein-sicheres-und-zuverlassiges-spielerlebnis-stobern/ HTTP/2" 200 28540 "https://dealzandfreebies.com/2026/06/23/erreichbar-casinos-vorbeigehen-bedingungen-immer-wieder-wettanforderungen-event-damit-sicherzustellen-so-sehr-eltern-ne-gegenleistung-beibehalten/" "Mozilla/5.0 AppleWebKit/537.36 (KHTML, like Gecko; compatible; GPTBot/1.4; +https://openai.com/gptbot)"
74.7.241.32 - - [23/Jun/2026:05:55:14 -0700] "GET /wp-json/oembed/1.0/embed?url=https%3A%2F%2Fdealzandfreebies.com%2F2026%2F06%2F23%2Ferreichbar-casinos-vorbeigehen-bedingungen-immer-wieder-wettanforderungen-event-damit-sicherzustellen-so-sehr-eltern-ne-gegenleistung-beibehalten%2F HTTP/2" 200 1206 "https://dealzandfreebies.com/2026/06/23/erreichbar-casinos-vorbeigehen-bedingungen-immer-wieder-wettanforderungen-event-damit-sicherzustellen-so-sehr-eltern-ne-gegenleistung-beibehalten/" "Mozilla/5.0 AppleWebKit/537.36 (KHTML, like Gecko; compatible; GPTBot/1.4; +https://openai.com/gptbot)"
136.243.228.180 - - [23/Jun/2026:05:55:14 -0700] "GET /2026/06/17/die-zukunft-des-igaming-in-deutschland-statistiken-und-fakten-fur-2026/ HTTP/1.1" 200 27131 "-" "Mozilla/5.0 (compatible; DataForSeoBot/1.0; +https://dataforseo.com/dataforseo-bot)"
74.7.241.32 - - [23/Jun/2026:05:55:15 -0700] "GET /?p=137184 HTTP/2" 301 0 "https://dealzandfreebies.com/2026/06/19/best-shell-out-from-the-casino-super-gaminator-mobile-cellular-telephone-gambling-enterprises/" "Mozilla/5.0 AppleWebKit/537.36 (KHTML, like Gecko; compatible; GPTBot/1.4; +https://openai.com/gptbot)"
74.7.241.32 - - [23/Jun/2026:05:55:15 -0700] "GET /2026/06/19/registracija-akkaunta-i-nachalo-igry-v-onlajn-145/ HTTP/2" 200 28252 "https://dealzandfreebies.com/2026/06/19/best-shell-out-from-the-casino-super-gaminator-mobile-cellular-telephone-gambling-enterprises/" "Mozilla/5.0 AppleWebKit/537.36 (KHTML, like Gecko; compatible; GPTBot/1.4; +https://openai.com/gptbot)"
74.7.241.32 - - [23/Jun/2026:05:55:16 -0700] "GET /wp-json/wp/v2/posts/137132 HTTP/2" 200 4473 "https://dealzandfreebies.com/2026/06/19/shell-out-200-casino-bonus-apple-pay-and-gamble-casinos-united-kingdom-2021/" "Mozilla/5.0 AppleWebKit/537.36 (KHTML, like Gecko; compatible; GPTBot/1.4; +https://openai.com/gptbot)"
57.141.18.10 - - [23/Jun/2026:05:55:16 -0700] "GET /wp-json/wp/v2/posts/150761 HTTP/2" 200 12213 "-" "meta-externalagent/1.1 (+https://developers.facebook.com/docs/sharing/webmasters/crawler)"
74.7.241.32 - - [23/Jun/2026:05:55:16 -0700] "GET /wp-json/wp/v2/posts/165469 HTTP/2" 200 4415 "https://dealzandfreebies.com/2026/06/23/gleichformig-z-hd-unser-ersten-drei-transaktionen-wirst-respons-alabama-neuer-glucksspieler-belohnt/" "Mozilla/5.0 AppleWebKit/537.36 (KHTML, like Gecko; compatible; GPTBot/1.4; +https://openai.com/gptbot)"
74.7.241.32 - - [23/Jun/2026:05:55:17 -0700] "GET /wp-json/wp/v2/posts/137184 HTTP/2" 200 4010 "https://dealzandfreebies.com/2026/06/19/best-shell-out-from-the-casino-super-gaminator-mobile-cellular-telephone-gambling-enterprises/" "Mozilla/5.0 AppleWebKit/537.36 (KHTML, like Gecko; compatible; GPTBot/1.4; +https://openai.com/gptbot)"
74.7.241.32 - - [23/Jun/2026:05:55:17 -0700] "GET /wp-json/wp/v2/posts/165509 HTTP/2" 200 4320 "https://dealzandfreebies.com/2026/06/23/most-useful-online-slots-games-having-2024-2025-the-ideal-20-need-play-selections/" "Mozilla/5.0 AppleWebKit/537.36 (KHTML, like Gecko; compatible; GPTBot/1.4; +https://openai.com/gptbot)"
74.7.241.32 - - [23/Jun/2026:05:55:18 -0700] "GET /wp-json/wp/v2/posts/165467 HTTP/2" 200 3550 "https://dealzandfreebies.com/2026/06/23/erreichbar-casinos-vorbeigehen-bedingungen-immer-wieder-wettanforderungen-event-damit-sicherzustellen-so-sehr-eltern-ne-gegenleistung-beibehalten/" "Mozilla/5.0 AppleWebKit/537.36 (KHTML, like Gecko; compatible; GPTBot/1.4; +https://openai.com/gptbot)"
136.243.228.180 - - [23/Jun/2026:05:55:18 -0700] "GET /2026/06/17/spruche-gluckwunsche-zum-30-ehrentag-spielen-sie-rome-egypt-slot-online-ohne-download-kurz-witzig/ HTTP/1.1" 200 29088 "-" "Mozilla/5.0 (compatible; DataForSeoBot/1.0; +https://dataforseo.com/dataforseo-bot)"
74.7.241.32 - - [23/Jun/2026:05:55:18 -0700] "GET /?p=137130 HTTP/2" 301 0 "https://dealzandfreebies.com/2026/06/19/700-no-deposit-slots-2022-score-20-30-fifty-100-100-percent-free-spins/" "Mozilla/5.0 AppleWebKit/537.36 (KHTML, like Gecko; compatible; GPTBot/1.4; +https://openai.com/gptbot)"
74.7.241.32 - - [23/Jun/2026:05:55:19 -0700] "GET /2026/06/19/whatsoever-the-latest-sign-upwards-procedure-is-created-having-customer-security-at-heart/ HTTP/2" 200 28354 "https://dealzandfreebies.com/2026/06/19/700-no-deposit-slots-2022-score-20-30-fifty-100-100-percent-free-spins/" "Mozilla/5.0 AppleWebKit/537.36 (KHTML, like Gecko; compatible; GPTBot/1.4; +https://openai.com/gptbot)"
74.7.241.32 - - [23/Jun/2026:05:55:20 -0700] "GET /?p=165465 HTTP/2" 301 0 "https://dealzandfreebies.com/2026/06/23/netbet-netbet-war-ne-beliebte-bevorzugung-je-spieler-nachfolgende-ein-sicheres-und-zuverlassiges-spielerlebnis-stobern/" "Mozilla/5.0 AppleWebKit/537.36 (KHTML, like Gecko; compatible; GPTBot/1.4; +https://openai.com/gptbot)"
74.7.241.32 - - [23/Jun/2026:05:55:20 -0700] "GET /2026/06/23/experienced-crypto-pages-who-want-more-advanced-equipment-and-features/ HTTP/2" 200 28071 "https://dealzandfreebies.com/2026/06/23/netbet-netbet-war-ne-beliebte-bevorzugung-je-spieler-nachfolgende-ein-sicheres-und-zuverlassiges-spielerlebnis-stobern/" "Mozilla/5.0 AppleWebKit/537.36 (KHTML, like Gecko; compatible; GPTBot/1.4; +https://openai.com/gptbot)"
74.7.241.32 - - [23/Jun/2026:05:55:21 -0700] "GET /wp-json/oembed/1.0/embed?url=https%3A%2F%2Fdealzandfreebies.com%2F2026%2F06%2F23%2Fnetbet-netbet-war-ne-beliebte-bevorzugung-je-spieler-nachfolgende-ein-sicheres-und-zuverlassiges-spielerlebnis-stobern%2F HTTP/2" 200 1180 "https://dealzandfreebies.com/2026/06/23/netbet-netbet-war-ne-beliebte-bevorzugung-je-spieler-nachfolgende-ein-sicheres-und-zuverlassiges-spielerlebnis-stobern/" "Mozilla/5.0 AppleWebKit/537.36 (KHTML, like Gecko; compatible; GPTBot/1.4; +https://openai.com/gptbot)"
57.141.18.6 - - [23/Jun/2026:05:55:21 -0700] "GET /?p=153545 HTTP/2" 301 0 "-" "meta-externalagent/1.1 (+https://developers.facebook.com/docs/sharing/webmasters/crawler)"
74.7.241.32 - - [23/Jun/2026:05:55:22 -0700] "GET /?p=137186 HTTP/2" 301 0 "https://dealzandfreebies.com/2026/06/19/registracija-akkaunta-i-nachalo-igry-v-onlajn-145/" "Mozilla/5.0 AppleWebKit/537.36 (KHTML, like Gecko; compatible; GPTBot/1.4; +https://openai.com/gptbot)"
136.243.228.180 - - [23/Jun/2026:05:55:22 -0700] "GET /2026/06/17/die-leser-im-griff-haben-raise-benachrichtigungen-fur-jedes-wirklich-jede-kategorie-der-ausschalten-damit-welche-selbige-umschalter-applizieren/ HTTP/1.1" 200 29486 "-" "Mozilla/5.0 (compatible; DataForSeoBot/1.0; +https://dataforseo.com/dataforseo-bot)"
74.7.241.32 - - [23/Jun/2026:05:55:22 -0700] "GET /2026/06/19/spend-because-of-the-cell-no-deposit-mr-play-for-real-money-casinos-phone-mobile-casinos/ HTTP/2" 200 29068 "https://dealzandfreebies.com/2026/06/19/registracija-akkaunta-i-nachalo-igry-v-onlajn-145/" "Mozilla/5.0 AppleWebKit/537.36 (KHTML, like Gecko; compatible; GPTBot/1.4; +https://openai.com/gptbot)"
74.7.241.32 - - [23/Jun/2026:05:55:23 -0700] "GET /wp-json/wp/v2/posts/137130 HTTP/2" 200 3218 "https://dealzandfreebies.com/2026/06/19/700-no-deposit-slots-2022-score-20-30-fifty-100-100-percent-free-spins/" "Mozilla/5.0 AppleWebKit/537.36 (KHTML, like Gecko; compatible; GPTBot/1.4; +https://openai.com/gptbot)"
74.7.241.32 - - [23/Jun/2026:05:55:23 -0700] "GET /wp-json/wp/v2/posts/165465 HTTP/2" 200 3684 "https://dealzandfreebies.com/2026/06/23/netbet-netbet-war-ne-beliebte-bevorzugung-je-spieler-nachfolgende-ein-sicheres-und-zuverlassiges-spielerlebnis-stobern/" "Mozilla/5.0 AppleWebKit/537.36 (KHTML, like Gecko; compatible; GPTBot/1.4; +https://openai.com/gptbot)"
74.7.241.32 - - [23/Jun/2026:05:55:24 -0700] "GET /wp-json/wp/v2/posts/137186 HTTP/2" 200 4609 "https://dealzandfreebies.com/2026/06/19/registracija-akkaunta-i-nachalo-igry-v-onlajn-145/" "Mozilla/5.0 AppleWebKit/537.36 (KHTML, like Gecko; compatible; GPTBot/1.4; +https://openai.com/gptbot)"
74.7.241.32 - - [23/Jun/2026:05:55:24 -0700] "GET /wp-json/oembed/1.0/embed?url=https%3A%2F%2Fdealzandfreebies.com%2F2026%2F06%2F23%2Fmost-useful-online-slots-games-having-2024-2025-the-ideal-20-need-play-selections%2F HTTP/2" 200 1128 "https://dealzandfreebies.com/2026/06/23/most-useful-online-slots-games-having-2024-2025-the-ideal-20-need-play-selections/" "Mozilla/5.0 AppleWebKit/537.36 (KHTML, like Gecko; compatible; GPTBot/1.4; +https://openai.com/gptbot)"
74.7.241.32 - - [23/Jun/2026:05:55:25 -0700] "GET /wp-json/oembed/1.0/embed?url=https%3A%2F%2Fdealzandfreebies.com%2F2026%2F06%2F19%2Fbetter-20-100-percent-free-spins-no-deposit-required-offers-inside-summer-2022%2F HTTP/2" 200 1128 "https://dealzandfreebies.com/2026/06/19/better-20-100-percent-free-spins-no-deposit-required-offers-inside-summer-2022/" "Mozilla/5.0 AppleWebKit/537.36 (KHTML, like Gecko; compatible; GPTBot/1.4; +https://openai.com/gptbot)"
136.243.228.180 - - [23/Jun/2026:05:55:25 -0700] "GET /2026/06/17/simply-register-complete-the-verification-procedure-and-rehearse-the-fresh-award-to-experience-the-fresh-designated-game/ HTTP/1.1" 200 28641 "-" "Mozilla/5.0 (compatible; DataForSeoBot/1.0; +https://dataforseo.com/dataforseo-bot)"
74.7.241.32 - - [23/Jun/2026:05:55:26 -0700] "GET /?p=137128 HTTP/2" 301 0 "https://dealzandfreebies.com/2026/06/19/whatsoever-the-latest-sign-upwards-procedure-is-created-having-customer-security-at-heart/" "Mozilla/5.0 AppleWebKit/537.36 (KHTML, like Gecko; compatible; GPTBot/1.4; +https://openai.com/gptbot)"
104.255.170.81 - - [23/Jun/2026:05:55:26 -0700] "POST /wp-cron.php?doing_wp_cron=1782219326.8472321033477783203125 HTTP/1.1" 200 0 "-" "WordPress/7.0; https://dealzandfreebies.com"
185.153.199.239 - - [23/Jun/2026:05:55:25 -0700] "POST /xmlrpc.php HTTP/1.1" 200 181 "-" "Mozilla/5.0 (Windows NT 10.0; Win64; x64) AppleWebKit/537.36 (KHTML, like Gecko) Chrome/114.0.0.0 Safari/537.36"
74.7.241.32 - - [23/Jun/2026:05:55:26 -0700] "GET /2026/06/19/spend-starburst-win-letter-enjoy-local-casino/ HTTP/2" 200 28983 "https://dealzandfreebies.com/2026/06/19/whatsoever-the-latest-sign-upwards-procedure-is-created-having-customer-security-at-heart/" "Mozilla/5.0 AppleWebKit/537.36 (KHTML, like Gecko; compatible; GPTBot/1.4; +https://openai.com/gptbot)"
74.7.241.32 - - [23/Jun/2026:05:55:27 -0700] "GET /?p=165461 HTTP/2" 301 0 "https://dealzandfreebies.com/2026/06/23/experienced-crypto-pages-who-want-more-advanced-equipment-and-features/" "Mozilla/5.0 AppleWebKit/537.36 (KHTML, like Gecko; compatible; GPTBot/1.4; +https://openai.com/gptbot)"
74.7.241.32 - - [23/Jun/2026:05:55:28 -0700] "GET /2026/06/23/a-real-income-pokies-programs-to-have-pills-vegas-world-casino-in-australia-2026/ HTTP/2" 200 29454 "https://dealzandfreebies.com/2026/06/23/experienced-crypto-pages-who-want-more-advanced-equipment-and-features/" "Mozilla/5.0 AppleWebKit/537.36 (KHTML, like Gecko; compatible; GPTBot/1.4; +https://openai.com/gptbot)"
74.7.241.32 - - [23/Jun/2026:05:55:28 -0700] "GET /wp-json/oembed/1.0/embed?url=https%3A%2F%2Fdealzandfreebies.com%2F2026%2F06%2F23%2Fexperienced-crypto-pages-who-want-more-advanced-equipment-and-features%2F HTTP/2" 200 1099 "https://dealzandfreebies.com/2026/06/23/experienced-crypto-pages-who-want-more-advanced-equipment-and-features/" "Mozilla/5.0 AppleWebKit/537.36 (KHTML, like Gecko; compatible; GPTBot/1.4; +https://openai.com/gptbot)"
74.7.241.32 - - [23/Jun/2026:05:55:29 -0700] "GET /?p=137188 HTTP/2" 301 0 "https://dealzandfreebies.com/2026/06/19/spend-because-of-the-cell-no-deposit-mr-play-for-real-money-casinos-phone-mobile-casinos/" "Mozilla/5.0 AppleWebKit/537.36 (KHTML, like Gecko; compatible; GPTBot/1.4; +https://openai.com/gptbot)"
57.141.18.4 - - [23/Jun/2026:05:55:29 -0700] "GET /2026/06/22/unser-google-android-blog-sei-einfach-bedienbar-und-erfordert-keinen-herausragenden-obtain/ HTTP/2" 200 141964 "-" "meta-externalagent/1.1 (+https://developers.facebook.com/docs/sharing/webmasters/crawler)"
136.243.228.180 - - [23/Jun/2026:05:55:29 -0700] "GET /2026/06/17/knowing-the-wagering-conditions-within-slingo-local-casino-is-a-must-for-improving-your-own-gambling-feel/ HTTP/1.1" 200 27855 "-" "Mozilla/5.0 (compatible; DataForSeoBot/1.0; +https://dataforseo.com/dataforseo-bot)"
74.7.241.32 - - [23/Jun/2026:05:55:29 -0700] "GET /2026/06/19/viele-online-casinos-asservieren-jenes-seltene-zudem-stark-begehrte-bonusangebot-allein-diesem-bestimmten-spielerkreis-im-vorfeld/ HTTP/2" 200 28154 "https://dealzandfreebies.com/2026/06/19/spend-because-of-the-cell-no-deposit-mr-play-for-real-money-casinos-phone-mobile-casinos/" "Mozilla/5.0 AppleWebKit/537.36 (KHTML, like Gecko; compatible; GPTBot/1.4; +https://openai.com/gptbot)"
74.7.241.32 - - [23/Jun/2026:05:55:31 -0700] "GET /wp-json/oembed/1.0/embed?url=https%3A%2F%2Fdealzandfreebies.com%2F2026%2F06%2F19%2Fwhatsoever-the-latest-sign-upwards-procedure-is-created-having-customer-security-at-heart%2F HTTP/2" 200 1121 "https://dealzandfreebies.com/2026/06/19/whatsoever-the-latest-sign-upwards-procedure-is-created-having-customer-security-at-heart/" "Mozilla/5.0 AppleWebKit/537.36 (KHTML, like Gecko; compatible; GPTBot/1.4; +https://openai.com/gptbot)"
74.7.241.32 - - [23/Jun/2026:05:55:31 -0700] "GET /wp-json/wp/v2/posts/165461 HTTP/2" 200 3162 "https://dealzandfreebies.com/2026/06/23/experienced-crypto-pages-who-want-more-advanced-equipment-and-features/" "Mozilla/5.0 AppleWebKit/537.36 (KHTML, like Gecko; compatible; GPTBot/1.4; +https://openai.com/gptbot)"
74.7.241.32 - - [23/Jun/2026:05:55:32 -0700] "GET /wp-json/wp/v2/posts/137188 HTTP/2" 200 4293 "https://dealzandfreebies.com/2026/06/19/spend-because-of-the-cell-no-deposit-mr-play-for-real-money-casinos-phone-mobile-casinos/" "Mozilla/5.0 AppleWebKit/537.36 (KHTML, like Gecko; compatible; GPTBot/1.4; +https://openai.com/gptbot)"
185.153.199.239 - - [23/Jun/2026:05:55:32 -0700] "POST /xmlrpc.php HTTP/1.1" 200 10730 "-" "Mozilla/5.0 (Windows NT 10.0; Win64; x64) AppleWebKit/537.36 (KHTML, like Gecko) Chrome/114.0.0.0 Safari/537.36"
74.7.241.32 - - [23/Jun/2026:05:55:32 -0700] "GET /wp-json/wp/v2/posts/137128 HTTP/2" 200 3642 "https://dealzandfreebies.com/2026/06/19/whatsoever-the-latest-sign-upwards-procedure-is-created-having-customer-security-at-heart/" "Mozilla/5.0 AppleWebKit/537.36 (KHTML, like Gecko; compatible; GPTBot/1.4; +https://openai.com/gptbot)"
74.7.241.32 - - [23/Jun/2026:05:55:33 -0700] "GET /wp-json/oembed/1.0/embed?format=xml&url=https%3A%2F%2Fdealzandfreebies.com%2F2026%2F06%2F23%2Ferreichbar-casinos-vorbeigehen-bedingungen-immer-wieder-wettanforderungen-event-damit-sicherzustellen-so-sehr-eltern-ne-gegenleistung-beibehalten%2F HTTP/2" 200 1241 "https://dealzandfreebies.com/2026/06/23/erreichbar-casinos-vorbeigehen-bedingungen-immer-wieder-wettanforderungen-event-damit-sicherzustellen-so-sehr-eltern-ne-gegenleistung-beibehalten/" "Mozilla/5.0 AppleWebKit/537.36 (KHTML, like Gecko; compatible; GPTBot/1.4; +https://openai.com/gptbot)"
185.153.199.239 - - [23/Jun/2026:05:55:32 -0700] "GET /2026/06/23/most-useful-online-slots-2026-finest-real-cash-slots/ HTTP/1.1" 200 140374 "-" "Mozilla/5.0 (Windows NT 10.0; Win64; x64) AppleWebKit/537.36 (KHTML, like Gecko) Chrome/123.0.0.0 Safari/537.36"
74.7.241.32 - - [23/Jun/2026:05:55:33 -0700] "GET /?p=137126 HTTP/2" 301 0 "https://dealzandfreebies.com/2026/06/19/spend-starburst-win-letter-enjoy-local-casino/" "Mozilla/5.0 AppleWebKit/537.36 (KHTML, like Gecko; compatible; GPTBot/1.4; +https://openai.com/gptbot)"
136.243.228.180 - - [23/Jun/2026:05:55:34 -0700] "GET /2026/06/17/10-euroletten-maklercourtage-neues-casino-no-einzahlung-roulettino-ohne-einzahlung-kasino-10-kostenfrei/ HTTP/1.1" 200 29062 "-" "Mozilla/5.0 (compatible; DataForSeoBot/1.0; +https://dataforseo.com/dataforseo-bot)"
74.7.241.32 - - [23/Jun/2026:05:55:34 -0700] "GET /2026/06/19/possibly-casinos-offer-this-type-of-free-spins-on-the-several-games-or-most-of-the-games/ HTTP/2" 200 28285 "https://dealzandfreebies.com/2026/06/19/spend-starburst-win-letter-enjoy-local-casino/" "Mozilla/5.0 AppleWebKit/537.36 (KHTML, like Gecko; compatible; GPTBot/1.4; +https://openai.com/gptbot)"
74.7.241.32 - - [23/Jun/2026:05:55:35 -0700] "GET /?p=165462 HTTP/2" 301 0 "https://dealzandfreebies.com/2026/06/23/a-real-income-pokies-programs-to-have-pills-vegas-world-casino-in-australia-2026/" "Mozilla/5.0 AppleWebKit/537.36 (KHTML, like Gecko; compatible; GPTBot/1.4; +https://openai.com/gptbot)"
74.7.241.32 - - [23/Jun/2026:05:55:35 -0700] "GET /2026/06/23/che-registrarsi-al-casa-da-imbroglio-betflag-in-la-cie/ HTTP/2" 200 28129 "https://dealzandfreebies.com/2026/06/23/a-real-income-pokies-programs-to-have-pills-vegas-world-casino-in-australia-2026/" "Mozilla/5.0 AppleWebKit/537.36 (KHTML, like Gecko; compatible; GPTBot/1.4; +https://openai.com/gptbot)"
74.7.241.32 - - [23/Jun/2026:05:55:36 -0700] "GET /2026/06/23/most-useful-online-slots-2026-finest-real-cash-slots/ HTTP/2" 200 28710 "https://dealzandfreebies.com/2026/06/19/spend-starburst-win-letter-enjoy-local-casino/" "Mozilla/5.0 AppleWebKit/537.36 (KHTML, like Gecko; compatible; GPTBot/1.4; +https://openai.com/gptbot)"
136.243.228.180 - - [23/Jun/2026:05:55:37 -0700] "GET /2026/06/17/die-kunden-beherrschen-via-diesem-%EF%BF%BDspielgeld-musizieren-oder-aber-nach-fur-sich-entscheiden-ihr-guthaben-erhohen/ HTTP/1.1" 403 0 "-" "Mozilla/5.0 (compatible; DataForSeoBot/1.0; +https://dataforseo.com/dataforseo-bot)"
74.7.241.32 - - [23/Jun/2026:05:55:37 -0700] "GET /?p=137190 HTTP/2" 301 0 "https://dealzandfreebies.com/2026/06/19/viele-online-casinos-asservieren-jenes-seltene-zudem-stark-begehrte-bonusangebot-allein-diesem-bestimmten-spielerkreis-im-vorfeld/" "Mozilla/5.0 AppleWebKit/537.36 (KHTML, like Gecko; compatible; GPTBot/1.4; +https://openai.com/gptbot)"
74.7.241.32 - - [23/Jun/2026:05:55:38 -0700] "GET /2026/06/19/yard-casino-mobilnaja-versija-platformy-i-igra-so-687/ HTTP/2" 200 27906 "https://dealzandfreebies.com/2026/06/19/viele-online-casinos-asservieren-jenes-seltene-zudem-stark-begehrte-bonusangebot-allein-diesem-bestimmten-spielerkreis-im-vorfeld/" "Mozilla/5.0 AppleWebKit/537.36 (KHTML, like Gecko; compatible; GPTBot/1.4; +https://openai.com/gptbot)"
74.7.241.32 - - [23/Jun/2026:05:55:38 -0700] "GET /wp-json/oembed/1.0/embed?url=https%3A%2F%2Fdealzandfreebies.com%2F2026%2F06%2F19%2Fviele-online-casinos-asservieren-jenes-seltene-zudem-stark-begehrte-bonusangebot-allein-diesem-bestimmten-spielerkreis-im-vorfeld%2F HTTP/2" 200 1163 "https://dealzandfreebies.com/2026/06/19/viele-online-casinos-asservieren-jenes-seltene-zudem-stark-begehrte-bonusangebot-allein-diesem-bestimmten-spielerkreis-im-vorfeld/" "Mozilla/5.0 AppleWebKit/537.36 (KHTML, like Gecko; compatible; GPTBot/1.4; +https://openai.com/gptbot)"
74.7.241.32 - - [23/Jun/2026:05:55:39 -0700] "GET /wp-json/wp/v2/posts/165462 HTTP/2" 200 4778 "https://dealzandfreebies.com/2026/06/23/a-real-income-pokies-programs-to-have-pills-vegas-world-casino-in-australia-2026/" "Mozilla/5.0 AppleWebKit/537.36 (KHTML, like Gecko; compatible; GPTBot/1.4; +https://openai.com/gptbot)"
74.7.241.32 - - [23/Jun/2026:05:55:39 -0700] "GET /wp-json/wp/v2/posts/137126 HTTP/2" 200 4264 "https://dealzandfreebies.com/2026/06/19/spend-starburst-win-letter-enjoy-local-casino/" "Mozilla/5.0 AppleWebKit/537.36 (KHTML, like Gecko; compatible; GPTBot/1.4; +https://openai.com/gptbot)"
74.7.241.32 - - [23/Jun/2026:05:55:40 -0700] "GET /wp-json/wp/v2/posts/137190 HTTP/2" 200 3373 "https://dealzandfreebies.com/2026/06/19/viele-online-casinos-asservieren-jenes-seltene-zudem-stark-begehrte-bonusangebot-allein-diesem-bestimmten-spielerkreis-im-vorfeld/" "Mozilla/5.0 AppleWebKit/537.36 (KHTML, like Gecko; compatible; GPTBot/1.4; +https://openai.com/gptbot)"
74.7.241.32 - - [23/Jun/2026:05:55:40 -0700] "GET /wp-json/oembed/1.0/embed?url=https%3A%2F%2Fdealzandfreebies.com%2F2026%2F06%2F19%2Fspend-starburst-win-letter-enjoy-local-casino%2F HTTP/2" 200 1090 "https://dealzandfreebies.com/2026/06/19/spend-starburst-win-letter-enjoy-local-casino/" "Mozilla/5.0 AppleWebKit/537.36 (KHTML, like Gecko; compatible; GPTBot/1.4; +https://openai.com/gptbot)"
74.7.241.32 - - [23/Jun/2026:05:55:41 -0700] "GET /?p=137124 HTTP/2" 301 0 "https://dealzandfreebies.com/2026/06/19/possibly-casinos-offer-this-type-of-free-spins-on-the-several-games-or-most-of-the-games/" "Mozilla/5.0 AppleWebKit/537.36 (KHTML, like Gecko; compatible; GPTBot/1.4; +https://openai.com/gptbot)"
74.7.241.32 - - [23/Jun/2026:05:55:41 -0700] "GET /2026/06/19/paddy-energy-mega-joker-1-deposit-video-game/ HTTP/2" 200 29208 "https://dealzandfreebies.com/2026/06/19/possibly-casinos-offer-this-type-of-free-spins-on-the-several-games-or-most-of-the-games/" "Mozilla/5.0 AppleWebKit/537.36 (KHTML, like Gecko; compatible; GPTBot/1.4; +https://openai.com/gptbot)"
104.255.170.81 - - [23/Jun/2026:05:55:43 -0700] "POST /wp-cron.php?doing_wp_cron=1782219343.0802569389343261718750 HTTP/1.1" 200 0 "-" "WordPress/7.0; https://dealzandfreebies.com"
74.7.241.32 - - [23/Jun/2026:05:55:42 -0700] "GET /?p=165457 HTTP/2" 301 0 "https://dealzandfreebies.com/2026/06/23/che-registrarsi-al-casa-da-imbroglio-betflag-in-la-cie/" "Mozilla/5.0 AppleWebKit/537.36 (KHTML, like Gecko; compatible; GPTBot/1.4; +https://openai.com/gptbot)"
136.243.228.180 - - [23/Jun/2026:05:55:42 -0700] "GET /2026/06/17/sie-vernehmen-storungsfrei-unter-ein-folge-von-dokumenten-zur-inspektion-dennoch-selbst-schon-etwas-was-auch-immer-eingereicht-genoss/ HTTP/1.1" 200 29991 "-" "Mozilla/5.0 (compatible; DataForSeoBot/1.0; +https://dataforseo.com/dataforseo-bot)"
104.255.170.81 - - [23/Jun/2026:05:55:43 -0700] "POST /wp-cron.php?doing_wp_cron=1782219343.6257650852203369140625 HTTP/1.1" 200 0 "-" "WordPress/7.0; https://dealzandfreebies.com"
74.7.241.32 - - [23/Jun/2026:05:55:43 -0700] "GET /?p=165511 HTTP/2" 301 0 "https://dealzandfreebies.com/2026/06/23/most-useful-online-slots-2026-finest-real-cash-slots/" "Mozilla/5.0 AppleWebKit/537.36 (KHTML, like Gecko; compatible; GPTBot/1.4; +https://openai.com/gptbot)"
57.141.18.111 - - [23/Jun/2026:05:55:44 -0700] "GET /wp-json/oembed/1.0/embed?url=https%3A%2F%2Fdealzandfreebies.com%2F2026%2F06%2F22%2Fmigliori-scompiglio-online-europei-2026-manuale-completa%2F HTTP/2" 200 2453 "-" "meta-externalagent/1.1 (+https://developers.facebook.com/docs/sharing/webmasters/crawler)"
74.7.241.32 - - [23/Jun/2026:05:55:44 -0700] "GET /2026/06/23/senzaia-de-participant-furnizata-de-titlurile-mai-tinereasca-aparute-chamfer-sa-faca-uitate-jocurile-anterior-clasice/ HTTP/2" 200 28667 "https://dealzandfreebies.com/2026/06/23/che-registrarsi-al-casa-da-imbroglio-betflag-in-la-cie/" "Mozilla/5.0 AppleWebKit/537.36 (KHTML, like Gecko; compatible; GPTBot/1.4; +https://openai.com/gptbot)"
74.7.241.32 - - [23/Jun/2026:05:55:45 -0700] "GET /?p=137192 HTTP/2" 301 0 "https://dealzandfreebies.com/2026/06/19/yard-casino-mobilnaja-versija-platformy-i-igra-so-687/" "Mozilla/5.0 AppleWebKit/537.36 (KHTML, like Gecko; compatible; GPTBot/1.4; +https://openai.com/gptbot)"
136.243.228.180 - - [23/Jun/2026:05:55:45 -0700] "GET /2026/06/17/how-we-ranked-the-most-famous-united-kingdom-gaming-internet-sites/ HTTP/1.1" 200 27569 "-" "Mozilla/5.0 (compatible; DataForSeoBot/1.0; +https://dataforseo.com/dataforseo-bot)"
74.7.241.32 - - [23/Jun/2026:05:55:46 -0700] "GET /2026/06/19/oficialnyj-sajt-pinco-casino-vhod-na-zerkalo-4149/ HTTP/2" 200 28234 "https://dealzandfreebies.com/2026/06/19/yard-casino-mobilnaja-versija-platformy-i-igra-so-687/" "Mozilla/5.0 AppleWebKit/537.36 (KHTML, like Gecko; compatible; GPTBot/1.4; +https://openai.com/gptbot)"
74.7.241.32 - - [23/Jun/2026:05:55:47 -0700] "GET /wp-json/oembed/1.0/embed?url=https%3A%2F%2Fdealzandfreebies.com%2F2026%2F06%2F23%2Fche-registrarsi-al-casa-da-imbroglio-betflag-in-la-cie%2F HTTP/2" 200 1102 "https://dealzandfreebies.com/2026/06/23/che-registrarsi-al-casa-da-imbroglio-betflag-in-la-cie/" "Mozilla/5.0 AppleWebKit/537.36 (KHTML, like Gecko; compatible; GPTBot/1.4; +https://openai.com/gptbot)"
74.7.241.32 - - [23/Jun/2026:05:55:47 -0700] "GET /wp-json/wp/v2/posts/137192 HTTP/2" 200 4042 "https://dealzandfreebies.com/2026/06/19/yard-casino-mobilnaja-versija-platformy-i-igra-so-687/" "Mozilla/5.0 AppleWebKit/537.36 (KHTML, like Gecko; compatible; GPTBot/1.4; +https://openai.com/gptbot)"
74.7.241.32 - - [23/Jun/2026:05:55:48 -0700] "GET /wp-json/wp/v2/posts/165511 HTTP/2" 200 4072 "https://dealzandfreebies.com/2026/06/23/most-useful-online-slots-2026-finest-real-cash-slots/" "Mozilla/5.0 AppleWebKit/537.36 (KHTML, like Gecko; compatible; GPTBot/1.4; +https://openai.com/gptbot)"
74.7.241.32 - - [23/Jun/2026:05:55:48 -0700] "GET /wp-json/wp/v2/posts/137124 HTTP/2" 200 3566 "https://dealzandfreebies.com/2026/06/19/possibly-casinos-offer-this-type-of-free-spins-on-the-several-games-or-most-of-the-games/" "Mozilla/5.0 AppleWebKit/537.36 (KHTML, like Gecko; compatible; GPTBot/1.4; +https://openai.com/gptbot)"
74.7.241.32 - - [23/Jun/2026:05:55:49 -0700] "GET /wp-json/wp/v2/posts/165457 HTTP/2" 200 3244 "https://dealzandfreebies.com/2026/06/23/che-registrarsi-al-casa-da-imbroglio-betflag-in-la-cie/" "Mozilla/5.0 AppleWebKit/537.36 (KHTML, like Gecko; compatible; GPTBot/1.4; +https://openai.com/gptbot)"
74.7.241.32 - - [23/Jun/2026:05:55:50 -0700] "GET /?p=137122 HTTP/2" 301 0 "https://dealzandfreebies.com/2026/06/19/paddy-energy-mega-joker-1-deposit-video-game/" "Mozilla/5.0 AppleWebKit/537.36 (KHTML, like Gecko; compatible; GPTBot/1.4; +https://openai.com/gptbot)"
136.243.228.180 - - [23/Jun/2026:05:55:50 -0700] "GET /2026/06/17/la-maniera-di-scritta-e-invero-soprattutto-dal-momento-che-decidi-di-circolare-affriola-procedura-per-denaro-veri/ HTTP/1.1" 200 27817 "-" "Mozilla/5.0 (compatible; DataForSeoBot/1.0; +https://dataforseo.com/dataforseo-bot)"
74.7.241.32 - - [23/Jun/2026:05:55:50 -0700] "GET /2026/06/19/in-folge-dessen-hatten-unsere-spezialisten-jeglicher-guten-informationen-bei-folgendem-waren-kurzum/ HTTP/2" 200 28539 "https://dealzandfreebies.com/2026/06/19/paddy-energy-mega-joker-1-deposit-video-game/" "Mozilla/5.0 AppleWebKit/537.36 (KHTML, like Gecko; compatible; GPTBot/1.4; +https://openai.com/gptbot)"
74.7.241.32 - - [23/Jun/2026:05:55:51 -0700] "GET /wp-json/wp/v2/posts/137122 HTTP/2" 200 4394 "https://dealzandfreebies.com/2026/06/19/paddy-energy-mega-joker-1-deposit-video-game/" "Mozilla/5.0 AppleWebKit/537.36 (KHTML, like Gecko; compatible; GPTBot/1.4; +https://openai.com/gptbot)"
74.7.241.32 - - [23/Jun/2026:05:55:51 -0700] "GET /?p=165454 HTTP/2" 301 0 "https://dealzandfreebies.com/2026/06/23/senzaia-de-participant-furnizata-de-titlurile-mai-tinereasca-aparute-chamfer-sa-faca-uitate-jocurile-anterior-clasice/" "Mozilla/5.0 AppleWebKit/537.36 (KHTML, like Gecko; compatible; GPTBot/1.4; +https://openai.com/gptbot)"
104.255.170.81 - - [23/Jun/2026:05:55:52 -0700] "POST /wp-cron.php?doing_wp_cron=1782219352.8987948894500732421875 HTTP/1.1" 200 0 "-" "WordPress/7.0; https://dealzandfreebies.com"
98.98.148.151 - - [23/Jun/2026:05:55:52 -0700] "POST /xmlrpc.php HTTP/1.1" 200 181 "-" "Mozilla/5.0 (Windows NT 10.0; Win64; x64) AppleWebKit/537.36 (KHTML, like Gecko) Chrome/114.0.0.0 Safari/537.36"
74.7.241.32 - - [23/Jun/2026:05:55:52 -0700] "GET /2026/06/23/folgende-benutzerfreundliche-seite-die-eine-groiye-selektion-eingeschaltet-zum-besten-geben-oder-schnelle-auszahlungen/ HTTP/2" 200 28716 "https://dealzandfreebies.com/2026/06/23/senzaia-de-participant-furnizata-de-titlurile-mai-tinereasca-aparute-chamfer-sa-faca-uitate-jocurile-anterior-clasice/" "Mozilla/5.0 AppleWebKit/537.36 (KHTML, like Gecko; compatible; GPTBot/1.4; +https://openai.com/gptbot)"
43.173.181.18 - - [23/Jun/2026:05:55:53 -0700] "GET /wp-json/wp/v2/posts/116213 HTTP/1.1" 200 3752 "-" "Mozilla/5.0 (Windows NT 10.0; Win64; x64) AppleWebKit/537.36 (KHTML, like Gecko) Chrome/104.0.5112.81 Safari/537.36"
74.7.241.32 - - [23/Jun/2026:05:55:53 -0700] "GET /?p=137194 HTTP/2" 301 0 "https://dealzandfreebies.com/2026/06/19/oficialnyj-sajt-pinco-casino-vhod-na-zerkalo-4149/" "Mozilla/5.0 AppleWebKit/537.36 (KHTML, like Gecko; compatible; GPTBot/1.4; +https://openai.com/gptbot)"
43.173.182.4 - - [23/Jun/2026:05:55:53 -0700] "GET /2026/06/18/black-knight-el-mejor-casino-en-linea-alchemist-2-tragamonedas HTTP/1.1" 301 0 "-" "Mozilla/5.0 (Windows NT 10.0; Win64; x64) AppleWebKit/537.36 (KHTML, like Gecko) Chrome/103.0.0.0 Safari/537.36"
136.243.228.180 - - [23/Jun/2026:05:55:53 -0700] "GET /2026/06/17/court-position-away-from-gambling-on-line-in-the-usa-2024/ HTTP/1.1" 200 27781 "-" "Mozilla/5.0 (compatible; DataForSeoBot/1.0; +https://dataforseo.com/dataforseo-bot)"
74.7.241.32 - - [23/Jun/2026:05:55:53 -0700] "GET /2026/06/19/comparativa-de-plataformas-de-apuestas-1win/ HTTP/2" 200 27454 "https://dealzandfreebies.com/2026/06/19/oficialnyj-sajt-pinco-casino-vhod-na-zerkalo-4149/" "Mozilla/5.0 AppleWebKit/537.36 (KHTML, like Gecko; compatible; GPTBot/1.4; +https://openai.com/gptbot)"
74.7.241.32 - - [23/Jun/2026:05:55:54 -0700] "GET /2026/06/23/casinos-online-em-portugal-os-melhores-em-casinos-11/ HTTP/2" 200 29128 "https://dealzandfreebies.com/2026/06/23/senzaia-de-participant-furnizata-de-titlurile-mai-tinereasca-aparute-chamfer-sa-faca-uitate-jocurile-anterior-clasice/" "Mozilla/5.0 AppleWebKit/537.36 (KHTML, like Gecko; compatible; GPTBot/1.4; +https://openai.com/gptbot)"
43.173.179.200 - - [23/Jun/2026:05:55:54 -0700] "GET /2026/06/18/black-knight-el-mejor-casino-en-linea-alchemist-2-tragamonedas/ HTTP/1.1" 200 34643 "-" "Mozilla/5.0 (Windows NT 10.0; Win64; x64) AppleWebKit/537.36 (KHTML, like Gecko) Chrome/103.0.0.0 Safari/537.36"
223.188.131.195 - - [23/Jun/2026:05:55:54 -0700] "GET /2026/06/21/ten-finest-web-cleopatra-slots-based-casinos-real-money-united-states-of-america-jun-2026/ HTTP/1.1" 200 31388 "-" "Mozilla/5.0 (Windows; U; Windows NT 5.2) AppleWebKit/534.14.1 (KHTML, like Gecko) Version/4.0.5 Safari/534.14.1"
74.7.241.32 - - [23/Jun/2026:05:55:55 -0700] "GET /wp-json/oembed/1.0/embed?url=https%3A%2F%2Fdealzandfreebies.com%2F2026%2F06%2F23%2Fsenzaia-de-participant-furnizata-de-titlurile-mai-tinereasca-aparute-chamfer-sa-faca-uitate-jocurile-anterior-clasice%2F HTTP/2" 200 1155 "https://dealzandfreebies.com/2026/06/23/senzaia-de-participant-furnizata-de-titlurile-mai-tinereasca-aparute-chamfer-sa-faca-uitate-jocurile-anterior-clasice/" "Mozilla/5.0 AppleWebKit/537.36 (KHTML, like Gecko; compatible; GPTBot/1.4; +https://openai.com/gptbot)"
74.7.241.32 - - [23/Jun/2026:05:55:55 -0700] "GET /wp-json/wp/v2/posts/165454 HTTP/2" 200 3870 "https://dealzandfreebies.com/2026/06/23/senzaia-de-participant-furnizata-de-titlurile-mai-tinereasca-aparute-chamfer-sa-faca-uitate-jocurile-anterior-clasice/" "Mozilla/5.0 AppleWebKit/537.36 (KHTML, like Gecko; compatible; GPTBot/1.4; +https://openai.com/gptbot)"
43.172.194.105 - - [23/Jun/2026:05:55:56 -0700] "POST /wp-admin/admin-ajax.php HTTP/1.1" 200 22 "https://dealzandfreebies.com/2026/06/18/black-knight-el-mejor-casino-en-linea-alchemist-2-tragamonedas/" "Mozilla/5.0 (Windows NT 10.0; Win64; x64) AppleWebKit/537.36 (KHTML, like Gecko) Chrome/103.0.0.0 Safari/537.36"
74.7.241.32 - - [23/Jun/2026:05:55:56 -0700] "GET /wp-json/wp/v2/posts/137194 HTTP/2" 200 4933 "https://dealzandfreebies.com/2026/06/19/oficialnyj-sajt-pinco-casino-vhod-na-zerkalo-4149/" "Mozilla/5.0 AppleWebKit/537.36 (KHTML, like Gecko; compatible; GPTBot/1.4; +https://openai.com/gptbot)"
74.7.241.32 - - [23/Jun/2026:05:55:56 -0700] "GET /wp-json/oembed/1.0/embed?url=https%3A%2F%2Fdealzandfreebies.com%2F2026%2F06%2F19%2Fpossibly-casinos-offer-this-type-of-free-spins-on-the-several-games-or-most-of-the-games%2F HTTP/2" 200 1134 "https://dealzandfreebies.com/2026/06/19/possibly-casinos-offer-this-type-of-free-spins-on-the-several-games-or-most-of-the-games/" "Mozilla/5.0 AppleWebKit/537.36 (KHTML, like Gecko; compatible; GPTBot/1.4; +https://openai.com/gptbot)"
185.191.171.13 - - [23/Jun/2026:05:55:56 -0700] "GET /2026/06/21/chachabet-oni-myslenie-przyszlosciowe-kasyno-online-stad-zyskalo-tolerancja-z-powodu-z-tym-rozwiazaniom-i-szerokim-mozliwosciom-gra-online/ HTTP/1.1" 200 34098 "-" "Mozilla/5.0 (compatible; SemrushBot/7~bl; +http://www.semrush.com/bot.html)"
74.7.241.32 - - [23/Jun/2026:05:55:57 -0700] "GET /?p=137120 HTTP/2" 301 0 "https://dealzandfreebies.com/2026/06/19/in-folge-dessen-hatten-unsere-spezialisten-jeglicher-guten-informationen-bei-folgendem-waren-kurzum/" "Mozilla/5.0 AppleWebKit/537.36 (KHTML, like Gecko; compatible; GPTBot/1.4; +https://openai.com/gptbot)"
136.243.228.180 - - [23/Jun/2026:05:55:57 -0700] "GET /2026/06/17/this-is-simply-not-limited-by-playing-internet-sites-it-provides-casinos-on-the-internet-bingo-internet-and-you-may-poker-rooms/ HTTP/1.1" 200 27682 "-" "Mozilla/5.0 (compatible; DataForSeoBot/1.0; +https://dataforseo.com/dataforseo-bot)"
74.7.241.32 - - [23/Jun/2026:05:55:57 -0700] "GET /2026/06/19/i-am-untergang-kannst-du-nachfolgende-entsprechenden-spielautomaten-nutzlichkeit-ferner-unter-einsatz-von-gluck-gewinnen/ HTTP/2" 200 29209 "https://dealzandfreebies.com/2026/06/19/in-folge-dessen-hatten-unsere-spezialisten-jeglicher-guten-informationen-bei-folgendem-waren-kurzum/" "Mozilla/5.0 AppleWebKit/537.36 (KHTML, like Gecko; compatible; GPTBot/1.4; +https://openai.com/gptbot)"
57.141.18.47 - - [23/Jun/2026:05:55:58 -0700] "GET /2026/06/23/most-useful-online-slots-games-having-2024-2025-the-ideal-20-need-play-selections/ HTTP/2" 200 142980 "-" "meta-externalagent/1.1 (+https://developers.facebook.com/docs/sharing/webmasters/crawler)"
74.7.241.32 - - [23/Jun/2026:05:55:58 -0700] "GET /wp-json/oembed/1.0/embed?url=https%3A%2F%2Fdealzandfreebies.com%2F2026%2F06%2F19%2Fin-folge-dessen-hatten-unsere-spezialisten-jeglicher-guten-informationen-bei-folgendem-waren-kurzum%2F HTTP/2" 200 1136 "https://dealzandfreebies.com/2026/06/19/in-folge-dessen-hatten-unsere-spezialisten-jeglicher-guten-informationen-bei-folgendem-waren-kurzum/" "Mozilla/5.0 AppleWebKit/537.36 (KHTML, like Gecko; compatible; GPTBot/1.4; +https://openai.com/gptbot)"
98.98.148.151 - - [23/Jun/2026:05:55:58 -0700] "POST /xmlrpc.php HTTP/1.1" 200 9329 "-" "Mozilla/5.0 (Windows NT 10.0; Win64; x64) AppleWebKit/537.36 (KHTML, like Gecko) Chrome/114.0.0.0 Safari/537.36"
185.191.171.8 - - [23/Jun/2026:05:55:58 -0700] "GET /2026/06/22/web-based-casinos-united-states-2026-checked-cashville-online-slot-ranked/ HTTP/1.1" 200 35090 "-" "Mozilla/5.0 (compatible; SemrushBot/7~bl; +http://www.semrush.com/bot.html)"
74.7.241.32 - - [23/Jun/2026:05:55:59 -0700] "GET /?p=165453 HTTP/2" 301 0 "https://dealzandfreebies.com/2026/06/23/folgende-benutzerfreundliche-seite-die-eine-groiye-selektion-eingeschaltet-zum-besten-geben-oder-schnelle-auszahlungen/" "Mozilla/5.0 AppleWebKit/537.36 (KHTML, like Gecko; compatible; GPTBot/1.4; +https://openai.com/gptbot)"
74.7.241.32 - - [23/Jun/2026:05:55:59 -0700] "GET /2026/06/23/nawet-gdy-opoznienia-z-platnosciach-lub-moze-wlasnie-nie-wygrana-jest-prawa-zlozyc-skarge-na-organu-regulacyjnego/ HTTP/2" 200 28078 "https://dealzandfreebies.com/2026/06/23/folgende-benutzerfreundliche-seite-die-eine-groiye-selektion-eingeschaltet-zum-besten-geben-oder-schnelle-auszahlungen/" "Mozilla/5.0 AppleWebKit/537.36 (KHTML, like Gecko; compatible; GPTBot/1.4; +https://openai.com/gptbot)"
201.159.146.16 - - [23/Jun/2026:05:56:00 -0700] "GET /2026/06/21/totally-free-ports-enjoy-pond-of-koi-online-slot-twenty-five100000-of-the-greatest-free-online-slots-2026/ HTTP/1.1" 200 30147 "-" "Mozilla/5.0 (Macintosh; U; PPC Mac OS X 10_12_7 rv:5.0; ta-IN) AppleWebKit/532.30.6 (KHTML, like Gecko) Version/5.0.2 Safari/532.30.6"
74.7.241.32 - - [23/Jun/2026:05:56:00 -0700] "GET /?p=137200 HTTP/2" 301 0 "https://dealzandfreebies.com/2026/06/19/comparativa-de-plataformas-de-apuestas-1win/" "Mozilla/5.0 AppleWebKit/537.36 (KHTML, like Gecko; compatible; GPTBot/1.4; +https://openai.com/gptbot)"
98.98.148.151 - - [23/Jun/2026:05:55:59 -0700] "GET /2026/06/23/nawet-gdy-opoznienia-z-platnosciach-lub-moze-wlasnie-nie-wygrana-jest-prawa-zlozyc-skarge-na-organu-regulacyjnego/ HTTP/1.1" 200 139937 "-" "Mozilla/5.0 (Windows NT 10.0; Win64; x64) AppleWebKit/537.36 (KHTML, like Gecko) Chrome/124.0.0.0 Safari/537.36"
74.7.241.32 - - [23/Jun/2026:05:56:01 -0700] "GET /?p=3017 HTTP/2" 301 0 "https://dealzandfreebies.com/2026/06/23/casinos-online-em-portugal-os-melhores-em-casinos-11/" "Mozilla/5.0 AppleWebKit/537.36 (KHTML, like Gecko; compatible; GPTBot/1.4; +https://openai.com/gptbot)"
74.7.241.32 - - [23/Jun/2026:05:56:01 -0700] "GET /2026/06/19/winning-at-casinos-essential-strategies-for/ HTTP/2" 200 28545 "https://dealzandfreebies.com/2026/06/19/comparativa-de-plataformas-de-apuestas-1win/" "Mozilla/5.0 AppleWebKit/537.36 (KHTML, like Gecko; compatible; GPTBot/1.4; +https://openai.com/gptbot)"
136.243.228.180 - - [23/Jun/2026:05:56:02 -0700] "GET /2026/06/17/nun-bei-verbunden-casinos-vergutungsfrei-gerieren-nachfolgende-besten-kostenlosen-moglich-casinos-2025/ HTTP/1.1" 200 28012 "-" "Mozilla/5.0 (compatible; DataForSeoBot/1.0; +https://dataforseo.com/dataforseo-bot)"
74.7.241.32 - - [23/Jun/2026:05:56:02 -0700] "GET /2026/06/23/hinein-wunderino-wissen-wir-wirklich-so-gern-wissen-wollen-hinten-verifizierungen-zahlungsmodalitaten-ferner-spielmechaniken-fix-geklart-man-sagt-sie-seien-zu-tun-sein/ HTTP/2" 200 28918 "https://dealzandfreebies.com/2026/06/23/folgende-benutzerfreundliche-seite-die-eine-groiye-selektion-eingeschaltet-zum-besten-geben-oder-schnelle-auszahlungen/" "Mozilla/5.0 AppleWebKit/537.36 (KHTML, like Gecko; compatible; GPTBot/1.4; +https://openai.com/gptbot)"
74.7.241.32 - - [23/Jun/2026:05:56:03 -0700] "GET /wp-json/oembed/1.0/embed?url=https%3A%2F%2Fdealzandfreebies.com%2F2026%2F06%2F23%2Ffolgende-benutzerfreundliche-seite-die-eine-groiye-selektion-eingeschaltet-zum-besten-geben-oder-schnelle-auszahlungen%2F HTTP/2" 200 1159 "https://dealzandfreebies.com/2026/06/23/folgende-benutzerfreundliche-seite-die-eine-groiye-selektion-eingeschaltet-zum-besten-geben-oder-schnelle-auszahlungen/" "Mozilla/5.0 AppleWebKit/537.36 (KHTML, like Gecko; compatible; GPTBot/1.4; +https://openai.com/gptbot)"
74.7.241.32 - - [23/Jun/2026:05:56:04 -0700] "GET /wp-json/wp/v2/posts/137120 HTTP/2" 200 3755 "https://dealzandfreebies.com/2026/06/19/in-folge-dessen-hatten-unsere-spezialisten-jeglicher-guten-informationen-bei-folgendem-waren-kurzum/" "Mozilla/5.0 AppleWebKit/537.36 (KHTML, like Gecko; compatible; GPTBot/1.4; +https://openai.com/gptbot)"
74.7.241.32 - - [23/Jun/2026:05:56:04 -0700] "GET /wp-json/wp/v2/posts/137200 HTTP/2" 200 2574 "https://dealzandfreebies.com/2026/06/19/comparativa-de-plataformas-de-apuestas-1win/" "Mozilla/5.0 AppleWebKit/537.36 (KHTML, like Gecko; compatible; GPTBot/1.4; +https://openai.com/gptbot)"
74.7.241.32 - - [23/Jun/2026:05:56:05 -0700] "GET /?p=137118 HTTP/2" 301 0 "https://dealzandfreebies.com/2026/06/19/i-am-untergang-kannst-du-nachfolgende-entsprechenden-spielautomaten-nutzlichkeit-ferner-unter-einsatz-von-gluck-gewinnen/" "Mozilla/5.0 AppleWebKit/537.36 (KHTML, like Gecko; compatible; GPTBot/1.4; +https://openai.com/gptbot)"
136.243.228.180 - - [23/Jun/2026:05:56:05 -0700] "GET /2026/06/17/kasyno-online-vulkan-vegas-w-polsce-dostpne-metody-55/ HTTP/1.1" 200 28001 "-" "Mozilla/5.0 (compatible; DataForSeoBot/1.0; +https://dataforseo.com/dataforseo-bot)"
74.7.241.32 - - [23/Jun/2026:05:56:05 -0700] "GET /2026/06/19/seitdem-einiger-zeit-angemessen-sein-diese-turniere-as-part-of-angeschlossen-casinos-muhelos-dafur/ HTTP/2" 200 29079 "https://dealzandfreebies.com/2026/06/19/i-am-untergang-kannst-du-nachfolgende-entsprechenden-spielautomaten-nutzlichkeit-ferner-unter-einsatz-von-gluck-gewinnen/" "Mozilla/5.0 AppleWebKit/537.36 (KHTML, like Gecko; compatible; GPTBot/1.4; +https://openai.com/gptbot)"
74.7.241.32 - - [23/Jun/2026:05:56:06 -0700] "GET /wp-json/oembed/1.0/embed?url=https%3A%2F%2Fdealzandfreebies.com%2F2026%2F06%2F19%2Fi-am-untergang-kannst-du-nachfolgende-entsprechenden-spielautomaten-nutzlichkeit-ferner-unter-einsatz-von-gluck-gewinnen%2F HTTP/2" 200 1169 "https://dealzandfreebies.com/2026/06/19/i-am-untergang-kannst-du-nachfolgende-entsprechenden-spielautomaten-nutzlichkeit-ferner-unter-einsatz-von-gluck-gewinnen/" "Mozilla/5.0 AppleWebKit/537.36 (KHTML, like Gecko; compatible; GPTBot/1.4; +https://openai.com/gptbot)"
74.7.241.32 - - [23/Jun/2026:05:56:07 -0700] "GET /?p=165513 HTTP/2" 301 0 "https://dealzandfreebies.com/2026/06/23/nawet-gdy-opoznienia-z-platnosciach-lub-moze-wlasnie-nie-wygrana-jest-prawa-zlozyc-skarge-na-organu-regulacyjnego/" "Mozilla/5.0 AppleWebKit/537.36 (KHTML, like Gecko; compatible; GPTBot/1.4; +https://openai.com/gptbot)"
74.7.241.32 - - [23/Jun/2026:05:56:07 -0700] "GET /wp-json/oembed/1.0/embed?url=https%3A%2F%2Fdealzandfreebies.com%2F2026%2F06%2F23%2Fnawet-gdy-opoznienia-z-platnosciach-lub-moze-wlasnie-nie-wygrana-jest-prawa-zlozyc-skarge-na-organu-regulacyjnego%2F HTTP/2" 200 1183 "https://dealzandfreebies.com/2026/06/23/nawet-gdy-opoznienia-z-platnosciach-lub-moze-wlasnie-nie-wygrana-jest-prawa-zlozyc-skarge-na-organu-regulacyjnego/" "Mozilla/5.0 AppleWebKit/537.36 (KHTML, like Gecko; compatible; GPTBot/1.4; +https://openai.com/gptbot)"
74.7.241.32 - - [23/Jun/2026:05:56:08 -0700] "GET /wp-json/wp/v2/posts/165513 HTTP/2" 200 3567 "https://dealzandfreebies.com/2026/06/23/nawet-gdy-opoznienia-z-platnosciach-lub-moze-wlasnie-nie-wygrana-jest-prawa-zlozyc-skarge-na-organu-regulacyjnego/" "Mozilla/5.0 AppleWebKit/537.36 (KHTML, like Gecko; compatible; GPTBot/1.4; +https://openai.com/gptbot)"
74.7.241.32 - - [23/Jun/2026:05:56:08 -0700] "GET /?p=137269 HTTP/2" 301 0 "https://dealzandfreebies.com/2026/06/19/winning-at-casinos-essential-strategies-for/" "Mozilla/5.0 AppleWebKit/537.36 (KHTML, like Gecko; compatible; GPTBot/1.4; +https://openai.com/gptbot)"
149.62.205.122 - - [23/Jun/2026:05:56:08 -0700] "GET /2026/06/21/you-can-filter-the-latest-games-by-the-seller-and-filter-out-from-the-motif-also/ HTTP/1.1" 200 29343 "-" "Opera/8.60.(X11; Linux x86_64; gu-IN) Presto/2.9.179 Version/11.00"
74.7.241.32 - - [23/Jun/2026:05:56:09 -0700] "GET /?p=165451 HTTP/2" 301 0 "https://dealzandfreebies.com/2026/06/23/hinein-wunderino-wissen-wir-wirklich-so-gern-wissen-wollen-hinten-verifizierungen-zahlungsmodalitaten-ferner-spielmechaniken-fix-geklart-man-sagt-sie-seien-zu-tun-sein/" "Mozilla/5.0 AppleWebKit/537.36 (KHTML, like Gecko; compatible; GPTBot/1.4; +https://openai.com/gptbot)"
136.243.228.180 - - [23/Jun/2026:05:56:09 -0700] "GET /2026/06/17/juegas-gratuito-ranura-koi-princess-desplazandolo-hacia-el-pelo-carente-descagar-tragaperras-en-internet-2026/ HTTP/1.1" 200 29199 "-" "Mozilla/5.0 (compatible; DataForSeoBot/1.0; +https://dataforseo.com/dataforseo-bot)"
74.7.241.32 - - [23/Jun/2026:05:56:09 -0700] "GET /2026/06/19/ihr-anmeldeprozess-sei-bei-dem-groteil-ein-versorger-im-netzwerk-ausgesprochen-wie-geschmiert-konzipiert/ HTTP/2" 200 28562 "https://dealzandfreebies.com/2026/06/19/winning-at-casinos-essential-strategies-for/" "Mozilla/5.0 AppleWebKit/537.36 (KHTML, like Gecko; compatible; GPTBot/1.4; +https://openai.com/gptbot)"
74.7.241.32 - - [23/Jun/2026:05:56:10 -0700] "GET /2026/06/23/in-diesem-musizieren-beherrschen-sie-ihre-gewinne-unter-zuhilfenahme-von-diverse-perfekte-zahlungsmethoden-lohnen-lizenzieren/ HTTP/2" 200 30200 "https://dealzandfreebies.com/2026/06/23/hinein-wunderino-wissen-wir-wirklich-so-gern-wissen-wollen-hinten-verifizierungen-zahlungsmodalitaten-ferner-spielmechaniken-fix-geklart-man-sagt-sie-seien-zu-tun-sein/" "Mozilla/5.0 AppleWebKit/537.36 (KHTML, like Gecko; compatible; GPTBot/1.4; +https://openai.com/gptbot)"
74.7.241.32 - - [23/Jun/2026:05:56:11 -0700] "GET /wp-json/oembed/1.0/embed?url=https%3A%2F%2Fdealzandfreebies.com%2F2026%2F06%2F23%2Fhinein-wunderino-wissen-wir-wirklich-so-gern-wissen-wollen-hinten-verifizierungen-zahlungsmodalitaten-ferner-spielmechaniken-fix-geklart-man-sagt-sie-seien-zu-tun-sein%2F HTTP/2" 200 1219 "https://dealzandfreebies.com/2026/06/23/hinein-wunderino-wissen-wir-wirklich-so-gern-wissen-wollen-hinten-verifizierungen-zahlungsmodalitaten-ferner-spielmechaniken-fix-geklart-man-sagt-sie-seien-zu-tun-sein/" "Mozilla/5.0 AppleWebKit/537.36 (KHTML, like Gecko; compatible; GPTBot/1.4; +https://openai.com/gptbot)"
74.7.241.32 - - [23/Jun/2026:05:56:12 -0700] "GET /wp-json/wp/v2/posts/165451 HTTP/2" 200 4082 "https://dealzandfreebies.com/2026/06/23/hinein-wunderino-wissen-wir-wirklich-so-gern-wissen-wollen-hinten-verifizierungen-zahlungsmodalitaten-ferner-spielmechaniken-fix-geklart-man-sagt-sie-seien-zu-tun-sein/" "Mozilla/5.0 AppleWebKit/537.36 (KHTML, like Gecko; compatible; GPTBot/1.4; +https://openai.com/gptbot)"
74.7.241.32 - - [23/Jun/2026:05:56:12 -0700] "GET /?p=137116 HTTP/2" 301 0 "https://dealzandfreebies.com/2026/06/19/seitdem-einiger-zeit-angemessen-sein-diese-turniere-as-part-of-angeschlossen-casinos-muhelos-dafur/" "Mozilla/5.0 AppleWebKit/537.36 (KHTML, like Gecko; compatible; GPTBot/1.4; +https://openai.com/gptbot)"
74.7.241.32 - - [23/Jun/2026:05:56:13 -0700] "GET /2026/06/19/free-revolves-no-deposit-best-uk-harbors-offers-summer-2022/ HTTP/2" 200 27845 "https://dealzandfreebies.com/2026/06/19/seitdem-einiger-zeit-angemessen-sein-diese-turniere-as-part-of-angeschlossen-casinos-muhelos-dafur/" "Mozilla/5.0 AppleWebKit/537.36 (KHTML, like Gecko; compatible; GPTBot/1.4; +https://openai.com/gptbot)"
74.7.241.32 - - [23/Jun/2026:05:56:14 -0700] "GET /wp-json/oembed/1.0/embed?url=https%3A%2F%2Fdealzandfreebies.com%2F2026%2F06%2F19%2Fseitdem-einiger-zeit-angemessen-sein-diese-turniere-as-part-of-angeschlossen-casinos-muhelos-dafur%2F HTTP/2" 200 1140 "https://dealzandfreebies.com/2026/06/19/seitdem-einiger-zeit-angemessen-sein-diese-turniere-as-part-of-angeschlossen-casinos-muhelos-dafur/" "Mozilla/5.0 AppleWebKit/537.36 (KHTML, like Gecko; compatible; GPTBot/1.4; +https://openai.com/gptbot)"
74.7.241.32 - - [23/Jun/2026:05:56:14 -0700] "GET /wp-json/wp/v2/posts/137116 HTTP/2" 200 4298 "https://dealzandfreebies.com/2026/06/19/seitdem-einiger-zeit-angemessen-sein-diese-turniere-as-part-of-angeschlossen-casinos-muhelos-dafur/" "Mozilla/5.0 AppleWebKit/537.36 (KHTML, like Gecko; compatible; GPTBot/1.4; +https://openai.com/gptbot)"
136.243.228.180 - - [23/Jun/2026:05:56:14 -0700] "GET /2026/06/17/restriction-number-which-are-withdraw-from-the-totally-free-twist-winnings-number-is-actually-100/ HTTP/1.1" 200 28868 "-" "Mozilla/5.0 (compatible; DataForSeoBot/1.0; +https://dataforseo.com/dataforseo-bot)"
74.7.241.32 - - [23/Jun/2026:05:56:15 -0700] "GET /wp-json/wp/v2/posts/137118 HTTP/2" 200 4206 "https://dealzandfreebies.com/2026/06/19/i-am-untergang-kannst-du-nachfolgende-entsprechenden-spielautomaten-nutzlichkeit-ferner-unter-einsatz-von-gluck-gewinnen/" "Mozilla/5.0 AppleWebKit/537.36 (KHTML, like Gecko; compatible; GPTBot/1.4; +https://openai.com/gptbot)"
74.7.241.32 - - [23/Jun/2026:05:56:16 -0700] "GET /wp-json/wp/v2/posts/137269 HTTP/2" 200 3758 "https://dealzandfreebies.com/2026/06/19/winning-at-casinos-essential-strategies-for/" "Mozilla/5.0 AppleWebKit/537.36 (KHTML, like Gecko; compatible; GPTBot/1.4; +https://openai.com/gptbot)"
74.7.241.32 - - [23/Jun/2026:05:56:16 -0700] "GET /wp-json/wp/v2/posts/165453 HTTP/2" 200 3868 "https://dealzandfreebies.com/2026/06/23/folgende-benutzerfreundliche-seite-die-eine-groiye-selektion-eingeschaltet-zum-besten-geben-oder-schnelle-auszahlungen/" "Mozilla/5.0 AppleWebKit/537.36 (KHTML, like Gecko; compatible; GPTBot/1.4; +https://openai.com/gptbot)"
